I/NamespaceManager(5457): Package com.android.media name not found! Using module version. >11-08 00:01:20.013:
I/NamespaceManager(5457): Package com.android.media.swcodec name not found! Using module version. >11-08 00:01:20.013:
I/NamespaceManager(5457): Package com.android.neuralnetworks name not found! Using module version. >11-08 00:01:20.013:
I/NamespaceManager(5457): Package com.android.media name not found! Using module version. >11-08 00:01:20.015:
I/PhenotypeBackgroundRecv(6109): Successfully updated snapshot for com.google.android.libraries.search.rendering.xuikit.device#com.android.chrome >11-08 00:01:20.016:
I/NamespaceManager(5457): Package 1 name not found! Using module version. >11-08 00:01:20.016:
I/NamespaceManager(5457): Package rkpd name not found! Using module version. >11-08 00:01:20.016:
I/NamespaceManager(5457): Package com.google.android.devicelockcontroller name not found! Using module version. >11-08 00:01:20.016:
I/NamespaceManager(5457): Package com.google.android.healthfitness name not found! Using module version. >11-08 00:01:20.016:
I/NamespaceManager(5457): Package android.companion name not found! Using module version. >11-08 00:01:20.016:
I/NamespaceManager(5457): Package com.google.android.healthfitness name not found! Using module version. >11-08 00:01:20.016:
I/NamespaceManager(5457): Package com.google.android.aicore name not found! Using module version. >11-08 00:01:20.017:
I/PhenotypeBackgroundRecv(6109): Skipping com.google.android.partnersetup#com.android.chrome which doesn't use ProcessStable flags. >11-08 00:01:20.017:
W/PhenotypeConfigurationU(5457): Update for unknown DeviceConfig package com.google.android.gms.kids#com.google.android.gms [CONTEXT service_id=204 ] >11-08 00:01:20.017:
W/PhenotypeConfigurationU(5457): cesr: No package exists for config package: com.google.android.gms.kids#com.google.android.gms >11-08 00:01:20.017:
W/PhenotypeConfigurationU(5457): at cess.a(:com.google.android.gms@233316044@23.33.16 (190400-560149061):70) >11-08 00:01:20.017:
W/PhenotypeConfigurationU(5457): at com.google.android.gms.platformconfigurator.PhenotypeConfigurationUpdateListener.b(:com.google.android.gms@233316044@23.33.16 (190400-560149061):6) >11-08 00:01:20.017:
W/PhenotypeConfigurationU(5457): at com.google.android.gms.platformconfigurator.PhenotypeConfigurationUpdateListener.a(:com.google.android.gms@233316044@23.33.16 (190400-560149061):167) >11-08 00:01:20.017:
W/PhenotypeConfigurationU(5457): at com.google.android.gms.platformconfigurator.PhenotypeConfigurationUpdateListener.onHandleIntent(:com.google.android.gms@233316044@23.33.16 (190400-560149061):278) >11-08 00:01:20.017:
W/PhenotypeConfigurationU(5457): at com.google.android.chimera.IntentOperation.onHandleIntent(:com.google.android.gms@233316044@23.33.16 (190400-560149061):2) >11-08 00:01:20.017:
W/PhenotypeConfigurationU(5457): at adqc.onHandleIntent(:com.google.android.gms@233316044@23.33.16 (190400-560149061):10) >11-08 00:01:20.017:
W/PhenotypeConfigurationU(5457): at lep.run(:com.google.android.gms@233316044@23.33.16 (190400-560149061):70) >11-08 00:01:20.017:
W/PhenotypeConfigurationU(5457): at leo.run(:com.google.android.gms@233316044@23.33.16 (190400-560149061):152) >11-08 00:01:20.017:
W/PhenotypeConfigurationU(5457): at dpie.run(:com.google.android.gms@233316044@23.33.16 (190400-560149061):13) >11-08 00:01:20.017:
W/PhenotypeConfigurationU(5457): at java.util.concurrent.ThreadPoolExecutor.runWorker(ThreadPoolExecutor.java:1137) >11-08 00:01:20.017:
W/PhenotypeConfigurationU(5457): at java.util.concurrent.ThreadPoolExecutor$Worker.run(ThreadPoolExecutor.java:637) >11-08 00:01:20.017:
W/PhenotypeConfigurationU(5457): at java.lang.Thread.run(Thread.java:1012) >11-08 00:01:20.046:
I/NamespaceManager(5457): Package com.android.refreshratecontrol name not found! Using module version. >11-08 00:01:20.046:
I/NamespaceManager(5457): Package com.google.oslo name not found! Using module version. >11-08 00:01:20.046:
I/NamespaceManager(5457): Package com.android.media name not found! Using module version. >11-08 00:01:20.046:
I/NamespaceManager(5457): Package com.android.media.swcodec name not found! Using module version. >11-08 00:01:20.046:
I/NamespaceManager(5457): Package com.android.neuralnetworks name not found! Using module version. >11-08 00:01:20.046:
I/NamespaceManager(5457): Package com.android.media name not found! Using module version. >11-08 00:01:20.046:
I/NamespaceManager(5457): Package 1 name not found! Using module version. >11-08 00:01:20.046:
I/NamespaceManager(5457): Package rkpd name not found! Using module version. >11-08 00:01:20.046:
I/NamespaceManager(5457): Package com.google.android.devicelockcontroller name not found! Using module version. >11-08 00:01:20.046:
I/NamespaceManager(5457): Package com.google.android.healthfitness name not found! Using module version. >11-08 00:01:20.047:
I/NamespaceManager(5457): Package android.companion name not found! Using module version. >11-08 00:01:20.047:
I/NamespaceManager(5457): Package com.google.android.healthfitness name not found! Using module version. >11-08 00:01:20.047:
I/NamespaceManager(5457): Package com.google.android.aicore name not found! Using module version. >11-08 00:01:20.047:
W/PhenotypeConfigurationU(5457): Update for unknown DeviceConfig package com.google.android.gms.learning#com.google.android.gms [CONTEXT service_id=204 ] >11-08 00:01:20.047:
W/PhenotypeConfigurationU(5457): cesr: No package exists for config package: com.google.android.gms.learning#com.google.android.gms >11-08 00:01:20.047:
W/PhenotypeConfigurationU(5457): at cess.a(:com.google.android.gms@233316044@23.33.16 (190400-560149061):70) >11-08 00:01:20.047:
W/PhenotypeConfigurationU(5457): at com.google.android.gms.platformconfigurator.PhenotypeConfigurationUpdateListener.b(:com.google.android.gms@233316044@23.33.16 (190400-560149061):6) >11-08 00:01:20.047:
W/PhenotypeConfigurationU(5457): at com.google.android.gms.platformconfigurator.PhenotypeConfigurationUpdateListener.a(:com.google.android.gms@233316044@23.33.16 (190400-560149061):167) >11-08 00:01:20.047:
W/PhenotypeConfigurationU(5457): at com.google.android.gms.platformconfigurator.PhenotypeConfigurationUpdateListener.onHandleIntent(:com.google.android.gms@233316044@23.33.16 (190400-560149061):278) >11-08 00:01:20.047:
W/PhenotypeConfigurationU(5457): at com.google.android.chimera.IntentOperation.onHandleIntent(:com.google.android.gms@233316044@23.33.16 (190400-560149061):2) >11-08 00:01:20.047:
W/PhenotypeConfigurationU(5457): at adqc.onHandleIntent(:com.google.android.gms@233316044@23.33.16 (190400-560149061):10) >11-08 00:01:20.047:
W/PhenotypeConfigurationU(5457): at lep.run(:com.google.android.gms@233316044@23.33.16 (190400-560149061):70) >11-08 00:01:20.047:
W/PhenotypeConfigurationU(5457): at leo.run(:com.google.android.gms@233316044@23.33.16 (190400-560149061):152) >11-08 00:01:20.047:
W/PhenotypeConfigurationU(5457): at dpie.run(:com.google.android.gms@233316044@23.33.16 (190400-560149061):13) >11-08 00:01:20.047:
W/PhenotypeConfigurationU(5457): at java.util.concurrent.ThreadPoolExecutor.runWorker(ThreadPoolExecutor.java:1137) >11-08 00:01:20.047:
W/PhenotypeConfigurationU(5457): at java.util.concurrent.ThreadPoolExecutor$Worker.run(ThreadPoolExecutor.java:637) >11-08 00:01:20.047:
W/PhenotypeConfigurationU(5457): at java.lang.Thread.run(Thread.java:1012) >11-08 00:01:20.048:
D/CompatibilityChangeReporter(3431): Compat change id reported: 119147584; UID 10138; state: ENABLED >11-08 00:01:20.048:
I/NamespaceManager(5457): Package com.android.refreshratecontrol name not found! Using module version. >11-08 00:01:20.051:
I/NamespaceManager(5457): Package com.google.oslo name not found! Using module version. >11-08 00:01:20.051:
I/NamespaceManager(5457): Package com.android.media name not found! Using module version. >11-08 00:01:20.051:
I/NamespaceManager(5457): Package com.android.media.swcodec name not found! Using module version. >11-08 00:01:20.051:
I/NamespaceManager(5457): Package com.android.neuralnetworks name not found! Using module version. >11-08 00:01:20.051:
I/NamespaceManager(5457): Package com.android.media name not found! Using module version. >11-08 00:01:20.051:
I/NamespaceManager(5457): Package 1 name not found! Using module version. >11-08 00:01:20.051:
I/NamespaceManager(5457): Package rkpd name not found! Using module version. >11-08 00:01:20.051:
I/NamespaceManager(5457): Package com.google.android.devicelockcontroller name not found! Using module version. >11-08 00:01:20.051:
I/NamespaceManager(5457): Package com.google.android.healthfitness name not found! Using module version. >11-08 00:01:20.051:
I/NamespaceManager(5457): Package android.companion name not found! Using module version. >11-08 00:01:20.051:
I/NamespaceManager(5457): Package com.google.android.healthfitness name not found! Using module version. >11-08 00:01:20.051:
I/NamespaceManager(5457): Package com.google.android.aicore name not found! Using module version. >11-08 00:01:20.051:
W/PhenotypeConfigurationU(5457): Update for unknown DeviceConfig package com.google.android.gms.idunderstanding#com.google.android.gms [CONTEXT service_id=204 ] >11-08 00:01:20.051:
W/PhenotypeConfigurationU(5457): cesr: No package exists for config package: com.google.android.gms.idunderstanding#com.google.android.gms >11-08 00:01:20.051:
W/PhenotypeConfigurationU(5457): at cess.a(:com.google.android.gms@233316044@23.33.16 (190400-560149061):70) >11-08 00:01:20.051:
W/PhenotypeConfigurationU(5457): at com.google.android.gms.platformconfigurator.PhenotypeConfigurationUpdateListener.b(:com.google.android.gms@233316044@23.33.16 (190400-560149061):6) >11-08 00:01:20.051:
W/PhenotypeConfigurationU(5457): at com.google.android.gms.platformconfigurator.PhenotypeConfigurationUpdateListener.a(:com.google.android.gms@233316044@23.33.16 (190400-560149061):167) >11-08 00:01:20.051:
W/PhenotypeConfigurationU(5457): at com.google.android.gms.platformconfigurator.PhenotypeConfigurationUpdateListener.onHandleIntent(:com.google.android.gms@233316044@23.33.16 (190400-560149061):278) >11-08 00:01:20.051:
W/PhenotypeConfigurationU(5457): at com.google.android.chimera.IntentOperation.onHandleIntent(:com.google.android.gms@233316044@23.33.16 (190400-560149061):2) >11-08 00:01:20.051:
W/PhenotypeConfigurationU(5457): at adqc.onHandleIntent(:com.google.android.gms@233316044@23.33.16 (190400-560149061):10) >11-08 00:01:20.051:
W/PhenotypeConfigurationU(5457): at lep.run(:com.google.android.gms@233316044@23.33.16 (190400-560149061):70) >11-08 00:01:20.051:
W/PhenotypeConfigurationU(5457): at leo.run(:com.google.android.gms@233316044@23.33.16 (190400-560149061):152) >11-08 00:01:20.051:
W/PhenotypeConfigurationU(5457): at dpie.run(:com.google.android.gms@233316044@23.33.16 (190400-560149061):13) >11-08 00:01:20.051:
W/PhenotypeConfigurationU(5457): at java.util.concurrent.ThreadPoolExecutor.runWorker(ThreadPoolExecutor.java:1137) >11-08 00:01:20.051:
W/PhenotypeConfigurationU(5457): at java.util.concurrent.ThreadPoolExecutor$Worker.run(ThreadPoolExecutor.java:637) >11-08 00:01:20.051:
W/PhenotypeConfigurationU(5457): at java.lang.Thread.run(Thread.java:1012) >11-08 00:01:20.052:
I/NamespaceManager(5457): Package com.android.refreshratecontrol name not found! Using module version. >11-08 00:01:20.053:
I/NamespaceManager(5457): Package com.google.oslo name not found! Using module version. >11-08 00:01:20.053:
I/NamespaceManager(5457): Package com.android.media name not found! Using module version. >11-08 00:01:20.053:
I/NamespaceManager(5457): Package com.android.media.swcodec name not found! Using module version. >11-08 00:01:20.053:
I/NamespaceManager(5457): Package com.android.neuralnetworks name not found! Using module version. >11-08 00:01:20.053:
I/NamespaceManager(5457): Package com.android.media name not found! Using module version. >11-08 00:01:20.054:
I/NamespaceManager(5457): Package 1 name not found! Using module version. >11-08 00:01:20.055:
I/NamespaceManager(5457): Package rkpd name not found! Using module version. >11-08 00:01:20.055:
I/NamespaceManager(5457): Package com.google.android.devicelockcontroller name not found! Using module version. >11-08 00:01:20.055:
I/NamespaceManager(5457): Package com.google.android.healthfitness name not found! Using module version. >11-08 00:01:20.056:
I/NamespaceManager(5457): Package android.companion name not found! Using module version. >11-08 00:01:20.056:
I/NamespaceManager(5457): Package com.google.android.healthfitness name not found! Using module version. >11-08 00:01:20.056:
I/NamespaceManager(5457): Package com.google.android.aicore name not found! Using module version. >11-08 00:01:20.057:
W/PhenotypeConfigurationU(5457): Update for unknown DeviceConfig package com.google.android.libraries.onegoogle#com.google.android.gms [CONTEXT service_id=204 ] >11-08 00:01:20.057:
W/PhenotypeConfigurationU(5457): cesr: No package exists for config package: com.google.android.libraries.onegoogle#com.google.android.gms >11-08 00:01:20.057:
W/PhenotypeConfigurationU(5457): at cess.a(:com.google.android.gms@233316044@23.33.16 (190400-560149061):70) >11-08 00:01:20.057:
W/PhenotypeConfigurationU(5457): at com.google.android.gms.platformconfigurator.PhenotypeConfigurationUpdateListener.b(:com.google.android.gms@233316044@23.33.16 (190400-560149061):6) >11-08 00:01:20.057:
W/PhenotypeConfigurationU(5457): at com.google.android.gms.platformconfigurator.PhenotypeConfigurationUpdateListener.a(:com.google.android.gms@233316044@23.33.16 (190400-560149061):167) >11-08 00:01:20.057:
W/PhenotypeConfigurationU(5457): at com.google.android.gms.platformconfigurator.PhenotypeConfigurationUpdateListener.onHandleIntent(:com.google.android.gms@233316044@23.33.16 (190400-560149061):278) >11-08 00:01:20.057:
W/PhenotypeConfigurationU(5457): at com.google.android.chimera.IntentOperation.onHandleIntent(:com.google.android.gms@233316044@23.33.16 (190400-560149061):2) >11-08 00:01:20.057:
W/PhenotypeConfigurationU(5457): at adqc.onHandleIntent(:com.google.android.gms@233316044@23.33.16 (190400-560149061):10) >11-08 00:01:20.057:
W/PhenotypeConfigurationU(5457): at lep.run(:com.google.android.gms@233316044@23.33.16 (190400-560149061):70) >11-08 00:01:20.057:
W/PhenotypeConfigurationU(5457): at leo.run(:com.google.android.gms@233316044@23.33.16 (190400-560149061):152) >11-08 00:01:20.057:
W/PhenotypeConfigurationU(5457): at dpie.run(:com.google.android.gms@233316044@23.33.16 (190400-560149061):13) >11-08 00:01:20.057:
W/PhenotypeConfigurationU(5457): at java.util.concurrent.ThreadPoolExecutor.runWorker(ThreadPoolExecutor.java:1137) >11-08 00:01:20.057:
W/PhenotypeConfigurationU(5457): at java.util.concurrent.ThreadPoolExecutor$Worker.run(ThreadPoolExecutor.java:637) >11-08 00:01:20.057:
W/PhenotypeConfigurationU(5457): at java.lang.Thread.run(Thread.java:1012) >11-08 00:01:20.094:
I/PhenotypeBackgroundRecv(6570): Skipping com.google.android.dialer which doesn't use ProcessStable flags. >11-08 00:01:20.109:
I/PhenotypeBackgroundRecv(6570): Skipping com.google.android.dialer.directboot#com.google.android.dialer which doesn't use ProcessStable flags. >11-08 00:01:20.113:
I/WM-WorkerWrapper(5744): Worker result SUCCESS for Work [ id=86695c99-15c4-48b6-b7f0-3fac59c30e92, tags={ com.google.android.libraries.mdi.download.workmanager.workers.PeriodicWorker, MDD.WIFI.CHARGING.PERIODIC.TASK } ] >11-08 00:01:20.121:
I/PhenotypeBackgroundRecv(6570): Successfully updated snapshot for com.google.android.libraries.surveys#com.google.android.dialer >11-08 00:01:20.122:
I/PhenotypeBackgroundRecv(6570): Skipping com.google.android.gms.icing.mdd#com.google.android.dialer which doesn't use ProcessStable flags. >11-08 00:01:20.131:
I/PhenotypeBackgroundRecv(6570): Successfully updated snapshot for com.google.android.libraries.notifications.platform#com.google.android.dialer >11-08 00:01:20.136:
I/PhenotypeBackgroundRecv(6570): Successfully updated snapshot for com.google.android.gms.clearcut_client#com.google.android.dialer >11-08 00:01:20.138:
I/PhenotypeBackgroundRecv(6570): Successfully updated snapshot for com.google.android.libraries.performance.primes#com.google.android.dialer >11-08 00:01:20.143:
I/PhenotypeBackgroundRecv(6570): Successfully updated snapshot for com.google.android.libraries.consentverifier#com.google.android.dialer >11-08 00:01:20.148:
I/PhenotypeBackgroundRecv(6570): Successfully updated snapshot for com.google.android.libraries.internal.growth.growthkit#com.google.android.dialer >11-08 00:01:20.202:
I/RoleService(577): Granting default roles... >11-08 00:01:20.211:
W/Role(878): Default holder doesn't have required signing certificate: com.google.android.apps.work.clouddpc:23962F4B43B9857638EA66F4D419518EAE282491ACDA4B94707BD59003C45E58 >11-08 00:01:20.221:
I/PackageManager(577): Integrity check passed for file:///data/app/vmdl1190850838.tmp >11-08 00:01:20.224:
I/PackageManager(577): Permission ownership changed. Updating all permissions. >09-25 18:34:52.101:
I/logd(2595): start watching /data/system/packages.list ... >09-25 18:34:52.101:
I/logd(2595): ReadPackageList, total packages: 187 >11-08 00:01:20.239:
D/PackageManager(577): Instant App installer not found with android.intent.action.INSTALL_INSTANT_APP_PACKAGE >11-08 00:01:20.239:
D/PackageManager(577): Clear ephemeral installer activity >11-08 00:01:20.243:
W/BatteryExternalStatsWorker(577): error reading Bluetooth stats: 9 >11-08 00:01:20.245:
W/ziparchive(577): Unable to open '/data/app/~~J-zqkcQhE_SRSxFxRma4UQ==/com.google.android.apps.mtaas.tools-NotCkP74Iq7E3T3J7I1uTw==/base.dm': No such file or directory >11-08 00:01:20.246:
I/PackageDexOptimizer(577): Running dexopt (dexoptNeeded=1) on: /data/app/~~J-zqkcQhE_SRSxFxRma4UQ==/com.google.android.apps.mtaas.tools-NotCkP74Iq7E3T3J7I1uTw==/base.apk pkg=com.google.android.apps.mtaas.tools isa=arm64 dexoptFlags=boot_complete,profile_guided,public,enable_hidden_api_checks targetFilter=speed-profile oatDir=/data/app/~~J-zqkcQhE_SRSxFxRma4UQ==/com.google.android.apps.mtaas.tools-NotCkP74Iq7E3T3J7I1uTw==/oat classLoaderContext=PCL[]{PCL[/system/framework/android.test.base.jar]#PCL[/system/framework/org.apache.http.legacy.jar]} >11-08 00:01:20.247:
V/installd(492): DexInv: --- BEGIN '/data/app/~~J-zqkcQhE_SRSxFxRma4UQ==/com.google.android.apps.mtaas.tools-NotCkP74Iq7E3T3J7I1uTw==/base.apk' --- >11-08 00:01:20.247:
V/installd(492): Running /apex/com.android.art/bin/dex2oat64 in=base.apk out=/data/app/~~J-zqkcQhE_SRSxFxRma4UQ==/com.google.android.apps.mtaas.tools-NotCkP74Iq7E3T3J7I1uTw==/oat/arm64/base.odex >11-08 00:01:20.249:
D/TelephonyManager(577): requestModemActivityInfo: Sending result to app: ModemActivityInfo{ mTimestamp=186376 mSleepTimeMs=0 mIdleTimeMs=186370 mActivityStatsTechSpecificInfo=[{mRat=UNKNOWN,mFrequencyRange=UNKNOWN,mTxTimeMs[]=[0, 0, 0, 0, 0],mRxTimeMs=0}]} >11-08 00:01:20.251:
W/KernelCpuProcStringReader(577): File not found. It's normal if not implemented: /proc/uid_concurrent_policy_time >11-08 00:01:20.253:
V/StorageManagerService(577): Package null has legacy storage >11-08 00:01:20.253:
I/MediaProvider(1641): Invalidating LocalCallingIdentity cache for package com.google.android.apps.mtaas.tools. Reason: op android:read_external_storage >11-08 00:01:20.257:
W/dex2oat64(8274): Mismatch between dex2oat instruction set features to use (ISA: Arm64 Feature string: a53,crc,-lse,-fp16,-dotprod,-sve) and those from CPP defines (ISA: Arm64 Feature string: -a53,-crc,-lse,-fp16,-dotprod,-sve) for the command line: >11-08 00:01:20.257:
W/dex2oat64(8274): /apex/com.android.art/bin/dex2oat64 --zip-fd=7 --zip-location=base.apk --oat-fd=8 --oat-location=/data/app/~~J-zqkcQhE_SRSxFxRma4UQ==/com.google.android.apps.mtaas.tools-NotCkP74Iq7E3T3J7I1uTw==/oat/arm64/base.odex --input-vdex-fd=-1 --output-vdex-fd=9 --swap-fd=10 --classpath-dir=/data/app/~~J-zqkcQhE_SRSxFxRma4UQ==/com.google.android.apps.mtaas.tools-NotCkP74Iq7E3T3J7I1uTw== --class-loader-context=PCL[]{PCL[/system/framework/android.test.base.jar]#PCL[/system/framework/org.apache.http.legacy.jar]} --compact-dex-level=none --instruction-set=arm64 --instruction-set-features=default --instruction-set-variant=generic --compiler-filter=speed-profile --compilation-reason=install --max-image-block-size=524288 --resolve-startup-const-strings=true --generate-mini-debug-info --runtime-arg -Xtarget-sdk-version:23 --runtime-arg -Xhidden-api-policy:enabled --runtime-arg -Xms64m --runtime-arg -Xmx512m >11-08 00:01:20.257:
I/dex2oat64(8274): /apex/com.android.art/bin/dex2oat64 --input-vdex-fd=-1 --output-vdex-fd=9 --classpath-dir=/data/app/~~J-zqkcQhE_SRSxFxRma4UQ==/com.google.android.apps.mtaas.tools-NotCkP74Iq7E3T3J7I1uTw== --class-loader-context=PCL[]{PCL[/system/framework/android.test.base.jar]#PCL[/system/framework/org.apache.http.legacy.jar]} --compact-dex-level=none --compiler-filter=speed-profile --compilation-reason=install --max-image-block-size=524288 --resolve-startup-const-strings=true --generate-mini-debug-info >11-08 00:01:20.276:
I/netd(371): tetherGetStats() -> {[]} <0.34ms> >11-08 00:01:20.278:
W/CpuPowerCalculator(577): UID 50179 CPU freq # mismatch: Power Profile # 2 actual # 8 >11-08 00:01:20.278:
W/CpuPowerCalculator(577): UID 50178 CPU freq # mismatch: Power Profile # 2 actual # 8 >11-08 00:01:20.278:
W/CpuPowerCalculator(577): UID 50175 CPU freq # mismatch: Power Profile # 2 actual # 8 >11-08 00:01:20.278:
W/CpuPowerCalculator(577): UID 50174 CPU freq # mismatch: Power Profile # 2 actual # 8 >11-08 00:01:20.278:
W/CpuPowerCalculator(577): UID 50173 CPU freq # mismatch: Power Profile # 2 actual # 8 >11-08 00:01:20.278:
W/CpuPowerCalculator(577): UID 50172 CPU freq # mismatch: Power Profile # 2 actual # 8 >11-08 00:01:20.278:
W/CpuPowerCalculator(577): UID 50171 CPU freq # mismatch: Power Profile # 2 actual # 8 >11-08 00:01:20.278:
W/CpuPowerCalculator(577): UID 50167 CPU freq # mismatch: Power Profile # 2 actual # 8 >11-08 00:01:20.278:
W/CpuPowerCalculator(577): UID 50166 CPU freq # mismatch: Power Profile # 2 actual # 8 >11-08 00:01:20.278:
W/CpuPowerCalculator(577): UID 50165 CPU freq # mismatch: Power Profile # 2 actual # 8 >11-08 00:01:20.278:
W/CpuPowerCalculator(577): UID 50164 CPU freq # mismatch: Power Profile # 2 actual # 8 >11-08 00:01:20.278:
W/CpuPowerCalculator(577): UID 50162 CPU freq # mismatch: Power Profile # 2 actual # 8 >11-08 00:01:20.278:
W/CpuPowerCalculator(577): UID 50161 CPU freq # mismatch: Power Profile # 2 actual # 8 >11-08 00:01:20.278:
W/CpuPowerCalculator(577): UID 50159 CPU freq # mismatch: Power Profile # 2 actual # 8 >11-08 00:01:20.278:
W/CpuPowerCalculator(577): UID 50158 CPU freq # mismatch: Power Profile # 2 actual # 8 >11-08 00:01:20.278:
W/CpuPowerCalculator(577): UID 50157 CPU freq # mismatch: Power Profile # 2 actual # 8 >11-08 00:01:20.278:
W/CpuPowerCalculator(577): UID 50135 CPU freq # mismatch: Power Profile # 2 actual # 8 >11-08 00:01:20.278:
W/CpuPowerCalculator(577): UID 50131 CPU freq # mismatch: Power Profile # 2 actual # 8 >11-08 00:01:20.278:
W/CpuPowerCalculator(577): UID 50120 CPU freq # mismatch: Power Profile # 2 actual # 8 >11-08 00:01:20.278:
W/CpuPowerCalculator(577): UID 50118 CPU freq # mismatch: Power Profile # 2 actual # 8 >11-08 00:01:20.278:
W/CpuPowerCalculator(577): UID 50117 CPU freq # mismatch: Power Profile # 2 actual # 8 >11-08 00:01:20.278:
W/CpuPowerCalculator(577): UID 10167 CPU freq # mismatch: Power Profile # 2 actual # 8 >11-08 00:01:20.278:
W/CpuPowerCalculator(577): UID 10167 CPU freq # mismatch: Power Profile # 2 actual # 8 >11-08 00:01:20.278:
W/CpuPowerCalculator(577): UID 10167 CPU freq # mismatch: Power Profile # 2 actual # 8 >11-08 00:01:20.278:
W/CpuPowerCalculator(577): UID 10164 CPU freq # mismatch: Power Profile # 2 actual # 8 >11-08 00:01:20.278:
W/CpuPowerCalculator(577): UID 10164 CPU freq # mismatch: Power Profile # 2 actual # 8 >11-08 00:01:20.278:
W/CpuPowerCalculator(577): UID 10164 CPU freq # mismatch: Power Profile # 2 actual # 8 >11-08 00:01:20.278:
W/CpuPowerCalculator(577): UID 10159 CPU freq # mismatch: Power Profile # 2 actual # 8 >11-08 00:01:20.278:
W/CpuPowerCalculator(577): UID 10159 CPU freq # mismatch: Power Profile # 2 actual # 8 >11-08 00:01:20.278:
W/CpuPowerCalculator(577): UID 10159 CPU freq # mismatch: Power Profile # 2 actual # 8 >11-08 00:01:20.278:
W/CpuPowerCalculator(577): UID 10157 CPU freq # mismatch: Power Profile # 2 actual # 8 >11-08 00:01:20.278:
W/CpuPowerCalculator(577): UID 10157 CPU freq # mismatch: Power Profile # 2 actual # 8 >11-08 00:01:20.278:
W/CpuPowerCalculator(577): UID 10157 CPU freq # mismatch: Power Profile # 2 actual # 8 >11-08 00:01:20.278:
W/CpuPowerCalculator(577): UID 10157 CPU freq # mismatch: Power Profile # 2 actual # 8 >11-08 00:01:20.278:
W/CpuPowerCalculator(577): UID 10155 CPU freq # mismatch: Power Profile # 2 actual # 8 >11-08 00:01:20.278:
W/CpuPowerCalculator(577): UID 10155 CPU freq # mismatch: Power Profile # 2 actual # 8 >11-08 00:01:20.278:
W/CpuPowerCalculator(577): UID 10155 CPU freq # mismatch: Power Profile # 2 actual # 8 >11-08 00:01:20.278:
W/CpuPowerCalculator(577): UID 10154 CPU freq # mismatch: Power Profile # 2 actual # 8 >11-08 00:01:20.278:
W/CpuPowerCalculator(577): UID 10154 CPU freq # mismatch: Power Profile # 2 actual # 8 >11-08 00:01:20.278:
W/CpuPowerCalculator(577): UID 10154 CPU freq # mismatch: Power Profile # 2 actual # 8 >11-08 00:01:20.278:
W/CpuPowerCalculator(577): UID 10154 CPU freq # mismatch: Power Profile # 2 actual # 8 >11-08 00:01:20.278:
W/CpuPowerCalculator(577): UID 10153 CPU freq # mismatch: Power Profile # 2 actual # 8 >11-08 00:01:20.278:
W/CpuPowerCalculator(577): UID 10153 CPU freq # mismatch: Power Profile # 2 actual # 8 >11-08 00:01:20.278:
W/CpuPowerCalculator(577): UID 10151 CPU freq # mismatch: Power Profile # 2 actual # 8 >11-08 00:01:20.278:
W/CpuPowerCalculator(577): UID 10151 CPU freq # mismatch: Power Profile # 2 actual # 8 >11-08 00:01:20.278:
W/CpuPowerCalculator(577): UID 10151 CPU freq # mismatch: Power Profile # 2 actual # 8 >11-08 00:01:20.278:
W/CpuPowerCalculator(577): UID 10151 CPU freq # mismatch: Power Profile # 2 actual # 8 >11-08 00:01:20.278:
W/CpuPowerCalculator(577): UID 10150 CPU freq # mismatch: Power Profile # 2 actual # 8 >11-08 00:01:20.278:
W/CpuPowerCalculator(577): UID 10150 CPU freq # mismatch: Power Profile # 2 actual # 8 >11-08 00:01:20.278:
W/CpuPowerCalculator(577): UID 10150 CPU freq # mismatch: Power Profile # 2 actual # 8 >11-08 00:01:20.278:
W/CpuPowerCalculator(577): UID 10149 CPU freq # mismatch: Power Profile # 2 actual # 8 >11-08 00:01:20.278:
W/CpuPowerCalculator(577): UID 10149 CPU freq # mismatch: Power Profile # 2 actual # 8 >11-08 00:01:20.278:
W/CpuPowerCalculator(577): UID 10149 CPU freq # mismatch: Power Profile # 2 actual # 8 >11-08 00:01:20.278:
W/CpuPowerCalculator(577): UID 10149 CPU freq # mismatch: Power Profile # 2 actual # 8 >11-08 00:01:20.278:
W/CpuPowerCalculator(577): UID 10145 CPU freq # mismatch: Power Profile # 2 actual # 8 >11-08 00:01:20.278:
W/CpuPowerCalculator(577): UID 10145 CPU freq # mismatch: Power Profile # 2 actual # 8 >11-08 00:01:20.278:
W/CpuPowerCalculator(577): UID 10145 CPU freq # mismatch: Power Profile # 2 actual # 8 >11-08 00:01:20.278:
W/CpuPowerCalculator(577): UID 10145 CPU freq # mismatch: Power Profile # 2 actual # 8 >11-08 00:01:20.278:
W/CpuPowerCalculator(577): UID 10143 CPU freq # mismatch: Power Profile # 2 actual # 8 >11-08 00:01:20.278:
W/CpuPowerCalculator(577): UID 10143 CPU freq # mismatch: Power Profile # 2 actual # 8 >11-08 00:01:20.278:
W/CpuPowerCalculator(577): UID 10143 CPU freq # mismatch: Power Profile # 2 actual # 8 >11-08 00:01:20.278:
W/CpuPowerCalculator(577): UID 10143 CPU freq # mismatch: Power Profile # 2 actual # 8 >11-08 00:01:20.278:
W/CpuPowerCalculator(577): UID 10142 CPU freq # mismatch: Power Profile # 2 actual # 8 >11-08 00:01:20.278:
W/CpuPowerCalculator(577): UID 10142 CPU freq # mismatch: Power Profile # 2 actual # 8 >11-08 00:01:20.278:
W/CpuPowerCalculator(577): UID 10142 CPU freq # mismatch: Power Profile # 2 actual # 8 >11-08 00:01:20.278:
W/CpuPowerCalculator(577): UID 10138 CPU freq # mismatch: Power Profile # 2 actual # 8 >11-08 00:01:20.278:
W/CpuPowerCalculator(577): UID 10138 CPU freq # mismatch: Power Profile # 2 actual # 8 >11-08 00:01:20.279:
W/CpuPowerCalculator(577): UID 10138 CPU freq # mismatch: Power Profile # 2 actual # 8 >11-08 00:01:20.279:
W/CpuPowerCalculator(577): UID 10136 CPU freq # mismatch: Power Profile # 2 actual # 8 >11-08 00:01:20.279:
W/CpuPowerCalculator(577): UID 10136 CPU freq # mismatch: Power Profile # 2 actual # 8 >11-08 00:01:20.279:
W/CpuPowerCalculator(577): UID 10136 CPU freq # mismatch: Power Profile # 2 actual # 8 >11-08 00:01:20.279:
W/CpuPowerCalculator(577): UID 10132 CPU freq # mismatch: Power Profile # 2 actual # 8 >11-08 00:01:20.279:
W/CpuPowerCalculator(577): UID 10132 CPU freq # mismatch: Power Profile # 2 actual # 8 >11-08 00:01:20.279:
W/CpuPowerCalculator(577): UID 10132 CPU freq # mismatch: Power Profile # 2 actual # 8 >11-08 00:01:20.279:
W/CpuPowerCalculator(577): UID 10132 CPU freq # mismatch: Power Profile # 2 actual # 8 >11-08 00:01:20.279:
W/CpuPowerCalculator(577): UID 10131 CPU freq # mismatch: Power Profile # 2 actual # 8 >11-08 00:01:20.279:
W/CpuPowerCalculator(577): UID 10131 CPU freq # mismatch: Power Profile # 2 actual # 8 >11-08 00:01:20.279:
W/CpuPowerCalculator(577): UID 10131 CPU freq # mismatch: Power Profile # 2 actual # 8 >11-08 00:01:20.279:
W/CpuPowerCalculator(577): UID 10131 CPU freq # mismatch: Power Profile # 2 actual # 8 >11-08 00:01:20.279:
W/CpuPowerCalculator(577): UID 10131 CPU freq # mismatch: Power Profile # 2 actual # 8 >11-08 00:01:20.279:
W/CpuPowerCalculator(577): UID 10130 CPU freq # mismatch: Power Profile # 2 actual # 8 >11-08 00:01:20.279:
W/CpuPowerCalculator(577): UID 10130 CPU freq # mismatch: Power Profile # 2 actual # 8 >11-08 00:01:20.279:
W/CpuPowerCalculator(577): UID 10130 CPU freq # mismatch: Power Profile # 2 actual # 8 >11-08 00:01:20.279:
W/CpuPowerCalculator(577): UID 10130 CPU freq # mismatch: Power Profile # 2 actual # 8 >11-08 00:01:20.279:
W/CpuPowerCalculator(577): UID 10126 CPU freq # mismatch: Power Profile # 2 actual # 8 >11-08 00:01:20.279:
W/CpuPowerCalculator(577): UID 10126 CPU freq # mismatch: Power Profile # 2 actual # 8 >11-08 00:01:20.279:
W/CpuPowerCalculator(577): UID 10126 CPU freq # mismatch: Power Profile # 2 actual # 8 >11-08 00:01:20.279:
W/CpuPowerCalculator(577): UID 10124 CPU freq # mismatch: Power Profile # 2 actual # 8 >11-08 00:01:20.279:
W/CpuPowerCalculator(577): UID 10124 CPU freq # mismatch: Power Profile # 2 actual # 8 >11-08 00:01:20.279:
W/CpuPowerCalculator(577): UID 10124 CPU freq # mismatch: Power Profile # 2 actual # 8 >11-08 00:01:20.279:
W/CpuPowerCalculator(577): UID 10123 CPU freq # mismatch: Power Profile # 2 actual # 8 >11-08 00:01:20.279:
W/CpuPowerCalculator(577): UID 10123 CPU freq # mismatch: Power Profile # 2 actual # 8 >11-08 00:01:20.279:
W/CpuPowerCalculator(577): UID 10123 CPU freq # mismatch: Power Profile # 2 actual # 8 >11-08 00:01:20.279:
W/CpuPowerCalculator(577): UID 10122 CPU freq # mismatch: Power Profile # 2 actual # 8 >11-08 00:01:20.279:
W/CpuPowerCalculator(577): UID 10122 CPU freq # mismatch: Power Profile # 2 actual # 8 >11-08 00:01:20.279:
W/CpuPowerCalculator(577): UID 10122 CPU freq # mismatch: Power Profile # 2 actual # 8 >11-08 00:01:20.279:
W/CpuPowerCalculator(577): UID 10122 CPU freq # mismatch: Power Profile # 2 actual # 8 >11-08 00:01:20.279:
W/CpuPowerCalculator(577): UID 10121 CPU freq # mismatch: Power Profile # 2 actual # 8 >11-08 00:01:20.279:
W/CpuPowerCalculator(577): UID 10121 CPU freq # mismatch: Power Profile # 2 actual # 8 >11-08 00:01:20.279:
W/CpuPowerCalculator(577): UID 10121 CPU freq # mismatch: Power Profile # 2 actual # 8 >11-08 00:01:20.279:
W/CpuPowerCalculator(577): UID 10120 CPU freq # mismatch: Power Profile # 2 actual # 8 >11-08 00:01:20.279:
W/CpuPowerCalculator(577): UID 10120 CPU freq # mismatch: Power Profile # 2 actual # 8 >11-08 00:01:20.279:
W/CpuPowerCalculator(577): UID 10120 CPU freq # mismatch: Power Profile # 2 actual # 8 >11-08 00:01:20.279:
W/CpuPowerCalculator(577): UID 10120 CPU freq # mismatch: Power Profile # 2 actual # 8 >11-08 00:01:20.279:
W/CpuPowerCalculator(577): UID 10119 CPU freq # mismatch: Power Profile # 2 actual # 8 >11-08 00:01:20.279:
W/CpuPowerCalculator(577): UID 10119 CPU freq # mismatch: Power Profile # 2 actual # 8 >11-08 00:01:20.279:
W/CpuPowerCalculator(577): UID 10119 CPU freq # mismatch: Power Profile # 2 actual # 8 >11-08 00:01:20.279:
W/CpuPowerCalculator(577): UID 10118 CPU freq # mismatch: Power Profile # 2 actual # 8 >11-08 00:01:20.279:
W/CpuPowerCalculator(577): UID 10118 CPU freq # mismatch: Power Profile # 2 actual # 8 >11-08 00:01:20.279:
W/CpuPowerCalculator(577): UID 10118 CPU freq # mismatch: Power Profile # 2 actual # 8 >11-08 00:01:20.279:
W/CpuPowerCalculator(577): UID 10118 CPU freq # mismatch: Power Profile # 2 actual # 8 >11-08 00:01:20.279:
W/CpuPowerCalculator(577): UID 10118 CPU freq # mismatch: Power Profile # 2 actual # 8 >11-08 00:01:20.279:
W/CpuPowerCalculator(577): UID 10117 CPU freq # mismatch: Power Profile # 2 actual # 8 >11-08 00:01:20.279:
W/CpuPowerCalculator(577): UID 10117 CPU freq # mismatch: Power Profile # 2 actual # 8 >11-08 00:01:20.279:
W/CpuPowerCalculator(577): UID 10117 CPU freq # mismatch: Power Profile # 2 actual # 8 >11-08 00:01:20.279:
W/CpuPowerCalculator(577): UID 10117 CPU freq # mismatch: Power Profile # 2 actual # 8 >11-08 00:01:20.279:
W/CpuPowerCalculator(577): UID 10116 CPU freq # mismatch: Power Profile # 2 actual # 8 >11-08 00:01:20.279:
W/CpuPowerCalculator(577): UID 10116 CPU freq # mismatch: Power Profile # 2 actual # 8 >11-08 00:01:20.279:
W/CpuPowerCalculator(577): UID 10116 CPU freq # mismatch: Power Profile # 2 actual # 8 >11-08 00:01:20.279:
W/CpuPowerCalculator(577): UID 10115 CPU freq # mismatch: Power Profile # 2 actual # 8 >11-08 00:01:20.279:
W/CpuPowerCalculator(577): UID 10115 CPU freq # mismatch: Power Profile # 2 actual # 8 >11-08 00:01:20.279:
W/CpuPowerCalculator(577): UID 10115 CPU freq # mismatch: Power Profile # 2 actual # 8 >11-08 00:01:20.279:
W/CpuPowerCalculator(577): UID 10114 CPU freq # mismatch: Power Profile # 2 actual # 8 >11-08 00:01:20.279:
W/CpuPowerCalculator(577): UID 10114 CPU freq # mismatch: Power Profile # 2 actual # 8 >11-08 00:01:20.279:
W/CpuPowerCalculator(577): UID 10114 CPU freq # mismatch: Power Profile # 2 actual # 8 >11-08 00:01:20.279:
W/CpuPowerCalculator(577): UID 10114 CPU freq # mismatch: Power Profile # 2 actual # 8 >11-08 00:01:20.279:
W/CpuPowerCalculator(577): UID 10114 CPU freq # mismatch: Power Profile # 2 actual # 8 >11-08 00:01:20.279:
W/CpuPowerCalculator(577): UID 10113 CPU freq # mismatch: Power Profile # 2 actual # 8 >11-08 00:01:20.279:
W/CpuPowerCalculator(577): UID 10113 CPU freq # mismatch: Power Profile # 2 actual # 8 >11-08 00:01:20.279:
W/CpuPowerCalculator(577): UID 10113 CPU freq # mismatch: Power Profile # 2 actual # 8 >11-08 00:01:20.279:
W/CpuPowerCalculator(577): UID 10113 CPU freq # mismatch: Power Profile # 2 actual # 8 >11-08 00:01:20.279:
W/CpuPowerCalculator(577): UID 10112 CPU freq # mismatch: Power Profile # 2 actual # 8 >11-08 00:01:20.279:
W/CpuPowerCalculator(577): UID 10112 CPU freq # mismatch: Power Profile # 2 actual # 8 >11-08 00:01:20.279:
W/CpuPowerCalculator(577): UID 10112 CPU freq # mismatch: Power Profile # 2 actual # 8 >11-08 00:01:20.279:
W/CpuPowerCalculator(577): UID 10112 CPU freq # mismatch: Power Profile # 2 actual # 8 >11-08 00:01:20.279:
W/CpuPowerCalculator(577): UID 10111 CPU freq # mismatch: Power Profile # 2 actual # 8 >11-08 00:01:20.279:
W/CpuPowerCalculator(577): UID 10111 CPU freq # mismatch: Power Profile # 2 actual # 8 >11-08 00:01:20.279:
W/CpuPowerCalculator(577): UID 10111 CPU freq # mismatch: Power Profile # 2 actual # 8 >11-08 00:01:20.279:
W/CpuPowerCalculator(577): UID 10110 CPU freq # mismatch: Power Profile # 2 actual # 8 >11-08 00:01:20.279:
W/CpuPowerCalculator(577): UID 10110 CPU freq # mismatch: Power Profile # 2 actual # 8 >11-08 00:01:20.280:
W/CpuPowerCalculator(577): UID 10110 CPU freq # mismatch: Power Profile # 2 actual # 8 >11-08 00:01:20.280:
W/CpuPowerCalculator(577): UID 10109 CPU freq # mismatch: Power Profile # 2 actual # 8 >11-08 00:01:20.280:
W/CpuPowerCalculator(577): UID 10109 CPU freq # mismatch: Power Profile # 2 actual # 8 >11-08 00:01:20.280:
W/CpuPowerCalculator(577): UID 10109 CPU freq # mismatch: Power Profile # 2 actual # 8 >11-08 00:01:20.280:
W/CpuPowerCalculator(577): UID 10107 CPU freq # mismatch: Power Profile # 2 actual # 8 >11-08 00:01:20.280:
W/CpuPowerCalculator(577): UID 10107 CPU freq # mismatch: Power Profile # 2 actual # 8 >11-08 00:01:20.280:
W/CpuPowerCalculator(577): UID 10107 CPU freq # mismatch: Power Profile # 2 actual # 8 >11-08 00:01:20.280:
W/CpuPowerCalculator(577): UID 10107 CPU freq # mismatch: Power Profile # 2 actual # 8 >11-08 00:01:20.280:
W/CpuPowerCalculator(577): UID 10106 CPU freq # mismatch: Power Profile # 2 actual # 8 >11-08 00:01:20.280:
W/CpuPowerCalculator(577): UID 10106 CPU freq # mismatch: Power Profile # 2 actual # 8 >11-08 00:01:20.280:
W/CpuPowerCalculator(577): UID 10106 CPU freq # mismatch: Power Profile # 2 actual # 8 >11-08 00:01:20.280:
W/CpuPowerCalculator(577): UID 10105 CPU freq # mismatch: Power Profile # 2 actual # 8 >11-08 00:01:20.280:
W/CpuPowerCalculator(577): UID 10105 CPU freq # mismatch: Power Profile # 2 actual # 8 >11-08 00:01:20.280:
W/CpuPowerCalculator(577): UID 10105 CPU freq # mismatch: Power Profile # 2 actual # 8 >11-08 00:01:20.280:
W/CpuPowerCalculator(577): UID 10103 CPU freq # mismatch: Power Profile # 2 actual # 8 >11-08 00:01:20.280:
W/CpuPowerCalculator(577): UID 10103 CPU freq # mismatch: Power Profile # 2 actual # 8 >11-08 00:01:20.280:
W/CpuPowerCalculator(577): UID 10103 CPU freq # mismatch: Power Profile # 2 actual # 8 >11-08 00:01:20.280:
W/CpuPowerCalculator(577): UID 10101 CPU freq # mismatch: Power Profile # 2 actual # 8 >11-08 00:01:20.280:
W/CpuPowerCalculator(577): UID 10101 CPU freq # mismatch: Power Profile # 2 actual # 8 >11-08 00:01:20.280:
W/CpuPowerCalculator(577): UID 10101 CPU freq # mismatch: Power Profile # 2 actual # 8 >11-08 00:01:20.280:
W/CpuPowerCalculator(577): UID 10091 CPU freq # mismatch: Power Profile # 2 actual # 8 >11-08 00:01:20.280:
W/CpuPowerCalculator(577): UID 10091 CPU freq # mismatch: Power Profile # 2 actual # 8 >11-08 00:01:20.280:
W/CpuPowerCalculator(577): UID 10091 CPU freq # mismatch: Power Profile # 2 actual # 8 >11-08 00:01:20.280:
W/CpuPowerCalculator(577): UID 10091 CPU freq # mismatch: Power Profile # 2 actual # 8 >11-08 00:01:20.280:
W/CpuPowerCalculator(577): UID 10084 CPU freq # mismatch: Power Profile # 2 actual # 8 >11-08 00:01:20.280:
W/CpuPowerCalculator(577): UID 10084 CPU freq # mismatch: Power Profile # 2 actual # 8 >11-08 00:01:20.280:
W/CpuPowerCalculator(577): UID 10084 CPU freq # mismatch: Power Profile # 2 actual # 8 >11-08 00:01:20.280:
W/CpuPowerCalculator(577): UID 10079 CPU freq # mismatch: Power Profile # 2 actual # 8 >11-08 00:01:20.280:
W/CpuPowerCalculator(577): UID 10079 CPU freq # mismatch: Power Profile # 2 actual # 8 >11-08 00:01:20.280:
W/CpuPowerCalculator(577): UID 10079 CPU freq # mismatch: Power Profile # 2 actual # 8 >11-08 00:01:20.280:
W/CpuPowerCalculator(577): UID 10076 CPU freq # mismatch: Power Profile # 2 actual # 8 >11-08 00:01:20.280:
W/CpuPowerCalculator(577): UID 10076 CPU freq # mismatch: Power Profile # 2 actual # 8 >11-08 00:01:20.280:
W/CpuPowerCalculator(577): UID 10076 CPU freq # mismatch: Power Profile # 2 actual # 8 >11-08 00:01:20.280:
W/CpuPowerCalculator(577): UID 10073 CPU freq # mismatch: Power Profile # 2 actual # 8 >11-08 00:01:20.280:
W/CpuPowerCalculator(577): UID 10073 CPU freq # mismatch: Power Profile # 2 actual # 8 >11-08 00:01:20.280:
W/CpuPowerCalculator(577): UID 10073 CPU freq # mismatch: Power Profile # 2 actual # 8 >11-08 00:01:20.280:
W/CpuPowerCalculator(577): UID 10073 CPU freq # mismatch: Power Profile # 2 actual # 8 >11-08 00:01:20.280:
W/CpuPowerCalculator(577): UID 10072 CPU freq # mismatch: Power Profile # 2 actual # 8 >11-08 00:01:20.280:
W/CpuPowerCalculator(577): UID 10072 CPU freq # mismatch: Power Profile # 2 actual # 8 >11-08 00:01:20.280:
W/CpuPowerCalculator(577): UID 10072 CPU freq # mismatch: Power Profile # 2 actual # 8 >11-08 00:01:20.280:
W/CpuPowerCalculator(577): UID 10071 CPU freq # mismatch: Power Profile # 2 actual # 8 >11-08 00:01:20.280:
W/CpuPowerCalculator(577): UID 10071 CPU freq # mismatch: Power Profile # 2 actual # 8 >11-08 00:01:20.280:
W/CpuPowerCalculator(577): UID 10071 CPU freq # mismatch: Power Profile # 2 actual # 8 >11-08 00:01:20.280:
W/CpuPowerCalculator(577): UID 10070 CPU freq # mismatch: Power Profile # 2 actual # 8 >11-08 00:01:20.280:
W/CpuPowerCalculator(577): UID 10070 CPU freq # mismatch: Power Profile # 2 actual # 8 >11-08 00:01:20.280:
W/CpuPowerCalculator(577): UID 10070 CPU freq # mismatch: Power Profile # 2 actual # 8 >11-08 00:01:20.280:
W/CpuPowerCalculator(577): UID 10070 CPU freq # mismatch: Power Profile # 2 actual # 8 >11-08 00:01:20.280:
W/CpuPowerCalculator(577): UID 10069 CPU freq # mismatch: Power Profile # 2 actual # 8 >11-08 00:01:20.280:
W/CpuPowerCalculator(577): UID 10069 CPU freq # mismatch: Power Profile # 2 actual # 8 >11-08 00:01:20.280:
W/CpuPowerCalculator(577): UID 10069 CPU freq # mismatch: Power Profile # 2 actual # 8 >11-08 00:01:20.280:
W/CpuPowerCalculator(577): UID 10069 CPU freq # mismatch: Power Profile # 2 actual # 8 >11-08 00:01:20.280:
W/CpuPowerCalculator(577): UID 9999 CPU freq # mismatch: Power Profile # 2 actual # 8 >11-08 00:01:20.280:
W/CpuPowerCalculator(577): UID 2000 CPU freq # mismatch: Power Profile # 2 actual # 8 >11-08 00:01:20.280:
W/CpuPowerCalculator(577): UID 2000 CPU freq # mismatch: Power Profile # 2 actual # 8 >11-08 00:01:20.280:
W/CpuPowerCalculator(577): UID 2000 CPU freq # mismatch: Power Profile # 2 actual # 8 >11-08 00:01:20.280:
W/CpuPowerCalculator(577): UID 1073 CPU freq # mismatch: Power Profile # 2 actual # 8 >11-08 00:01:20.281:
W/CpuPowerCalculator(577): UID 1073 CPU freq # mismatch: Power Profile # 2 actual # 8 >11-08 00:01:20.281:
W/CpuPowerCalculator(577): UID 1073 CPU freq # mismatch: Power Profile # 2 actual # 8 >11-08 00:01:20.281:
W/CpuPowerCalculator(577): UID 1069 CPU freq # mismatch: Power Profile # 2 actual # 8 >11-08 00:01:20.281:
W/CpuPowerCalculator(577): UID 1068 CPU freq # mismatch: Power Profile # 2 actual # 8 >11-08 00:01:20.281:
W/CpuPowerCalculator(577): UID 1068 CPU freq # mismatch: Power Profile # 2 actual # 8 >11-08 00:01:20.281:
W/CpuPowerCalculator(577): UID 1068 CPU freq # mismatch: Power Profile # 2 actual # 8 >11-08 00:01:20.281:
W/CpuPowerCalculator(577): UID 1066 CPU freq # mismatch: Power Profile # 2 actual # 8 >11-08 00:01:20.281:
W/CpuPowerCalculator(577): UID 1058 CPU freq # mismatch: Power Profile # 2 actual # 8 >11-08 00:01:20.281:
W/CpuPowerCalculator(577): UID 1053 CPU freq # mismatch: Power Profile # 2 actual # 8 >11-08 00:01:20.281:
W/CpuPowerCalculator(577): UID 1047 CPU freq # mismatch: Power Profile # 2 actual # 8 >11-08 00:01:20.281:
W/CpuPowerCalculator(577): UID 1046 CPU freq # mismatch: Power Profile # 2 actual # 8 >11-08 00:01:20.281:
W/CpuPowerCalculator(577): UID 1041 CPU freq # mismatch: Power Profile # 2 actual # 8 >11-08 00:01:20.281:
W/CpuPowerCalculator(577): UID 1040 CPU freq # mismatch: Power Profile # 2 actual # 8 >11-08 00:01:20.281:
W/CpuPowerCalculator(577): UID 1036 CPU freq # mismatch: Power Profile # 2 actual # 8 >11-08 00:01:20.281:
W/CpuPowerCalculator(577): UID 1027 CPU freq # mismatch: Power Profile # 2 actual # 8 >11-08 00:01:20.281:
W/CpuPowerCalculator(577): UID 1027 CPU freq # mismatch: Power Profile # 2 actual # 8 >11-08 00:01:20.281:
W/CpuPowerCalculator(577): UID 1027 CPU freq # mismatch: Power Profile # 2 actual # 8 >11-08 00:01:20.281:
W/CpuPowerCalculator(577): UID 1021 CPU freq # mismatch: Power Profile # 2 actual # 8 >11-08 00:01:20.281:
W/CpuPowerCalculator(577): UID 1020 CPU freq # mismatch: Power Profile # 2 actual # 8 >11-08 00:01:20.281:
W/CpuPowerCalculator(577): UID 1019 CPU freq # mismatch: Power Profile # 2 actual # 8 >11-08 00:01:20.281:
W/CpuPowerCalculator(577): UID 1017 CPU freq # mismatch: Power Profile # 2 actual # 8 >11-08 00:01:20.281:
W/CpuPowerCalculator(577): UID 1013 CPU freq # mismatch: Power Profile # 2 actual # 8 >11-08 00:01:20.281:
W/CpuPowerCalculator(577): UID 1010 CPU freq # mismatch: Power Profile # 2 actual # 8 >11-08 00:01:20.281:
W/CpuPowerCalculator(577): UID 1002 CPU freq # mismatch: Power Profile # 2 actual # 8 >11-08 00:01:20.281:
W/CpuPowerCalculator(577): UID 1002 CPU freq # mismatch: Power Profile # 2 actual # 8 >11-08 00:01:20.281:
W/CpuPowerCalculator(577): UID 1002 CPU freq # mismatch: Power Profile # 2 actual # 8 >11-08 00:01:20.281:
W/CpuPowerCalculator(577): UID 1001 CPU freq # mismatch: Power Profile # 2 actual # 8 >11-08 00:01:20.281:
W/CpuPowerCalculator(577): UID 1001 CPU freq # mismatch: Power Profile # 2 actual # 8 >11-08 00:01:20.281:
W/CpuPowerCalculator(577): UID 1001 CPU freq # mismatch: Power Profile # 2 actual # 8 >11-08 00:01:20.281:
W/CpuPowerCalculator(577): UID 1000 CPU freq # mismatch: Power Profile # 2 actual # 8 >11-08 00:01:20.281:
W/CpuPowerCalculator(577): UID 1000 CPU freq # mismatch: Power Profile # 2 actual # 8 >11-08 00:01:20.281:
W/CpuPowerCalculator(577): UID 1000 CPU freq # mismatch: Power Profile # 2 actual # 8 >11-08 00:01:20.281:
W/CpuPowerCalculator(577): UID 0 CPU freq # mismatch: Power Profile # 2 actual # 8 >11-08 00:01:20.404:
W/dex2oat64(8274): Accessing hidden method Landroid/window/BackEvent;->getProgress()F (blocked, linking, denied) >11-08 00:01:20.404:
W/dex2oat64(8274): Accessing hidden method Landroid/window/BackEvent;->getSwipeEdge()I (blocked, linking, denied) >11-08 00:01:20.404:
W/dex2oat64(8274): Accessing hidden method Landroid/window/BackEvent;->getTouchX()F (blocked, linking, denied) >11-08 00:01:20.404:
W/dex2oat64(8274): Accessing hidden method Landroid/window/BackEvent;->getTouchY()F (blocked, linking, denied) >11-08 00:01:20.424:
D/dex2oat64(8274): Compat change id reported: 149994052; UID 50179; state: ENABLED >11-08 00:01:20.424:
W/dex2oat64(8274): Accessing hidden method Landroid/content/IContentProvider;->delete(Ljava/lang/String;Landroid/net/Uri;Ljava/lang/String;[Ljava/lang/String;)I (max-target-q, linking, denied) >11-08 00:01:20.425:
W/dex2oat64(8274): Accessing hidden method Landroid/content/IContentProvider;->call(Ljava/lang/String;Ljava/lang/String;Ljava/lang/String;Landroid/os/Bundle;)Landroid/os/Bundle; (max-target-q, linking, denied) >11-08 00:01:20.455:
D/DhcpClient(1025): Received packet: 04:02:c2:02:00:02 OFFER, ip /192.168.58.5, mask /255.255.255.0, DNS servers: /192.168.58.1 , gateways [/192.168.58.1], lease time 86400, domain null >11-08 00:01:20.455:
D/DhcpClient(1025): Received packet: 04:02:c2:02:00:02 ACK: your new IP /192.168.58.5, netmask /255.255.255.0, gateways [/192.168.58.1] DNS servers: /192.168.58.1 , lease time 86400 >11-08 00:01:20.540:
I/dex2oat64(8274): dex2oat took 283.376ms (565.460ms cpu) (threads: 4) arena alloc=0B (0B) java alloc=8909KB (9123088B) native alloc=2608KB (2671024B) free=1311KB (1343328B) >11-08 00:01:20.543:
V/installd(492): DexInv: --- END '/data/app/~~J-zqkcQhE_SRSxFxRma4UQ==/com.google.android.apps.mtaas.tools-NotCkP74Iq7E3T3J7I1uTw==/base.apk' (success) --- >11-08 00:01:20.545:
V/BackupManagerService(577): [UserID:0] restoreAtInstall pkg=com.google.android.apps.mtaas.tools token=9 restoreSet=0 >11-08 00:01:20.545:
V/BackupManagerService(577): [UserID:0] Finishing install immediately >11-08 00:01:20.545:
D/PackageInstallerSession(577): Marking session 1190850838 as applied >11-08 00:01:20.547:
E/installd(492): Couldn't opendir /data/app/vmdl1190850838.tmp: No such file or directory >11-08 00:01:20.547:
E/installd(492): Failed to delete /data/app/vmdl1190850838.tmp: No such file or directory >11-08 00:01:20.548:
D/CompatibilityChangeReporter(577): Compat change id reported: 168419799; UID 10179; state: DISABLED >11-08 00:01:20.549:
I/MediaProvider(1641): Invalidating LocalCallingIdentity cache for package com.google.android.apps.mtaas.tools. Reason: package android.intent.action.PACKAGE_ADDED >11-08 00:01:20.550:
D/CompatibilityChangeReporter(577): Compat change id reported: 218533173; UID 10179; state: DISABLED >11-08 00:01:20.551:
I/PermissionControllerServiceImpl(878): Updating user sensitive for uid 10179 >11-08 00:01:20.553:
I/InputReader(577): Reconfiguring input devices, changes=KEYBOARD_LAYOUTS | >11-08 00:01:20.553:
I/Telecom(577): DefaultDialerCache: Refreshing default dialer for user 0: now com.google.android.dialer: DDC.oR@AW8 >11-08 00:01:20.555:
V/BackupManagerConstants(577): getFullBackupIntervalMilliseconds(...) returns 86400000 >11-08 00:01:20.555:
V/BackupManagerConstants(577): getFullBackupRequiredNetworkType(...) returns 2 >11-08 00:01:20.555:
I/GsaVoiceInteractionSrv(1539): (REDACTED) O received %s >11-08 00:01:20.556:
V/BackupManagerConstants(577): getFullBackupRequireCharging(...) returns true >11-08 00:01:20.560:
W/A(1539): Failed to notify listeners >11-08 00:01:20.560:
W/A(1539): java.util.concurrent.CancellationException >11-08 00:01:20.560:
W/A(1539): at java.util.concurrent.FutureTask.report(FutureTask.java:121) >11-08 00:01:20.560:
W/A(1539): at java.util.concurrent.FutureTask.get(FutureTask.java:191) >11-08 00:01:20.560:
W/A(1539): at com.google.common.util.concurrent.bv.get(PG:1) >11-08 00:01:20.560:
W/A(1539): at com.google.common.util.concurrent.ed.a(PG:1) >11-08 00:01:20.560:
W/A(1539): at com.google.common.util.concurrent.cj.r(PG:2) >11-08 00:01:20.560:
