D/PrefCtrlListHelper(1237): Could not find Context-only controller for pref: com.android.settings.accessibility.SelectLongPressTimeoutPreferenceController >11-08 00:01:27.941:
D/PrefCtrlListHelper(1237): Could not find Context-only controller for pref: com.android.settings.accessibility.AccessibilityTimeoutPreferenceController >11-08 00:01:27.941:
D/PrefCtrlListHelper(1237): Could not find Context-only controller for pref: com.android.settings.accessibility.AutoclickPreferenceController >11-08 00:01:27.941:
D/PrefCtrlListHelper(1237): Could not find Context-only controller for pref: com.android.settings.applications.managedomainurls.DomainAppPreferenceController >11-08 00:01:27.941:
D/PrefCtrlListHelper(1237): Could not find Context-only controller for pref: com.android.settings.biometrics.face.FaceSettingsLockscreenBypassPreferenceController >11-08 00:01:27.941:
D/PrefCtrlListHelper(1237): Could not find Context-only controller for pref: com.android.settings.users.AddUserWhenLockedPreferenceController >11-08 00:01:27.941:
D/PrefCtrlListHelper(1237): Could not find Context-only controller for pref: com.android.settings.display.AutoRotateSwitchBarController >11-08 00:01:27.941:
D/PrefCtrlListHelper(1237): Could not find Context-only controller for pref: com.android.settings.display.AutoRotatePreferenceController >11-08 00:01:27.941:
D/PrefCtrlListHelper(1237): Could not find Context-only controller for pref: com.android.settings.display.SmartAutoRotatePermissionController >11-08 00:01:27.941:
D/PrefCtrlListHelper(1237): Could not find Context-only controller for pref: com.android.settings.display.SmartAutoRotateCameraStateController >11-08 00:01:27.941:
D/PrefCtrlListHelper(1237): Could not find Context-only controller for pref: com.android.settings.display.SmartAutoRotateBatterySaverController >11-08 00:01:27.941:
D/PrefCtrlListHelper(1237): Could not find Context-only controller for pref: com.android.settings.display.SmartAutoRotateController >11-08 00:01:27.942:
D/PrefCtrlListHelper(1237): Could not find Context-only controller for pref: com.android.settings.notification.SpatialAudioPreferenceController >11-08 00:01:27.942:
D/PrefCtrlListHelper(1237): Could not find Context-only controller for pref: com.android.settings.notification.SpatialAudioWiredHeadphonesController >11-08 00:01:27.942:
D/PrefCtrlListHelper(1237): Could not find Context-only controller for pref: com.android.settings.display.WalletPrivacyPreferenceController >11-08 00:01:27.942:
D/PrefCtrlListHelper(1237): Could not find Context-only controller for pref: com.android.settings.display.ControlsPrivacyPreferenceController >11-08 00:01:27.942:
D/PrefCtrlListHelper(1237): Could not find Context-only controller for pref: com.android.settings.display.ControlsTrivialPrivacyPreferenceController >11-08 00:01:27.942:
D/PrefCtrlListHelper(1237): Could not find Context-only controller for pref: com.android.settings.display.LockscreenClockPreferenceController >11-08 00:01:27.942:
D/PrefCtrlListHelper(1237): Could not find Context-only controller for pref: com.android.settings.display.AmbientDisplayWhenToShowPreferenceController >11-08 00:01:27.942:
D/PrefCtrlListHelper(1237): Could not find Context-only controller for pref: com.android.settings.display.AmbientDisplayAlwaysOnPreferenceController >11-08 00:01:27.942:
D/PrefCtrlListHelper(1237): Could not find Context-only controller for pref: com.android.settings.gestures.TapScreenGesturePreferenceController >11-08 00:01:27.942:
D/PrefCtrlListHelper(1237): Could not find Context-only controller for pref: com.android.settings.gestures.DoubleTapScreenPreferenceController >11-08 00:01:27.942:
D/PrefCtrlListHelper(1237): Could not find Context-only controller for pref: com.android.settings.gestures.PickupGesturePreferenceController >11-08 00:01:27.942:
D/PrefCtrlListHelper(1237): Could not find Context-only controller for pref: com.android.settings.display.AmbientDisplayNotificationsPreferenceController >11-08 00:01:27.942:
D/PrefCtrlListHelper(1237): Could not find Context-only controller for pref: com.android.settings.accessibility.ToggleAutoclickCustomSeekbarController >11-08 00:01:27.942:
D/PrefCtrlListHelper(1237): Could not find Context-only controller for pref: com.android.settings.accessibility.ToggleAutoclickFooterPreferenceController >11-08 00:01:27.944:
D/PrefCtrlListHelper(1237): Could not find Context-only controller for pref: com.android.settings.enterprise.ManageDeviceAdminPreferenceController >11-08 00:01:27.944:
D/PrefCtrlListHelper(1237): Could not find Context-only controller for pref: com.android.settings.enterprise.EnterprisePrivacyPreferenceController >11-08 00:01:27.944:
D/PrefCtrlListHelper(1237): Could not find Context-only controller for pref: com.android.settings.enterprise.FinancedPrivacyPreferenceController >11-08 00:01:27.944:
D/PrefCtrlListHelper(1237): Could not find Context-only controller for pref: com.android.settings.security.SimLockPreferenceController >11-08 00:01:27.944:
D/PrefCtrlListHelper(1237): Could not find Context-only controller for pref: com.android.settings.security.EncryptionStatusPreferenceController >11-08 00:01:27.944:
D/PrefCtrlListHelper(1237): Could not find Context-only controller for pref: com.android.settings.security.trustagent.ManageTrustAgentsPreferenceController >11-08 00:01:27.944:
D/PrefCtrlListHelper(1237): Could not find Context-only controller for pref: com.android.settings.security.ScreenPinningPreferenceController >11-08 00:01:27.944:
D/PrefCtrlListHelper(1237): Could not find Context-only controller for pref: com.android.settings.security.ConfirmSimDeletionPreferenceController >11-08 00:01:27.945:
D/PrefCtrlListHelper(1237): Could not find Context-only controller for pref: com.android.settings.gestures.SystemNavigationPreferenceController >11-08 00:01:27.945:
D/PrefCtrlListHelper(1237): Could not find Context-only controller for pref: com.android.settings.gestures.OneHandedEnablePreferenceController >11-08 00:01:27.945:
D/PrefCtrlListHelper(1237): Could not find Context-only controller for pref: com.android.settings.accessibility.PowerButtonEndsCallPreferenceController >11-08 00:01:27.945:
D/PrefCtrlListHelper(1237): Could not find Context-only controller for pref: com.android.settings.accessibility.LockScreenRotationPreferenceController >11-08 00:01:27.945:
D/PrefCtrlListHelper(1237): Could not find Context-only controller for pref: com.android.settings.display.DeviceStateAutoRotateOverviewController >11-08 00:01:27.945:
D/PrefCtrlListHelper(1237): Could not find Context-only controller for pref: com.android.settings.display.darkmode.DarkModeActivationPreferenceController >11-08 00:01:27.947:
I/BgTaskExecutorImpl(5854): (REDACTED) Starting %s background task %s. >11-08 00:01:27.948:
D/PrefCtrlListHelper(1237): Could not find Context-only controller for pref: com.android.settings.display.TwilightLocationPreferenceController >11-08 00:01:27.948:
D/PrefCtrlListHelper(1237): Could not find Context-only controller for pref: com.android.settings.display.darkmode.DarkModeScheduleSelectorController >11-08 00:01:27.948:
D/PrefCtrlListHelper(1237): Could not find Context-only controller for pref: com.android.settings.display.darkmode.DarkModeCustomBedtimePreferenceController >11-08 00:01:27.949:
I/adbd(6382): jdwp connection from 8915 >11-08 00:01:27.949:
D/PrefCtrlListHelper(1237): Could not find Context-only controller for pref: com.google.android.settings.fuelgauge.AdaptiveChargingPreferenceController >11-08 00:01:27.953:
I/A(5854): getLocaleToModelSpecsMap >11-08 00:01:27.953:
I/A(5854): Using proto config with mendel >11-08 00:01:27.954:
I/A(5854): getLocaleToModelSpecsMap >11-08 00:01:27.954:
I/A(5854): Using proto config with mendel >11-08 00:01:27.954:
I/A(5854): (REDACTED) Skipping. Expected model: %s Found: %s >11-08 00:01:27.954:
I/A(5854): (REDACTED) Skipping. Expected model: %s Found: %s >11-08 00:01:27.954:
I/A(5854): (REDACTED) Skipping. Expected model: %s Found: %s >11-08 00:01:27.954:
I/A(5854): (REDACTED) Adding from config to map. Locale: %s modelPrefix: %s Location:%s isSpeakerIdSupported: %b >11-08 00:01:27.954:
I/A(5854): (REDACTED) Skipping. Expected model: %s Found: %s >11-08 00:01:27.954:
I/A(5854): getLocaleToModelSpecsMap >11-08 00:01:27.954:
I/A(5854): Using proto config with mendel >11-08 00:01:27.954:
I/A(5854): getLocaleToModelSpecsMap >11-08 00:01:27.954:
I/A(5854): Using proto config with mendel >11-08 00:01:27.954:
I/A(5854): (REDACTED) Skipping. Expected model: %s Found: %s >11-08 00:01:27.954:
I/A(5854): (REDACTED) Skipping. Expected model: %s Found: %s >11-08 00:01:27.954:
I/A(5854): (REDACTED) Skipping. Expected model: %s Found: %s >11-08 00:01:27.954:
I/A(5854): (REDACTED) Adding from config to map. Locale: %s modelPrefix: %s Location:%s isSpeakerIdSupported: %b >11-08 00:01:27.954:
I/A(5854): (REDACTED) Skipping. Expected model: %s Found: %s >11-08 00:01:27.954:
I/A(5854): (REDACTED) hasHotwordEverywhere-%b >11-08 00:01:27.954:
I/A(5854): getLocaleToModelSpecsMap >11-08 00:01:27.954:
I/A(5854): Using proto config with mendel >11-08 00:01:27.954:
I/A(5854): getLocaleToModelSpecsMap >11-08 00:01:27.954:
I/A(5854): Using proto config with mendel >11-08 00:01:27.954:
I/A(5854): (REDACTED) Skipping. Expected model: %s Found: %s >11-08 00:01:27.954:
I/A(5854): (REDACTED) Skipping. Expected model: %s Found: %s >11-08 00:01:27.954:
I/A(5854): (REDACTED) Skipping. Expected model: %s Found: %s >11-08 00:01:27.954:
I/A(5854): (REDACTED) Adding from config to map. Locale: %s modelPrefix: %s Location:%s isSpeakerIdSupported: %b >11-08 00:01:27.954:
I/A(5854): (REDACTED) Skipping. Expected model: %s Found: %s >11-08 00:01:27.954:
W/JobScheduler(577): Job didn't exist in JobStore: 2086a9f #u0a119/-353 com.google.android.googlequicksearchbox/com.google.android.apps.gsa.tasks.BackgroundTasksJobService >11-08 00:01:27.955:
I/A(5854): getLocaleToModelSpecsMap >11-08 00:01:27.955:
I/A(5854): Using proto config with mendel >11-08 00:01:27.956:
W/SearchServiceCore(5854): Abort, client detached. >11-08 00:01:27.956:
W/SearchServiceCore(5854): Abort, client detached. >11-08 00:01:27.956:
I/ActivityManager(577): Background started FGS: Allowed [callingPackage: com.google.android.googlequicksearchbox; callingUid: 10119; uidState: BTOP; intent: Intent { cmp=com.google.android.googlequicksearchbox/com.google.android.libraries.mdi.download.foreground.sting.ForegroundDownloadService (has extras) }; code:ACTIVITY_STARTER; tempAllowListReason:<broadcast:1000:android.intent.action.LOCALE_CHANGED,reason:,reasonCode:LOCALE_CHANGED,duration:20000,callingUid:1000>; targetSdkVersion:33; callerTargetSdkVersion:33; startForegroundCount:0; bindFromPackage:null] >11-08 00:01:27.957:
I/BistoSettingsListener(5854): listener created >11-08 00:01:27.958:
W/SearchServiceCore(5854): Abort, client detached. >11-08 00:01:27.958:
W/SearchServiceCore(5854): Abort, client detached. >11-08 00:01:27.958:
W/SearchServiceCore(5854): Abort, client detached. >11-08 00:01:27.958:
W/SearchServiceCore(5854): Abort, client detached. >11-08 00:01:27.959:
E/MicroModelsUtil(5854): (REDACTED) Hotword file group is null with group name: %s, locale: %s >11-08 00:01:27.959:
I/A(5854): getLocaleToModelSpecsMap >11-08 00:01:27.959:
I/A(5854): Using proto config with mendel >11-08 00:01:27.959:
I/HotwordService(5854): (REDACTED) Model ID: %s >11-08 00:01:27.959:
I/HotwordService(5854): (REDACTED) hotwordModelLocation is null %b, locale is %s, re-mapped Chinese locale %s >11-08 00:01:27.959:
I/A(5854): getLocaleToModelSpecsMap >11-08 00:01:27.959:
I/A(5854): Using proto config with mendel >11-08 00:01:27.959:
I/A(5854): getLocaleToModelSpecsMap >11-08 00:01:27.959:
I/A(5854): Using proto config with mendel >11-08 00:01:27.959:
I/A(5854): (REDACTED) Skipping. Expected model: %s Found: %s >11-08 00:01:27.959:
I/A(5854): (REDACTED) Skipping. Expected model: %s Found: %s >11-08 00:01:27.960:
I/A(5854): (REDACTED) Skipping. Expected model: %s Found: %s >11-08 00:01:27.960:
I/A(5854): (REDACTED) Adding from config to map. Locale: %s modelPrefix: %s Location:%s isSpeakerIdSupported: %b >11-08 00:01:27.960:
I/A(5854): (REDACTED) Skipping. Expected model: %s Found: %s >11-08 00:01:27.960:
I/A(5854): getLocaleToModelSpecsMap >11-08 00:01:27.960:
I/A(5854): Using proto config with mendel >11-08 00:01:27.960:
I/A(5854): getLocaleToModelSpecsMap >11-08 00:01:27.960:
I/A(5854): Using proto config with mendel >11-08 00:01:27.960:
I/A(5854): (REDACTED) Skipping. Expected model: %s Found: %s >11-08 00:01:27.960:
I/A(5854): (REDACTED) Skipping. Expected model: %s Found: %s >11-08 00:01:27.960:
I/A(5854): (REDACTED) Skipping. Expected model: %s Found: %s >11-08 00:01:27.960:
I/A(5854): (REDACTED) Adding from config to map. Locale: %s modelPrefix: %s Location:%s isSpeakerIdSupported: %b >11-08 00:01:27.960:
I/A(5854): (REDACTED) Skipping. Expected model: %s Found: %s >11-08 00:01:27.961:
E/ApplicationPropertiesBu(5854): (REDACTED) Error when converting version: %s >11-08 00:01:27.961:
E/ApplicationPropertiesBu(5854): java.lang.NumberFormatException: For input string: "messages" >11-08 00:01:27.961:
E/ApplicationPropertiesBu(5854): at java.lang.Long.parseLong(Long.java:736) >11-08 00:01:27.961:
E/ApplicationPropertiesBu(5854): at java.lang.Long.parseLong(Long.java:861) >11-08 00:01:27.961:
E/ApplicationPropertiesBu(5854): at com.google.android.apps.gsa.staticplugins.ac.h.b(PG:3) >11-08 00:01:27.961:
E/ApplicationPropertiesBu(5854): at com.google.android.apps.gsa.staticplugins.ac.h.f(PG:3) >11-08 00:01:27.961:
E/ApplicationPropertiesBu(5854): at com.google.android.apps.gsa.staticplugins.ac.h.d(PG:265) >11-08 00:01:27.961:
E/ApplicationPropertiesBu(5854): at com.google.android.apps.gsa.staticplugins.ac.h.a(PG:38) >11-08 00:01:27.961:
E/ApplicationPropertiesBu(5854): at com.google.android.apps.gsa.staticplugins.ac.p.a(PG:1) >11-08 00:01:27.961:
E/ApplicationPropertiesBu(5854): at com.google.android.libraries.gsa.k.a.f.a(PG:2) >11-08 00:01:27.961:
E/ApplicationPropertiesBu(5854): at com.google.common.util.concurrent.dz.a(PG:1) >11-08 00:01:27.961:
E/ApplicationPropertiesBu(5854): at com.google.common.util.concurrent.cw.run(PG:4) >11-08 00:01:27.961:
E/ApplicationPropertiesBu(5854): at com.google.common.util.concurrent.eb.run(PG:1) >11-08 00:01:27.961:
E/ApplicationPropertiesBu(5854): at com.google.android.libraries.i.af.run(PG:1) >11-08 00:01:27.961:
E/ApplicationPropertiesBu(5854): at com.google.android.libraries.i.an.run(PG:23) >11-08 00:01:27.961:
E/ApplicationPropertiesBu(5854): at com.google.android.libraries.i.l.run(PG:2) >11-08 00:01:27.961:
E/ApplicationPropertiesBu(5854): at com.google.android.libraries.i.q.run(PG:4) >11-08 00:01:27.961:
E/ApplicationPropertiesBu(5854): at java.lang.Thread.run(Thread.java:1012) >11-08 00:01:27.964:
E/ApplicationPropertiesBu(5854): (REDACTED) Date %s is out of expected range. >11-08 00:01:27.964:
E/ApplicationPropertiesBu(5854): (REDACTED) Date %s is out of expected range. >11-08 00:01:27.964:
E/ApplicationPropertiesBu(5854): (REDACTED) Date %s is out of expected range. >11-08 00:01:27.965:
D/CompatibilityChangeReporter(577): Compat change id reported: 168419799; UID 10128; state: DISABLED >11-08 00:01:27.967:
D/CompatibilityChangeReporter(577): Compat change id reported: 161252188; UID 10132; state: ENABLED >11-08 00:01:27.967:
D/CompatibilityChangeReporter(8915): Compat change id reported: 171979766; UID 10128; state: ENABLED >11-08 00:01:27.967:
W/A(5854): (REDACTED) Exception while fetching versionCode for package[%s]. >11-08 00:01:27.967:
W/A(5854): android.content.pm.PackageManager$NameNotFoundException: com.google.android.apps.tv.dreamx >11-08 00:01:27.967:
W/A(5854): at android.app.ApplicationPackageManager.getPackageInfoAsUser(ApplicationPackageManager.java:253) >11-08 00:01:27.967:
W/A(5854): at android.app.ApplicationPackageManager.getPackageInfo(ApplicationPackageManager.java:213) >11-08 00:01:27.967:
W/A(5854): at android.app.ApplicationPackageManager.getPackageInfo(ApplicationPackageManager.java:207) >11-08 00:01:27.967:
W/A(5854): at com.google.android.apps.gsa.search.core.i.a(PG:3) >11-08 00:01:27.967:
W/A(5854): at com.google.android.apps.gsa.staticplugins.ac.h.d(PG:369) >11-08 00:01:27.967:
W/A(5854): at com.google.android.apps.gsa.staticplugins.ac.h.a(PG:38) >11-08 00:01:27.967:
W/A(5854): at com.google.android.apps.gsa.staticplugins.ac.p.a(PG:1) >11-08 00:01:27.967:
W/A(5854): at com.google.android.libraries.gsa.k.a.f.a(PG:2) >11-08 00:01:27.967:
W/A(5854): at com.google.common.util.concurrent.dz.a(PG:1) >11-08 00:01:27.967:
W/A(5854): at com.google.common.util.concurrent.cw.run(PG:4) >11-08 00:01:27.967:
W/A(5854): at com.google.common.util.concurrent.eb.run(PG:1) >11-08 00:01:27.967:
W/A(5854): at com.google.android.libraries.i.af.run(PG:1) >11-08 00:01:27.967:
W/A(5854): at com.google.android.libraries.i.an.run(PG:23) >11-08 00:01:27.967:
W/A(5854): at com.google.android.libraries.i.l.run(PG:2) >11-08 00:01:27.967:
W/A(5854): at com.google.android.libraries.i.q.run(PG:4) >11-08 00:01:27.967:
W/A(5854): at java.lang.Thread.run(Thread.java:1012) >11-08 00:01:27.967:
W/A(5854): (REDACTED) Failed to fetch versionCode for package[%s]. >11-08 00:01:27.968:
W/A(5854): (REDACTED) Exception while fetching versionCode for package[%s]. >11-08 00:01:27.968:
W/A(5854): android.content.pm.PackageManager$NameNotFoundException: com.google.android.apps.tv.launcherx >11-08 00:01:27.968:
W/A(5854): at android.app.ApplicationPackageManager.getPackageInfoAsUser(ApplicationPackageManager.java:253) >11-08 00:01:27.968:
W/A(5854): at android.app.ApplicationPackageManager.getPackageInfo(ApplicationPackageManager.java:213) >11-08 00:01:27.968:
W/A(5854): at android.app.ApplicationPackageManager.getPackageInfo(ApplicationPackageManager.java:207) >11-08 00:01:27.968:
W/A(5854): at com.google.android.apps.gsa.search.core.i.a(PG:3) >11-08 00:01:27.968:
W/A(5854): at com.google.android.apps.gsa.staticplugins.ac.h.d(PG:369) >11-08 00:01:27.968:
W/A(5854): at com.google.android.apps.gsa.staticplugins.ac.h.a(PG:38) >11-08 00:01:27.968:
W/A(5854): at com.google.android.apps.gsa.staticplugins.ac.p.a(PG:1) >11-08 00:01:27.968:
W/A(5854): at com.google.android.libraries.gsa.k.a.f.a(PG:2) >11-08 00:01:27.968:
W/A(5854): at com.google.common.util.concurrent.dz.a(PG:1) >11-08 00:01:27.968:
W/A(5854): at com.google.common.util.concurrent.cw.run(PG:4) >11-08 00:01:27.968:
W/A(5854): at com.google.common.util.concurrent.eb.run(PG:1) >11-08 00:01:27.968:
W/A(5854): at com.google.android.libraries.i.af.run(PG:1) >11-08 00:01:27.968:
W/A(5854): at com.google.android.libraries.i.an.run(PG:23) >11-08 00:01:27.968:
W/A(5854): at com.google.android.libraries.i.l.run(PG:2) >11-08 00:01:27.968:
W/A(5854): at com.google.android.libraries.i.q.run(PG:4) >11-08 00:01:27.968:
W/A(5854): at java.lang.Thread.run(Thread.java:1012) >11-08 00:01:27.968:
W/A(5854): (REDACTED) Failed to fetch versionCode for package[%s]. >11-08 00:01:27.969:
E/GsaVoiceInteractionSrv(1539): (REDACTED) modelLocation is null: %b isAlwaysOnEnabled is false: %b isFromAnyScreenEnabled is false: %b >11-08 00:01:27.969:
I/BistoHotwordHelper(1539): (REDACTED) getHotwordActive::active query: %s, watch: %s, devices connected: %s >11-08 00:01:27.969:
I/GsaVoiceInteractionSrv(1539): #checkDspStatus >11-08 00:01:27.969:
I/BistoHotwordHelper(1539): (REDACTED) setting speaker id present: %b >11-08 00:01:27.969:
I/BistoHotwordHelper(1539): (REDACTED) setting hotword model of size: %d bytes >11-08 00:01:27.969:
I/BistoHotwordHelper(1539): (REDACTED) setting modeltype: %s >11-08 00:01:27.969:
I/BistoHotwordHelper(1539): (REDACTED) setHotwordVoiceLocale: prev: %s, new: %s >11-08 00:01:27.971:
I/ContactDirectoryManager(1819): deleted 0 stale rows which don't have any relevant directory >11-08 00:01:27.971:
W/KeyphraseEnrollmentInfo(1539): No enrollment application supports the given keyphrase/locale: 'X Google'/cs_CZ >11-08 00:01:27.971:
I/GsaVoiceInteractionSrv(1539): (REDACTED) Creating AOHD: Keyphrase - %s, Locale - %s/%s >11-08 00:01:27.972:
I/SoundTriggerMiddlewareLogging(577): listModules[this=com.android.server.soundtrigger_middleware.SoundTriggerMiddlewareImpl@b12a07f, client=android.media.permission.Identity{uid: 10119, pid: 1539, packageName: com.google.android.googlequicksearchbox, attributionTag: null}]() -> [ android.media.soundtrigger_middleware.SoundTriggerModuleDescriptor{handle: 0, properties: android.media.soundtrigger.Properties{implementor: The Android Open Source Project, description: The Andtoid Studio Emulator Soundtrigger no-op implementation, version: 254868980, uuid: 04030201-0605-0807-0a09-72616e636875, supportedModelArch: , maxSoundModels: 42, maxKeyPhrases: 4242, maxUsers: 7, recognitionModes: 9, captureTransition: false, maxBufferMs: 0, concurrentCapture: false, triggerInEvent: true, powerConsumptionMw: 42, audioCapabilities: 0}} ] >11-08 00:01:27.973:
I/MdiSyncModule(5449): Operation '1' dispatched! >11-08 00:01:27.974:
W/AlwaysOnHotwordDetector(1539): Received message: 1 for an invalid detector >11-08 00:01:27.974:
D/PrefCtrlListHelper(1237): Could not find Context-only controller for pref: com.android.settings.wifi.CellularFallbackPreferenceController >11-08 00:01:27.974:
D/PrefCtrlListHelper(1237): Could not find Context-only controller for pref: com.android.settings.notification.RemoteVolumeGroupController >11-08 00:01:27.975:
W/LocalMediaManager(1237): BluetoothAdapter is null or muting expected device not exist >11-08 00:01:27.975:
D/PrefCtrlListHelper(1237): Could not find Context-only controller for pref: com.android.settings.sound.MediaOutputPreferenceController >11-08 00:01:27.975:
I/MdiSyncModule(5449): Executing operation '1'... >11-08 00:01:27.975:
D/PrefCtrlListHelper(1237): Could not find Context-only controller for pref: com.android.settings.notification.CallVolumePreferenceController >11-08 00:01:27.975:
D/PrefCtrlListHelper(1237): Could not find Context-only controller for pref: com.android.settings.sound.HandsFreeProfileOutputPreferenceController >11-08 00:01:27.976:
D/PrefCtrlListHelper(1237): Could not find Context-only controller for pref: com.android.settings.notification.zen.ZenModePreferenceController >11-08 00:01:27.976:
D/PrefCtrlListHelper(1237): Could not find Context-only controller for pref: com.android.settings.notification.SpatialAudioParentPreferenceController >11-08 00:01:27.976:
D/PrefCtrlListHelper(1237): Could not find Context-only controller for pref: com.android.settings.sound.MediaControlsParentPreferenceController >11-08 00:01:27.976:
D/PrefCtrlListHelper(1237): Could not find Context-only controller for pref: com.android.settings.accessibility.VibrationPreferenceController >11-08 00:01:27.976:
D/PrefCtrlListHelper(1237): Could not find Context-only controller for pref: com.android.settings.gestures.PreventRingingParentPreferenceController >11-08 00:01:27.976:
I/ContactDirectoryManager(1819): Discovered 2 contact directories in 151ms >11-08 00:01:27.976:
D/PrefCtrlListHelper(1237): Could not find Context-only controller for pref: com.google.android.settings.notification.ClearCallingPreferenceController >11-08 00:01:27.976:
D/PrefCtrlListHelper(1237): Could not find Context-only controller for pref: com.android.settings.notification.WorkSoundsPreferenceController >11-08 00:01:27.976:
I/SoundTriggerService(577): getModuleProperties() >11-08 00:01:27.976:
D/PrefCtrlListHelper(1237): Could not find Context-only controller for pref: com.android.settings.gestures.AssistGestureSettingsPreferenceController >11-08 00:01:27.976:
D/AssistGesture(1237): mAssistOnly:false, isSupported:false, isSensorAvailable:false >11-08 00:01:27.976:
I/MdiSyncModule(5449): Received request for operation '1' from package 'com.google.android.gm', instance id 'profile-Hub', version '1'... >11-08 00:01:27.976:
D/PrefCtrlListHelper(1237): Could not find Context-only controller for pref: com.android.settings.gestures.SwipeToNotificationPreferenceController >11-08 00:01:27.976:
D/PrefCtrlListHelper(1237): Could not find Context-only controller for pref: com.android.settings.gestures.DoubleTapPowerPreferenceController >11-08 00:01:27.976:
D/PrefCtrlListHelper(1237): Could not find Context-only controller for pref: com.android.settings.gestures.DoubleTwistPreferenceController >11-08 00:01:27.976:
D/PrefCtrlListHelper(1237): Could not find Context-only controller for pref: com.android.settings.gestures.SystemNavigationPreferenceController >11-08 00:01:27.976:
I/MdiSyncModule(5449): Operation '1' dispatched! >11-08 00:01:27.976:
D/PrefCtrlListHelper(1237): Could not find Context-only controller for pref: com.android.settings.gestures.OneHandedEnablePreferenceController >11-08 00:01:27.976:
D/PrefCtrlListHelper(1237): Could not find Context-only controller for pref: com.android.settings.gestures.TapScreenGesturePreferenceController >11-08 00:01:27.976:
D/PrefCtrlListHelper(1237): Could not find Context-only controller for pref: com.android.settings.gestures.DoubleTapScreenPreferenceController >11-08 00:01:27.976:
D/PrefCtrlListHelper(1237): Could not find Context-only controller for pref: com.android.settings.gestures.PickupGesturePreferenceController >11-08 00:01:27.976:
D/PrefCtrlListHelper(1237): Could not find Context-only controller for pref: com.android.settings.gestures.PowerMenuPreferenceController >11-08 00:01:27.976:
D/PrefCtrlListHelper(1237): Could not find Context-only controller for pref: com.android.settings.gestures.PreventRingingParentPreferenceController >11-08 00:01:27.976:
D/PrefCtrlListHelper(1237): Could not find Context-only controller for pref: com.android.settings.accessibility.CaptionFooterPreferenceController >11-08 00:01:27.976:
D/PrefCtrlListHelper(1237): Could not find Context-only controller for pref: com.android.settings.accessibility.AccessibilityControlTimeoutFooterPreferenceController >11-08 00:01:27.976:
D/FaceSettings(1237): FaceManager is null >11-08 00:01:27.976:
D/PrefCtrlListHelper(1237): Could not find Context-only controller for pref: com.android.settings.connecteddevice.NfcAndPaymentFragmentController >11-08 00:01:27.976:
D/PrefCtrlListHelper(1237): Could not find Context-only controller for pref: com.android.settings.wfd.WifiDisplayPreferenceController >11-08 00:01:27.977:
D/PrefCtrlListHelper(1237): Could not find Context-only controller for pref: com.android.settings.nfc.AndroidBeamPreferenceController >11-08 00:01:27.977:
D/PrefCtrlListHelper(1237): Could not find Context-only controller for pref: com.android.settings.uwb.UwbPreferenceController >11-08 00:01:27.977:
D/PrefCtrlListHelper(1237): Could not find Context-only controller for pref: com.android.settings.location.LocationInjectedServicesPreferenceController >11-08 00:01:27.977:
D/PrefCtrlListHelper(1237): Could not find Context-only controller for pref: com.android.settings.location.LocationServicesWifiScanningPreferenceController >11-08 00:01:27.977:
D/PrefCtrlListHelper(1237): Could not find Context-only controller for pref: com.android.settings.location.LocationServicesBluetoothScanningPreferenceController >11-08 00:01:27.979:
I/GsaVoiceInteractionSrv(1539): (REDACTED) onAvailabilityChanged %d >11-08 00:01:27.979:
W/KeyphraseEnrollmentInfo(1539): No enrollment application supports the given keyphrase/locale: 'Ok Google'/cs_CZ >11-08 00:01:27.979:
W/KeyphraseEnrollmentInfo(1539): No enrollment application supports the given keyphrase/locale: 'X Google'/cs_CZ >11-08 00:01:27.979:
W/KeyphraseEnrollmentInfo(1539): No enrollment application supports the given keyphrase/locale: 'X Google'/cs_CZ >11-08 00:01:27.981:
D/PrefCtrlListHelper(1237): Could not find Context-only controller for pref: com.android.settings.notification.ConversationListSummaryPreferenceController >11-08 00:01:27.981:
D/PrefCtrlListHelper(1237): Could not find Context-only controller for pref: com.android.settings.notification.BubbleSummaryNotificationPreferenceController >11-08 00:01:27.981:
D/PrefCtrlListHelper(1237): Could not find Context-only controller for pref: com.android.settings.applications.specialaccess.notificationaccess.NotificationAccessController >11-08 00:01:27.981:
D/PrefCtrlListHelper(1237): Could not find Context-only controller for pref: com.android.settings.notification.RedactNotificationPreferenceController >11-08 00:01:27.986:
D/PrefCtrlListHelper(1237): Could not find Context-only controller for pref: com.android.settings.notification.RedactNotificationPreferenceController >11-08 00:01:27.986:
D/PrefCtrlListHelper(1237): Could not find Context-only controller for pref: com.android.settings.biometrics.face.FaceSettingsLockscreenBypassPreferenceController >11-08 00:01:27.986:
D/PrefCtrlListHelper(1237): Could not find Context-only controller for pref: com.android.settings.notification.zen.ZenModePreferenceController >11-08 00:01:27.986:
D/PrefCtrlListHelper(1237): Could not find Context-only controller for pref: com.android.settings.notification.SnoozeNotificationPreferenceController >11-08 00:01:27.986:
D/PrefCtrlListHelper(1237): Could not find Context-only controller for pref: com.android.settings.notification.BadgingNotificationPreferenceController >11-08 00:01:27.986:
D/PrefCtrlListHelper(1237): Could not find Context-only controller for pref: com.android.settings.notification.PulseNotificationPreferenceController >11-08 00:01:27.986:
D/PrefCtrlListHelper(1237): Could not find Context-only controller for pref: com.google.android.settings.fuelgauge.reversecharging.ReverseChargingSwitchPreferenceController >11-08 00:01:27.986:
D/PrefCtrlListHelper(1237): Could not find Context-only controller for pref: com.google.android.settings.fuelgauge.reversecharging.ReverseChargingTopIntroController >11-08 00:01:27.986:
D/PrefCtrlListHelper(1237): Could not find Context-only controller for pref: com.google.android.settings.fuelgauge.reversecharging.ReverseChargingSeekBarController >11-08 00:01:27.986:
D/PrefCtrlListHelper(1237): Could not find Context-only controller for pref: com.google.android.settings.fuelgauge.reversecharging.ReverseChargingAutoTurnOnSwitchPreferenceController >11-08 00:01:27.986:
D/PrefCtrlListHelper(1237): Could not find Context-only controller for pref: com.android.settings.widget.VideoPreferenceController >11-08 00:01:27.987:
D/PrefCtrlListHelper(1237): Could not find Context-only controller for pref: com.android.settings.gestures.DoubleTapScreenPreferenceController >11-08 00:01:27.987:
D/PrefCtrlListHelper(1237): Could not find Context-only controller for pref: com.android.settings.deviceinfo.firmwareversion.FirmwareVersionDetailPreferenceController >11-08 00:01:27.987:
D/PrefCtrlListHelper(1237): Could not find Context-only controller for pref: com.android.settings.deviceinfo.firmwareversion.SecurityPatchLevelPreferenceController >11-08 00:01:27.987:
D/PrefCtrlListHelper(1237): Could not find Context-only controller for pref: com.android.settings.deviceinfo.firmwareversion.MainlineModuleVersionPreferenceController >11-08 00:01:27.987:
D/PrefCtrlListHelper(1237): Could not find Context-only controller for pref: com.android.settings.deviceinfo.firmwareversion.BasebandVersionPreferenceController >11-08 00:01:27.987:
D/PrefCtrlListHelper(1237): Could not find Context-only controller for pref: com.android.settings.deviceinfo.firmwareversion.KernelVersionPreferenceController >11-08 00:01:27.987:
D/t(5854): Starting download: https://www.gstatic.com/android-search/hotword/x_google/e03e9df7a372ee6402b789fc5271aa05/hotword.data >11-08 00:01:27.987:
V/t(5854): Is http uri, downloading (uri: https://www.gstatic.com/android-search/hotword/x_google/e03e9df7a372ee6402b789fc5271aa05/hotword.data) >11-08 00:01:27.987:
D/PrefCtrlListHelper(1237): Could not find Context-only controller for pref: com.android.settings.deviceinfo.firmwareversion.SimpleBuildNumberPreferenceController >11-08 00:01:27.987:
D/PrefCtrlListHelper(1237): Could not find Context-only controller for pref: com.android.settings.applications.specialaccess.notificationaccess.NotificationAccessScreenPreferenceController >11-08 00:01:27.987:
D/PrefCtrlListHelper(1237): Could not find Context-only controller for pref: com.android.settings.accessibility.CaptionAppearancePreferenceController >11-08 00:01:27.987:
D/PrefCtrlListHelper(1237): Could not find Context-only controller for pref: com.android.settings.accessibility.CaptionFooterPreferenceController >11-08 00:01:27.988:
D/PrefCtrlListHelper(1237): Could not find Context-only controller for pref: com.android.settings.applications.specialaccess.interactacrossprofiles.InteractAcrossProfilesController >11-08 00:01:27.988:
D/PrefCtrlListHelper(1237): Could not find Context-only controller for pref: com.android.settings.enterprise.ManageDeviceAdminPreferenceController >11-08 00:01:27.988:
D/PrefCtrlListHelper(1237): Could not find Context-only controller for pref: com.android.settings.applications.specialaccess.SystemAlertWindowPreferenceController >11-08 00:01:27.988:
D/PrefCtrlListHelper(1237): Could not find Context-only controller for pref: com.android.settings.applications.specialaccess.zenaccess.ZenAccessController >11-08 00:01:27.988:
D/PrefCtrlListHelper(1237): Could not find Context-only controller for pref: com.android.settings.applications.specialaccess.notificationaccess.NotificationAccessController >11-08 00:01:27.988:
D/PrefCtrlListHelper(1237): Could not find Context-only controller for pref: com.android.settings.applications.specialaccess.pictureinpicture.PictureInPictureController >11-08 00:01:27.988:
D/PrefCtrlListHelper(1237): Could not find Context-only controller for pref: com.android.settings.applications.specialaccess.premiumsms.PremiumSmsController >11-08 00:01:27.988:
D/PrefCtrlListHelper(1237): Could not find Context-only controller for pref: com.android.settings.applications.specialaccess.DataSaverController >11-08 00:01:27.988:
D/PrefCtrlListHelper(1237): Could not find Context-only controller for pref: com.android.settings.applications.specialaccess.vrlistener.EnabledVrListenersController >11-08 00:01:27.988:
D/PrefCtrlListHelper(1237): Could not find Context-only controller for pref: com.android.settings.applications.specialaccess.MoreSpecialAccessPreferenceController >11-08 00:01:27.988:
D/PrefCtrlListHelper(1237): Could not find Context-only controller for pref: com.android.settings.network.telephony.MobileNetworkSwitchController >11-08 00:01:27.988:
D/PrefCtrlListHelper(1237): Could not find Context-only controller for pref: com.android.settings.network.telephony.DisabledSubscriptionController >11-08 00:01:27.988:
D/PrefCtrlListHelper(1237): Could not find Context-only controller for pref: com.android.settings.network.telephony.CallsDefaultSubscriptionController >11-08 00:01:27.988:
D/PrefCtrlListHelper(1237): Could not find Context-only controller for pref: com.android.settings.network.telephony.SmsDefaultSubscriptionController >11-08 00:01:27.988:
D/PrefCtrlListHelper(1237): Could not find Context-only controller for pref: com.android.settings.network.telephony.DataServiceSetupPreferenceController >11-08 00:01:27.989:
D/PrefCtrlListHelper(1237): Could not find Context-only controller for pref: com.android.settings.network.telephony.MobileDataPreferenceController >11-08 00:01:27.989:
D/PrefCtrlListHelper(1237): Could not find Context-only controller for pref: com.android.settings.network.telephony.RoamingPreferenceController >11-08 00:01:27.989:
D/PrefCtrlListHelper(1237): Could not find Context-only controller for pref: com.android.settings.network.telephony.DataUsagePreferenceController >11-08 00:01:27.989:
D/PrefCtrlListHelper(1237): Could not find Context-only controller for pref: com.android.settings.datausage.BillingCyclePreferenceController >11-08 00:01:27.989:
D/PrefCtrlListHelper(1237): Could not find Context-only controller for pref: com.android.settings.network.CarrierWifiTogglePreferenceController >11-08 00:01:27.989:
D/PrefCtrlListHelper(1237): Could not find Context-only controller for pref: com.android.settings.network.telephony.MmsMessagePreferenceController >11-08 00:01:27.989:
D/PrefCtrlListHelper(1237): Could not find Context-only controller for pref: com.android.settings.network.telephony.DataDuringCallsPreferenceController >11-08 00:01:27.989:
D/PrefCtrlListHelper(1237): Could not find Context-only controller for pref: com.android.settings.network.telephony.Enhanced4gLtePreferenceController >11-08 00:01:27.989:
D/PrefCtrlListHelper(1237): Could not find Context-only controller for pref: com.android.settings.network.telephony.Enhanced4gCallingPreferenceController >11-08 00:01:27.989:
D/PrefCtrlListHelper(1237): Could not find Context-only controller for pref: com.android.settings.network.telephony.Enhanced4gAdvancedCallingPreferenceController >11-08 00:01:27.989:
D/PrefCtrlListHelper(1237): Could not find Context-only controller for pref: com.android.settings.network.telephony.ContactDiscoveryPreferenceController >11-08 00:01:27.989:
D/PrefCtrlListHelper(1237): Could not find Context-only controller for pref: com.android.settings.network.telephony.PreferredNetworkModePreferenceController >11-08 00:01:27.989:
D/PrefCtrlListHelper(1237): Could not find Context-only controller for pref: com.android.settings.network.telephony.EnabledNetworkModePreferenceController >11-08 00:01:27.989:
D/PrefCtrlListHelper(1237): Could not find Context-only controller for pref: com.android.settings.network.telephony.CarrierSettingsVersionPreferenceController >11-08 00:01:27.989:
D/PrefCtrlListHelper(1237): Could not find Context-only controller for pref: com.android.settings.network.telephony.CallingPreferenceCategoryController >11-08 00:01:27.989:
D/PrefCtrlListHelper(1237): Could not find Context-only controller for pref: com.android.settings.network.telephony.WifiCallingPreferenceController >11-08 00:01:27.989:
D/PrefCtrlListHelper(1237): Could not find Context-only controller for pref: com.android.settings.network.telephony.VideoCallingPreferenceController >11-08 00:01:27.989:
D/PrefCtrlListHelper(1237): Could not find Context-only controller for pref: com.android.settings.network.telephony.BackupCallingPreferenceController >11-08 00:01:27.989:
D/PrefCtrlListHelper(1237): Could not find Context-only controller for pref: com.android.settings.network.telephony.cdma.CdmaSystemSelectPreferenceController >11-08 00:01:27.989:
D/PrefCtrlListHelper(1237): Could not find Context-only controller for pref: com.android.settings.network.telephony.cdma.CdmaSubscriptionPreferenceController >11-08 00:01:27.989:
D/PrefCtrlListHelper(1237): Could not find Context-only controller for pref: com.android.settings.network.telephony.NetworkPreferenceCategoryController >11-08 00:01:27.989:
D/PrefCtrlListHelper(1237): Could not find Context-only controller for pref: com.android.settings.network.telephony.gsm.AutoSelectPreferenceController >11-08 00:01:27.989:
D/PrefCtrlListHelper(1237): Could not find Context-only controller for pref: com.android.settings.network.telephony.gsm.OpenNetworkSelectPagePreferenceController >11-08 00:01:27.989:
D/PrefCtrlListHelper(1237): Could not find Context-only controller for pref: com.android.settings.network.telephony.ApnPreferenceController >11-08 00:01:27.989:
D/PrefCtrlListHelper(1237): Could not find Context-only controller for pref: com.android.settings.network.telephony.CarrierPreferenceController >11-08 00:01:27.989:
D/PrefCtrlListHelper(1237): Could not find Context-only controller for pref: com.android.settings.network.telephony.Enable2gPreferenceController >11-08 00:01:27.989:
D/PrefCtrlListHelper(1237): Could not find Context-only controller for pref: com.android.settings.network.telephony.NrAdvancedCallingPreferenceController >11-08 00:01:27.989:
D/PrefCtrlListHelper(1237): Could not find Context-only controller for pref: com.android.settings.network.telephony.DeleteSimProfilePreferenceController >11-08 00:01:27.989:
D/PrefCtrlListHelper(1237): Could not find Context-only controller for pref: com.android.settings.network.telephony.DisableSimFooterPreferenceController >11-08 00:01:27.989:
D/PrefCtrlListHelper(1237): Could not find Context-only controller for pref: com.android.settings.network.telephony.NrDisabledInDsdsFooterPreferenceController >11-08 00:01:27.989:
D/PrefCtrlListHelper(1237): Could not find Context-only controller for pref: com.android.settings.applications.specialaccess.pictureinpicture.PictureInPictureScreenPreferenceController >11-08 00:01:27.989:
D/PrefCtrlListHelper(1237): Could not find Context-only controller for pref: com.android.settings.accessibility.DaltonizerPreferenceController >11-08 00:01:27.989:
D/PrefCtrlListHelper(1237): Could not find Context-only controller for pref: com.android.settings.accessibility.ColorInversionPreferenceController >11-08 00:01:27.989:
D/PrefCtrlListHelper(1237): Could not find Context-only controller for pref: com.android.settings.display.DarkUIPreferenceController >11-08 00:01:27.989:
D/PrefCtrlListHelper(1237): Could not find Context-only controller for pref: com.android.settings.accessibility.DisableAnimationsPreferenceController >11-08 00:01:27.989:
D/PrefCtrlListHelper(1237): Could not find Context-only controller for pref: com.android.settings.accessibility.LargePointerIconPreferenceController >11-08 00:01:27.997:
W/SessionLifecycleManager(5854): (REDACTED) Client : %s has no associated SessionController >11-08 00:01:27.998:
W/SearchServiceCore(5854): Abort, client detached. >11-08 00:01:27.998:
W/SearchServiceCore(5854): Abort, client detached. >11-08 00:01:27.998:
W/SearchServiceCore(5854): Abort, client detached. >11-08 00:01:27.999:
D/PrefCtrlListHelper(1237): Could not find Context-only controller for pref: com.android.settings.accessibility.VibrationMainSwitchPreferenceController >11-08 00:01:27.999:
W/PrefCtrlListHelper(1237): Cannot instantiate controller from reflection: com.android.settings.accessibility.VibrationMainSwitchPreferenceController >11-08 00:01:27.999:
D/PrefCtrlListHelper(1237): Could not find Context-only controller for pref: com.android.settings.accessibility.RingVibrationTogglePreferenceController >11-08 00:01:27.999:
W/PrefCtrlListHelper(1237): Cannot instantiate controller from reflection: com.android.settings.accessibility.RingVibrationTogglePreferenceController >11-08 00:01:27.999:
D/PrefCtrlListHelper(1237): Could not find Context-only controller for pref: com.android.settings.accessibility.VibrationRampingRingerTogglePreferenceController >11-08 00:01:27.999:
W/PrefCtrlListHelper(1237): Cannot instantiate controller from reflection: com.android.settings.accessibility.VibrationRampingRingerTogglePreferenceController >11-08 00:01:27.999:
D/PrefCtrlListHelper(1237): Could not find Context-only controller for pref: com.android.settings.accessibility.NotificationVibrationTogglePreferenceController >11-08 00:01:27.999:
W/PrefCtrlListHelper(1237): Cannot instantiate controller from reflection: com.android.settings.accessibility.NotificationVibrationTogglePreferenceController >11-08 00:01:27.999:
D/PrefCtrlListHelper(1237): Could not find Context-only controller for pref: com.android.settings.accessibility.AlarmVibrationTogglePreferenceController >11-08 00:01:27.999:
W/PrefCtrlListHelper(1237): Cannot instantiate controller from reflection: com.android.settings.accessibility.AlarmVibrationTogglePreferenceController >11-08 00:01:27.999:
D/PrefCtrlListHelper(1237): Could not find Context-only controller for pref: com.android.settings.accessibility.HapticFeedbackTogglePreferenceController >11-08 00:01:27.999:
W/PrefCtrlListHelper(1237): Cannot instantiate controller from reflection: com.android.settings.accessibility.HapticFeedbackTogglePreferenceController >11-08 00:01:27.999:
D/PrefCtrlListHelper(1237): Could not find Context-only controller for pref: com.android.settings.accessibility.MediaVibrationTogglePreferenceController >11-08 00:01:27.999:
W/PrefCtrlListHelper(1237): Cannot instantiate controller from reflection: com.android.settings.accessibility.MediaVibrationTogglePreferenceController >11-08 00:01:27.999:
D/PrefCtrlListHelper(1237): Could not find Context-only controller for pref: com.android.settings.sound.MediaControlsPreferenceController >11-08 00:01:27.999:
D/PrefCtrlListHelper(1237): Could not find Context-only controller for pref: com.android.settings.sound.MediaControlsLockScreenPreferenceController >11-08 00:01:27.999:
D/PrefCtrlListHelper(1237): Could not find Context-only controller for pref: com.android.settings.sound.MediaControlsRecommendationController >11-08 00:01:27.999:
D/PrefCtrlListHelper(1237): Could not find Context-only controller for pref: com.android.settings.accessibility.AccessibilityButtonPreviewPreferenceController >11-08 00:01:27.999:
D/PrefCtrlListHelper(1237): Could not find Context-only controller for pref: com.android.settings.accessibility.AccessibilityButtonLocationPreferenceController >11-08 00:01:27.999:
D/PrefCtrlListHelper(1237): Could not find Context-only controller for pref: com.android.settings.accessibility.AccessibilityButtonGesturePreferenceController >11-08 00:01:27.999:
D/PrefCtrlListHelper(1237): Could not find Context-only controller for pref: com.android.settings.accessibility.FloatingMenuSizePreferenceController >11-08 00:01:27.999:
D/PrefCtrlListHelper(1237): Could not find Context-only controller for pref: com.android.settings.accessibility.FloatingMenuFadePreferenceController >11-08 00:01:27.999:
D/PrefCtrlListHelper(1237): Could not find Context-only controller for pref: com.android.settings.accessibility.FloatingMenuTransparencyPreferenceController >11-08 00:01:27.999:
D/PrefCtrlListHelper(1237): Could not find Context-only controller for pref: com.android.settings.accessibility.AccessibilityButtonFooterPreferenceController >11-08 00:01:27.999:
D/PrefCtrlListHelper(1237): Could not find Context-only controller for pref: com.android.settings.notification.BubbleNotificationPreferenceController >11-08 00:01:28.000:
W/BaseSearchIndex(1237): Error initial controller >11-08 00:01:28.000:
D/PrefCtrlListHelper(1237): Could not find Context-only controller for pref: com.android.settings.network.AirplaneModePreferenceController >11-08 00:01:28.000:
D/CompatibilityChangeReporter(577): Compat change id reported: 161252188; UID 10113; state: ENABLED >11-08 00:01:28.000:
D/PrefCtrlListHelper(1237): Could not find Context-only controller for pref: com.android.settings.network.AllInOneTetherPreferenceController >11-08 00:01:28.001:
D/PrefCtrlListHelper(1237): Could not find Context-only controller for pref: com.android.settings.network.AdaptiveConnectivityPreferenceController >11-08 00:01:28.001:
D/AssistGesture(1237): mAssistOnly:false, isSupported:false, isSensorAvailable:false >11-08 00:01:28.001:
D/AssistGesture(1237): mAssistOnly:false, isSupported:false, isSensorAvailable:false >11-08 00:01:28.001:
D/PrefCtrlListHelper(1237): Could not find Context-only controller for pref: com.android.settings.accessibility.MagnificationModePreferenceController >11-08 00:01:28.001:
D/PrefCtrlListHelper(1237): Could not find Context-only controller for pref: com.android.settings.deviceinfo.storage.StorageSelectionPreferenceController >11-08 00:01:28.001:
D/PrefCtrlListHelper(1237): Could not find Context-only controller for pref: com.android.settings.deviceinfo.storage.StorageUsageProgressBarPreferenceController >11-08 00:01:28.001:
D/PrefCtrlListHelper(1237): Could not find Context-only controller for pref: com.android.settings.deviceinfo.storage.AutomaticStorageManagementSwitchPreferenceController >11-08 00:01:28.001:
D/PrefCtrlListHelper(1237): Could not find Context-only controller for pref: com.android.settings.deviceinfo.storage.ManageStoragePreferenceController >11-08 00:01:28.002:
D/PrefCtrlListHelper(1237): Could not find Context-only controller for pref: com.android.settings.gestures.ButtonNavigationSettingsAssistController >11-08 00:01:28.006:
D/PrefCtrlListHelper(1237): Could not find Context-only controller for pref: com.android.settings.security.trustagent.TrustAgentsPreferenceController >11-08 00:01:28.006:
D/PrefCtrlListHelper(1237): Could not find Context-only controller for pref: com.android.settings.network.EraseEuiccDataController >11-08 00:01:28.006:
D/PrefCtrlListHelper(1237): Could not find Context-only controller for pref: com.android.settings.gestures.PickupGesturePreferenceController >11-08 00:01:28.006:
D/PrefCtrlListHelper(1237): Could not find Context-only controller for pref: com.android.settings.applications.specialaccess.premiumsms.PremiumSmsScreenPreferenceController >11-08 00:01:28.006:
W/MobileNetworkUtils(1237): EuiccManager is not enabled. >11-08 00:01:28.006:
D/PrefCtrlListHelper(1237): Could not find Context-only controller for pref: com.android.settings.applications.specialaccess.interactacrossprofiles.InteractAcrossProfilesController >11-08 00:01:28.006:
W/PrefCtrlListHelper(1237): Controller requires key but it's not defined in xml: com.android.settings.applications.specialaccess.interactacrossprofiles.InteractAcrossProfilesController >11-08 00:01:28.007:
D/PrefCtrlListHelper(1237): Could not find Context-only controller for pref: com.android.settings.deviceinfo.DeviceNamePreferenceController >11-08 00:01:28.007:
D/PrefCtrlListHelper(1237): Could not find Context-only controller for pref: com.android.settings.deviceinfo.BrandedAccountPreferenceController >11-08 00:01:28.007:
D/PrefCtrlListHelper(1237): Could not find Context-only controller for pref: com.android.settings.deviceinfo.PhoneNumberPreferenceController >11-08 00:01:28.007:
D/PrefCtrlListHelper(1237): Could not find Context-only controller for pref: com.google.android.settings.warranty.WarrantyPreferenceController >11-08 00:01:28.007:
D/PrefCtrlListHelper(1237): Could not find Context-only controller for pref: com.android.settings.deviceinfo.HardwareInfoPreferenceController >11-08 00:01:28.007:
