W/PhenotypeConfigurationU(5457): at com.google.android.chimera.IntentOperation.onHandleIntent(:com.google.android.gms@233316044@23.33.16 (190400-560149061):2) >11-08 00:01:18.646:
W/PhenotypeConfigurationU(5457): at adqc.onHandleIntent(:com.google.android.gms@233316044@23.33.16 (190400-560149061):10) >11-08 00:01:18.646:
W/PhenotypeConfigurationU(5457): at lep.run(:com.google.android.gms@233316044@23.33.16 (190400-560149061):70) >11-08 00:01:18.646:
W/PhenotypeConfigurationU(5457): at leo.run(:com.google.android.gms@233316044@23.33.16 (190400-560149061):152) >11-08 00:01:18.646:
W/PhenotypeConfigurationU(5457): at dpie.run(:com.google.android.gms@233316044@23.33.16 (190400-560149061):13) >11-08 00:01:18.646:
W/PhenotypeConfigurationU(5457): at java.util.concurrent.ThreadPoolExecutor.runWorker(ThreadPoolExecutor.java:1137) >11-08 00:01:18.646:
W/PhenotypeConfigurationU(5457): at java.util.concurrent.ThreadPoolExecutor$Worker.run(ThreadPoolExecutor.java:637) >11-08 00:01:18.646:
W/PhenotypeConfigurationU(5457): at java.lang.Thread.run(Thread.java:1012) >11-08 00:01:18.648:
I/NamespaceManager(5457): Package com.android.refreshratecontrol name not found! Using module version. >11-08 00:01:18.648:
I/NamespaceManager(5457): Package com.google.oslo name not found! Using module version. >11-08 00:01:18.648:
I/NamespaceManager(5457): Package com.android.media name not found! Using module version. >11-08 00:01:18.648:
I/NamespaceManager(5457): Package com.android.media.swcodec name not found! Using module version. >11-08 00:01:18.648:
I/NamespaceManager(5457): Package com.android.neuralnetworks name not found! Using module version. >11-08 00:01:18.649:
I/NamespaceManager(5457): Package com.android.media name not found! Using module version. >11-08 00:01:18.649:
I/NamespaceManager(5457): Package 1 name not found! Using module version. >11-08 00:01:18.652:
I/NamespaceManager(5457): Package rkpd name not found! Using module version. >11-08 00:01:18.652:
I/NamespaceManager(5457): Package com.google.android.devicelockcontroller name not found! Using module version. >11-08 00:01:18.652:
I/NamespaceManager(5457): Package com.google.android.healthfitness name not found! Using module version. >11-08 00:01:18.652:
I/NamespaceManager(5457): Package android.companion name not found! Using module version. >11-08 00:01:18.652:
I/NamespaceManager(5457): Package com.google.android.healthfitness name not found! Using module version. >11-08 00:01:18.652:
I/NamespaceManager(5457): Package com.google.android.aicore name not found! Using module version. >11-08 00:01:18.653:
W/PhenotypeConfigurationU(5457): Update for unknown DeviceConfig package com.google.android.gms.maps#com.google.android.gms [CONTEXT service_id=204 ] >11-08 00:01:18.653:
W/PhenotypeConfigurationU(5457): cesr: No package exists for config package: com.google.android.gms.maps#com.google.android.gms >11-08 00:01:18.653:
W/PhenotypeConfigurationU(5457): at cess.a(:com.google.android.gms@233316044@23.33.16 (190400-560149061):70) >11-08 00:01:18.653:
W/PhenotypeConfigurationU(5457): at com.google.android.gms.platformconfigurator.PhenotypeConfigurationUpdateListener.b(:com.google.android.gms@233316044@23.33.16 (190400-560149061):6) >11-08 00:01:18.653:
W/PhenotypeConfigurationU(5457): at com.google.android.gms.platformconfigurator.PhenotypeConfigurationUpdateListener.a(:com.google.android.gms@233316044@23.33.16 (190400-560149061):167) >11-08 00:01:18.653:
W/PhenotypeConfigurationU(5457): at com.google.android.gms.platformconfigurator.PhenotypeConfigurationUpdateListener.onHandleIntent(:com.google.android.gms@233316044@23.33.16 (190400-560149061):278) >11-08 00:01:18.653:
W/PhenotypeConfigurationU(5457): at com.google.android.chimera.IntentOperation.onHandleIntent(:com.google.android.gms@233316044@23.33.16 (190400-560149061):2) >11-08 00:01:18.653:
W/PhenotypeConfigurationU(5457): at adqc.onHandleIntent(:com.google.android.gms@233316044@23.33.16 (190400-560149061):10) >11-08 00:01:18.653:
W/PhenotypeConfigurationU(5457): at lep.run(:com.google.android.gms@233316044@23.33.16 (190400-560149061):70) >11-08 00:01:18.653:
W/PhenotypeConfigurationU(5457): at leo.run(:com.google.android.gms@233316044@23.33.16 (190400-560149061):152) >11-08 00:01:18.653:
W/PhenotypeConfigurationU(5457): at dpie.run(:com.google.android.gms@233316044@23.33.16 (190400-560149061):13) >11-08 00:01:18.653:
W/PhenotypeConfigurationU(5457): at java.util.concurrent.ThreadPoolExecutor.runWorker(ThreadPoolExecutor.java:1137) >11-08 00:01:18.653:
W/PhenotypeConfigurationU(5457): at java.util.concurrent.ThreadPoolExecutor$Worker.run(ThreadPoolExecutor.java:637) >11-08 00:01:18.653:
W/PhenotypeConfigurationU(5457): at java.lang.Thread.run(Thread.java:1012) >11-08 00:01:18.653:
I/Icing(5449): Usage reports ok 0, Failed Usage reports 0, indexed 0, rejected 0 >11-08 00:01:18.658:
I/Icing(5449): Usage reports ok 0, Failed Usage reports 0, indexed 0, rejected 0 >11-08 00:01:18.660:
I/Icing(5449): Indexing com.google.android.gms-apps from com.google.android.gms >11-08 00:01:18.660:
I/Icing(5449): Indexing done com.google.android.gms-apps >11-08 00:01:18.660:
I/Icing(5449): Indexing com.google.android.gms-apps from com.google.android.gms >11-08 00:01:18.660:
I/Icing(5449): Indexing done com.google.android.gms-apps >11-08 00:01:18.682:
W/native(1539): W0000 00:00:1699430478.682748 1868 input-utils.cc:95] Failed to get value for update inducing feature |longitude| due to INVALID_ARGUMENT: No feature generators for feature "longitude" >11-08 00:01:18.682:
W/native(1539): === Source Location Trace: === >11-08 00:01:18.682:
W/native(1539): ./speech/service/context/features/feature-dictionary-provider.h:99 >11-08 00:01:18.682:
W/native(1539): Subgraphs depending on this feature will not have a new revision. >11-08 00:01:18.682:
W/native(1539): W0000 00:00:1699430478.682865 1868 input-utils.cc:95] Failed to get value for update inducing feature |latitude| due to INVALID_ARGUMENT: No feature generators for feature "latitude" >11-08 00:01:18.682:
W/native(1539): === Source Location Trace: === >11-08 00:01:18.682:
W/native(1539): ./speech/service/context/features/feature-dictionary-provider.h:99 >11-08 00:01:18.682:
W/native(1539): Subgraphs depending on this feature will not have a new revision. >11-08 00:01:18.682:
I/native(1539): I0000 00:00:1699430478.682904 1868 context-module-impl.cc:593] Update recognition context for speaker: "". (Proto:MessageLite at 0xb400007475c9ab10) >11-08 00:01:18.713:
I/system_server(577): Background concurrent copying GC freed 238812(12MB) AllocSpace objects, 8(272KB) LOS objects, 50% free, 23MB/46MB, paused 21us,80us total 261.353ms >11-08 00:01:18.725:
W/SearchServiceCore(5854): Abort, client detached. >11-08 00:01:18.726:
I/BgTaskExecutorImpl(5854): (REDACTED) Starting %s background task %s. >11-08 00:01:18.731:
W/JobScheduler(577): Job didn't exist in JobStore: 5d87fb4 #u0a119/-43 com.google.android.googlequicksearchbox/com.google.android.apps.gsa.tasks.BackgroundTasksJobService >11-08 00:01:18.732:
I/PhenotypeBackgroundRecv(3716): Skipping com.google.android.libraries.search.soda_apa.device#com.google.android.googlequicksearchbox which doesn't use ProcessStable flags. >11-08 00:01:18.733:
W/JobScheduler(577): Job didn't exist in JobStore: b326aca #u0a119/-43 com.google.android.googlequicksearchbox/com.google.android.apps.gsa.tasks.BackgroundTasksJobService >11-08 00:01:18.738:
W/ogle.android.as(1529): Long monitor contention with owner aiai-vc-0 (1748) at java.lang.Object eao.b()(PG:2) waiters=0 in java.lang.Object eao.b() for 145ms >11-08 00:01:18.738:
W/PackageManager(577): Failed registering loading progress callback. Package is fully loaded. >11-08 00:01:18.741:
I/AiAiEcho(1529): EchoSearch: AppFetcherImpl is initialized with [19] apps [time=2, reason=androidx.test.orchestrator is added] >11-08 00:01:18.747:
I/PhenotypeBackgroundRecv(3716): Skipping com.google.android.apps.search.lens.device#com.google.android.googlequicksearchbox which doesn't use ProcessStable flags. >11-08 00:01:18.747:
I/NamespaceManager(5457): Package com.android.refreshratecontrol name not found! Using module version. >11-08 00:01:18.748:
I/NamespaceManager(5457): Package com.google.oslo name not found! Using module version. >11-08 00:01:18.748:
I/NamespaceManager(5457): Package com.android.media name not found! Using module version. >11-08 00:01:18.748:
W/JobScheduler(577): Job didn't exist in JobStore: 8fa0d8e #u0a119/-43 com.google.android.googlequicksearchbox/com.google.android.apps.gsa.tasks.BackgroundTasksJobService >11-08 00:01:18.749:
I/NamespaceManager(5457): Package com.android.media.swcodec name not found! Using module version. >11-08 00:01:18.749:
I/NamespaceManager(5457): Package com.android.neuralnetworks name not found! Using module version. >11-08 00:01:18.749:
I/NamespaceManager(5457): Package com.android.media name not found! Using module version. >11-08 00:01:18.749:
I/NamespaceManager(5457): Package 1 name not found! Using module version. >11-08 00:01:18.749:
I/NamespaceManager(5457): Package rkpd name not found! Using module version. >11-08 00:01:18.749:
I/NamespaceManager(5457): Package com.google.android.devicelockcontroller name not found! Using module version. >11-08 00:01:18.749:
I/NamespaceManager(5457): Package com.google.android.healthfitness name not found! Using module version. >11-08 00:01:18.749:
I/NamespaceManager(5457): Package android.companion name not found! Using module version. >11-08 00:01:18.751:
I/NamespaceManager(5457): Package com.google.android.healthfitness name not found! Using module version. >11-08 00:01:18.751:
I/NamespaceManager(5457): Package com.google.android.aicore name not found! Using module version. >11-08 00:01:18.752:
W/PhenotypeConfigurationU(5457): Update for unknown DeviceConfig package com.google.android.gms.cast [CONTEXT service_id=204 ] >11-08 00:01:18.752:
W/PhenotypeConfigurationU(5457): cesr: No package exists for config package: com.google.android.gms.cast >11-08 00:01:18.752:
W/PhenotypeConfigurationU(5457): at cess.a(:com.google.android.gms@233316044@23.33.16 (190400-560149061):70) >11-08 00:01:18.752:
W/PhenotypeConfigurationU(5457): at com.google.android.gms.platformconfigurator.PhenotypeConfigurationUpdateListener.b(:com.google.android.gms@233316044@23.33.16 (190400-560149061):6) >11-08 00:01:18.752:
W/PhenotypeConfigurationU(5457): at com.google.android.gms.platformconfigurator.PhenotypeConfigurationUpdateListener.a(:com.google.android.gms@233316044@23.33.16 (190400-560149061):167) >11-08 00:01:18.752:
W/PhenotypeConfigurationU(5457): at com.google.android.gms.platformconfigurator.PhenotypeConfigurationUpdateListener.onHandleIntent(:com.google.android.gms@233316044@23.33.16 (190400-560149061):278) >11-08 00:01:18.752:
W/PhenotypeConfigurationU(5457): at com.google.android.chimera.IntentOperation.onHandleIntent(:com.google.android.gms@233316044@23.33.16 (190400-560149061):2) >11-08 00:01:18.752:
W/PhenotypeConfigurationU(5457): at adqc.onHandleIntent(:com.google.android.gms@233316044@23.33.16 (190400-560149061):10) >11-08 00:01:18.752:
W/PhenotypeConfigurationU(5457): at lep.run(:com.google.android.gms@233316044@23.33.16 (190400-560149061):70) >11-08 00:01:18.752:
W/PhenotypeConfigurationU(5457): at leo.run(:com.google.android.gms@233316044@23.33.16 (190400-560149061):152) >11-08 00:01:18.752:
W/PhenotypeConfigurationU(5457): at dpie.run(:com.google.android.gms@233316044@23.33.16 (190400-560149061):13) >11-08 00:01:18.752:
W/PhenotypeConfigurationU(5457): at java.util.concurrent.ThreadPoolExecutor.runWorker(ThreadPoolExecutor.java:1137) >11-08 00:01:18.752:
W/PhenotypeConfigurationU(5457): at java.util.concurrent.ThreadPoolExecutor$Worker.run(ThreadPoolExecutor.java:637) >11-08 00:01:18.752:
W/PhenotypeConfigurationU(5457): at java.lang.Thread.run(Thread.java:1012) >11-08 00:01:18.754:
I/AiAiEcho(1529): EchoSearch: WidgetFetcherImpl is initialized with [23] widgets [reason=package added for userId: 0] >11-08 00:01:18.755:
D/CompatibilityChangeReporter(8088): Compat change id reported: 158482162; UID 10117; state: ENABLED >11-08 00:01:18.756:
D/CompatibilityChangeReporter(577): Compat change id reported: 158482162; UID 10117; state: ENABLED >11-08 00:01:18.757:
W/JobScheduler(577): Job didn't exist in JobStore: 13bb34d #u0a119/-43 com.google.android.googlequicksearchbox/com.google.android.apps.gsa.tasks.BackgroundTasksJobService >11-08 00:01:18.759:
I/CAR.DRIVINGMODE(8088): DrivingMode Settings Indexed from the location module >11-08 00:01:18.763:
D/CompatibilityChangeReporter(8088): Compat change id reported: 150939131; UID 10117; state: ENABLED >11-08 00:01:18.765:
I/NamespaceManager(5457): Package com.android.refreshratecontrol name not found! Using module version. >11-08 00:01:18.765:
I/NamespaceManager(5457): Package com.google.oslo name not found! Using module version. >11-08 00:01:18.765:
I/NamespaceManager(5457): Package com.android.media name not found! Using module version. >11-08 00:01:18.766:
I/NamespaceManager(5457): Package com.android.media.swcodec name not found! Using module version. >11-08 00:01:18.766:
I/NamespaceManager(5457): Package com.android.neuralnetworks name not found! Using module version. >11-08 00:01:18.767:
I/NamespaceManager(5457): Package com.android.media name not found! Using module version. >11-08 00:01:18.767:
I/NamespaceManager(5457): Package 1 name not found! Using module version. >11-08 00:01:18.767:
I/NamespaceManager(5457): Package rkpd name not found! Using module version. >11-08 00:01:18.767:
I/NamespaceManager(5457): Package com.google.android.devicelockcontroller name not found! Using module version. >11-08 00:01:18.767:
I/NamespaceManager(5457): Package com.google.android.healthfitness name not found! Using module version. >11-08 00:01:18.767:
I/NamespaceManager(5457): Package android.companion name not found! Using module version. >11-08 00:01:18.767:
I/NamespaceManager(5457): Package com.google.android.healthfitness name not found! Using module version. >11-08 00:01:18.767:
I/NamespaceManager(5457): Package com.google.android.aicore name not found! Using module version. >11-08 00:01:18.768:
W/PhenotypeConfigurationU(5457): Update for unknown DeviceConfig package com.google.android.gms.fido [CONTEXT service_id=204 ] >11-08 00:01:18.768:
W/PhenotypeConfigurationU(5457): cesr: No package exists for config package: com.google.android.gms.fido >11-08 00:01:18.768:
W/PhenotypeConfigurationU(5457): at cess.a(:com.google.android.gms@233316044@23.33.16 (190400-560149061):70) >11-08 00:01:18.768:
W/PhenotypeConfigurationU(5457): at com.google.android.gms.platformconfigurator.PhenotypeConfigurationUpdateListener.b(:com.google.android.gms@233316044@23.33.16 (190400-560149061):6) >11-08 00:01:18.768:
W/PhenotypeConfigurationU(5457): at com.google.android.gms.platformconfigurator.PhenotypeConfigurationUpdateListener.a(:com.google.android.gms@233316044@23.33.16 (190400-560149061):167) >11-08 00:01:18.768:
W/PhenotypeConfigurationU(5457): at com.google.android.gms.platformconfigurator.PhenotypeConfigurationUpdateListener.onHandleIntent(:com.google.android.gms@233316044@23.33.16 (190400-560149061):278) >11-08 00:01:18.768:
W/PhenotypeConfigurationU(5457): at com.google.android.chimera.IntentOperation.onHandleIntent(:com.google.android.gms@233316044@23.33.16 (190400-560149061):2) >11-08 00:01:18.768:
W/PhenotypeConfigurationU(5457): at adqc.onHandleIntent(:com.google.android.gms@233316044@23.33.16 (190400-560149061):10) >11-08 00:01:18.768:
W/PhenotypeConfigurationU(5457): at lep.run(:com.google.android.gms@233316044@23.33.16 (190400-560149061):70) >11-08 00:01:18.768:
W/PhenotypeConfigurationU(5457): at leo.run(:com.google.android.gms@233316044@23.33.16 (190400-560149061):152) >11-08 00:01:18.768:
W/PhenotypeConfigurationU(5457): at dpie.run(:com.google.android.gms@233316044@23.33.16 (190400-560149061):13) >11-08 00:01:18.768:
W/PhenotypeConfigurationU(5457): at java.util.concurrent.ThreadPoolExecutor.runWorker(ThreadPoolExecutor.java:1137) >11-08 00:01:18.768:
W/PhenotypeConfigurationU(5457): at java.util.concurrent.ThreadPoolExecutor$Worker.run(ThreadPoolExecutor.java:637) >11-08 00:01:18.768:
W/PhenotypeConfigurationU(5457): at java.lang.Thread.run(Thread.java:1012) >11-08 00:01:18.768:
D/BiometricService(577): canAuthenticate: User=0, Caller=0, Authenticators=255 >11-08 00:01:18.768:
D/BiometricService/PreAuthInfo(577): Package: com.google.android.gms Sensor ID: 0 Modality: 2 Status: 7 >11-08 00:01:18.768:
D/BiometricService/PreAuthInfo(577): getCanAuthenticateInternal Modality: 2 AuthenticatorStatus: 7 >11-08 00:01:18.769:
D/AuthService(577): canAuthenticate, userId: 0, callingUserId: 0, authenticators: 255, result: 11 >11-08 00:01:18.771:
I/Fido(5457): [CableAuthenticatorChimeraService] Unregistering receiver. >11-08 00:01:18.771:
I/Fido(5457): [CableAuthenticatorChimeraService] Registering broadcast receiver. >11-08 00:01:18.782:
I/PhenotypeBackgroundRecv(3716): Successfully updated snapshot for com.google.android.libraries.personalization.footprints#com.google.android.googlequicksearchbox >11-08 00:01:18.786:
D/BoundBrokerSvc(5457): onBind: Intent { act=com.google.android.gms.instantapps.START pkg=com.google.android.gms } >11-08 00:01:18.786:
D/BoundBrokerSvc(5457): Loading bound service for intent: Intent { act=com.google.android.gms.instantapps.START pkg=com.google.android.gms } >11-08 00:01:18.788:
I/NamespaceManager(5457): Package com.android.refreshratecontrol name not found! Using module version. >11-08 00:01:18.789:
I/NamespaceManager(5457): Package com.google.oslo name not found! Using module version. >11-08 00:01:18.789:
I/NamespaceManager(5457): Package com.android.media name not found! Using module version. >11-08 00:01:18.789:
I/NamespaceManager(5457): Package com.android.media.swcodec name not found! Using module version. >11-08 00:01:18.789:
I/NamespaceManager(5457): Package com.android.neuralnetworks name not found! Using module version. >11-08 00:01:18.789:
I/NamespaceManager(5457): Package com.android.media name not found! Using module version. >11-08 00:01:18.789:
I/NamespaceManager(5457): Package 1 name not found! Using module version. >11-08 00:01:18.789:
I/NamespaceManager(5457): Package rkpd name not found! Using module version. >11-08 00:01:18.789:
I/NamespaceManager(5457): Package com.google.android.devicelockcontroller name not found! Using module version. >11-08 00:01:18.789:
I/NamespaceManager(5457): Package com.google.android.healthfitness name not found! Using module version. >11-08 00:01:18.789:
I/NamespaceManager(5457): Package android.companion name not found! Using module version. >11-08 00:01:18.789:
I/NamespaceManager(5457): Package com.google.android.healthfitness name not found! Using module version. >11-08 00:01:18.789:
I/NamespaceManager(5457): Package com.google.android.aicore name not found! Using module version. >11-08 00:01:18.789:
W/PhenotypeConfigurationU(5457): Update for unknown DeviceConfig package com.google.android.gms.gass [CONTEXT service_id=204 ] >11-08 00:01:18.789:
W/PhenotypeConfigurationU(5457): cesr: No package exists for config package: com.google.android.gms.gass >11-08 00:01:18.789:
W/PhenotypeConfigurationU(5457): at cess.a(:com.google.android.gms@233316044@23.33.16 (190400-560149061):70) >11-08 00:01:18.789:
W/PhenotypeConfigurationU(5457): at com.google.android.gms.platformconfigurator.PhenotypeConfigurationUpdateListener.b(:com.google.android.gms@233316044@23.33.16 (190400-560149061):6) >11-08 00:01:18.789:
W/PhenotypeConfigurationU(5457): at com.google.android.gms.platformconfigurator.PhenotypeConfigurationUpdateListener.a(:com.google.android.gms@233316044@23.33.16 (190400-560149061):167) >11-08 00:01:18.789:
W/PhenotypeConfigurationU(5457): at com.google.android.gms.platformconfigurator.PhenotypeConfigurationUpdateListener.onHandleIntent(:com.google.android.gms@233316044@23.33.16 (190400-560149061):278) >11-08 00:01:18.789:
W/PhenotypeConfigurationU(5457): at com.google.android.chimera.IntentOperation.onHandleIntent(:com.google.android.gms@233316044@23.33.16 (190400-560149061):2) >11-08 00:01:18.789:
W/PhenotypeConfigurationU(5457): at adqc.onHandleIntent(:com.google.android.gms@233316044@23.33.16 (190400-560149061):10) >11-08 00:01:18.789:
W/PhenotypeConfigurationU(5457): at lep.run(:com.google.android.gms@233316044@23.33.16 (190400-560149061):70) >11-08 00:01:18.789:
W/PhenotypeConfigurationU(5457): at leo.run(:com.google.android.gms@233316044@23.33.16 (190400-560149061):152) >11-08 00:01:18.789:
W/PhenotypeConfigurationU(5457): at dpie.run(:com.google.android.gms@233316044@23.33.16 (190400-560149061):13) >11-08 00:01:18.789:
W/PhenotypeConfigurationU(5457): at java.util.concurrent.ThreadPoolExecutor.runWorker(ThreadPoolExecutor.java:1137) >11-08 00:01:18.789:
W/PhenotypeConfigurationU(5457): at java.util.concurrent.ThreadPoolExecutor$Worker.run(ThreadPoolExecutor.java:637) >11-08 00:01:18.789:
W/PhenotypeConfigurationU(5457): at java.lang.Thread.run(Thread.java:1012) >11-08 00:01:18.790:
I/NamespaceManager(5457): Package com.android.refreshratecontrol name not found! Using module version. >11-08 00:01:18.790:
I/NamespaceManager(5457): Package com.google.oslo name not found! Using module version. >11-08 00:01:18.790:
I/NamespaceManager(5457): Package com.android.media name not found! Using module version. >11-08 00:01:18.790:
I/NamespaceManager(5457): Package com.android.media.swcodec name not found! Using module version. >11-08 00:01:18.790:
I/NamespaceManager(5457): Package com.android.neuralnetworks name not found! Using module version. >11-08 00:01:18.791:
I/NamespaceManager(5457): Package com.android.media name not found! Using module version. >11-08 00:01:18.791:
I/NamespaceManager(5457): Package 1 name not found! Using module version. >11-08 00:01:18.791:
I/NamespaceManager(5457): Package rkpd name not found! Using module version. >11-08 00:01:18.791:
I/NamespaceManager(5457): Package com.google.android.devicelockcontroller name not found! Using module version. >11-08 00:01:18.791:
I/NamespaceManager(5457): Package com.google.android.healthfitness name not found! Using module version. >11-08 00:01:18.791:
I/NamespaceManager(5457): Package android.companion name not found! Using module version. >11-08 00:01:18.791:
I/NamespaceManager(5457): Package com.google.android.healthfitness name not found! Using module version. >11-08 00:01:18.791:
I/NamespaceManager(5457): Package com.google.android.aicore name not found! Using module version. >11-08 00:01:18.791:
W/PhenotypeConfigurationU(5457): Update for unknown DeviceConfig package com.google.android.gms.learning [CONTEXT service_id=204 ] >11-08 00:01:18.791:
W/PhenotypeConfigurationU(5457): cesr: No package exists for config package: com.google.android.gms.learning >11-08 00:01:18.791:
W/PhenotypeConfigurationU(5457): at cess.a(:com.google.android.gms@233316044@23.33.16 (190400-560149061):70) >11-08 00:01:18.791:
W/PhenotypeConfigurationU(5457): at com.google.android.gms.platformconfigurator.PhenotypeConfigurationUpdateListener.b(:com.google.android.gms@233316044@23.33.16 (190400-560149061):6) >11-08 00:01:18.791:
W/PhenotypeConfigurationU(5457): at com.google.android.gms.platformconfigurator.PhenotypeConfigurationUpdateListener.a(:com.google.android.gms@233316044@23.33.16 (190400-560149061):167) >11-08 00:01:18.791:
W/PhenotypeConfigurationU(5457): at com.google.android.gms.platformconfigurator.PhenotypeConfigurationUpdateListener.onHandleIntent(:com.google.android.gms@233316044@23.33.16 (190400-560149061):278) >11-08 00:01:18.791:
W/PhenotypeConfigurationU(5457): at com.google.android.chimera.IntentOperation.onHandleIntent(:com.google.android.gms@233316044@23.33.16 (190400-560149061):2) >11-08 00:01:18.791:
W/PhenotypeConfigurationU(5457): at adqc.onHandleIntent(:com.google.android.gms@233316044@23.33.16 (190400-560149061):10) >11-08 00:01:18.791:
W/PhenotypeConfigurationU(5457): at lep.run(:com.google.android.gms@233316044@23.33.16 (190400-560149061):70) >11-08 00:01:18.791:
W/PhenotypeConfigurationU(5457): at leo.run(:com.google.android.gms@233316044@23.33.16 (190400-560149061):152) >11-08 00:01:18.791:
W/PhenotypeConfigurationU(5457): at dpie.run(:com.google.android.gms@233316044@23.33.16 (190400-560149061):13) >11-08 00:01:18.791:
W/PhenotypeConfigurationU(5457): at java.util.concurrent.ThreadPoolExecutor.runWorker(ThreadPoolExecutor.java:1137) >11-08 00:01:18.791:
W/PhenotypeConfigurationU(5457): at java.util.concurrent.ThreadPoolExecutor$Worker.run(ThreadPoolExecutor.java:637) >11-08 00:01:18.791:
W/PhenotypeConfigurationU(5457): at java.lang.Thread.run(Thread.java:1012) >11-08 00:01:18.794:
W/SettingsIntentOperation(8088): No accounts >11-08 00:01:18.795:
I/dezb(8088): Unable to retrieve flag snapshot for com.google.android.gms.multidevice#com.google.android.gms, using defaults. >11-08 00:01:18.796:
W/TimedProcessReaper(5854): Scheduling killing of process to refresh configuration >11-08 00:01:18.797:
E/ceok(5457): Phenotype API error. Event # eoej@64bdbb2b, EventCode: 5 [CONTEXT service_id=51 ] >11-08 00:01:18.797:
E/ceok(5457): cena: 29501: Stale snapshot for com.google.android.gms.dtdi#com.google.android.gms(change count changed - expected 3 but was 0) >11-08 00:01:18.797:
E/ceok(5457): at ceop.b(:com.google.android.gms@233316044@23.33.16 (190400-560149061):824) >11-08 00:01:18.797:
E/ceok(5457): at ceon.g(:com.google.android.gms@233316044@23.33.16 (190400-560149061):3) >11-08 00:01:18.797:
E/ceok(5457): at ceok.e(:com.google.android.gms@233316044@23.33.16 (190400-560149061):18) >11-08 00:01:18.797:
E/ceok(5457): at ceok.f(:com.google.android.gms@233316044@23.33.16 (190400-560149061):11) >11-08 00:01:18.797:
E/ceok(5457): at bbkv.eY(:com.google.android.gms@233316044@23.33.16 (190400-560149061):1) >11-08 00:01:18.797:
E/ceok(5457): at bblc.run(:com.google.android.gms@233316044@23.33.16 (190400-560149061):144) >11-08 00:01:18.797:
E/ceok(5457): at dpie.run(:com.google.android.gms@233316044@23.33.16 (190400-560149061):13) >11-08 00:01:18.797:
E/ceok(5457): at agny.c(:com.google.android.gms@233316044@23.33.16 (190400-560149061):50) >11-08 00:01:18.797:
E/ceok(5457): at agny.run(:com.google.android.gms@233316044@23.33.16 (190400-560149061):97) >11-08 00:01:18.797:
E/ceok(5457): at java.util.concurrent.ThreadPoolExecutor.runWorker(ThreadPoolExecutor.java:1137) >11-08 00:01:18.797:
E/ceok(5457): at java.util.concurrent.ThreadPoolExecutor$Worker.run(ThreadPoolExecutor.java:637) >11-08 00:01:18.797:
E/ceok(5457): at agtg.run(:com.google.android.gms@233316044@23.33.16 (190400-560149061):8) >11-08 00:01:18.797:
E/ceok(5457): at java.lang.Thread.run(Thread.java:1012) >11-08 00:01:18.799:
W/AsyncOperation(5457): operation=CommitToConfigurationOperationCall, opStatusCode=29501 [CONTEXT service_id=51 ] >11-08 00:01:18.799:
W/AsyncOperation(5457): OperationException[Status{statusCode=Stale snapshot for com.google.android.gms.dtdi#com.google.android.gms(change count changed - expected 3 but was 0), resolution=null}] >11-08 00:01:18.799:
W/AsyncOperation(5457): at ceok.e(:com.google.android.gms@233316044@23.33.16 (190400-560149061):55) >11-08 00:01:18.799:
W/AsyncOperation(5457): at ceok.f(:com.google.android.gms@233316044@23.33.16 (190400-560149061):11) >11-08 00:01:18.799:
W/AsyncOperation(5457): at bbkv.eY(:com.google.android.gms@233316044@23.33.16 (190400-560149061):1) >11-08 00:01:18.799:
W/AsyncOperation(5457): at bblc.run(:com.google.android.gms@233316044@23.33.16 (190400-560149061):144) >11-08 00:01:18.799:
W/AsyncOperation(5457): at dpie.run(:com.google.android.gms@233316044@23.33.16 (190400-560149061):13) >11-08 00:01:18.799:
W/AsyncOperation(5457): at agny.c(:com.google.android.gms@233316044@23.33.16 (190400-560149061):50) >11-08 00:01:18.799:
W/AsyncOperation(5457): at agny.run(:com.google.android.gms@233316044@23.33.16 (190400-560149061):97) >11-08 00:01:18.799:
W/AsyncOperation(5457): at java.util.concurrent.ThreadPoolExecutor.runWorker(ThreadPoolExecutor.java:1137) >11-08 00:01:18.799:
W/AsyncOperation(5457): at java.util.concurrent.ThreadPoolExecutor$Worker.run(ThreadPoolExecutor.java:637) >11-08 00:01:18.799:
W/AsyncOperation(5457): at agtg.run(:com.google.android.gms@233316044@23.33.16 (190400-560149061):8) >11-08 00:01:18.799:
W/AsyncOperation(5457): at java.lang.Thread.run(Thread.java:1012) >11-08 00:01:18.800:
I/PhenotypeBackgroundRecv(3716): Skipping com.google.android.libraries.search.googleapp.user#com.google.android.googlequicksearchbox which doesn't use ProcessStable flags. >11-08 00:01:18.802:
W/MobStoreFlagStore(8088): Failed to commit due to stale snapshot for com.google.android.gms.dtdi#com.google.android.gms, triggering flag update. Experiments may be delayed til next app start. >11-08 00:01:18.803:
W/JobScheduler(577): Job didn't exist in JobStore: 48ac06e #u0a119/-43 com.google.android.googlequicksearchbox/com.google.android.apps.gsa.tasks.BackgroundTasksJobService >11-08 00:01:18.808:
I/Nearby(8088): is blocked device type false, isAuto=false, isIot=false, isLatchsky=false, isChinaWearable=false, isTv=false, isWearable=false (supportWearOs=false), isChromeOsDevice=false (supportChromeOs=false) [CONTEXT service_id=49 ] >11-08 00:01:18.813:
I/ActivityManager(577): Background started FGS: Allowed [callingPackage: com.google.android.apps.wellbeing; callingUid: 10114; uidState: BTOP; intent: Intent { cmp=com.google.android.apps.wellbeing/com.google.apps.tiktok.concurrent.InternalForegroundService (has extras) }; code:BACKGROUND_ACTIVITY_PERMISSION; tempAllowListReason:<null>; targetSdkVersion:31; callerTargetSdkVersion:31; startForegroundCount:0; bindFromPackage:null] >11-08 00:01:18.814:
I/NamespaceManager(5457): Package com.android.refreshratecontrol name not found! Using module version. >11-08 00:01:18.814:
I/NamespaceManager(5457): Package com.google.oslo name not found! Using module version. >11-08 00:01:18.814:
I/NamespaceManager(5457): Package com.android.media name not found! Using module version. >11-08 00:01:18.814:
I/NamespaceManager(5457): Package com.android.media.swcodec name not found! Using module version. >11-08 00:01:18.814:
I/NamespaceManager(5457): Package com.android.neuralnetworks name not found! Using module version. >11-08 00:01:18.814:
I/NamespaceManager(5457): Package com.android.media name not found! Using module version. >11-08 00:01:18.814:
I/NamespaceManager(5457): Package 1 name not found! Using module version. >11-08 00:01:18.814:
I/NamespaceManager(5457): Package rkpd name not found! Using module version. >11-08 00:01:18.814:
I/NamespaceManager(5457): Package com.google.android.devicelockcontroller name not found! Using module version. >11-08 00:01:18.814:
I/NamespaceManager(5457): Package com.google.android.healthfitness name not found! Using module version. >11-08 00:01:18.814:
I/NamespaceManager(5457): Package android.companion name not found! Using module version. >11-08 00:01:18.814:
I/NamespaceManager(5457): Package com.google.android.healthfitness name not found! Using module version. >11-08 00:01:18.814:
I/NamespaceManager(5457): Package com.google.android.aicore name not found! Using module version. >11-08 00:01:18.814:
W/PhenotypeConfigurationU(5457): Update for unknown DeviceConfig package com.google.android.gms.auth_folsom [CONTEXT service_id=204 ] >11-08 00:01:18.814:
W/PhenotypeConfigurationU(5457): cesr: No package exists for config package: com.google.android.gms.auth_folsom >11-08 00:01:18.814:
W/PhenotypeConfigurationU(5457): at cess.a(:com.google.android.gms@233316044@23.33.16 (190400-560149061):70) >11-08 00:01:18.814:
W/PhenotypeConfigurationU(5457): at com.google.android.gms.platformconfigurator.PhenotypeConfigurationUpdateListener.b(:com.google.android.gms@233316044@23.33.16 (190400-560149061):6) >11-08 00:01:18.814:
W/PhenotypeConfigurationU(5457): at com.google.android.gms.platformconfigurator.PhenotypeConfigurationUpdateListener.a(:com.google.android.gms@233316044@23.33.16 (190400-560149061):167) >11-08 00:01:18.814:
W/PhenotypeConfigurationU(5457): at com.google.android.gms.platformconfigurator.PhenotypeConfigurationUpdateListener.onHandleIntent(:com.google.android.gms@233316044@23.33.16 (190400-560149061):278) >11-08 00:01:18.814:
W/PhenotypeConfigurationU(5457): at com.google.android.chimera.IntentOperation.onHandleIntent(:com.google.android.gms@233316044@23.33.16 (190400-560149061):2) >11-08 00:01:18.814:
W/PhenotypeConfigurationU(5457): at adqc.onHandleIntent(:com.google.android.gms@233316044@23.33.16 (190400-560149061):10) >11-08 00:01:18.814:
W/PhenotypeConfigurationU(5457): at lep.run(:com.google.android.gms@233316044@23.33.16 (190400-560149061):70) >11-08 00:01:18.814:
W/PhenotypeConfigurationU(5457): at leo.run(:com.google.android.gms@233316044@23.33.16 (190400-560149061):152) >11-08 00:01:18.814:
W/PhenotypeConfigurationU(5457): at dpie.run(:com.google.android.gms@233316044@23.33.16 (190400-560149061):13) >11-08 00:01:18.814:
W/PhenotypeConfigurationU(5457): at java.util.concurrent.ThreadPoolExecutor.runWorker(ThreadPoolExecutor.java:1137) >11-08 00:01:18.814:
W/PhenotypeConfigurationU(5457): at java.util.concurrent.ThreadPoolExecutor$Worker.run(ThreadPoolExecutor.java:637) >11-08 00:01:18.814:
W/PhenotypeConfigurationU(5457): at java.lang.Thread.run(Thread.java:1012) >11-08 00:01:18.815:
I/NamespaceManager(5457): Package com.android.refreshratecontrol name not found! Using module version. >11-08 00:01:18.815:
I/NamespaceManager(5457): Package com.google.oslo name not found! Using module version. >11-08 00:01:18.815:
I/NamespaceManager(5457): Package com.android.media name not found! Using module version. >11-08 00:01:18.815:
I/NamespaceManager(5457): Package com.android.media.swcodec name not found! Using module version. >11-08 00:01:18.815:
I/NamespaceManager(5457): Package com.android.neuralnetworks name not found! Using module version. >11-08 00:01:18.815:
I/NamespaceManager(5457): Package com.android.media name not found! Using module version. >11-08 00:01:18.817:
I/NamespaceManager(5457): Package 1 name not found! Using module version. >11-08 00:01:18.817:
I/NamespaceManager(5457): Package rkpd name not found! Using module version. >11-08 00:01:18.817:
I/NamespaceManager(5457): Package com.google.android.devicelockcontroller name not found! Using module version. >11-08 00:01:18.817:
I/NamespaceManager(5457): Package com.google.android.healthfitness name not found! Using module version. >11-08 00:01:18.817:
I/NamespaceManager(5457): Package android.companion name not found! Using module version. >11-08 00:01:18.817:
I/NamespaceManager(5457): Package com.google.android.healthfitness name not found! Using module version. >11-08 00:01:18.817:
I/NamespaceManager(5457): Package com.google.android.aicore name not found! Using module version. >11-08 00:01:18.817:
W/PhenotypeConfigurationU(5457): Update for unknown DeviceConfig package com.google.android.gms.multidevice#com.google.android.gms [CONTEXT service_id=204 ] >11-08 00:01:18.817:
W/PhenotypeConfigurationU(5457): cesr: No package exists for config package: com.google.android.gms.multidevice#com.google.android.gms >11-08 00:01:18.817:
W/PhenotypeConfigurationU(5457): at cess.a(:com.google.android.gms@233316044@23.33.16 (190400-560149061):70) >11-08 00:01:18.817:
W/PhenotypeConfigurationU(5457): at com.google.android.gms.platformconfigurator.PhenotypeConfigurationUpdateListener.b(:com.google.android.gms@233316044@23.33.16 (190400-560149061):6) >11-08 00:01:18.817:
W/PhenotypeConfigurationU(5457): at com.google.android.gms.platformconfigurator.PhenotypeConfigurationUpdateListener.a(:com.google.android.gms@233316044@23.33.16 (190400-560149061):167) >11-08 00:01:18.817:
W/PhenotypeConfigurationU(5457): at com.google.android.gms.platformconfigurator.PhenotypeConfigurationUpdateListener.onHandleIntent(:com.google.android.gms@233316044@23.33.16 (190400-560149061):278) >11-08 00:01:18.817:
W/PhenotypeConfigurationU(5457): at com.google.android.chimera.IntentOperation.onHandleIntent(:com.google.android.gms@233316044@23.33.16 (190400-560149061):2) >11-08 00:01:18.817:
W/PhenotypeConfigurationU(5457): at adqc.onHandleIntent(:com.google.android.gms@233316044@23.33.16 (190400-560149061):10) >11-08 00:01:18.817:
W/PhenotypeConfigurationU(5457): at lep.run(:com.google.android.gms@233316044@23.33.16 (190400-560149061):70) >11-08 00:01:18.817:
W/PhenotypeConfigurationU(5457): at leo.run(:com.google.android.gms@233316044@23.33.16 (190400-560149061):152) >11-08 00:01:18.817:
W/PhenotypeConfigurationU(5457): at dpie.run(:com.google.android.gms@233316044@23.33.16 (190400-560149061):13) >11-08 00:01:18.817:
W/PhenotypeConfigurationU(5457): at java.util.concurrent.ThreadPoolExecutor.runWorker(ThreadPoolExecutor.java:1137) >11-08 00:01:18.817:
W/PhenotypeConfigurationU(5457): at java.util.concurrent.ThreadPoolExecutor$Worker.run(ThreadPoolExecutor.java:637) >11-08 00:01:18.817:
W/PhenotypeConfigurationU(5457): at java.lang.Thread.run(Thread.java:1012) >11-08 00:01:18.818:
I/NamespaceManager(5457): Package com.android.refreshratecontrol name not found! Using module version. >11-08 00:01:18.818:
I/NamespaceManager(5457): Package com.google.oslo name not found! Using module version. >11-08 00:01:18.818:
I/NamespaceManager(5457): Package com.android.media name not found! Using module version. >11-08 00:01:18.818:
I/NamespaceManager(5457): Package com.android.media.swcodec name not found! Using module version. >11-08 00:01:18.818:
I/NamespaceManager(5457): Package com.android.neuralnetworks name not found! Using module version. >11-08 00:01:18.822:
I/NamespaceManager(5457): Package com.android.media name not found! Using module version. >11-08 00:01:18.823:
I/NamespaceManager(5457): Package 1 name not found! Using module version. >11-08 00:01:18.823:
I/NamespaceManager(5457): Package rkpd name not found! Using module version. >11-08 00:01:18.823:
I/NamespaceManager(5457): Package com.google.android.devicelockcontroller name not found! Using module version. >11-08 00:01:18.823:
I/NamespaceManager(5457): Package com.google.android.healthfitness name not found! Using module version. >11-08 00:01:18.823:
I/NamespaceManager(5457): Package android.companion name not found! Using module version. >11-08 00:01:18.823:
I/NamespaceManager(5457): Package com.google.android.healthfitness name not found! Using module version. >11-08 00:01:18.823:
I/NamespaceManager(5457): Package com.google.android.aicore name not found! Using module version. >11-08 00:01:18.823:
W/PhenotypeConfigurationU(5457): Update for unknown DeviceConfig package com.google.android.gms.device_performance#com.google.android.gms [CONTEXT service_id=204 ] >11-08 00:01:18.823:
W/PhenotypeConfigurationU(5457): cesr: No package exists for config package: com.google.android.gms.device_performance#com.google.android.gms >11-08 00:01:18.823:
W/PhenotypeConfigurationU(5457): at cess.a(:com.google.android.gms@233316044@23.33.16 (190400-560149061):70) >11-08 00:01:18.823:
W/PhenotypeConfigurationU(5457): at com.google.android.gms.platformconfigurator.PhenotypeConfigurationUpdateListener.b(:com.google.android.gms@233316044@23.33.16 (190400-560149061):6) >11-08 00:01:18.823:
W/PhenotypeConfigurationU(5457): at com.google.android.gms.platformconfigurator.PhenotypeConfigurationUpdateListener.a(:com.google.android.gms@233316044@23.33.16 (190400-560149061):167) >11-08 00:01:18.823:
W/PhenotypeConfigurationU(5457): at com.google.android.gms.platformconfigurator.PhenotypeConfigurationUpdateListener.onHandleIntent(:com.google.android.gms@233316044@23.33.16 (190400-560149061):278) >11-08 00:01:18.823:
W/PhenotypeConfigurationU(5457): at com.google.android.chimera.IntentOperation.onHandleIntent(:com.google.android.gms@233316044@23.33.16 (190400-560149061):2) >11-08 00:01:18.823:
W/PhenotypeConfigurationU(5457): at adqc.onHandleIntent(:com.google.android.gms@233316044@23.33.16 (190400-560149061):10) >11-08 00:01:18.823:
W/PhenotypeConfigurationU(5457): at lep.run(:com.google.android.gms@233316044@23.33.16 (190400-560149061):70) >11-08 00:01:18.823:
W/PhenotypeConfigurationU(5457): at leo.run(:com.google.android.gms@233316044@23.33.16 (190400-560149061):152) >11-08 00:01:18.823:
W/PhenotypeConfigurationU(5457): at dpie.run(:com.google.android.gms@233316044@23.33.16 (190400-560149061):13) >11-08 00:01:18.823:
W/PhenotypeConfigurationU(5457): at java.util.concurrent.ThreadPoolExecutor.runWorker(ThreadPoolExecutor.java:1137) >11-08 00:01:18.823:
W/PhenotypeConfigurationU(5457): at java.util.concurrent.ThreadPoolExecutor$Worker.run(ThreadPoolExecutor.java:637) >11-08 00:01:18.823:
W/PhenotypeConfigurationU(5457): at java.lang.Thread.run(Thread.java:1012) >11-08 00:01:18.824:
I/NamespaceManager(5457): Package com.android.refreshratecontrol name not found! Using module version. >11-08 00:01:18.824:
I/NamespaceManager(5457): Package com.google.oslo name not found! Using module version. >11-08 00:01:18.826:
I/NamespaceManager(5457): Package com.android.media name not found! Using module version. >11-08 00:01:18.826:
I/NamespaceManager(5457): Package com.android.media.swcodec name not found! Using module version. >11-08 00:01:18.826:
I/NamespaceManager(5457): Package com.android.neuralnetworks name not found! Using module version. >11-08 00:01:18.826:
I/NamespaceManager(5457): Package com.android.media name not found! Using module version. >11-08 00:01:18.826:
I/NamespaceManager(5457): Package 1 name not found! Using module version. >11-08 00:01:18.827:
I/NamespaceManager(5457): Package rkpd name not found! Using module version. >11-08 00:01:18.827:
I/NamespaceManager(5457): Package com.google.android.devicelockcontroller name not found! Using module version. >11-08 00:01:18.827:
I/NamespaceManager(5457): Package com.google.android.healthfitness name not found! Using module version. >11-08 00:01:18.827:
I/NamespaceManager(5457): Package android.companion name not found! Using module version. >11-08 00:01:18.827:
I/NamespaceManager(5457): Package com.google.android.healthfitness name not found! Using module version. >11-08 00:01:18.827:
I/NamespaceManager(5457): Package com.google.android.aicore name not found! Using module version. >11-08 00:01:18.827:
W/PhenotypeConfigurationU(5457): Update for unknown DeviceConfig package com.google.android.gms.trustlet_onbody [CONTEXT service_id=204 ] >11-08 00:01:18.827:
W/PhenotypeConfigurationU(5457): cesr: No package exists for config package: com.google.android.gms.trustlet_onbody >11-08 00:01:18.827:
W/PhenotypeConfigurationU(5457): at cess.a(:com.google.android.gms@233316044@23.33.16 (190400-560149061):70) >11-08 00:01:18.827:
W/PhenotypeConfigurationU(5457): at com.google.android.gms.platformconfigurator.PhenotypeConfigurationUpdateListener.b(:com.google.android.gms@233316044@23.33.16 (190400-560149061):6) >11-08 00:01:18.827:
W/PhenotypeConfigurationU(5457): at com.google.android.gms.platformconfigurator.PhenotypeConfigurationUpdateListener.a(:com.google.android.gms@233316044@23.33.16 (190400-560149061):167) >11-08 00:01:18.827:
W/PhenotypeConfigurationU(5457): at com.google.android.gms.platformconfigurator.PhenotypeConfigurationUpdateListener.onHandleIntent(:com.google.android.gms@233316044@23.33.16 (190400-560149061):278) >11-08 00:01:18.827:
W/PhenotypeConfigurationU(5457): at com.google.android.chimera.IntentOperation.onHandleIntent(:com.google.android.gms@233316044@23.33.16 (190400-560149061):2) >11-08 00:01:18.827:
W/PhenotypeConfigurationU(5457): at adqc.onHandleIntent(:com.google.android.gms@233316044@23.33.16 (190400-560149061):10) >11-08 00:01:18.827:
W/PhenotypeConfigurationU(5457): at lep.run(:com.google.android.gms@233316044@23.33.16 (190400-560149061):70) >11-08 00:01:18.827:
W/PhenotypeConfigurationU(5457): at leo.run(:com.google.android.gms@233316044@23.33.16 (190400-560149061):152) >11-08 00:01:18.827:
W/PhenotypeConfigurationU(5457): at dpie.run(:com.google.android.gms@233316044@23.33.16 (190400-560149061):13) >11-08 00:01:18.827:
W/PhenotypeConfigurationU(5457): at java.util.concurrent.ThreadPoolExecutor.runWorker(ThreadPoolExecutor.java:1137) >11-08 00:01:18.827:
W/PhenotypeConfigurationU(5457): at java.util.concurrent.ThreadPoolExecutor$Worker.run(ThreadPoolExecutor.java:637) >11-08 00:01:18.827:
W/PhenotypeConfigurationU(5457): at java.lang.Thread.run(Thread.java:1012) >11-08 00:01:18.830:
W/PersonalSafety(8088): Debug page in internal setting false, false, false [CONTEXT service_id=310 ] >11-08 00:01:18.831:
I/PersonalSafety(8088): Displaying Google Setting item false, false, true [CONTEXT service_id=310 ] >11-08 00:01:18.835:
W/BpBinder(5457): Large outgoing transaction of 338692 bytes, interface descriptor <uncached descriptor>, code 4 >11-08 00:01:18.839:
E/ceok(5457): Phenotype API error. Event # eoej@de854741, EventCode: 5 [CONTEXT service_id=51 ] >11-08 00:01:18.839:
E/ceok(5457): cena: 29501: Stale snapshot for com.google.android.location(change count changed - expected 3 but was 0) >11-08 00:01:18.839:
E/ceok(5457): at ceop.b(:com.google.android.gms@233316044@23.33.16 (190400-560149061):824) >11-08 00:01:18.839:
E/ceok(5457): at ceon.g(:com.google.android.gms@233316044@23.33.16 (190400-560149061):3) >11-08 00:01:18.839:
E/ceok(5457): at ceok.e(:com.google.android.gms@233316044@23.33.16 (190400-560149061):18) >11-08 00:01:18.839:
E/ceok(5457): at ceok.f(:com.google.android.gms@233316044@23.33.16 (190400-560149061):11) >11-08 00:01:18.839:
E/ceok(5457): at bbkv.eY(:com.google.android.gms@233316044@23.33.16 (190400-560149061):1) >11-08 00:01:18.839:
E/ceok(5457): at bblc.run(:com.google.android.gms@233316044@23.33.16 (190400-560149061):144) >11-08 00:01:18.839:
E/ceok(5457): at dpie.run(:com.google.android.gms@233316044@23.33.16 (190400-560149061):13) >11-08 00:01:18.839:
E/ceok(5457): at agny.c(:com.google.android.gms@233316044@23.33.16 (190400-560149061):50) >11-08 00:01:18.839:
E/ceok(5457): at agny.run(:com.google.android.gms@233316044@23.33.16 (190400-560149061):97) >11-08 00:01:18.839:
E/ceok(5457): at java.util.concurrent.ThreadPoolExecutor.runWorker(ThreadPoolExecutor.java:1137) >11-08 00:01:18.839:
E/ceok(5457): at java.util.concurrent.ThreadPoolExecutor$Worker.run(ThreadPoolExecutor.java:637) >11-08 00:01:18.839:
E/ceok(5457): at agtg.run(:com.google.android.gms@233316044@23.33.16 (190400-560149061):8) >11-08 00:01:18.839:
E/ceok(5457): at java.lang.Thread.run(Thread.java:1012) >11-08 00:01:18.839:
W/A(5854): (REDACTED) Can't format flag %s to integer. >11-08 00:01:18.839:
W/A(5854): (REDACTED) Can't format flag %s to integer. >11-08 00:01:18.839:
W/A(5854): (REDACTED) Can't format flag %s to integer. >11-08 00:01:18.839:
W/AsyncOperation(5457): operation=CommitToConfigurationOperationCall, opStatusCode=29501 [CONTEXT service_id=51 ] >11-08 00:01:18.839:
W/AsyncOperation(5457): OperationException[Status{statusCode=Stale snapshot for com.google.android.location(change count changed - expected 3 but was 0), resolution=null}] >11-08 00:01:18.839:
W/AsyncOperation(5457): at ceok.e(:com.google.android.gms@233316044@23.33.16 (190400-560149061):55) >11-08 00:01:18.839:
W/AsyncOperation(5457): at ceok.f(:com.google.android.gms@233316044@23.33.16 (190400-560149061):11) >11-08 00:01:18.839:
W/AsyncOperation(5457): at bbkv.eY(:com.google.android.gms@233316044@23.33.16 (190400-560149061):1) >11-08 00:01:18.839:
W/AsyncOperation(5457): at bblc.run(:com.google.android.gms@233316044@23.33.16 (190400-560149061):144) >11-08 00:01:18.839:
W/AsyncOperation(5457): at dpie.run(:com.google.android.gms@233316044@23.33.16 (190400-560149061):13) >11-08 00:01:18.839:
W/AsyncOperation(5457): at agny.c(:com.google.android.gms@233316044@23.33.16 (190400-560149061):50) >11-08 00:01:18.839:
W/AsyncOperation(5457): at agny.run(:com.google.android.gms@233316044@23.33.16 (190400-560149061):97) >11-08 00:01:18.839:
W/AsyncOperation(5457): at java.util.concurrent.ThreadPoolExecutor.runWorker(ThreadPoolExecutor.java:1137) >11-08 00:01:18.839:
W/AsyncOperation(5457): at java.util.concurrent.ThreadPoolExecutor$Worker.run(ThreadPoolExecutor.java:637) >11-08 00:01:18.839:
W/AsyncOperation(5457): at agtg.run(:com.google.android.gms@233316044@23.33.16 (190400-560149061):8) >11-08 00:01:18.839:
W/AsyncOperation(5457): at java.lang.Thread.run(Thread.java:1012) >11-08 00:01:18.839:
W/A(5854): (REDACTED) Can't format flag %s to integer. >11-08 00:01:18.839:
W/A(5854): (REDACTED) Can't format flag %s to integer. >11-08 00:01:18.839:
W/A(5854): (REDACTED) Can't format flag %s to integer. >11-08 00:01:18.839:
W/A(5854): (REDACTED) Can't format flag %s to integer. >11-08 00:01:18.839:
W/A(5854): (REDACTED) Can't format flag %s to integer. >11-08 00:01:18.839:
W/A(5854): (REDACTED) Can't format flag %s to integer. >11-08 00:01:18.839:
W/A(5854): (REDACTED) Can't format flag %s to integer. >11-08 00:01:18.839:
W/A(5854): (REDACTED) Can't format flag %s to integer. >11-08 00:01:18.839:
W/A(5854): (REDACTED) Can't format flag %s to integer. >11-08 00:01:18.839:
W/A(5854): (REDACTED) Can't format flag %s to integer. >11-08 00:01:18.839:
W/A(5854): (REDACTED) Can't format flag %s to integer. >11-08 00:01:18.839:
W/A(5854): (REDACTED) Can't format flag %s to integer. >11-08 00:01:18.839:
W/A(5854): (REDACTED) Can't format flag %s to integer. >11-08 00:01:18.839:
W/A(5854): (REDACTED) Can't format flag %s to integer. >11-08 00:01:18.839:
W/A(5854): (REDACTED) Can't format flag %s to integer. >11-08 00:01:18.839:
W/A(5854): (REDACTED) Can't format flag %s to integer. >11-08 00:01:18.839:
W/A(5854): (REDACTED) Can't format flag %s to integer. >11-08 00:01:18.839:
W/A(5854): (REDACTED) Can't format flag %s to integer. >11-08 00:01:18.839:
W/A(5854): (REDACTED) Can't format flag %s to integer. >11-08 00:01:18.839:
W/A(5854): (REDACTED) Can't format flag %s to integer. >11-08 00:01:18.839:
W/A(5854): (REDACTED) Can't format flag %s to integer. >11-08 00:01:18.839:
