D/PhFileGroupPop(5744): Added file groups smarts_expressive_content_scoped_v1 >11-08 00:01:17.994:
D/PhFileGroupPop(5744): Added file groups smart_actions_sensitive_classifier_models >11-08 00:01:17.994:
W/ChimeraUtils(5457): Module com.google.android.gms.nearby_en missing resource null(0) >11-08 00:01:17.995:
D/PhFileGroupPop(5744): Added file groups calendar_appointment_grammar >11-08 00:01:17.995:
D/PhFileGroupPop(5744): Added file groups scripted_reply >11-08 00:01:17.995:
W/ChimeraUtils(5457): Module com.google.android.gms.nearby_en missing resource null(0) >11-08 00:01:17.995:
D/PhFileGroupPop(5744): Added file groups multitask_experiment >11-08 00:01:17.996:
D/PhFileGroupPop(5744): Added file groups birthday_suggestion >11-08 00:01:17.996:
D/PhFileGroupPop(5744): Added file groups birthday_grammars >11-08 00:01:17.997:
D/PhFileGroupPop(5744): Added file groups spam_verdict_enforcement_policy_config >11-08 00:01:17.997:
D/PhFileGroupPop(5744): Added file groups smart_suggestion_reranker_models >11-08 00:01:17.998:
D/PhFileGroupPop(5744): Added file groups supersort_us_grammars >11-08 00:01:17.999:
D/PhFileGroupPop(5744): Added file groups nudge >11-08 00:01:17.999:
I/Fitness(5457): OnPackageChangedOperation got intent: Intent { act=android.intent.action.PACKAGE_CHANGED dat=package: flg=0x5000010 pkg=com.google.android.gms cmp=com.google.android.gms/.chimera.PersistentIntentOperationService (has extras) } [CONTEXT service_id=17 ] >11-08 00:01:18.000:
D/BackupCallingPrefCtrl(1237): Not supported by framework. subId = 1 >11-08 00:01:18.000:
I/NamespaceManager(5457): Package com.android.media name not found! Using module version. >11-08 00:01:18.000:
I/NamespaceManager(5457): Package com.android.media.swcodec name not found! Using module version. >11-08 00:01:18.000:
D/PhFileGroupPop(5744): Added file groups calendar_appointment_grammar >11-08 00:01:18.002:
I/NamespaceManager(5457): Package com.android.neuralnetworks name not found! Using module version. >11-08 00:01:18.002:
I/NamespaceManager(5457): Package com.android.media name not found! Using module version. >11-08 00:01:18.005:
I/PhenotypeBackgroundRecv(3716): Skipping com.google.android.gms.icing.mdd#com.google.android.googlequicksearchbox which doesn't use ProcessStable flags. >11-08 00:01:18.005:
I/BgTaskExecutorImpl(5854): (REDACTED) Starting %s background task %s. >11-08 00:01:18.006:
I/Fitness(5457): FitCleanupIntentOperation received Intent android.intent.action.PACKAGE_CHANGED [CONTEXT service_id=17 ] >11-08 00:01:18.007:
I/NamespaceManager(5457): Package 1 name not found! Using module version. >11-08 00:01:18.008:
I/NamespaceManager(5457): Package rkpd name not found! Using module version. >11-08 00:01:18.009:
I/NamespaceManager(5457): Package com.google.android.devicelockcontroller name not found! Using module version. >11-08 00:01:18.009:
I/NamespaceManager(5457): Package com.google.android.healthfitness name not found! Using module version. >11-08 00:01:18.009:
I/NamespaceManager(5457): Package android.companion name not found! Using module version. >11-08 00:01:18.010:
I/NamespaceManager(5457): Package com.google.android.healthfitness name not found! Using module version. >11-08 00:01:18.012:
I/AiAiEcho(1529): EchoSearch: AppFetcherImpl is initialized with [19] apps [time=2, reason=com.google.android.apps.auth.test.support is added] >11-08 00:01:18.016:
I/NamespaceManager(5457): Package com.google.android.aicore name not found! Using module version. >11-08 00:01:18.017:
W/PhenotypeConfigurationU(5457): Update for unknown DeviceConfig package com.google.android.gms.potokens [CONTEXT service_id=204 ] >11-08 00:01:18.017:
W/PhenotypeConfigurationU(5457): cesr: No package exists for config package: com.google.android.gms.potokens >11-08 00:01:18.017:
W/PhenotypeConfigurationU(5457): at cess.a(:com.google.android.gms@233316044@23.33.16 (190400-560149061):70) >11-08 00:01:18.017:
W/PhenotypeConfigurationU(5457): at com.google.android.gms.platformconfigurator.PhenotypeConfigurationUpdateListener.b(:com.google.android.gms@233316044@23.33.16 (190400-560149061):6) >11-08 00:01:18.017:
W/PhenotypeConfigurationU(5457): at com.google.android.gms.platformconfigurator.PhenotypeConfigurationUpdateListener.a(:com.google.android.gms@233316044@23.33.16 (190400-560149061):167) >11-08 00:01:18.017:
W/PhenotypeConfigurationU(5457): at com.google.android.gms.platformconfigurator.PhenotypeConfigurationUpdateListener.onHandleIntent(:com.google.android.gms@233316044@23.33.16 (190400-560149061):278) >11-08 00:01:18.017:
W/PhenotypeConfigurationU(5457): at com.google.android.chimera.IntentOperation.onHandleIntent(:com.google.android.gms@233316044@23.33.16 (190400-560149061):2) >11-08 00:01:18.017:
W/PhenotypeConfigurationU(5457): at adqc.onHandleIntent(:com.google.android.gms@233316044@23.33.16 (190400-560149061):10) >11-08 00:01:18.017:
W/PhenotypeConfigurationU(5457): at lep.run(:com.google.android.gms@233316044@23.33.16 (190400-560149061):70) >11-08 00:01:18.017:
W/PhenotypeConfigurationU(5457): at leo.run(:com.google.android.gms@233316044@23.33.16 (190400-560149061):152) >11-08 00:01:18.017:
W/PhenotypeConfigurationU(5457): at dpie.run(:com.google.android.gms@233316044@23.33.16 (190400-560149061):13) >11-08 00:01:18.017:
W/PhenotypeConfigurationU(5457): at java.util.concurrent.ThreadPoolExecutor.runWorker(ThreadPoolExecutor.java:1137) >11-08 00:01:18.017:
W/PhenotypeConfigurationU(5457): at java.util.concurrent.ThreadPoolExecutor$Worker.run(ThreadPoolExecutor.java:637) >11-08 00:01:18.017:
W/PhenotypeConfigurationU(5457): at java.lang.Thread.run(Thread.java:1012) >11-08 00:01:18.019:
I/NamespaceManager(5457): Package com.android.refreshratecontrol name not found! Using module version. >11-08 00:01:18.020:
I/NamespaceManager(5457): Package com.google.oslo name not found! Using module version. >11-08 00:01:18.020:
W/JobScheduler(577): Job didn't exist in JobStore: 6980ce6 #u0a119/-43 com.google.android.googlequicksearchbox/com.google.android.apps.gsa.tasks.BackgroundTasksJobService >11-08 00:01:18.023:
I/NamespaceManager(5457): Package com.android.media name not found! Using module version. >11-08 00:01:18.023:
I/NamespaceManager(5457): Package com.android.media.swcodec name not found! Using module version. >11-08 00:01:18.023:
I/Icing(5449): Indexing com.google.android.gms-apps from com.google.android.gms >11-08 00:01:18.024:
I/NamespaceManager(5457): Package com.android.neuralnetworks name not found! Using module version. >11-08 00:01:18.024:
I/NamespaceManager(5457): Package com.android.media name not found! Using module version. >11-08 00:01:18.024:
I/NamespaceManager(5457): Package 1 name not found! Using module version. >11-08 00:01:18.024:
I/Icing(5449): Indexing done com.google.android.gms-apps >11-08 00:01:18.024:
I/NamespaceManager(5457): Package rkpd name not found! Using module version. >11-08 00:01:18.024:
I/NamespaceManager(5457): Package com.google.android.devicelockcontroller name not found! Using module version. >11-08 00:01:18.024:
I/NamespaceManager(5457): Package com.google.android.healthfitness name not found! Using module version. >11-08 00:01:18.025:
I/NamespaceManager(5457): Package android.companion name not found! Using module version. >11-08 00:01:18.025:
I/NamespaceManager(5457): Package com.google.android.healthfitness name not found! Using module version. >11-08 00:01:18.025:
D/PhFileGroupPop(5744): Added file groups birthday_suggestion >11-08 00:01:18.025:
D/PhFileGroupPop(5744): Added file groups birthday_grammars >11-08 00:01:18.025:
E/MDD(5744): FileGroupManager: Trying to add expired group webref-model-local. >11-08 00:01:18.025:
W/MDD(5744): MDDManager class bidp >11-08 00:01:18.025:
E/MDD(5744): FilteringPopulator: Failed to add file group: bidp >11-08 00:01:18.026:
I/NamespaceManager(5457): Package com.google.android.aicore name not found! Using module version. >11-08 00:01:18.027:
W/PhenotypeConfigurationU(5457): Update for unknown DeviceConfig package com.google.android.gms.httpflags#com.google.android.gms [CONTEXT service_id=204 ] >11-08 00:01:18.027:
W/PhenotypeConfigurationU(5457): cesr: No package exists for config package: com.google.android.gms.httpflags#com.google.android.gms >11-08 00:01:18.027:
W/PhenotypeConfigurationU(5457): at cess.a(:com.google.android.gms@233316044@23.33.16 (190400-560149061):70) >11-08 00:01:18.027:
W/PhenotypeConfigurationU(5457): at com.google.android.gms.platformconfigurator.PhenotypeConfigurationUpdateListener.b(:com.google.android.gms@233316044@23.33.16 (190400-560149061):6) >11-08 00:01:18.027:
W/PhenotypeConfigurationU(5457): at com.google.android.gms.platformconfigurator.PhenotypeConfigurationUpdateListener.a(:com.google.android.gms@233316044@23.33.16 (190400-560149061):167) >11-08 00:01:18.027:
W/PhenotypeConfigurationU(5457): at com.google.android.gms.platformconfigurator.PhenotypeConfigurationUpdateListener.onHandleIntent(:com.google.android.gms@233316044@23.33.16 (190400-560149061):278) >11-08 00:01:18.027:
W/PhenotypeConfigurationU(5457): at com.google.android.chimera.IntentOperation.onHandleIntent(:com.google.android.gms@233316044@23.33.16 (190400-560149061):2) >11-08 00:01:18.027:
W/PhenotypeConfigurationU(5457): at adqc.onHandleIntent(:com.google.android.gms@233316044@23.33.16 (190400-560149061):10) >11-08 00:01:18.027:
W/PhenotypeConfigurationU(5457): at lep.run(:com.google.android.gms@233316044@23.33.16 (190400-560149061):70) >11-08 00:01:18.027:
W/PhenotypeConfigurationU(5457): at leo.run(:com.google.android.gms@233316044@23.33.16 (190400-560149061):152) >11-08 00:01:18.027:
W/PhenotypeConfigurationU(5457): at dpie.run(:com.google.android.gms@233316044@23.33.16 (190400-560149061):13) >11-08 00:01:18.027:
W/PhenotypeConfigurationU(5457): at java.util.concurrent.ThreadPoolExecutor.runWorker(ThreadPoolExecutor.java:1137) >11-08 00:01:18.027:
W/PhenotypeConfigurationU(5457): at java.util.concurrent.ThreadPoolExecutor$Worker.run(ThreadPoolExecutor.java:637) >11-08 00:01:18.027:
W/PhenotypeConfigurationU(5457): at java.lang.Thread.run(Thread.java:1012) >11-08 00:01:18.028:
I/AiAiEcho(1529): EchoSearch: WidgetFetcherImpl is initialized with [23] widgets [reason=package added for userId: 0] >11-08 00:01:18.029:
D/TrafficStats(5744): tagSocket(87) with statsTag=0xffffffff, statsUid=-1 >11-08 00:01:18.038:
I/Icing(5449): Indexing com.google.android.gms-apps from com.google.android.gms >11-08 00:01:18.039:
I/PhenotypeBackgroundRecv(3716): Successfully updated snapshot for com.google.android.libraries.notifications#com.google.android.googlequicksearchbox >11-08 00:01:18.038:
I/Icing(5449): Indexing done com.google.android.gms-apps >11-08 00:01:18.043:
I/NamespaceManager(5457): Package com.android.refreshratecontrol name not found! Using module version. >11-08 00:01:18.044:
I/NamespaceManager(5457): Package com.google.oslo name not found! Using module version. >11-08 00:01:18.044:
W/ChimeraUtils(5457): Module com.google.android.gms.nearby_en missing resource null(0) >11-08 00:01:18.046:
I/NamespaceManager(5457): Package com.android.media name not found! Using module version. >11-08 00:01:18.046:
I/NamespaceManager(5457): Package com.android.media.swcodec name not found! Using module version. >11-08 00:01:18.046:
D/bjon(5744): Starting download: https://www.gstatic.com/webref-ondevice/am/20231029/c614a972d9b813f798acf1082e05684154074308.zip >11-08 00:01:18.046:
V/bjon(5744): Is http uri, downloading (uri: https://www.gstatic.com/webref-ondevice/am/20231029/c614a972d9b813f798acf1082e05684154074308.zip) >11-08 00:01:18.046:
I/NamespaceManager(5457): Package com.android.neuralnetworks name not found! Using module version. >11-08 00:01:18.047:
I/NamespaceManager(5457): Package com.android.media name not found! Using module version. >11-08 00:01:18.047:
I/NamespaceManager(5457): Package 1 name not found! Using module version. >11-08 00:01:18.047:
I/NamespaceManager(5457): Package rkpd name not found! Using module version. >11-08 00:01:18.047:
I/NamespaceManager(5457): Package com.google.android.devicelockcontroller name not found! Using module version. >11-08 00:01:18.047:
I/NamespaceManager(5457): Package com.google.android.healthfitness name not found! Using module version. >11-08 00:01:18.047:
I/NamespaceManager(5457): Package android.companion name not found! Using module version. >11-08 00:01:18.047:
W/ChimeraUtils(5457): Module com.google.android.gms.nearby_en missing resource null(0) >11-08 00:01:18.047:
I/NamespaceManager(5457): Package com.google.android.healthfitness name not found! Using module version. >11-08 00:01:18.048:
I/NamespaceManager(5457): Package com.google.android.aicore name not found! Using module version. >11-08 00:01:18.048:
W/PhenotypeConfigurationU(5457): Update for unknown DeviceConfig package com.google.android.gms.threadnetwork#com.google.android.gms [CONTEXT service_id=204 ] >11-08 00:01:18.048:
W/PhenotypeConfigurationU(5457): cesr: No package exists for config package: com.google.android.gms.threadnetwork#com.google.android.gms >11-08 00:01:18.048:
W/PhenotypeConfigurationU(5457): at cess.a(:com.google.android.gms@233316044@23.33.16 (190400-560149061):70) >11-08 00:01:18.048:
W/PhenotypeConfigurationU(5457): at com.google.android.gms.platformconfigurator.PhenotypeConfigurationUpdateListener.b(:com.google.android.gms@233316044@23.33.16 (190400-560149061):6) >11-08 00:01:18.048:
W/PhenotypeConfigurationU(5457): at com.google.android.gms.platformconfigurator.PhenotypeConfigurationUpdateListener.a(:com.google.android.gms@233316044@23.33.16 (190400-560149061):167) >11-08 00:01:18.048:
W/PhenotypeConfigurationU(5457): at com.google.android.gms.platformconfigurator.PhenotypeConfigurationUpdateListener.onHandleIntent(:com.google.android.gms@233316044@23.33.16 (190400-560149061):278) >11-08 00:01:18.048:
W/PhenotypeConfigurationU(5457): at com.google.android.chimera.IntentOperation.onHandleIntent(:com.google.android.gms@233316044@23.33.16 (190400-560149061):2) >11-08 00:01:18.048:
W/PhenotypeConfigurationU(5457): at adqc.onHandleIntent(:com.google.android.gms@233316044@23.33.16 (190400-560149061):10) >11-08 00:01:18.048:
W/PhenotypeConfigurationU(5457): at lep.run(:com.google.android.gms@233316044@23.33.16 (190400-560149061):70) >11-08 00:01:18.048:
W/PhenotypeConfigurationU(5457): at leo.run(:com.google.android.gms@233316044@23.33.16 (190400-560149061):152) >11-08 00:01:18.048:
W/PhenotypeConfigurationU(5457): at dpie.run(:com.google.android.gms@233316044@23.33.16 (190400-560149061):13) >11-08 00:01:18.048:
W/PhenotypeConfigurationU(5457): at java.util.concurrent.ThreadPoolExecutor.runWorker(ThreadPoolExecutor.java:1137) >11-08 00:01:18.048:
W/PhenotypeConfigurationU(5457): at java.util.concurrent.ThreadPoolExecutor$Worker.run(ThreadPoolExecutor.java:637) >11-08 00:01:18.048:
W/PhenotypeConfigurationU(5457): at java.lang.Thread.run(Thread.java:1012) >11-08 00:01:18.048:
W/BpBinder(5457): Large outgoing transaction of 338692 bytes, interface descriptor <uncached descriptor>, code 4 >11-08 00:01:18.049:
I/NamespaceManager(5457): Package com.android.refreshratecontrol name not found! Using module version. >11-08 00:01:18.049:
I/NamespaceManager(5457): Package com.google.oslo name not found! Using module version. >11-08 00:01:18.049:
I/A(5854): (REDACTED) Refusing EXCLUSIVE task %s, it is already pending. Try again in %d seconds. >11-08 00:01:18.049:
I/NamespaceManager(5457): Package com.android.media name not found! Using module version. >11-08 00:01:18.049:
I/NamespaceManager(5457): Package com.android.media.swcodec name not found! Using module version. >11-08 00:01:18.049:
I/NamespaceManager(5457): Package com.android.neuralnetworks name not found! Using module version. >11-08 00:01:18.049:
I/NamespaceManager(5457): Package com.android.media name not found! Using module version. >11-08 00:01:18.049:
I/NamespaceManager(5457): Package 1 name not found! Using module version. >11-08 00:01:18.050:
I/NamespaceManager(5457): Package rkpd name not found! Using module version. >11-08 00:01:18.050:
I/NamespaceManager(5457): Package com.google.android.devicelockcontroller name not found! Using module version. >11-08 00:01:18.050:
I/NamespaceManager(5457): Package com.google.android.healthfitness name not found! Using module version. >11-08 00:01:18.050:
I/NamespaceManager(5457): Package android.companion name not found! Using module version. >11-08 00:01:18.050:
I/NamespaceManager(5457): Package com.google.android.healthfitness name not found! Using module version. >11-08 00:01:18.050:
I/NamespaceManager(5457): Package com.google.android.aicore name not found! Using module version. >11-08 00:01:18.050:
I/PhenotypeBackgroundRecv(3716): Skipping com.google.android.apps.search.smartsetup#com.google.android.googlequicksearchbox which doesn't use ProcessStable flags. >11-08 00:01:18.050:
W/PhenotypeConfigurationU(5457): Update for unknown DeviceConfig package com.google.android.gms.dtdi_logging#com.google.android.gms [CONTEXT service_id=204 ] >11-08 00:01:18.050:
W/PhenotypeConfigurationU(5457): cesr: No package exists for config package: com.google.android.gms.dtdi_logging#com.google.android.gms >11-08 00:01:18.050:
W/PhenotypeConfigurationU(5457): at cess.a(:com.google.android.gms@233316044@23.33.16 (190400-560149061):70) >11-08 00:01:18.050:
W/PhenotypeConfigurationU(5457): at com.google.android.gms.platformconfigurator.PhenotypeConfigurationUpdateListener.b(:com.google.android.gms@233316044@23.33.16 (190400-560149061):6) >11-08 00:01:18.050:
W/PhenotypeConfigurationU(5457): at com.google.android.gms.platformconfigurator.PhenotypeConfigurationUpdateListener.a(:com.google.android.gms@233316044@23.33.16 (190400-560149061):167) >11-08 00:01:18.050:
W/PhenotypeConfigurationU(5457): at com.google.android.gms.platformconfigurator.PhenotypeConfigurationUpdateListener.onHandleIntent(:com.google.android.gms@233316044@23.33.16 (190400-560149061):278) >11-08 00:01:18.050:
W/PhenotypeConfigurationU(5457): at com.google.android.chimera.IntentOperation.onHandleIntent(:com.google.android.gms@233316044@23.33.16 (190400-560149061):2) >11-08 00:01:18.050:
W/PhenotypeConfigurationU(5457): at adqc.onHandleIntent(:com.google.android.gms@233316044@23.33.16 (190400-560149061):10) >11-08 00:01:18.050:
W/PhenotypeConfigurationU(5457): at lep.run(:com.google.android.gms@233316044@23.33.16 (190400-560149061):70) >11-08 00:01:18.050:
W/PhenotypeConfigurationU(5457): at leo.run(:com.google.android.gms@233316044@23.33.16 (190400-560149061):152) >11-08 00:01:18.050:
W/PhenotypeConfigurationU(5457): at dpie.run(:com.google.android.gms@233316044@23.33.16 (190400-560149061):13) >11-08 00:01:18.050:
W/PhenotypeConfigurationU(5457): at java.util.concurrent.ThreadPoolExecutor.runWorker(ThreadPoolExecutor.java:1137) >11-08 00:01:18.050:
W/PhenotypeConfigurationU(5457): at java.util.concurrent.ThreadPoolExecutor$Worker.run(ThreadPoolExecutor.java:637) >11-08 00:01:18.050:
W/PhenotypeConfigurationU(5457): at java.lang.Thread.run(Thread.java:1012) >11-08 00:01:18.053:
W/A(5854): (REDACTED) Can't format flag %s to integer. >11-08 00:01:18.053:
W/A(5854): (REDACTED) Can't format flag %s to integer. >11-08 00:01:18.053:
W/A(5854): (REDACTED) Can't format flag %s to integer. >11-08 00:01:18.053:
W/A(5854): (REDACTED) Can't format flag %s to integer. >11-08 00:01:18.053:
W/A(5854): (REDACTED) Can't format flag %s to integer. >11-08 00:01:18.053:
W/A(5854): (REDACTED) Can't format flag %s to integer. >11-08 00:01:18.053:
W/A(5854): (REDACTED) Can't format flag %s to integer. >11-08 00:01:18.053:
W/A(5854): (REDACTED) Can't format flag %s to integer. >11-08 00:01:18.053:
W/A(5854): (REDACTED) Can't format flag %s to integer. >11-08 00:01:18.053:
W/A(5854): (REDACTED) Can't format flag %s to integer. >11-08 00:01:18.053:
W/A(5854): (REDACTED) Can't format flag %s to integer. >11-08 00:01:18.053:
W/A(5854): (REDACTED) Can't format flag %s to integer. >11-08 00:01:18.053:
W/A(5854): (REDACTED) Can't format flag %s to integer. >11-08 00:01:18.053:
W/A(5854): (REDACTED) Can't format flag %s to integer. >11-08 00:01:18.053:
W/A(5854): (REDACTED) Can't format flag %s to integer. >11-08 00:01:18.053:
W/A(5854): (REDACTED) Can't format flag %s to integer. >11-08 00:01:18.053:
W/A(5854): (REDACTED) Can't format flag %s to integer. >11-08 00:01:18.053:
W/A(5854): (REDACTED) Can't format flag %s to integer. >11-08 00:01:18.053:
W/A(5854): (REDACTED) Can't format flag %s to integer. >11-08 00:01:18.053:
W/A(5854): (REDACTED) Can't format flag %s to integer. >11-08 00:01:18.053:
W/A(5854): (REDACTED) Can't format flag %s to integer. >11-08 00:01:18.053:
W/A(5854): (REDACTED) Can't format flag %s to integer. >11-08 00:01:18.053:
W/A(5854): (REDACTED) Can't format flag %s to integer. >11-08 00:01:18.053:
W/A(5854): (REDACTED) Can't format flag %s to integer. >11-08 00:01:18.055:
D/BackupCallingPrefCtrl(1237): Not supported by framework. subId = 1 >11-08 00:01:18.055:
D/TrafficStats(5744): tagSocket(86) with statsTag=0xffffffff, statsUid=-1 >11-08 00:01:18.058:
E/PhFileGroupPop(5744): Failed to add file group >11-08 00:01:18.059:
E/PhFileGroupPop(5744): Failed to add file group >11-08 00:01:18.059:
E/PhFileGroupPop(5744): Failed to add file group >11-08 00:01:18.059:
E/PhFileGroupPop(5744): Failed to add file group >11-08 00:01:18.059:
E/PhFileGroupPop(5744): Failed to add file group >11-08 00:01:18.059:
E/PhFileGroupPop(5744): Failed to add file group >11-08 00:01:18.059:
E/PhFileGroupPop(5744): Failed to add file group >11-08 00:01:18.059:
E/PhFileGroupPop(5744): Failed to add file group >11-08 00:01:18.059:
E/PhFileGroupPop(5744): Failed to add file group >11-08 00:01:18.059:
E/PhFileGroupPop(5744): Failed to add file group >11-08 00:01:18.059:
E/PhFileGroupPop(5744): Failed to add file group >11-08 00:01:18.059:
E/PhFileGroupPop(5744): Failed to add file group >11-08 00:01:18.059:
E/PhFileGroupPop(5744): Failed to add file group >11-08 00:01:18.059:
E/PhFileGroupPop(5744): Failed to add file group >11-08 00:01:18.059:
E/bvwi(5744): RuntimeException while executing runnable bvzf{brhp@96a9e11} with executor MoreExecutors.directExecutor() >11-08 00:01:18.059:
E/bvwi(5744): java.lang.NullPointerException: Attempt to read from field 'java.lang.String bhsn.b' on a null object reference in method 'void biwt.b(java.lang.Object)' >11-08 00:01:18.059:
E/bvwi(5744): at biwt.b(PG:2) >11-08 00:01:18.059:
E/bvwi(5744): at brhp.b(PG:2) >11-08 00:01:18.059:
E/bvwi(5744): at bvzf.run(PG:7) >11-08 00:01:18.059:
E/bvwi(5744): at bvyj.execute(PG:1) >11-08 00:01:18.059:
E/bvwi(5744): at bvwi.o(PG:1) >11-08 00:01:18.059:
E/bvwi(5744): at bvwi.b(PG:5) >11-08 00:01:18.059:
E/bvwi(5744): at bvzm.r(PG:2) >11-08 00:01:18.059:
E/bvwi(5744): at brjq.l(PG:1) >11-08 00:01:18.059:
E/bvwi(5744): at biwv.a(PG:15) >11-08 00:01:18.059:
E/bvwi(5744): at agpy.a(PG:2) >11-08 00:01:18.059:
E/bvwi(5744): at bhyc.m(PG:3) >11-08 00:01:18.059:
E/bvwi(5744): at bhxq.a(Unknown Source:4) >11-08 00:01:18.059:
E/bvwi(5744): at brht.a(PG:2) >11-08 00:01:18.059:
E/bvwi(5744): at bvwm.d(PG:2) >11-08 00:01:18.059:
E/bvwi(5744): at bvwo.run(PG:9) >11-08 00:01:18.059:
E/bvwi(5744): at bwap.run(PG:4) >11-08 00:01:18.059:
E/bvwi(5744): at bfab.run(PG:1) >11-08 00:01:18.059:
E/bvwi(5744): at java.util.concurrent.ThreadPoolExecutor.runWorker(ThreadPoolExecutor.java:1137) >11-08 00:01:18.059:
E/bvwi(5744): at java.util.concurrent.ThreadPoolExecutor$Worker.run(ThreadPoolExecutor.java:637) >11-08 00:01:18.059:
E/bvwi(5744): at bezh.run(PG:2) >11-08 00:01:18.059:
E/bvwi(5744): at bezn.run(PG:4) >11-08 00:01:18.059:
E/bvwi(5744): at java.lang.Thread.run(Thread.java:1012) >11-08 00:01:18.059:
E/bvwi(5744): RuntimeException while executing runnable bvzf{brhp@c6f2577} with executor MoreExecutors.directExecutor() >11-08 00:01:18.059:
E/bvwi(5744): java.lang.NullPointerException: Attempt to read from field 'java.lang.String bhsn.b' on a null object reference in method 'void biwt.b(java.lang.Object)' >11-08 00:01:18.059:
E/bvwi(5744): at biwt.b(PG:2) >11-08 00:01:18.059:
E/bvwi(5744): at brhp.b(PG:2) >11-08 00:01:18.059:
E/bvwi(5744): at bvzf.run(PG:7) >11-08 00:01:18.059:
E/bvwi(5744): at bvyj.execute(PG:1) >11-08 00:01:18.059:
E/bvwi(5744): at bvwi.o(PG:1) >11-08 00:01:18.059:
E/bvwi(5744): at bvwi.b(PG:5) >11-08 00:01:18.059:
E/bvwi(5744): at bvzm.r(PG:2) >11-08 00:01:18.059:
E/bvwi(5744): at brjq.l(PG:1) >11-08 00:01:18.059:
E/bvwi(5744): at biwv.a(PG:15) >11-08 00:01:18.059:
E/bvwi(5744): at agpy.a(PG:2) >11-08 00:01:18.059:
E/bvwi(5744): at bhyc.m(PG:3) >11-08 00:01:18.059:
E/bvwi(5744): at bhxq.a(Unknown Source:4) >11-08 00:01:18.059:
E/bvwi(5744): at brht.a(PG:2) >11-08 00:01:18.059:
E/bvwi(5744): at bvwm.d(PG:2) >11-08 00:01:18.059:
E/bvwi(5744): at bvwo.run(PG:9) >11-08 00:01:18.059:
E/bvwi(5744): at bwap.run(PG:4) >11-08 00:01:18.059:
E/bvwi(5744): at bfab.run(PG:1) >11-08 00:01:18.059:
E/bvwi(5744): at java.util.concurrent.ThreadPoolExecutor.runWorker(ThreadPoolExecutor.java:1137) >11-08 00:01:18.059:
E/bvwi(5744): at java.util.concurrent.ThreadPoolExecutor$Worker.run(ThreadPoolExecutor.java:637) >11-08 00:01:18.059:
E/bvwi(5744): at bezh.run(PG:2) >11-08 00:01:18.059:
E/bvwi(5744): at bezn.run(PG:4) >11-08 00:01:18.059:
E/bvwi(5744): at java.lang.Thread.run(Thread.java:1012) >11-08 00:01:18.059:
E/bvwi(5744): RuntimeException while executing runnable bvzf{brhp@d4a0a4d} with executor MoreExecutors.directExecutor() >11-08 00:01:18.059:
E/bvwi(5744): java.lang.NullPointerException: Attempt to read from field 'java.lang.String bhsn.b' on a null object reference in method 'void biwt.b(java.lang.Object)' >11-08 00:01:18.059:
E/bvwi(5744): at biwt.b(PG:2) >11-08 00:01:18.059:
E/bvwi(5744): at brhp.b(PG:2) >11-08 00:01:18.059:
E/bvwi(5744): at bvzf.run(PG:7) >11-08 00:01:18.059:
E/bvwi(5744): at bvyj.execute(PG:1) >11-08 00:01:18.059:
E/bvwi(5744): at bvwi.o(PG:1) >11-08 00:01:18.059:
E/bvwi(5744): at bvwi.b(PG:5) >11-08 00:01:18.059:
E/bvwi(5744): at bvzm.r(PG:2) >11-08 00:01:18.059:
E/bvwi(5744): at brjq.l(PG:1) >11-08 00:01:18.059:
E/bvwi(5744): at biwv.a(PG:15) >11-08 00:01:18.059:
E/bvwi(5744): at agpy.a(PG:2) >11-08 00:01:18.059:
E/bvwi(5744): at bhyc.m(PG:3) >11-08 00:01:18.059:
E/bvwi(5744): at bhxq.a(Unknown Source:4) >11-08 00:01:18.059:
E/bvwi(5744): at brht.a(PG:2) >11-08 00:01:18.059:
E/bvwi(5744): at bvwm.d(PG:2) >11-08 00:01:18.059:
E/bvwi(5744): at bvwo.run(PG:9) >11-08 00:01:18.059:
E/bvwi(5744): at bwap.run(PG:4) >11-08 00:01:18.059:
E/bvwi(5744): at bfab.run(PG:1) >11-08 00:01:18.059:
E/bvwi(5744): at java.util.concurrent.ThreadPoolExecutor.runWorker(ThreadPoolExecutor.java:1137) >11-08 00:01:18.059:
E/bvwi(5744): at java.util.concurrent.ThreadPoolExecutor$Worker.run(ThreadPoolExecutor.java:637) >11-08 00:01:18.059:
E/bvwi(5744): at bezh.run(PG:2) >11-08 00:01:18.059:
E/bvwi(5744): at bezn.run(PG:4) >11-08 00:01:18.059:
E/bvwi(5744): at java.lang.Thread.run(Thread.java:1012) >11-08 00:01:18.059:
D/PhFileGroupPop(5744): Added file groups webref-model-local-index >11-08 00:01:18.061:
I/A(5854): (REDACTED) Refusing EXCLUSIVE task %s, it is already pending. Try again in %d seconds. >11-08 00:01:18.061:
I/FedAssExpListener(5854): Fed-ass not supported for signed out users. >11-08 00:01:18.061:
I/FedAssExpListener(5854): Successfully processed experiments changed. >11-08 00:01:18.062:
I/A(5854): NGA enabled in interactor. >11-08 00:01:18.062:
I/OpaEligibilityChecker(5854): send OpaEligibilityChange broadcast to CommonBroadcastReceiver >11-08 00:01:18.064:
I/NamespaceManager(5457): Package com.android.refreshratecontrol name not found! Using module version. >11-08 00:01:18.064:
I/NamespaceManager(5457): Package com.google.oslo name not found! Using module version. >11-08 00:01:18.065:
I/NamespaceManager(5457): Package com.android.media name not found! Using module version. >11-08 00:01:18.065:
I/NamespaceManager(5457): Package com.android.media.swcodec name not found! Using module version. >11-08 00:01:18.065:
I/NamespaceManager(5457): Package com.android.neuralnetworks name not found! Using module version. >11-08 00:01:18.065:
I/NamespaceManager(5457): Package com.android.media name not found! Using module version. >11-08 00:01:18.065:
I/NamespaceManager(5457): Package 1 name not found! Using module version. >11-08 00:01:18.065:
I/NamespaceManager(5457): Package rkpd name not found! Using module version. >11-08 00:01:18.065:
I/NamespaceManager(5457): Package com.google.android.devicelockcontroller name not found! Using module version. >11-08 00:01:18.065:
I/NamespaceManager(5457): Package com.google.android.healthfitness name not found! Using module version. >11-08 00:01:18.065:
I/NamespaceManager(5457): Package android.companion name not found! Using module version. >11-08 00:01:18.065:
I/NamespaceManager(5457): Package com.google.android.healthfitness name not found! Using module version. >11-08 00:01:18.065:
I/NamespaceManager(5457): Package com.google.android.aicore name not found! Using module version. >11-08 00:01:18.065:
W/CorpusConfigHelper(5854): Invalid input from icing corpus JSON flag. >11-08 00:01:18.065:
W/CorpusConfigHelper(5854): android.util.MalformedJsonException: Use JsonReader.setLenient(true) to accept malformed JSON at line 123 column 2 >11-08 00:01:18.065:
W/CorpusConfigHelper(5854): at android.util.JsonReader.syntaxError(JsonReader.java:1162) >11-08 00:01:18.065:
W/CorpusConfigHelper(5854): at android.util.JsonReader.checkLenient(JsonReader.java:840) >11-08 00:01:18.065:
W/CorpusConfigHelper(5854): at android.util.JsonReader.nextInArray(JsonReader.java:615) >11-08 00:01:18.065:
W/CorpusConfigHelper(5854): at android.util.JsonReader.peek(JsonReader.java:345) >11-08 00:01:18.065:
W/CorpusConfigHelper(5854): at android.util.JsonReader.hasNext(JsonReader.java:321) >11-08 00:01:18.065:
W/CorpusConfigHelper(5854): at com.google.android.apps.gsa.searchbox.c.b.b.k.c(PG:7) >11-08 00:01:18.065:
W/CorpusConfigHelper(5854): at com.google.android.apps.gsa.searchbox.c.b.b.j.a(Unknown Source:2) >11-08 00:01:18.065:
W/CorpusConfigHelper(5854): at com.google.android.apps.gsa.search.core.i.o.run(PG:5) >11-08 00:01:18.065:
W/CorpusConfigHelper(5854): at com.google.android.libraries.gsa.k.a.h.run(PG:2) >11-08 00:01:18.065:
W/CorpusConfigHelper(5854): at com.google.android.apps.gsa.shared.util.c.a.ce.b(PG:1) >11-08 00:01:18.065:
W/CorpusConfigHelper(5854): at com.google.android.apps.gsa.shared.util.c.a.ch.run(PG:1) >11-08 00:01:18.065:
W/CorpusConfigHelper(5854): at com.google.android.libraries.i.af.run(PG:1) >11-08 00:01:18.065:
W/CorpusConfigHelper(5854): at com.google.android.libraries.i.an.run(PG:23) >11-08 00:01:18.065:
W/CorpusConfigHelper(5854): at com.google.android.libraries.i.l.run(PG:2) >11-08 00:01:18.065:
W/CorpusConfigHelper(5854): at com.google.android.libraries.i.q.run(PG:4) >11-08 00:01:18.065:
W/CorpusConfigHelper(5854): at java.lang.Thread.run(Thread.java:1012) >11-08 00:01:18.066:
W/PhenotypeConfigurationU(5457): Update for unknown DeviceConfig package com.google.android.gms.security [CONTEXT service_id=204 ] >11-08 00:01:18.066:
W/PhenotypeConfigurationU(5457): cesr: No package exists for config package: com.google.android.gms.security >11-08 00:01:18.066:
W/PhenotypeConfigurationU(5457): at cess.a(:com.google.android.gms@233316044@23.33.16 (190400-560149061):70) >11-08 00:01:18.066:
W/PhenotypeConfigurationU(5457): at com.google.android.gms.platformconfigurator.PhenotypeConfigurationUpdateListener.b(:com.google.android.gms@233316044@23.33.16 (190400-560149061):6) >11-08 00:01:18.066:
W/PhenotypeConfigurationU(5457): at com.google.android.gms.platformconfigurator.PhenotypeConfigurationUpdateListener.a(:com.google.android.gms@233316044@23.33.16 (190400-560149061):167) >11-08 00:01:18.066:
W/PhenotypeConfigurationU(5457): at com.google.android.gms.platformconfigurator.PhenotypeConfigurationUpdateListener.onHandleIntent(:com.google.android.gms@233316044@23.33.16 (190400-560149061):278) >11-08 00:01:18.066:
W/PhenotypeConfigurationU(5457): at com.google.android.chimera.IntentOperation.onHandleIntent(:com.google.android.gms@233316044@23.33.16 (190400-560149061):2) >11-08 00:01:18.066:
W/PhenotypeConfigurationU(5457): at adqc.onHandleIntent(:com.google.android.gms@233316044@23.33.16 (190400-560149061):10) >11-08 00:01:18.066:
W/PhenotypeConfigurationU(5457): at lep.run(:com.google.android.gms@233316044@23.33.16 (190400-560149061):70) >11-08 00:01:18.066:
W/PhenotypeConfigurationU(5457): at leo.run(:com.google.android.gms@233316044@23.33.16 (190400-560149061):152) >11-08 00:01:18.066:
W/PhenotypeConfigurationU(5457): at dpie.run(:com.google.android.gms@233316044@23.33.16 (190400-560149061):13) >11-08 00:01:18.066:
W/PhenotypeConfigurationU(5457): at java.util.concurrent.ThreadPoolExecutor.runWorker(ThreadPoolExecutor.java:1137) >11-08 00:01:18.066:
W/PhenotypeConfigurationU(5457): at java.util.concurrent.ThreadPoolExecutor$Worker.run(ThreadPoolExecutor.java:637) >11-08 00:01:18.066:
W/PhenotypeConfigurationU(5457): at java.lang.Thread.run(Thread.java:1012) >11-08 00:01:18.069:
E/MDD(5744): DownloadProgressMonitor: Can't find file group for uri: android://com.google.android.apps.messaging/files/datadownload/shared/public/datadownloadfile_1695691956950 >11-08 00:01:18.072:
I/Icing(5449): IndexChimeraService.getServiceInterface callingPackage=com.google.android.googlequicksearchbox componentName=agsa_icing_connection serviceId=32 >11-08 00:01:18.073:
I/Icing(5449): IndexChimeraService.getServiceInterface callingPackage=com.google.android.googlequicksearchbox componentName=agsa_icing_connection serviceId=33 >11-08 00:01:18.074:
I/CarrierServices(2660): [42] RcsStateSaver.saveRcsState:57 Saving RCS State >11-08 00:01:18.074:
I/CarrierServices(2660): [42] RcsStateSaver.saveRcsState:66 Old operation mode: 2 >11-08 00:01:18.074:
I/CarrierServices(2660): [42] RcsStateSaver.saveRcsState:71 New operation mode: 2 >11-08 00:01:18.074:
I/CarrierServices(2660): [2] RcsStateFetcher$1.onPostExecute:189 Finalizing migration for RCS state: Operation mode FULL STACK >11-08 00:01:18.076:
W/Enable2gPreferenceController(1237): Telephony manager not yet initialized >11-08 00:01:18.077:
D/VoNrSettings(1237): init: >11-08 00:01:18.077:
D/VoNrSettings(1237): mHas5gCapability: true,mIsNrEnabledFromCarrierConfig: true,mIsVonrEnabledFromCarrierConfig: false,mIsVonrVisibleFromCarrierConfig: true >11-08 00:01:18.077:
D/VoNrSettings(1237): init: >11-08 00:01:18.077:
D/VoNrSettings(1237): mHas5gCapability: true,mIsNrEnabledFromCarrierConfig: true,mIsVonrEnabledFromCarrierConfig: false,mIsVonrVisibleFromCarrierConfig: true >11-08 00:01:18.082:
I/Icing(5449): Usage reports ok 0, Failed Usage reports 0, indexed 0, rejected 0 >11-08 00:01:18.083:
I/BugleRcsEngine(5744): [169] RcsStateProvider.onMigrationComplete: Migration complete. >11-08 00:01:18.085:
I/BugleRcsEngine(5744): [184] RcsStateProvider.lambda$onMigrationComplete$0$com-google-android-apps-messaging-rcsmigration-RcsStateProvider: Rcs Engine should be running in cs.apk. Stopping JibeService. >11-08 00:01:18.085:
I/RcsClientLib(5744): Disconnecting ChatSessionService >11-08 00:01:18.085:
I/CarrierServices(2660): [2] ehk.b: EngineBroadcaster: Broadcasting provisioning intent rcs.intent.action.csApkInitialized to Bugle with extras redacted-pii:[null] >11-08 00:01:18.086:
W/SettingsPrefController(1237): Skipping updateNonIndexableKeys, key already in list. com.android.settings.network.telephony.DisableSimFooterPreferenceController@3684507 >11-08 00:01:18.086:
W/SettingsPrefController(1237): Skipping updateNonIndexableKeys, key already in list. com.android.settings.network.telephony.NrDisabledInDsdsFooterPreferenceController@2d7b634 >11-08 00:01:18.086:
D/PrefCtrlListHelper(1237): Could not find Context-only controller for pref: com.android.settings.applications.specialaccess.pictureinpicture.PictureInPictureScreenPreferenceController >11-08 00:01:18.086:
V/SettingsSearchProvider(1237): com.google.android.settings.aware.AwareDisplaySettings$1@29760d1 tried to add an empty non-indexable key >11-08 00:01:18.086:
D/PrefCtrlListHelper(1237): Could not find Context-only controller for pref: com.android.settings.accessibility.DaltonizerPreferenceController >11-08 00:01:18.086:
D/PrefCtrlListHelper(1237): Could not find Context-only controller for pref: com.android.settings.accessibility.ColorInversionPreferenceController >11-08 00:01:18.086:
D/PrefCtrlListHelper(1237): Could not find Context-only controller for pref: com.android.settings.display.DarkUIPreferenceController >11-08 00:01:18.086:
D/PrefCtrlListHelper(1237): Could not find Context-only controller for pref: com.android.settings.accessibility.DisableAnimationsPreferenceController >11-08 00:01:18.086:
D/PrefCtrlListHelper(1237): Could not find Context-only controller for pref: com.android.settings.accessibility.LargePointerIconPreferenceController >11-08 00:01:18.086:
D/CompatibilityChangeReporter(577): Compat change id reported: 161252188; UID 10118; state: ENABLED >11-08 00:01:18.086:
I/Icing(5449): Usage reports ok 0, Failed Usage reports 0, indexed 0, rejected 0 >11-08 00:01:18.086:
V/SettingsSearchProvider(1237): com.android.settings.enterprise.EnterprisePrivacySettings$1@d0ba8e0 tried to add an empty non-indexable key >11-08 00:01:18.087:
D/PrefCtrlListHelper(1237): Could not find Context-only controller for pref: com.android.settings.accessibility.VibrationMainSwitchPreferenceController >11-08 00:01:18.087:
W/PrefCtrlListHelper(1237): Cannot instantiate controller from reflection: com.android.settings.accessibility.VibrationMainSwitchPreferenceController >11-08 00:01:18.087:
D/PrefCtrlListHelper(1237): Could not find Context-only controller for pref: com.android.settings.accessibility.RingVibrationTogglePreferenceController >11-08 00:01:18.087:
W/PrefCtrlListHelper(1237): Cannot instantiate controller from reflection: com.android.settings.accessibility.RingVibrationTogglePreferenceController >11-08 00:01:18.087:
D/PrefCtrlListHelper(1237): Could not find Context-only controller for pref: com.android.settings.accessibility.VibrationRampingRingerTogglePreferenceController >11-08 00:01:18.087:
W/PrefCtrlListHelper(1237): Cannot instantiate controller from reflection: com.android.settings.accessibility.VibrationRampingRingerTogglePreferenceController >11-08 00:01:18.087:
D/PrefCtrlListHelper(1237): Could not find Context-only controller for pref: com.android.settings.accessibility.NotificationVibrationTogglePreferenceController >11-08 00:01:18.087:
W/PrefCtrlListHelper(1237): Cannot instantiate controller from reflection: com.android.settings.accessibility.NotificationVibrationTogglePreferenceController >11-08 00:01:18.087:
D/PrefCtrlListHelper(1237): Could not find Context-only controller for pref: com.android.settings.accessibility.AlarmVibrationTogglePreferenceController >11-08 00:01:18.087:
W/PrefCtrlListHelper(1237): Cannot instantiate controller from reflection: com.android.settings.accessibility.AlarmVibrationTogglePreferenceController >11-08 00:01:18.087:
D/PrefCtrlListHelper(1237): Could not find Context-only controller for pref: com.android.settings.accessibility.HapticFeedbackTogglePreferenceController >11-08 00:01:18.087:
W/PrefCtrlListHelper(1237): Cannot instantiate controller from reflection: com.android.settings.accessibility.HapticFeedbackTogglePreferenceController >11-08 00:01:18.087:
D/PrefCtrlListHelper(1237): Could not find Context-only controller for pref: com.android.settings.accessibility.MediaVibrationTogglePreferenceController >11-08 00:01:18.087:
W/PrefCtrlListHelper(1237): Cannot instantiate controller from reflection: com.android.settings.accessibility.MediaVibrationTogglePreferenceController >11-08 00:01:18.087:
D/PrefCtrlListHelper(1237): Could not find Context-only controller for pref: com.android.settings.sound.MediaControlsPreferenceController >11-08 00:01:18.087:
D/PrefCtrlListHelper(1237): Could not find Context-only controller for pref: com.android.settings.sound.MediaControlsLockScreenPreferenceController >11-08 00:01:18.087:
D/PrefCtrlListHelper(1237): Could not find Context-only controller for pref: com.android.settings.sound.MediaControlsRecommendationController >11-08 00:01:18.087:
I/CarrierServices(2660): [63] EventHubProxy.unsubscribe: Removing event listener 45827915 for category 2 for hub UI >11-08 00:01:18.087:
D/PrefCtrlListHelper(1237): Could not find Context-only controller for pref: com.android.settings.accessibility.AccessibilityButtonPreviewPreferenceController >11-08 00:01:18.087:
D/PrefCtrlListHelper(1237): Could not find Context-only controller for pref: com.android.settings.accessibility.AccessibilityButtonLocationPreferenceController >11-08 00:01:18.087:
D/PrefCtrlListHelper(1237): Could not find Context-only controller for pref: com.android.settings.accessibility.AccessibilityButtonGesturePreferenceController >11-08 00:01:18.087:
D/PrefCtrlListHelper(1237): Could not find Context-only controller for pref: com.android.settings.accessibility.FloatingMenuSizePreferenceController >11-08 00:01:18.087:
D/PrefCtrlListHelper(1237): Could not find Context-only controller for pref: com.android.settings.accessibility.FloatingMenuFadePreferenceController >11-08 00:01:18.087:
D/PrefCtrlListHelper(1237): Could not find Context-only controller for pref: com.android.settings.accessibility.FloatingMenuTransparencyPreferenceController >11-08 00:01:18.087:
D/PrefCtrlListHelper(1237): Could not find Context-only controller for pref: com.android.settings.accessibility.AccessibilityButtonFooterPreferenceController >11-08 00:01:18.087:
I/CarrierServices(2660): [63] EventHubProxy.unsubscribe: Removing event listener 85176005 for category 3 for hub UI >11-08 00:01:18.088:
I/CarrierServices(2660): [2] RcsStateFetcher$GetRcsStateConnection.onFinish:162 Unbinding RcsMigrationService >11-08 00:01:18.088:
D/PhFileGroupPop(5744): Added file groups smart_actions_grammars >11-08 00:01:18.088:
I/CarrierServices(2660): [63] EventHubProxy.unsubscribe: Removing event listener 167747610 for category 5 for hub UI >11-08 00:01:18.088:
I/RcsClientLib(5744): Disconnecting EventService >11-08 00:01:18.088:
D/TrafficStats(5744): tagSocket(106) with statsTag=0xffffffff, statsUid=-1 >11-08 00:01:18.088:
I/RcsClientLib(5744): Disconnecting ContactsService >11-08 00:01:18.089:
I/RcsClientLib(5744): Disconnecting FileTransferService >11-08 00:01:18.089:
I/RcsClientLib(5744): Disconnecting LocationSharingService >11-08 00:01:18.089:
D/PrefCtrlListHelper(1237): Could not find Context-only controller for pref: com.android.settings.notification.BubbleNotificationPreferenceController >11-08 00:01:18.090:
W/BaseSearchIndex(1237): Error initial controller >11-08 00:01:18.090:
D/PrefCtrlListHelper(1237): Could not find Context-only controller for pref: com.android.settings.network.AirplaneModePreferenceController >11-08 00:01:18.090:
I/RcsClientLib(5744): Disconnecting ImsConnectionTrackerService >11-08 00:01:18.091:
D/PrefCtrlListHelper(1237): Could not find Context-only controller for pref: com.android.settings.network.AllInOneTetherPreferenceController >11-08 00:01:18.091:
D/PrefCtrlListHelper(1237): Could not find Context-only controller for pref: com.android.settings.network.AdaptiveConnectivityPreferenceController >11-08 00:01:18.091:
I/RcsClientLib(5744): Disconnecting RcsProfileService >11-08 00:01:18.092:
I/RcsClientLib(5744): Disconnecting BusinessInfoService >11-08 00:01:18.092:
I/RcsClientLib(5744): Disconnecting RcsMessagingService >11-08 00:01:18.092:
I/RcsClientLib(5744): Disconnecting TransportControlService >11-08 00:01:18.093:
W/BugleRcs(5744): disconnecting from all Rcs Services >11-08 00:01:18.093:
I/BugleRcsEngine(5744): [184] RcsStateProvider.lambda$onMigrationComplete$0$com-google-android-apps-messaging-rcsmigration-RcsStateProvider: JibeService stopped: false >11-08 00:01:18.093:
I/RcsClientLib(5744): Connecting ChatSessionService >11-08 00:01:18.093:
I/RcsClientLib(5744): shouldUseCarrierServicesJibeService: true, CarrierServices rcs service found: true >11-08 00:01:18.095:
I/RcsClientLib(5744): com.google.android.rcs.client.chatsession.ChatSessionService connected >11-08 00:01:18.095:
I/BugleRcs(5744): com.google.android.rcs.client.chatsession.ChatSessionService RCS service connected >11-08 00:01:18.095:
I/RcsClientLib(5744): Connecting EventService >11-08 00:01:18.096:
I/RcsClientLib(5744): shouldUseCarrierServicesJibeService: true, CarrierServices rcs service found: true >11-08 00:01:18.096:
I/RcsClientLib(5744): com.google.android.rcs.client.events.EventService connected >11-08 00:01:18.096:
I/BugleRcs(5744): com.google.android.rcs.client.events.EventService RCS service connected >11-08 00:01:18.096:
I/RcsClientLib(5744): Connecting ContactsService >11-08 00:01:18.097:
I/RcsClientLib(5744): shouldUseCarrierServicesJibeService: true, CarrierServices rcs service found: true >11-08 00:01:18.098:
I/RcsClientLib(5744): com.google.android.rcs.client.contacts.ContactsService connected >11-08 00:01:18.098:
I/BugleRcs(5744): com.google.android.rcs.client.contacts.ContactsService RCS service connected >11-08 00:01:18.099:
I/RcsClientLib(5744): Connecting FileTransferService >11-08 00:01:18.099:
D/AssistGesture(1237): mAssistOnly:false, isSupported:false, isSensorAvailable:false >11-08 00:01:18.099:
D/AssistGesture(1237): mAssistOnly:false, isSupported:false, isSensorAvailable:false >11-08 00:01:18.099:
V/SettingsSearchProvider(1237): com.android.settings.gestures.AssistGestureSettings$1@5561057 tried to add an empty non-indexable key >11-08 00:01:18.099:
V/SettingsSearchProvider(1237): com.google.android.settings.aware.TapGestureSettings$1@674b9e6 tried to add an empty non-indexable key >11-08 00:01:18.099:
D/PrefCtrlListHelper(1237): Could not find Context-only controller for pref: com.android.settings.accessibility.MagnificationModePreferenceController >11-08 00:01:18.100:
D/PrefCtrlListHelper(1237): Could not find Context-only controller for pref: com.android.settings.deviceinfo.storage.StorageSelectionPreferenceController >11-08 00:01:18.100:
D/PrefCtrlListHelper(1237): Could not find Context-only controller for pref: com.android.settings.deviceinfo.storage.StorageUsageProgressBarPreferenceController >11-08 00:01:18.100:
D/PrefCtrlListHelper(1237): Could not find Context-only controller for pref: com.android.settings.deviceinfo.storage.AutomaticStorageManagementSwitchPreferenceController >11-08 00:01:18.100:
D/PrefCtrlListHelper(1237): Could not find Context-only controller for pref: com.android.settings.deviceinfo.storage.ManageStoragePreferenceController >11-08 00:01:18.100:
W/SettingsPrefController(1237): Skipping updateNonIndexableKeys, key already in list. com.android.settings.deviceinfo.storage.StorageSelectionPreferenceController@6bb12d0 >11-08 00:01:18.100:
W/SettingsPrefController(1237): Skipping updateNonIndexableKeys, key already in list. com.android.settings.deviceinfo.storage.StorageUsageProgressBarPreferenceController@a4292c9 >11-08 00:01:18.100:
D/PrefCtrlListHelper(1237): Could not find Context-only controller for pref: com.android.settings.gestures.ButtonNavigationSettingsAssistController >11-08 00:01:18.100:
I/RcsClientLib(5744): shouldUseCarrierServicesJibeService: true, CarrierServices rcs service found: true >11-08 00:01:18.101:
V/SettingsSearchProvider(1237): com.android.settings.nfc.PaymentSettings$1@8464dbd tried to add an empty non-indexable key >11-08 00:01:18.101:
D/PrefCtrlListHelper(1237): Could not find Context-only controller for pref: com.android.settings.security.trustagent.TrustAgentsPreferenceController >11-08 00:01:18.101:
D/PrefCtrlListHelper(1237): Could not find Context-only controller for pref: com.android.settings.network.EraseEuiccDataController >11-08 00:01:18.101:
I/RcsClientLib(5744): com.google.android.rcs.client.filetransfer.FileTransferService connected >11-08 00:01:18.101:
I/BugleRcs(5744): com.google.android.rcs.client.filetransfer.FileTransferService RCS service connected >11-08 00:01:18.101:
D/PrefCtrlListHelper(1237): Could not find Context-only controller for pref: com.android.settings.gestures.PickupGesturePreferenceController >11-08 00:01:18.101:
D/PrefCtrlListHelper(1237): Could not find Context-only controller for pref: com.android.settings.applications.specialaccess.premiumsms.PremiumSmsScreenPreferenceController >11-08 00:01:18.102:
I/RcsClientLib(5744): Connecting LocationSharingService >11-08 00:01:18.102:
V/SettingsSearchProvider(1237): com.android.settings.development.transcode.TranscodeSettingsFragment$1@5d17e53 tried to add an empty non-indexable key >11-08 00:01:18.102:
V/SettingsSearchProvider(1237): com.android.settings.emergency.EmergencyGestureSettings$1@e742bf2 tried to add an empty non-indexable key >11-08 00:01:18.102:
V/SettingsSearchProvider(1237): com.android.settings.display.NightDisplaySettings$1@b7d684 tried to add an empty non-indexable key >11-08 00:01:18.102:
D/PrefCtrlListHelper(1237): Could not find Context-only controller for pref: com.android.settings.deviceinfo.legal.CopyrightPreferenceController >11-08 00:01:18.102:
D/PrefCtrlListHelper(1237): Could not find Context-only controller for pref: com.android.settings.deviceinfo.legal.LicensePreferenceController >11-08 00:01:18.102:
D/PrefCtrlListHelper(1237): Could not find Context-only controller for pref: com.android.settings.deviceinfo.legal.TermsPreferenceController >11-08 00:01:18.102:
D/PrefCtrlListHelper(1237): Could not find Context-only controller for pref: com.android.settings.deviceinfo.legal.ModuleLicensesListPreferenceController >11-08 00:01:18.102:
D/PrefCtrlListHelper(1237): Could not find Context-only controller for pref: com.android.settings.deviceinfo.legal.WebViewLicensePreferenceController >11-08 00:01:18.102:
D/PrefCtrlListHelper(1237): Could not find Context-only controller for pref: com.android.settings.deviceinfo.legal.WallpaperAttributionsPreferenceController >11-08 00:01:18.106:
