I/ExplicitHealthCheckController(577): Service initialized, syncing requests >11-08 00:01:19.573:
I/PackageWatchdog(577): Syncing health check requests for packages: {} >11-08 00:01:19.573:
D/ExplicitHealthCheckController(577): Getting health check supported packages >11-08 00:01:19.574:
I/ExplicitHealthCheckController(577): Explicit health check supported packages [PackageConfig{com.google.android.networkstack, 86400000}] >11-08 00:01:19.574:
D/PackageWatchdog(577): Received supported packages [PackageConfig{com.google.android.networkstack, 86400000}] >11-08 00:01:19.574:
D/ExplicitHealthCheckController(577): Getting health check requested packages >11-08 00:01:19.575:
I/ExplicitHealthCheckController(577): Explicit health check requested packages [] >11-08 00:01:19.575:
I/ExplicitHealthCheckController(577): No more health check requests, unbinding... >11-08 00:01:19.578:
I/lowmemorykiller(217): lmkd data connection established >11-08 00:01:19.578:
I/ExplicitHealthCheckController(577): Explicit health check service is unbound >11-08 00:01:19.596:
D/bjon(5744): Starting download: https://www.gstatic.com/webref-ondevice/am/20231029/c325e163d787cc6811c46892d73f3f33f2df9439.zip >11-08 00:01:19.596:
V/bjon(5744): Is http uri, downloading (uri: https://www.gstatic.com/webref-ondevice/am/20231029/c325e163d787cc6811c46892d73f3f33f2df9439.zip) >11-08 00:01:19.596:
W/SearchServiceCore(5854): Abort, client detached. >11-08 00:01:19.597:
I/BgTaskExecutorImpl(5854): (REDACTED) Starting %s background task %s. >11-08 00:01:19.598:
I/NamespaceManager(5457): Package com.android.refreshratecontrol name not found! Using module version. >11-08 00:01:19.598:
I/NamespaceManager(5457): Package com.google.oslo name not found! Using module version. >11-08 00:01:19.598:
I/NamespaceManager(5457): Package com.android.media name not found! Using module version. >11-08 00:01:19.599:
D/bjon(5744): Starting download: https://www.gstatic.com/webref-ondevice/am/20231029/f7bc91b7cf68ec7d9443df1e339d2a96f7c6544d.zip >11-08 00:01:19.599:
V/bjon(5744): Is http uri, downloading (uri: https://www.gstatic.com/webref-ondevice/am/20231029/f7bc91b7cf68ec7d9443df1e339d2a96f7c6544d.zip) >11-08 00:01:19.599:
I/NamespaceManager(5457): Package com.android.media.swcodec name not found! Using module version. >11-08 00:01:19.599:
I/NamespaceManager(5457): Package com.android.neuralnetworks name not found! Using module version. >11-08 00:01:19.599:
I/NamespaceManager(5457): Package com.android.media name not found! Using module version. >11-08 00:01:19.599:
I/NamespaceManager(5457): Package 1 name not found! Using module version. >11-08 00:01:19.599:
I/NamespaceManager(5457): Package rkpd name not found! Using module version. >11-08 00:01:19.600:
I/NamespaceManager(5457): Package com.google.android.devicelockcontroller name not found! Using module version. >11-08 00:01:19.600:
I/NamespaceManager(5457): Package com.google.android.healthfitness name not found! Using module version. >11-08 00:01:19.600:
I/NamespaceManager(5457): Package android.companion name not found! Using module version. >11-08 00:01:19.600:
I/NamespaceManager(5457): Package com.google.android.healthfitness name not found! Using module version. >11-08 00:01:19.600:
I/NamespaceManager(5457): Package com.google.android.aicore name not found! Using module version. >11-08 00:01:19.602:
I/PhenotypeBackgroundRecv(3716): Successfully updated snapshot for com.google.android.libraries.consent.flows.footprints#com.google.android.googlequicksearchbox >11-08 00:01:19.604:
E/MDD(5744): DownloadProgressMonitor: Can't find file group for uri: android://com.google.android.apps.messaging/files/datadownload/shared/public/datadownloadfile_1695691956952 >11-08 00:01:19.613:
I/dex2oat64(8230): dex2oat took 102.684ms (43.608ms cpu) (threads: 4) arena alloc=0B (0B) java alloc=128KB (131296B) native alloc=1027KB (1051888B) free=1105KB (1132176B) >11-08 00:01:19.615:
V/installd(492): DexInv: --- END '/data/app/~~-ARnd07iSl6DvG-22b2YWQ==/androidx.test.tools.crawler.stubapp-BYjlwdxvbTEdFZnbRQCgeQ==/base.apk' (success) --- >11-08 00:01:19.616:
V/BackupManagerService(577): [UserID:0] restoreAtInstall pkg=androidx.test.tools.crawler.stubapp token=8 restoreSet=0 >11-08 00:01:19.616:
V/BackupManagerService(577): [UserID:0] Finishing install immediately >11-08 00:01:19.616:
W/JobScheduler(577): Job didn't exist in JobStore: 1818450 #u0a119/-43 com.google.android.googlequicksearchbox/com.google.android.apps.gsa.tasks.BackgroundTasksJobService >11-08 00:01:19.616:
W/A(5854): (REDACTED) Can't format flag %s to integer. >11-08 00:01:19.616:
W/A(5854): (REDACTED) Can't format flag %s to integer. >11-08 00:01:19.616:
W/A(5854): (REDACTED) Can't format flag %s to integer. >11-08 00:01:19.616:
W/A(5854): (REDACTED) Can't format flag %s to integer. >11-08 00:01:19.616:
W/A(5854): (REDACTED) Can't format flag %s to integer. >11-08 00:01:19.616:
W/A(5854): (REDACTED) Can't format flag %s to integer. >11-08 00:01:19.616:
W/A(5854): (REDACTED) Can't format flag %s to integer. >11-08 00:01:19.616:
W/A(5854): (REDACTED) Can't format flag %s to integer. >11-08 00:01:19.616:
I/PhenotypeBackgroundRecv(3716): Skipping com.google.vr.c9#com.google.android.googlequicksearchbox which doesn't use ProcessStable flags. >11-08 00:01:19.617:
W/A(5854): (REDACTED) Can't format flag %s to integer. >11-08 00:01:19.617:
W/A(5854): (REDACTED) Can't format flag %s to integer. >11-08 00:01:19.617:
W/A(5854): (REDACTED) Can't format flag %s to integer. >11-08 00:01:19.617:
W/A(5854): (REDACTED) Can't format flag %s to integer. >11-08 00:01:19.617:
W/A(5854): (REDACTED) Can't format flag %s to integer. >11-08 00:01:19.617:
W/A(5854): (REDACTED) Can't format flag %s to integer. >11-08 00:01:19.617:
W/A(5854): (REDACTED) Can't format flag %s to integer. >11-08 00:01:19.617:
W/A(5854): (REDACTED) Can't format flag %s to integer. >11-08 00:01:19.617:
W/A(5854): (REDACTED) Can't format flag %s to integer. >11-08 00:01:19.617:
W/A(5854): (REDACTED) Can't format flag %s to integer. >11-08 00:01:19.617:
W/A(5854): (REDACTED) Can't format flag %s to integer. >11-08 00:01:19.617:
W/A(5854): (REDACTED) Can't format flag %s to integer. >11-08 00:01:19.617:
W/A(5854): (REDACTED) Can't format flag %s to integer. >11-08 00:01:19.617:
W/A(5854): (REDACTED) Can't format flag %s to integer. >11-08 00:01:19.617:
W/A(5854): (REDACTED) Can't format flag %s to integer. >11-08 00:01:19.617:
W/A(5854): (REDACTED) Can't format flag %s to integer. >11-08 00:01:19.619:
W/BpBinder(5457): Large outgoing transaction of 338692 bytes, interface descriptor <uncached descriptor>, code 4 >11-08 00:01:19.620:
D/PackageInstallerSession(577): Marking session 1695021007 as applied >11-08 00:01:19.620:
E/installd(492): Couldn't opendir /data/app/vmdl1695021007.tmp: No such file or directory >11-08 00:01:19.620:
E/installd(492): Failed to delete /data/app/vmdl1695021007.tmp: No such file or directory >11-08 00:01:19.620:
D/CompatibilityChangeReporter(577): Compat change id reported: 168419799; UID 10178; state: DISABLED >11-08 00:01:19.623:
I/MediaProvider(1641): Invalidating LocalCallingIdentity cache for package androidx.test.tools.crawler.stubapp. Reason: package android.intent.action.PACKAGE_ADDED >11-08 00:01:19.625:
D/CompatibilityChangeReporter(577): Compat change id reported: 218533173; UID 10178; state: DISABLED >11-08 00:01:19.628:
I/A(5854): (REDACTED) Refusing EXCLUSIVE task %s, it is already pending. Try again in %d seconds. >11-08 00:01:19.629:
I/lowmemorykiller(217): Using psi monitors for memory pressure detection >11-08 00:01:19.629:
I/lowmemorykiller(217): Properties reinitilized >11-08 00:01:19.629:
I/lowmemorykiller(8232): lmkd updated properties successfully >11-08 00:01:19.629:
I/lowmemorykiller(217): lmkd data connection dropped >11-08 00:01:19.629:
I/lowmemorykiller(217): closing lmkd data connection >11-08 00:01:19.630:
I/GsaVoiceInteractionSrv(1539): (REDACTED) O received %s >09-25 18:34:51.495:
I/init(1): Service 'exec 24 (/system/bin/lmkd --reinit)' (pid 8232) exited with status 0 oneshot service took 0.058000 seconds in background >09-25 18:34:51.495:
I/init(1): Sending signal 9 to service 'exec 24 (/system/bin/lmkd --reinit)' (pid 8232) process group... >09-25 18:34:51.495:
I/libprocessgroup(1): Successfully killed process cgroup uid 0 pid 8232 in 0ms >11-08 00:01:19.632:
W/A(1539): Failed to notify listeners >11-08 00:01:19.632:
W/A(1539): java.util.concurrent.CancellationException >11-08 00:01:19.632:
W/A(1539): at java.util.concurrent.FutureTask.report(FutureTask.java:121) >11-08 00:01:19.632:
W/A(1539): at java.util.concurrent.FutureTask.get(FutureTask.java:191) >11-08 00:01:19.632:
W/A(1539): at com.google.common.util.concurrent.bv.get(PG:1) >11-08 00:01:19.632:
W/A(1539): at com.google.common.util.concurrent.ed.a(PG:1) >11-08 00:01:19.632:
W/A(1539): at com.google.common.util.concurrent.cj.r(PG:2) >11-08 00:01:19.632:
W/A(1539): at com.google.common.util.concurrent.cc.run(PG:4) >11-08 00:01:19.632:
W/A(1539): at com.google.common.util.concurrent.bg.execute(PG:1) >11-08 00:01:19.632:
W/A(1539): at com.google.common.util.concurrent.bj.c(PG:1) >11-08 00:01:19.632:
W/A(1539): at com.google.common.util.concurrent.bj.b(PG:3) >11-08 00:01:19.632:
W/A(1539): at com.google.common.util.concurrent.cy.done(PG:1) >11-08 00:01:19.632:
W/A(1539): at java.util.concurrent.FutureTask.finishCompletion(FutureTask.java:381) >11-08 00:01:19.632:
W/A(1539): at java.util.concurrent.FutureTask.cancel(FutureTask.java:179) >11-08 00:01:19.632:
W/A(1539): at com.google.common.util.concurrent.bv.cancel(PG:1) >11-08 00:01:19.632:
W/A(1539): at com.google.android.apps.search.assistant.platform.ondevice.fulfillment.server.k.r.run(PG:1) >11-08 00:01:19.632:
W/A(1539): at com.google.apps.tiktok.tracing.eh.run(PG:2) >11-08 00:01:19.632:
W/A(1539): at java.util.concurrent.Executors$RunnableAdapter.call(Executors.java:463) >11-08 00:01:19.632:
W/A(1539): at com.google.common.util.concurrent.ea.a(PG:1) >11-08 00:01:19.632:
W/A(1539): at com.google.common.util.concurrent.cw.run(PG:4) >11-08 00:01:19.632:
W/A(1539): at com.google.common.util.concurrent.eb.run(PG:1) >11-08 00:01:19.632:
W/A(1539): at com.google.android.libraries.i.af.run(PG:1) >11-08 00:01:19.632:
W/A(1539): at com.google.android.libraries.i.an.run(PG:23) >11-08 00:01:19.632:
W/A(1539): at com.google.android.libraries.i.l.run(PG:2) >11-08 00:01:19.632:
W/A(1539): at com.google.android.libraries.i.q.run(PG:4) >11-08 00:01:19.632:
W/A(1539): at java.lang.Thread.run(Thread.java:1012) >11-08 00:01:19.633:
I/OpaEligibilityChecker(5854): send OpaEligibilityChange broadcast to CommonBroadcastReceiver >11-08 00:01:19.634:
I/A(5854): NGA enabled in interactor. >11-08 00:01:19.634:
W/JobScheduler(577): Job didn't exist in JobStore: a1357c5 #u0a119/-43 com.google.android.googlequicksearchbox/com.google.android.apps.gsa.tasks.BackgroundTasksJobService >11-08 00:01:19.634:
I/FedAssExpListener(5854): Fed-ass not supported for signed out users. >11-08 00:01:19.634:
I/FedAssExpListener(5854): Successfully processed experiments changed. >11-08 00:01:19.635:
I/Telecom(577): DefaultDialerCache: Refreshing default dialer for user 0: now com.google.android.dialer: DDC.oR@AWs >11-08 00:01:19.636:
I/PermissionControllerServiceImpl(878): Updating user sensitive for uid 10178 >11-08 00:01:19.636:
V/BackupManagerConstants(577): getFullBackupIntervalMilliseconds(...) returns 86400000 >11-08 00:01:19.636:
V/BackupManagerConstants(577): getFullBackupRequiredNetworkType(...) returns 2 >11-08 00:01:19.636:
V/BackupManagerConstants(577): getFullBackupRequireCharging(...) returns true >11-08 00:01:19.637:
E/MDD(5744): DownloadProgressMonitor: Can't find file group for uri: android://com.google.android.apps.messaging/files/datadownload/shared/public/datadownloadfile_1695691956955 >11-08 00:01:19.639:
W/CorpusConfigHelper(5854): Invalid input from icing corpus JSON flag. >11-08 00:01:19.639:
W/CorpusConfigHelper(5854): android.util.MalformedJsonException: Use JsonReader.setLenient(true) to accept malformed JSON at line 123 column 2 >11-08 00:01:19.639:
W/CorpusConfigHelper(5854): at android.util.JsonReader.syntaxError(JsonReader.java:1162) >11-08 00:01:19.639:
W/CorpusConfigHelper(5854): at android.util.JsonReader.checkLenient(JsonReader.java:840) >11-08 00:01:19.639:
W/CorpusConfigHelper(5854): at android.util.JsonReader.nextInArray(JsonReader.java:615) >11-08 00:01:19.639:
W/CorpusConfigHelper(5854): at android.util.JsonReader.peek(JsonReader.java:345) >11-08 00:01:19.639:
W/CorpusConfigHelper(5854): at android.util.JsonReader.hasNext(JsonReader.java:321) >11-08 00:01:19.639:
W/CorpusConfigHelper(5854): at com.google.android.apps.gsa.searchbox.c.b.b.k.c(PG:7) >11-08 00:01:19.639:
W/CorpusConfigHelper(5854): at com.google.android.apps.gsa.searchbox.c.b.b.j.a(Unknown Source:2) >11-08 00:01:19.639:
W/CorpusConfigHelper(5854): at com.google.android.apps.gsa.search.core.i.o.run(PG:5) >11-08 00:01:19.639:
W/CorpusConfigHelper(5854): at com.google.android.libraries.gsa.k.a.h.run(PG:2) >11-08 00:01:19.639:
W/CorpusConfigHelper(5854): at com.google.android.apps.gsa.shared.util.c.a.ce.b(PG:1) >11-08 00:01:19.639:
W/CorpusConfigHelper(5854): at com.google.android.apps.gsa.shared.util.c.a.ch.run(PG:1) >11-08 00:01:19.639:
W/CorpusConfigHelper(5854): at com.google.android.libraries.i.af.run(PG:1) >11-08 00:01:19.639:
W/CorpusConfigHelper(5854): at com.google.android.libraries.i.an.run(PG:23) >11-08 00:01:19.639:
W/CorpusConfigHelper(5854): at com.google.android.libraries.i.l.run(PG:2) >11-08 00:01:19.639:
W/CorpusConfigHelper(5854): at com.google.android.libraries.i.q.run(PG:4) >11-08 00:01:19.639:
W/CorpusConfigHelper(5854): at java.lang.Thread.run(Thread.java:1012) >11-08 00:01:19.640:
D/bjon(5744): Starting download: https://www.gstatic.com/webref-ondevice/am/20231029/fd88ded6e9b09fe28dc540f496f7e9fc2e37899e.zip >11-08 00:01:19.640:
V/bjon(5744): Is http uri, downloading (uri: https://www.gstatic.com/webref-ondevice/am/20231029/fd88ded6e9b09fe28dc540f496f7e9fc2e37899e.zip) >11-08 00:01:19.641:
I/ProvidersCache(3868): Provider returned no roots. Possibly naughty: com.google.android.apps.docs.storage >11-08 00:01:19.646:
I/InputReader(577): Reconfiguring input devices, changes=KEYBOARD_LAYOUTS | >11-08 00:01:19.647:
E/MDD(5744): DownloadProgressMonitor: Can't find file group for uri: android://com.google.android.apps.messaging/files/datadownload/shared/public/datadownloadfile_1695691956956 >11-08 00:01:19.647:
I/NamespaceManager(5457): Package com.android.refreshratecontrol name not found! Using module version. >11-08 00:01:19.648:
I/NamespaceManager(5457): Package com.google.oslo name not found! Using module version. >11-08 00:01:19.649:
I/NamespaceManager(5457): Package com.android.media name not found! Using module version. >11-08 00:01:19.649:
I/NamespaceManager(5457): Package com.android.media.swcodec name not found! Using module version. >11-08 00:01:19.650:
D/bjon(5744): Starting download: https://www.gstatic.com/webref-ondevice/am/20231029/b5e55a69d6f2e96f40fb09c1836bb17b58620f80.zip >11-08 00:01:19.650:
V/bjon(5744): Is http uri, downloading (uri: https://www.gstatic.com/webref-ondevice/am/20231029/b5e55a69d6f2e96f40fb09c1836bb17b58620f80.zip) >11-08 00:01:19.651:
W/SearchServiceCore(5854): Abort, client detached. >11-08 00:01:19.651:
W/SearchServiceCore(5854): Abort, client detached. >11-08 00:01:19.651:
I/NamespaceManager(5457): Package com.android.neuralnetworks name not found! Using module version. >11-08 00:01:19.653:
I/Icing(5449): IndexChimeraService.getServiceInterface callingPackage=com.google.android.googlequicksearchbox componentName=agsa_icing_connection serviceId=32 >11-08 00:01:19.653:
I/Telecom(577): DefaultDialerCache: Refreshing default dialer for user 0: now com.google.android.dialer: DDC.oR@AWw >11-08 00:01:19.654:
W/BackupTransportManager(577): Package androidx.test.tools.crawler.stubapp enabled setting: 0 >11-08 00:01:19.654:
I/PermissionControllerServiceImpl(878): Updating user sensitive for uid 10178 >11-08 00:01:19.655:
I/Icing(5449): IndexChimeraService.getServiceInterface callingPackage=com.google.android.googlequicksearchbox componentName=agsa_icing_connection serviceId=33 >11-08 00:01:19.655:
W/A(1539): Failed to notify listeners >11-08 00:01:19.655:
W/A(1539): java.util.concurrent.CancellationException >11-08 00:01:19.655:
W/A(1539): at java.util.concurrent.FutureTask.report(FutureTask.java:121) >11-08 00:01:19.655:
W/A(1539): at java.util.concurrent.FutureTask.get(FutureTask.java:191) >11-08 00:01:19.655:
W/A(1539): at com.google.common.util.concurrent.bv.get(PG:1) >11-08 00:01:19.655:
W/A(1539): at com.google.common.util.concurrent.ed.a(PG:1) >11-08 00:01:19.655:
W/A(1539): at com.google.common.util.concurrent.cj.r(PG:2) >11-08 00:01:19.655:
W/A(1539): at com.google.common.util.concurrent.cc.run(PG:4) >11-08 00:01:19.655:
W/A(1539): at com.google.common.util.concurrent.bg.execute(PG:1) >11-08 00:01:19.655:
W/A(1539): at com.google.common.util.concurrent.bj.c(PG:1) >11-08 00:01:19.655:
W/A(1539): at com.google.common.util.concurrent.bj.b(PG:3) >11-08 00:01:19.655:
W/A(1539): at com.google.common.util.concurrent.cy.done(PG:1) >11-08 00:01:19.655:
W/A(1539): at java.util.concurrent.FutureTask.finishCompletion(FutureTask.java:381) >11-08 00:01:19.655:
W/A(1539): at java.util.concurrent.FutureTask.cancel(FutureTask.java:179) >11-08 00:01:19.655:
W/A(1539): at com.google.common.util.concurrent.bv.cancel(PG:1) >11-08 00:01:19.655:
W/A(1539): at com.google.android.apps.search.assistant.platform.ondevice.fulfillment.server.k.r.run(PG:1) >11-08 00:01:19.655:
W/A(1539): at com.google.apps.tiktok.tracing.eh.run(PG:2) >11-08 00:01:19.655:
W/A(1539): at java.util.concurrent.Executors$RunnableAdapter.call(Executors.java:463) >11-08 00:01:19.655:
W/A(1539): at com.google.common.util.concurrent.ea.a(PG:1) >11-08 00:01:19.655:
W/A(1539): at com.google.common.util.concurrent.cw.run(PG:4) >11-08 00:01:19.655:
W/A(1539): at com.google.common.util.concurrent.eb.run(PG:1) >11-08 00:01:19.655:
W/A(1539): at com.google.android.libraries.i.af.run(PG:1) >11-08 00:01:19.655:
W/A(1539): at com.google.android.libraries.i.an.run(PG:23) >11-08 00:01:19.655:
W/A(1539): at com.google.android.libraries.i.l.run(PG:2) >11-08 00:01:19.655:
W/A(1539): at com.google.android.libraries.i.q.run(PG:4) >11-08 00:01:19.655:
W/A(1539): at java.lang.Thread.run(Thread.java:1012) >11-08 00:01:19.656:
I/NamespaceManager(5457): Package com.android.media name not found! Using module version. >11-08 00:01:19.658:
I/ProvidersCache(3868): Provider returned no roots. Possibly naughty: com.google.android.apps.docs.storage >11-08 00:01:19.659:
D/CarrierSvcBindHelper(1083): onPackageAdded: androidx.test.tools.crawler.stubapp >11-08 00:01:19.659:
D/CarrierSvcBindHelper(1083): No carrier app for: 0 >11-08 00:01:19.660:
I/NamespaceManager(5457): Package 1 name not found! Using module version. >11-08 00:01:19.662:
I/NamespaceManager(5457): Package rkpd name not found! Using module version. >11-08 00:01:19.663:
I/NamespaceManager(5457): Package com.google.android.devicelockcontroller name not found! Using module version. >11-08 00:01:19.663:
I/NamespaceManager(5457): Package com.google.android.healthfitness name not found! Using module version. >11-08 00:01:19.663:
I/NamespaceManager(5457): Package android.companion name not found! Using module version. >11-08 00:01:19.663:
I/NamespaceManager(5457): Package com.google.android.healthfitness name not found! Using module version. >11-08 00:01:19.664:
I/NamespaceManager(5457): Package com.google.android.aicore name not found! Using module version. >11-08 00:01:19.664:
D/CarrierSvcBindHelper(1083): onPackageModified: androidx.test.tools.crawler.stubapp >11-08 00:01:19.664:
D/CarrierSvcBindHelper(1083): No carrier app for: 0 >11-08 00:01:19.664:
D/ImsResolver(1083): maybeAddedImsService, packageName: androidx.test.tools.crawler.stubapp >11-08 00:01:19.666:
D/ImsResolver(1083): maybeAddedImsService, packageName: androidx.test.tools.crawler.stubapp >11-08 00:01:19.667:
E/MDD(5744): DownloadProgressMonitor: Can't find file group for uri: android://com.google.android.apps.messaging/files/datadownload/shared/public/datadownloadfile_1695691956951 >11-08 00:01:19.667:
I/InputReader(577): Reconfiguring input devices, changes=KEYBOARD_LAYOUTS | >11-08 00:01:19.670:
I/RescueParty(577): Starting to observe: [com.google.android.as, com.google.android.as.oss], updated namespace: device_personalization_services >11-08 00:01:19.671:
D/bjon(5744): Starting download: https://www.gstatic.com/webref-ondevice/am/20231029/77382acb006642e9f41eb0757ed287270ce79ba3.zip >11-08 00:01:19.671:
V/bjon(5744): Is http uri, downloading (uri: https://www.gstatic.com/webref-ondevice/am/20231029/77382acb006642e9f41eb0757ed287270ce79ba3.zip) >11-08 00:01:19.675:
I/Icing(5449): Usage reports ok 0, Failed Usage reports 0, indexed 0, rejected 0 >11-08 00:01:19.679:
E/MDD(5744): DownloadProgressMonitor: Can't find file group for uri: android://com.google.android.apps.messaging/files/datadownload/shared/public/datadownloadfile_1695691956953 >11-08 00:01:19.689:
E/VerityUtils(577): Failed to measure fs-verity, errno 1: /data/app/~~-ARnd07iSl6DvG-22b2YWQ==/androidx.test.tools.crawler.stubapp-BYjlwdxvbTEdFZnbRQCgeQ==/base.apk >11-08 00:01:19.694:
I/Auth(5449): [SupervisedAccountIntentOperation] onHandleIntent(): android.intent.action.PACKAGE_ADDED >11-08 00:01:19.696:
I/Dck(5449): doesDeviceHaveSupportedWirelessCapabilities: wccSysProp:0, wccMendel:3, deviceWccOverride:false [CONTEXT service_id=289 ] >11-08 00:01:19.696:
I/Dck(5449): isDckModuleEligible: isAtLeastR:true, hasWccSupport:false, downloadAllowed:false [CONTEXT service_id=289 ] >11-08 00:01:19.696:
W/Dck(5449): Dck module not eligible for asynchronous downloading [CONTEXT service_id=289 ] >11-08 00:01:19.697:
D/BoundBrokerSvc(5449): onBind: Intent { act=com.google.android.gms.common.BIND_SHARED_PREFS pkg=com.google.android.gms } >11-08 00:01:19.697:
D/BoundBrokerSvc(5449): Loading bound service for intent: Intent { act=com.google.android.gms.common.BIND_SHARED_PREFS pkg=com.google.android.gms } >11-08 00:01:19.697:
I/Blockstore(5449): [DataStoreImpl] Clearing Blockstore Data for package androidx.test.tools.crawler.stubapp [CONTEXT service_id=258 ] >11-08 00:01:19.698:
I/Blockstore(5449): [DataStoreImpl] Keyless data not found or its IsLastInstallationData = false. [CONTEXT service_id=258 ] >11-08 00:01:19.703:
I/ProximityAuth(5457): [RecentAppsMediator] Package added: (user=UserHandle{0}) androidx.test.tools.crawler.stubapp >11-08 00:01:19.703:
W/GCM(5457): Unexpected forwarded intent: Intent { act=android.intent.action.PACKAGE_ADDED dat=package: flg=0x4000010 pkg=com.google.android.gms cmp=com.google.android.gms/.chimera.PersistentIntentOperationService (has extras) } >11-08 00:01:19.707:
W/GCM(5457): Unexpected forwarded intent: Intent { act=android.intent.action.PACKAGE_ADDED dat=package: flg=0x4000010 pkg=com.google.android.gms cmp=com.google.android.gms/.chimera.PersistentIntentOperationService (has extras) } >11-08 00:01:19.708:
W/ChimeraUtils(5457): Module com.google.android.gms.nearby_en missing resource null(0) >11-08 00:01:19.708:
W/ChimeraUtils(5457): Module com.google.android.gms.nearby_en missing resource null(0) >11-08 00:01:19.710:
I/FontLog(5457): Package androidx.test.tools.crawler.stubapp has no metadata [CONTEXT service_id=132 ] >11-08 00:01:19.711:
I/PhenotypeResourceReader(5457): unable to find any Phenotype resource metadata for androidx.test.tools.crawler.stubapp >11-08 00:01:19.716:
I/Icing(5449): Usage reports ok 0, Failed Usage reports 0, indexed 0, rejected 0 >11-08 00:01:19.733:
W/PackageManager(577): Failed registering loading progress callback. Package is fully loaded. >11-08 00:01:19.735:
I/AiAiEcho(1529): EchoSearch: AppFetcherImpl is initialized with [19] apps [time=2, reason=androidx.test.tools.crawler.stubapp is added] >11-08 00:01:19.739:
D/BoundBrokerSvc(5449): onUnbind: Intent { act=com.google.android.gms.common.BIND_SHARED_PREFS pkg=com.google.android.gms } >11-08 00:01:19.742:
I/Icing(5449): Indexing com.google.android.gms-apps from com.google.android.gms >11-08 00:01:19.742:
I/Icing(5449): Indexing done com.google.android.gms-apps >11-08 00:01:19.744:
I/AiAiEcho(1529): EchoSearch: WidgetFetcherImpl is initialized with [23] widgets [reason=package added for userId: 0] >11-08 00:01:19.755:
I/Fitness(5457): OnPackageChangedOperation got intent: Intent { act=android.intent.action.PACKAGE_CHANGED dat=package: flg=0x5000010 pkg=com.google.android.gms cmp=com.google.android.gms/.chimera.PersistentIntentOperationService (has extras) } [CONTEXT service_id=17 ] >11-08 00:01:19.761:
I/Fitness(5457): FitCleanupIntentOperation received Intent android.intent.action.PACKAGE_CHANGED [CONTEXT service_id=17 ] >11-08 00:01:19.765:
W/ChimeraUtils(5457): Module com.google.android.gms.nearby_en missing resource null(0) >11-08 00:01:19.773:
W/ChimeraUtils(5457): Module com.google.android.gms.nearby_en missing resource null(0) >11-08 00:01:19.782:
D/bjon(5744): Starting download: https://www.gstatic.com/webref-ondevice/am/20231029/f8a8e19d0dc5974350433d8dee84d8b1ec33ce7c.zip >11-08 00:01:19.782:
V/bjon(5744): Is http uri, downloading (uri: https://www.gstatic.com/webref-ondevice/am/20231029/f8a8e19d0dc5974350433d8dee84d8b1ec33ce7c.zip) >11-08 00:01:19.791:
I/system_server(577): Background concurrent copying GC freed 331298(18MB) AllocSpace objects, 14(352KB) LOS objects, 48% free, 25MB/49MB, paused 29us,24us total 171.434ms >11-08 00:01:19.793:
I/Icing(5449): Indexing com.google.android.gms-apps from com.google.android.gms >11-08 00:01:19.794:
I/Icing(5449): Indexing done com.google.android.gms-apps >11-08 00:01:19.798:
W/SearchServiceCore(5854): Abort, client detached. >11-08 00:01:19.802:
I/NamespaceManager(5457): Package com.android.refreshratecontrol name not found! Using module version. >11-08 00:01:19.802:
I/NamespaceManager(5457): Package com.google.oslo name not found! Using module version. >11-08 00:01:19.803:
I/NamespaceManager(5457): Package com.android.media name not found! Using module version. >11-08 00:01:19.803:
I/gle.android.gms(5449): Background concurrent copying GC freed 196168(9506KB) AllocSpace objects, 75(4268KB) LOS objects, 49% free, 15MB/30MB, paused 18us,8us total 145.159ms >11-08 00:01:19.803:
I/NamespaceManager(5457): Package com.android.media.swcodec name not found! Using module version. >11-08 00:01:19.803:
I/NamespaceManager(5457): Package com.android.neuralnetworks name not found! Using module version. >11-08 00:01:19.803:
I/NamespaceManager(5457): Package com.android.media name not found! Using module version. >11-08 00:01:19.806:
I/NamespaceManager(5457): Package 1 name not found! Using module version. >11-08 00:01:19.806:
I/NamespaceManager(5457): Package rkpd name not found! Using module version. >11-08 00:01:19.806:
I/NamespaceManager(5457): Package com.google.android.devicelockcontroller name not found! Using module version. >11-08 00:01:19.806:
I/NamespaceManager(5457): Package com.google.android.healthfitness name not found! Using module version. >11-08 00:01:19.806:
I/NamespaceManager(5457): Package android.companion name not found! Using module version. >11-08 00:01:19.806:
I/NamespaceManager(5457): Package com.google.android.healthfitness name not found! Using module version. >11-08 00:01:19.806:
I/NamespaceManager(5457): Package com.google.android.aicore name not found! Using module version. >11-08 00:01:19.809:
I/RescueParty(577): Starting to observe: [android], updated namespace: configuration >11-08 00:01:19.815:
I/NamespaceManager(5457): Package com.android.refreshratecontrol name not found! Using module version. >11-08 00:01:19.815:
I/NamespaceManager(5457): Package com.google.oslo name not found! Using module version. >11-08 00:01:19.815:
I/NamespaceManager(5457): Package com.android.media name not found! Using module version. >11-08 00:01:19.823:
E/SettingsToPropertiesMapper(577): adservices/disable_sdk_sandbox,adservices/enforce_broadcast_receiver_restrictions,adservices/fledge_ad_selection_enforce_foreground_status_custom_audience,adservices/fledge_custom_audience_max_count,adservices/fledge_custom_audience_max_num_ads,adservices/fledge_custom_audience_max_owner_count,adservices/fledge_custom_audience_per_app_max_count,adservices/fledge_js_isolate_enforce_max_heap_size,adservices/fledge_js_isolate_max_heap_size_bytes,adservices/sdk_request_permits_per_second,adservices/sdksandbox_customized_sdk_context_enabled,configuration/namespace_to_package_mapping,constrain_display_apis/always_constrain_display_apis,constrain_display_apis/never_constrain_display_apis,constrain_display_apis/never_constrain_display_apis_all_packages,device_policy_manager/disable_resources_updatability,flipendo/default_savings_mode_launch,flipendo/essential_apps,flipendo/flipendo_enabled_launch,flipendo/grayscale_enabled_launch,flipendo/lever_ble_scanning_enabled_launch,flipendo/lever_hotspot_enabled_launch,flipendo/lever_work_profile_enabled_launch,flipendo/resuspend_delay_minutes,namespace/key,namespace1/key1,namespace1/key2,namespace2/key1,namespace2/key2,package_manager_service/incfs_default_timeouts,package_manager_service/known_digesters_list,privacy/location_access_check_periodic_interval_millis,rollback/enable_rollback_timeout,rollback/watchdog_explicit_health_check_enabled,rollback/watchdog_request_timeout_millis,rollback/watchdog_trigger_failure_count,rollback/watchdog_trigger_failure_duration_millis,rollback_boot/rollback_lifetime_in_millis,systemui/nas_generate_actions,systemui/nas_generate_replies,systemui/nas_max_messages_to_extract,systemui/nas_max_suggestions,testspace/another,testspace/flagname,textclassifier/config_updater_model_enabled,textclassifier/key,textclassifier/key2,textclassifier/manifest_url_annotator_en,textclassifier/manifest_url_annotator_ru,textclassifier/model_download_backoff_delay_in_millis,textclassifier/model_download_manager_enabled,textclassifier/multi_language_support_enabled,textclassifier/testing_locale_list_override,textclassifier/textclassifier_service_package_override,window_manager/enable_default_rescind_bal_privileges_from_pending_intent_sender,wrong/nas_generate_replies, exceeds system property max length. >11-08 00:01:19.827:
I/NamespaceManager(5457): Package com.android.media.swcodec name not found! Using module version. >11-08 00:01:19.827:
I/NamespaceManager(5457): Package com.android.neuralnetworks name not found! Using module version. >11-08 00:01:19.827:
I/NamespaceManager(5457): Package com.android.media name not found! Using module version. >11-08 00:01:19.827:
I/NamespaceManager(5457): Package 1 name not found! Using module version. >11-08 00:01:19.829:
I/NamespaceManager(5457): Package rkpd name not found! Using module version. >11-08 00:01:19.829:
I/NamespaceManager(5457): Package com.google.android.devicelockcontroller name not found! Using module version. >11-08 00:01:19.830:
E/MDD(5744): DownloadProgressMonitor: Can't find file group for uri: android://com.google.android.apps.messaging/files/datadownload/shared/public/datadownloadfile_1695691956954 >11-08 00:01:19.831:
I/NamespaceManager(5457): Package com.google.android.healthfitness name not found! Using module version. >11-08 00:01:19.833:
I/NamespaceManager(5457): Package android.companion name not found! Using module version. >11-08 00:01:19.833:
I/NamespaceManager(5457): Package com.google.android.healthfitness name not found! Using module version. >11-08 00:01:19.833:
I/NamespaceManager(5457): Package com.google.android.aicore name not found! Using module version. >11-08 00:01:19.837:
I/RescueParty(577): Starting to observe: [com.google.android.ext.services, com.google.android.providers.media.module, android, com.google.android.as, com.google.android.permissioncontroller, com.google.android.setupwizard, com.google.android.networkstack, com.android.keychain, com.google.android.gms, com.google.android.gsf, com.google.android.apps.nexuslauncher, com.android.settings, com.google.android.settings.intelligence, com.google.android.apps.wallpaper, com.android.phone, com.android.shell, com.android.systemui, com.android.providers.contacts], updated namespace: privacy >11-08 00:01:19.845:
I/PackageWatchdog(577): Syncing state, reason: observing new packages >11-08 00:01:19.845:
I/PackageWatchdog(577): Syncing health check requests for packages: {} >11-08 00:01:19.845:
I/ExplicitHealthCheckController(577): Service not ready to get health check supported packages. Binding... >11-08 00:01:19.846:
I/ExplicitHealthCheckController(577): Explicit health check service is bound >11-08 00:01:19.846:
D/PackageWatchdog(577): rescue-party-observer added the following packages to monitor [com.google.android.as, com.google.android.as.oss] >11-08 00:01:19.846:
I/PackageWatchdog(577): Syncing state, reason: updated observers >11-08 00:01:19.846:
I/PackageWatchdog(577): Syncing health check requests for packages: {} >11-08 00:01:19.846:
I/ExplicitHealthCheckController(577): Service not ready to get health check supported packages. Binding... >11-08 00:01:19.846:
I/ExplicitHealthCheckController(577): Not binding to service, service already connecting >11-08 00:01:19.849:
I/NamespaceManager(5457): Package com.android.refreshratecontrol name not found! Using module version. >11-08 00:01:19.849:
I/NamespaceManager(5457): Package com.google.oslo name not found! Using module version. >11-08 00:01:19.849:
I/NamespaceManager(5457): Package com.android.media name not found! Using module version. >11-08 00:01:19.849:
I/NamespaceManager(5457): Package com.android.media.swcodec name not found! Using module version. >11-08 00:01:19.849:
I/NamespaceManager(5457): Package com.android.neuralnetworks name not found! Using module version. >11-08 00:01:19.849:
I/NamespaceManager(5457): Package com.android.media name not found! Using module version. >11-08 00:01:19.849:
I/NamespaceManager(5457): Package 1 name not found! Using module version. >11-08 00:01:19.849:
I/NamespaceManager(5457): Package rkpd name not found! Using module version. >11-08 00:01:19.849:
I/NamespaceManager(5457): Package com.google.android.devicelockcontroller name not found! Using module version. >11-08 00:01:19.849:
I/NamespaceManager(5457): Package com.google.android.healthfitness name not found! Using module version. >11-08 00:01:19.849:
I/NamespaceManager(5457): Package android.companion name not found! Using module version. >11-08 00:01:19.849:
I/NamespaceManager(5457): Package com.google.android.healthfitness name not found! Using module version. >11-08 00:01:19.850:
I/NamespaceManager(5457): Package com.google.android.aicore name not found! Using module version. >11-08 00:01:19.850:
I/cesl(5457): updateFromConfigurations using legacy put method [CONTEXT service_id=204 ] >11-08 00:01:19.857:
I/ExplicitHealthCheckController(577): Explicit health check service is connected ComponentInfo{com.google.android.ext.services/android.ext.services.watchdog.ExplicitHealthCheckServiceImpl} >11-08 00:01:19.857:
I/ExplicitHealthCheckController(577): Service initialized, syncing requests >11-08 00:01:19.857:
I/PackageWatchdog(577): Syncing health check requests for packages: {} >11-08 00:01:19.857:
D/ExplicitHealthCheckController(577): Getting health check supported packages >11-08 00:01:19.861:
I/ExplicitHealthCheckController(577): Explicit health check supported packages [PackageConfig{com.google.android.networkstack, 86400000}] >11-08 00:01:19.861:
D/PackageWatchdog(577): Received supported packages [PackageConfig{com.google.android.networkstack, 86400000}] >11-08 00:01:19.861:
D/ExplicitHealthCheckController(577): Getting health check requested packages >11-08 00:01:19.861:
I/ExplicitHealthCheckController(577): Explicit health check requested packages [] >11-08 00:01:19.861:
I/ExplicitHealthCheckController(577): No more health check requests, unbinding... >11-08 00:01:19.861:
D/CompatibilityChangeReporter(577): Compat change id reported: 168419799; UID 10106; state: DISABLED >11-08 00:01:19.862:
I/ExplicitHealthCheckController(577): Explicit health check service is unbound >11-08 00:01:19.862:
D/PhenotypeContext(5027): Application doesn't implement PhenotypeApplication interface, falling back to globally set context. See go/phenotype-flag#process-stable-init for more info. >11-08 00:01:19.869:
I/PackageWatchdog(577): Syncing state, reason: observing new packages >11-08 00:01:19.869:
I/PackageWatchdog(577): Syncing health check requests for packages: {} >11-08 00:01:19.869:
I/ExplicitHealthCheckController(577): Service not ready to get health check supported packages. Binding... >11-08 00:01:19.870:
I/ExplicitHealthCheckController(577): Explicit health check service is bound >11-08 00:01:19.870:
D/PackageWatchdog(577): rescue-party-observer added the following packages to monitor [android] >11-08 00:01:19.870:
I/PackageWatchdog(577): Syncing state, reason: updated observers >11-08 00:01:19.870:
I/PackageWatchdog(577): Syncing health check requests for packages: {} >11-08 00:01:19.870:
I/ExplicitHealthCheckController(577): Service not ready to get health check supported packages. Binding... >11-08 00:01:19.870:
I/ExplicitHealthCheckController(577): Not binding to service, service already connecting >11-08 00:01:19.870:
I/PackageWatchdog(577): Syncing state, reason: observing new packages >11-08 00:01:19.870:
I/PackageWatchdog(577): Not pruning observers, elapsed time: 0ms >11-08 00:01:19.870:
I/PackageWatchdog(577): Syncing health check requests for packages: {} >11-08 00:01:19.870:
I/ExplicitHealthCheckController(577): Service not ready to get health check supported packages. Binding... >11-08 00:01:19.870:
I/ExplicitHealthCheckController(577): Not binding to service, service already connecting >11-08 00:01:19.870:
D/PackageWatchdog(577): rescue-party-observer added the following packages to monitor [com.google.android.ext.services, com.google.android.providers.media.module, android, com.google.android.as, com.google.android.permissioncontroller, com.google.android.setupwizard, com.google.android.networkstack, com.android.keychain, com.google.android.gms, com.google.android.gsf, com.google.android.apps.nexuslauncher, com.android.settings, com.google.android.settings.intelligence, com.google.android.apps.wallpaper, com.android.phone, com.android.shell, com.android.systemui, com.android.providers.contacts] >11-08 00:01:19.870:
I/PackageWatchdog(577): Syncing state, reason: updated observers >11-08 00:01:19.870:
I/PackageWatchdog(577): Not pruning observers, elapsed time: 0ms >11-08 00:01:19.870:
I/PackageWatchdog(577): Syncing health check requests for packages: {com.google.android.setupwizard, com.android.keychain, com.google.android.gms, com.google.android.gsf, com.google.android.settings.intelligence, com.google.android.apps.wallpaper, com.android.shell} >11-08 00:01:19.870:
I/ExplicitHealthCheckController(577): Service not ready to get health check supported packages. Binding... >11-08 00:01:19.870:
I/ExplicitHealthCheckController(577): Not binding to service, service already connecting >11-08 00:01:19.870:
I/PackageWatchdog(577): Saving observer state to file >11-08 00:01:19.873:
I/NamespaceManager(5457): Package com.android.refreshratecontrol name not found! Using module version. >11-08 00:01:19.873:
I/NamespaceManager(5457): Package com.google.oslo name not found! Using module version. >11-08 00:01:19.874:
I/NamespaceManager(5457): Package com.android.media name not found! Using module version. >11-08 00:01:19.874:
I/NamespaceManager(5457): Package com.android.media.swcodec name not found! Using module version. >11-08 00:01:19.875:
I/NamespaceManager(5457): Package com.android.neuralnetworks name not found! Using module version. >11-08 00:01:19.875:
I/NamespaceManager(5457): Package com.android.media name not found! Using module version. >11-08 00:01:19.875:
I/NamespaceManager(5457): Package 1 name not found! Using module version. >11-08 00:01:19.875:
I/NamespaceManager(5457): Package rkpd name not found! Using module version. >11-08 00:01:19.875:
I/NamespaceManager(5457): Package com.google.android.devicelockcontroller name not found! Using module version. >11-08 00:01:19.875:
I/NamespaceManager(5457): Package com.google.android.healthfitness name not found! Using module version. >11-08 00:01:19.876:
I/NamespaceManager(5457): Package android.companion name not found! Using module version. >11-08 00:01:19.876:
I/NamespaceManager(5457): Package com.google.android.healthfitness name not found! Using module version. >11-08 00:01:19.876:
I/NamespaceManager(5457): Package com.google.android.aicore name not found! Using module version. >11-08 00:01:19.877:
W/native(1539): W0000 00:00:1699430479.877836 1868 input-utils.cc:95] Failed to get value for update inducing feature |longitude| due to INVALID_ARGUMENT: No feature generators for feature "longitude" >11-08 00:01:19.877:
W/native(1539): === Source Location Trace: === >11-08 00:01:19.877:
W/native(1539): ./speech/service/context/features/feature-dictionary-provider.h:99 >11-08 00:01:19.877:
W/native(1539): Subgraphs depending on this feature will not have a new revision. >11-08 00:01:19.877:
W/native(1539): W0000 00:00:1699430479.877903 1868 input-utils.cc:95] Failed to get value for update inducing feature |latitude| due to INVALID_ARGUMENT: No feature generators for feature "latitude" >11-08 00:01:19.877:
W/native(1539): === Source Location Trace: === >11-08 00:01:19.877:
W/native(1539): ./speech/service/context/features/feature-dictionary-provider.h:99 >11-08 00:01:19.877:
W/native(1539): Subgraphs depending on this feature will not have a new revision. >11-08 00:01:19.877:
I/native(1539): I0000 00:00:1699430479.877923 1868 context-module-impl.cc:593] Update recognition context for speaker: "". (Proto:MessageLite at 0xb400007475c9ab10) >11-08 00:01:19.879:
I/RescueParty(577): Starting to observe: [android, com.android.systemui], updated namespace: window_manager >11-08 00:01:19.879:
I/PackageWatchdog(577): Syncing state, reason: observing new packages >11-08 00:01:19.880:
D/PackageWatchdog(577): rescue-party-observer added the following packages to monitor [android, com.android.systemui] >11-08 00:01:19.880:
I/PackageWatchdog(577): Syncing state, reason: updated observers >11-08 00:01:19.880:
I/PackageWatchdog(577): Not pruning observers, elapsed time: 0ms >11-08 00:01:19.880:
I/PackageWatchdog(577): Saving observer state to file >11-08 00:01:19.882:
I/ExplicitHealthCheckController(577): Explicit health check service is connected ComponentInfo{com.google.android.ext.services/android.ext.services.watchdog.ExplicitHealthCheckServiceImpl} >11-08 00:01:19.882:
I/ExplicitHealthCheckController(577): Service initialized, syncing requests >11-08 00:01:19.882:
I/PackageWatchdog(577): Syncing health check requests for packages: {com.google.android.setupwizard, com.android.keychain, com.google.android.gms, com.google.android.gsf, com.google.android.settings.intelligence, com.google.android.apps.wallpaper, com.android.shell} >11-08 00:01:19.882:
D/ExplicitHealthCheckController(577): Getting health check supported packages >11-08 00:01:19.883:
I/ExplicitHealthCheckController(577): Explicit health check supported packages [PackageConfig{com.google.android.networkstack, 86400000}] >11-08 00:01:19.883:
D/PackageWatchdog(577): Received supported packages [PackageConfig{com.google.android.networkstack, 86400000}] >11-08 00:01:19.883:
I/PackageWatchdog(577): Updated health check state for package com.google.android.setupwizard: INACTIVE -> PASSED >11-08 00:01:19.883:
I/PackageWatchdog(577): Updated health check state for package com.android.keychain: INACTIVE -> PASSED >11-08 00:01:19.883:
I/PackageWatchdog(577): Updated health check state for package com.google.android.gms: INACTIVE -> PASSED >11-08 00:01:19.883:
I/PackageWatchdog(577): Updated health check state for package com.google.android.gsf: INACTIVE -> PASSED >11-08 00:01:19.883:
I/PackageWatchdog(577): Updated health check state for package com.google.android.settings.intelligence: INACTIVE -> PASSED >11-08 00:01:19.883:
I/PackageWatchdog(577): Updated health check state for package com.google.android.apps.wallpaper: INACTIVE -> PASSED >11-08 00:01:19.883:
I/PackageWatchdog(577): Updated health check state for package com.android.shell: INACTIVE -> PASSED >11-08 00:01:19.883:
I/PackageWatchdog(577): Syncing state, reason: updated health check supported packages [PackageConfig{com.google.android.networkstack, 86400000}] >11-08 00:01:19.883:
D/ExplicitHealthCheckController(577): Getting health check requested packages >11-08 00:01:19.883:
I/PackageWatchdog(577): Saving observer state to file >11-08 00:01:19.886:
I/NamespaceManager(5457): Package com.android.refreshratecontrol name not found! Using module version. >11-08 00:01:19.886:
I/ExplicitHealthCheckController(577): Explicit health check requested packages [] >11-08 00:01:19.887:
I/ExplicitHealthCheckController(577): No more health check requests, unbinding... >11-08 00:01:19.887:
I/NamespaceManager(5457): Package com.google.oslo name not found! Using module version. >11-08 00:01:19.887:
I/NamespaceManager(5457): Package com.android.media name not found! Using module version. >11-08 00:01:19.887:
I/NamespaceManager(5457): Package com.android.media.swcodec name not found! Using module version. >11-08 00:01:19.887:
I/ExplicitHealthCheckController(577): Explicit health check service is unbound >11-08 00:01:19.889:
I/PhenotypeBackgroundRecv(5027): Successfully updated snapshot for com.google.android.gms.clearcut_client#com.google.android.projection.gearhead >11-08 00:01:19.889:
I/NamespaceManager(5457): Package com.android.neuralnetworks name not found! Using module version. >11-08 00:01:19.889:
I/NamespaceManager(5457): Package com.android.media name not found! Using module version. >11-08 00:01:19.889:
I/NamespaceManager(5457): Package 1 name not found! Using module version. >11-08 00:01:19.889:
I/NamespaceManager(5457): Package rkpd name not found! Using module version. >11-08 00:01:19.889:
I/NamespaceManager(5457): Package com.google.android.devicelockcontroller name not found! Using module version. >11-08 00:01:19.890:
I/NamespaceManager(5457): Package com.google.android.healthfitness name not found! Using module version. >11-08 00:01:19.890:
I/NamespaceManager(5457): Package android.companion name not found! Using module version. >11-08 00:01:19.890:
I/NamespaceManager(5457): Package com.google.android.healthfitness name not found! Using module version. >11-08 00:01:19.890:
I/NamespaceManager(5457): Package com.google.android.aicore name not found! Using module version. >11-08 00:01:19.892:
I/PackageWatchdog(577): Syncing health check requests for packages: {} >11-08 00:01:19.892:
I/ExplicitHealthCheckController(577): Service not ready to get health check supported packages. Binding... >11-08 00:01:19.893:
I/RescueParty(577): Starting to observe: [android, com.android.systemui], updated namespace: latency_tracker >11-08 00:01:19.894:
I/ExplicitHealthCheckController(577): Explicit health check service is bound >11-08 00:01:19.894:
I/ExplicitHealthCheckController(577): Explicit health check service is connected ComponentInfo{com.google.android.ext.services/android.ext.services.watchdog.ExplicitHealthCheckServiceImpl} >11-08 00:01:19.894:
I/ExplicitHealthCheckController(577): Service initialized, syncing requests >11-08 00:01:19.894:
I/PackageWatchdog(577): Syncing health check requests for packages: {} >11-08 00:01:19.894:
D/ExplicitHealthCheckController(577): Getting health check supported packages >11-08 00:01:19.894:
I/PackageWatchdog(577): Syncing state, reason: observing new packages >11-08 00:01:19.894:
I/PackageWatchdog(577): Syncing health check requests for packages: {} >11-08 00:01:19.894:
D/ExplicitHealthCheckController(577): Getting health check supported packages >11-08 00:01:19.894:
D/PackageWatchdog(577): rescue-party-observer added the following packages to monitor [android, com.android.systemui] >11-08 00:01:19.894:
I/PackageWatchdog(577): Syncing state, reason: updated observers >11-08 00:01:19.894:
I/PackageWatchdog(577): Not pruning observers, elapsed time: 0ms >11-08 00:01:19.894:
I/PackageWatchdog(577): Syncing health check requests for packages: {} >11-08 00:01:19.894:
D/ExplicitHealthCheckController(577): Getting health check supported packages >11-08 00:01:19.894:
I/PackageWatchdog(577): Saving observer state to file >11-08 00:01:19.896:
I/ExplicitHealthCheckController(577): Explicit health check supported packages [PackageConfig{com.google.android.networkstack, 86400000}] >11-08 00:01:19.896:
I/ExplicitHealthCheckController(577): Explicit health check supported packages [PackageConfig{com.google.android.networkstack, 86400000}] >11-08 00:01:19.896:
I/ExplicitHealthCheckController(577): Explicit health check supported packages [PackageConfig{com.google.android.networkstack, 86400000}] >11-08 00:01:19.898:
D/PackageWatchdog(577): Received supported packages [PackageConfig{com.google.android.networkstack, 86400000}] >11-08 00:01:19.898:
D/ExplicitHealthCheckController(577): Getting health check requested packages >11-08 00:01:19.898:
D/PackageWatchdog(577): Received supported packages [PackageConfig{com.google.android.networkstack, 86400000}] >11-08 00:01:19.898:
D/ExplicitHealthCheckController(577): Getting health check requested packages >11-08 00:01:19.898:
D/PackageWatchdog(577): Received supported packages [PackageConfig{com.google.android.networkstack, 86400000}] >11-08 00:01:19.898:
D/ExplicitHealthCheckController(577): Getting health check requested packages >11-08 00:01:19.898:
I/ExplicitHealthCheckController(577): Explicit health check requested packages [] >11-08 00:01:19.898:
I/ExplicitHealthCheckController(577): No more health check requests, unbinding... >11-08 00:01:19.898:
