W/PhenotypeConfigurationU(5457): at com.google.android.gms.platformconfigurator.PhenotypeConfigurationUpdateListener.onHandleIntent(:com.google.android.gms@233316044@23.33.16 (190400-560149061):278) >11-08 00:01:19.171:
W/PhenotypeConfigurationU(5457): at com.google.android.chimera.IntentOperation.onHandleIntent(:com.google.android.gms@233316044@23.33.16 (190400-560149061):2) >11-08 00:01:19.171:
W/PhenotypeConfigurationU(5457): at adqc.onHandleIntent(:com.google.android.gms@233316044@23.33.16 (190400-560149061):10) >11-08 00:01:19.171:
W/PhenotypeConfigurationU(5457): at lep.run(:com.google.android.gms@233316044@23.33.16 (190400-560149061):70) >11-08 00:01:19.171:
W/PhenotypeConfigurationU(5457): at leo.run(:com.google.android.gms@233316044@23.33.16 (190400-560149061):152) >11-08 00:01:19.171:
W/PhenotypeConfigurationU(5457): at dpie.run(:com.google.android.gms@233316044@23.33.16 (190400-560149061):13) >11-08 00:01:19.171:
W/PhenotypeConfigurationU(5457): at java.util.concurrent.ThreadPoolExecutor.runWorker(ThreadPoolExecutor.java:1137) >11-08 00:01:19.171:
W/PhenotypeConfigurationU(5457): at java.util.concurrent.ThreadPoolExecutor$Worker.run(ThreadPoolExecutor.java:637) >11-08 00:01:19.171:
W/PhenotypeConfigurationU(5457): at java.lang.Thread.run(Thread.java:1012) >11-08 00:01:19.173:
I/NamespaceManager(5457): Package com.android.refreshratecontrol name not found! Using module version. >11-08 00:01:19.173:
I/NamespaceManager(5457): Package com.google.oslo name not found! Using module version. >11-08 00:01:19.173:
I/NamespaceManager(5457): Package com.android.media name not found! Using module version. >11-08 00:01:19.173:
I/NamespaceManager(5457): Package com.android.media.swcodec name not found! Using module version. >11-08 00:01:19.173:
I/NamespaceManager(5457): Package com.android.neuralnetworks name not found! Using module version. >11-08 00:01:19.173:
I/NamespaceManager(5457): Package com.android.media name not found! Using module version. >11-08 00:01:19.173:
I/NamespaceManager(5457): Package 1 name not found! Using module version. >11-08 00:01:19.173:
I/NamespaceManager(5457): Package rkpd name not found! Using module version. >11-08 00:01:19.173:
I/NamespaceManager(5457): Package com.google.android.devicelockcontroller name not found! Using module version. >11-08 00:01:19.173:
I/NamespaceManager(5457): Package com.google.android.healthfitness name not found! Using module version. >11-08 00:01:19.175:
I/PhenotypeBackgroundRecv(3716): Skipping com.google.android.gms.learning#com.google.android.googlequicksearchbox which doesn't use ProcessStable flags. >11-08 00:01:19.176:
I/NamespaceManager(5457): Package android.companion name not found! Using module version. >11-08 00:01:19.176:
I/NamespaceManager(5457): Package com.google.android.healthfitness name not found! Using module version. >11-08 00:01:19.177:
I/NamespaceManager(5457): Package com.google.android.aicore name not found! Using module version. >11-08 00:01:19.177:
W/PhenotypeConfigurationU(5457): Update for unknown DeviceConfig package com.google.android.gms.payse [CONTEXT service_id=204 ] >11-08 00:01:19.177:
W/PhenotypeConfigurationU(5457): cesr: No package exists for config package: com.google.android.gms.payse >11-08 00:01:19.177:
W/PhenotypeConfigurationU(5457): at cess.a(:com.google.android.gms@233316044@23.33.16 (190400-560149061):70) >11-08 00:01:19.177:
W/PhenotypeConfigurationU(5457): at com.google.android.gms.platformconfigurator.PhenotypeConfigurationUpdateListener.b(:com.google.android.gms@233316044@23.33.16 (190400-560149061):6) >11-08 00:01:19.177:
W/PhenotypeConfigurationU(5457): at com.google.android.gms.platformconfigurator.PhenotypeConfigurationUpdateListener.a(:com.google.android.gms@233316044@23.33.16 (190400-560149061):167) >11-08 00:01:19.177:
W/PhenotypeConfigurationU(5457): at com.google.android.gms.platformconfigurator.PhenotypeConfigurationUpdateListener.onHandleIntent(:com.google.android.gms@233316044@23.33.16 (190400-560149061):278) >11-08 00:01:19.177:
W/PhenotypeConfigurationU(5457): at com.google.android.chimera.IntentOperation.onHandleIntent(:com.google.android.gms@233316044@23.33.16 (190400-560149061):2) >11-08 00:01:19.177:
W/PhenotypeConfigurationU(5457): at adqc.onHandleIntent(:com.google.android.gms@233316044@23.33.16 (190400-560149061):10) >11-08 00:01:19.177:
W/PhenotypeConfigurationU(5457): at lep.run(:com.google.android.gms@233316044@23.33.16 (190400-560149061):70) >11-08 00:01:19.177:
W/PhenotypeConfigurationU(5457): at leo.run(:com.google.android.gms@233316044@23.33.16 (190400-560149061):152) >11-08 00:01:19.177:
W/PhenotypeConfigurationU(5457): at dpie.run(:com.google.android.gms@233316044@23.33.16 (190400-560149061):13) >11-08 00:01:19.177:
W/PhenotypeConfigurationU(5457): at java.util.concurrent.ThreadPoolExecutor.runWorker(ThreadPoolExecutor.java:1137) >11-08 00:01:19.177:
W/PhenotypeConfigurationU(5457): at java.util.concurrent.ThreadPoolExecutor$Worker.run(ThreadPoolExecutor.java:637) >11-08 00:01:19.177:
W/PhenotypeConfigurationU(5457): at java.lang.Thread.run(Thread.java:1012) >11-08 00:01:19.180:
I/resolv(371): GetAddrInfoHandler::run: {102 786534 102 983142 10118 0} >11-08 00:01:19.180:
I/resolv(371): res_nmkquery: (QUERY, IN, AAAA) >11-08 00:01:19.180:
I/resolv(371): resolv_cache_lookup: FOUND IN CACHE entry=0xb400006e41a60fd0 >11-08 00:01:19.180:
I/resolv(371): doQuery: rcode=0, ancount=1, return value=61 >11-08 00:01:19.180:
I/resolv(371): res_nmkquery: (QUERY, IN, A) >11-08 00:01:19.180:
I/resolv(371): resolv_cache_lookup: FOUND IN CACHE entry=0xb400006e41a61f90 >11-08 00:01:19.180:
I/resolv(371): doQuery: rcode=0, ancount=1, return value=49 >11-08 00:01:19.181:
D/TrafficStats(5744): tagSocket(113) with statsTag=0xffffffff, statsUid=-1 >11-08 00:01:19.181:
W/JobScheduler(577): Job didn't exist in JobStore: 83c656c #u0a119/-43 com.google.android.googlequicksearchbox/com.google.android.apps.gsa.tasks.BackgroundTasksJobService >11-08 00:01:19.194:
W/SQLiteLog(5054): (28) double-quoted string literal: "com.android.cellbroadcastreceiver" >11-08 00:01:19.195:
W/SQLiteLog(5054): (28) double-quoted string literal: "com.android.emergency" >11-08 00:01:19.195:
I/NamespaceManager(5457): Package com.android.refreshratecontrol name not found! Using module version. >11-08 00:01:19.195:
I/NamespaceManager(5457): Package com.google.oslo name not found! Using module version. >11-08 00:01:19.195:
I/NamespaceManager(5457): Package com.android.media name not found! Using module version. >11-08 00:01:19.195:
I/NamespaceManager(5457): Package com.android.media.swcodec name not found! Using module version. >11-08 00:01:19.195:
I/NamespaceManager(5457): Package com.android.neuralnetworks name not found! Using module version. >11-08 00:01:19.195:
I/NamespaceManager(5457): Package com.android.media name not found! Using module version. >11-08 00:01:19.195:
I/NamespaceManager(5457): Package 1 name not found! Using module version. >11-08 00:01:19.195:
W/SQLiteLog(5054): (28) double-quoted string literal: "com.android.permissioncontroller" >11-08 00:01:19.195:
I/NamespaceManager(5457): Package rkpd name not found! Using module version. >11-08 00:01:19.195:
I/NamespaceManager(5457): Package com.google.android.devicelockcontroller name not found! Using module version. >11-08 00:01:19.195:
I/NamespaceManager(5457): Package com.google.android.healthfitness name not found! Using module version. >11-08 00:01:19.196:
I/NamespaceManager(5457): Package android.companion name not found! Using module version. >11-08 00:01:19.196:
I/NamespaceManager(5457): Package com.google.android.healthfitness name not found! Using module version. >11-08 00:01:19.196:
I/NamespaceManager(5457): Package com.google.android.aicore name not found! Using module version. >11-08 00:01:19.196:
W/PhenotypeConfigurationU(5457): Update for unknown DeviceConfig package com.google.android.gms.droidguard [CONTEXT service_id=204 ] >11-08 00:01:19.196:
W/PhenotypeConfigurationU(5457): cesr: No package exists for config package: com.google.android.gms.droidguard >11-08 00:01:19.196:
W/PhenotypeConfigurationU(5457): at cess.a(:com.google.android.gms@233316044@23.33.16 (190400-560149061):70) >11-08 00:01:19.196:
W/PhenotypeConfigurationU(5457): at com.google.android.gms.platformconfigurator.PhenotypeConfigurationUpdateListener.b(:com.google.android.gms@233316044@23.33.16 (190400-560149061):6) >11-08 00:01:19.196:
W/PhenotypeConfigurationU(5457): at com.google.android.gms.platformconfigurator.PhenotypeConfigurationUpdateListener.a(:com.google.android.gms@233316044@23.33.16 (190400-560149061):167) >11-08 00:01:19.196:
W/PhenotypeConfigurationU(5457): at com.google.android.gms.platformconfigurator.PhenotypeConfigurationUpdateListener.onHandleIntent(:com.google.android.gms@233316044@23.33.16 (190400-560149061):278) >11-08 00:01:19.196:
W/PhenotypeConfigurationU(5457): at com.google.android.chimera.IntentOperation.onHandleIntent(:com.google.android.gms@233316044@23.33.16 (190400-560149061):2) >11-08 00:01:19.196:
W/PhenotypeConfigurationU(5457): at adqc.onHandleIntent(:com.google.android.gms@233316044@23.33.16 (190400-560149061):10) >11-08 00:01:19.196:
W/PhenotypeConfigurationU(5457): at lep.run(:com.google.android.gms@233316044@23.33.16 (190400-560149061):70) >11-08 00:01:19.196:
W/PhenotypeConfigurationU(5457): at leo.run(:com.google.android.gms@233316044@23.33.16 (190400-560149061):152) >11-08 00:01:19.196:
W/PhenotypeConfigurationU(5457): at dpie.run(:com.google.android.gms@233316044@23.33.16 (190400-560149061):13) >11-08 00:01:19.196:
W/PhenotypeConfigurationU(5457): at java.util.concurrent.ThreadPoolExecutor.runWorker(ThreadPoolExecutor.java:1137) >11-08 00:01:19.196:
W/PhenotypeConfigurationU(5457): at java.util.concurrent.ThreadPoolExecutor$Worker.run(ThreadPoolExecutor.java:637) >11-08 00:01:19.196:
W/PhenotypeConfigurationU(5457): at java.lang.Thread.run(Thread.java:1012) >11-08 00:01:19.199:
W/SQLiteLog(5054): (28) double-quoted string literal: "com.android.permissioncontroller.role" >11-08 00:01:19.199:
W/SQLiteLog(5054): (28) double-quoted string literal: "com.android.permissioncontroller.safetycenter" >11-08 00:01:19.200:
W/SQLiteLog(5054): (28) double-quoted string literal: "com.android.settings" >11-08 00:01:19.208:
W/native(1539): W0000 00:00:1699430479.208868 1915 input-utils.cc:95] Failed to get value for update inducing feature |longitude| due to INVALID_ARGUMENT: No feature generators for feature "longitude" >11-08 00:01:19.208:
W/native(1539): === Source Location Trace: === >11-08 00:01:19.208:
W/native(1539): ./speech/service/context/features/feature-dictionary-provider.h:99 >11-08 00:01:19.208:
W/native(1539): Subgraphs depending on this feature will not have a new revision. >11-08 00:01:19.208:
W/native(1539): W0000 00:00:1699430479.208899 1915 input-utils.cc:95] Failed to get value for update inducing feature |latitude| due to INVALID_ARGUMENT: No feature generators for feature "latitude" >11-08 00:01:19.208:
W/native(1539): === Source Location Trace: === >11-08 00:01:19.208:
W/native(1539): ./speech/service/context/features/feature-dictionary-provider.h:99 >11-08 00:01:19.208:
W/native(1539): Subgraphs depending on this feature will not have a new revision. >11-08 00:01:19.208:
I/native(1539): I0000 00:00:1699430479.208920 1915 context-module-impl.cc:593] Update recognition context for speaker: "". (Proto:MessageLite at 0xb400007475c9ab10) >11-08 00:01:19.212:
I/RoleService(577): Granting default roles... >11-08 00:01:19.215:
W/SQLiteLog(5054): (28) double-quoted string literal: "com.android.traceur" >11-08 00:01:19.215:
W/SQLiteLog(5054): (28) double-quoted string literal: "com.google.android.apps.gsa.opa.AssistantSettingsProvider" >11-08 00:01:19.217:
W/SQLiteLog(5054): (28) double-quoted string literal: "com.google.android.apps.messaging.settings.search" >11-08 00:01:19.218:
W/SQLiteLog(5054): (28) double-quoted string literal: "com.google.android.apps.nexuslauncher" >11-08 00:01:19.218:
I/PhenotypeBackgroundRecv(3716): Skipping com.google.ar.sceneviewer.android.device#com.google.android.googlequicksearchbox which doesn't use ProcessStable flags. >11-08 00:01:19.219:
W/SQLiteLog(5054): (28) double-quoted string literal: "com.google.android.apps.wellbeing" >11-08 00:01:19.219:
W/JobScheduler(577): Job didn't exist in JobStore: 23a6622 #u0a119/-43 com.google.android.googlequicksearchbox/com.google.android.apps.gsa.tasks.BackgroundTasksJobService >11-08 00:01:19.219:
W/SQLiteLog(5054): (28) double-quoted string literal: "com.google.android.gms" >11-08 00:01:19.219:
I/NamespaceManager(5457): Package com.android.refreshratecontrol name not found! Using module version. >11-08 00:01:19.219:
W/SQLiteLog(5054): (28) double-quoted string literal: "com.google.android.gms.accountsettings.content" >11-08 00:01:19.220:
W/BpBinder(5457): Large outgoing transaction of 338692 bytes, interface descriptor <uncached descriptor>, code 4 >11-08 00:01:19.220:
W/SQLiteLog(5054): (28) double-quoted string literal: "com.google.android.inputmethod.latin" >11-08 00:01:19.220:
I/NamespaceManager(5457): Package com.google.oslo name not found! Using module version. >11-08 00:01:19.221:
W/SQLiteLog(5054): (28) double-quoted string literal: "com.google.android.settings.intelligence.provider.search" >11-08 00:01:19.221:
I/NamespaceManager(5457): Package com.android.media name not found! Using module version. >11-08 00:01:19.221:
I/NamespaceManager(5457): Package com.android.media.swcodec name not found! Using module version. >11-08 00:01:19.221:
W/SQLiteLog(5054): (28) double-quoted string literal: "com.google.android.settings.intelligence.routines.impl" >11-08 00:01:19.221:
W/SQLiteLog(5054): (28) double-quoted string literal: "com.google.android.settings.intelligence.smartringer.impl" >11-08 00:01:19.221:
I/NamespaceManager(5457): Package com.android.neuralnetworks name not found! Using module version. >11-08 00:01:19.221:
I/NamespaceManager(5457): Package com.android.media name not found! Using module version. >11-08 00:01:19.221:
I/NamespaceManager(5457): Package 1 name not found! Using module version. >11-08 00:01:19.221:
I/NamespaceManager(5457): Package rkpd name not found! Using module version. >11-08 00:01:19.221:
W/Role(878): Default holder doesn't have required signing certificate: com.google.android.apps.work.clouddpc:23962F4B43B9857638EA66F4D419518EAE282491ACDA4B94707BD59003C45E58 >11-08 00:01:19.222:
I/NamespaceManager(5457): Package com.google.android.devicelockcontroller name not found! Using module version. >11-08 00:01:19.222:
I/NamespaceManager(5457): Package com.google.android.healthfitness name not found! Using module version. >11-08 00:01:19.222:
I/NamespaceManager(5457): Package android.companion name not found! Using module version. >11-08 00:01:19.222:
I/NamespaceManager(5457): Package com.google.android.healthfitness name not found! Using module version. >11-08 00:01:19.222:
I/NamespaceManager(5457): Package com.google.android.aicore name not found! Using module version. >11-08 00:01:19.222:
W/PhenotypeConfigurationU(5457): Update for unknown DeviceConfig package com.google.android.gms.recaptcha [CONTEXT service_id=204 ] >11-08 00:01:19.222:
W/PhenotypeConfigurationU(5457): cesr: No package exists for config package: com.google.android.gms.recaptcha >11-08 00:01:19.222:
W/PhenotypeConfigurationU(5457): at cess.a(:com.google.android.gms@233316044@23.33.16 (190400-560149061):70) >11-08 00:01:19.222:
W/PhenotypeConfigurationU(5457): at com.google.android.gms.platformconfigurator.PhenotypeConfigurationUpdateListener.b(:com.google.android.gms@233316044@23.33.16 (190400-560149061):6) >11-08 00:01:19.222:
W/PhenotypeConfigurationU(5457): at com.google.android.gms.platformconfigurator.PhenotypeConfigurationUpdateListener.a(:com.google.android.gms@233316044@23.33.16 (190400-560149061):167) >11-08 00:01:19.222:
W/PhenotypeConfigurationU(5457): at com.google.android.gms.platformconfigurator.PhenotypeConfigurationUpdateListener.onHandleIntent(:com.google.android.gms@233316044@23.33.16 (190400-560149061):278) >11-08 00:01:19.222:
W/PhenotypeConfigurationU(5457): at com.google.android.chimera.IntentOperation.onHandleIntent(:com.google.android.gms@233316044@23.33.16 (190400-560149061):2) >11-08 00:01:19.222:
W/PhenotypeConfigurationU(5457): at adqc.onHandleIntent(:com.google.android.gms@233316044@23.33.16 (190400-560149061):10) >11-08 00:01:19.222:
W/PhenotypeConfigurationU(5457): at lep.run(:com.google.android.gms@233316044@23.33.16 (190400-560149061):70) >11-08 00:01:19.222:
W/PhenotypeConfigurationU(5457): at leo.run(:com.google.android.gms@233316044@23.33.16 (190400-560149061):152) >11-08 00:01:19.222:
W/PhenotypeConfigurationU(5457): at dpie.run(:com.google.android.gms@233316044@23.33.16 (190400-560149061):13) >11-08 00:01:19.222:
W/PhenotypeConfigurationU(5457): at java.util.concurrent.ThreadPoolExecutor.runWorker(ThreadPoolExecutor.java:1137) >11-08 00:01:19.222:
W/PhenotypeConfigurationU(5457): at java.util.concurrent.ThreadPoolExecutor$Worker.run(ThreadPoolExecutor.java:637) >11-08 00:01:19.222:
W/PhenotypeConfigurationU(5457): at java.lang.Thread.run(Thread.java:1012) >11-08 00:01:19.222:
W/A(5854): (REDACTED) Can't format flag %s to integer. >11-08 00:01:19.222:
W/A(5854): (REDACTED) Can't format flag %s to integer. >11-08 00:01:19.222:
W/A(5854): (REDACTED) Can't format flag %s to integer. >11-08 00:01:19.222:
W/A(5854): (REDACTED) Can't format flag %s to integer. >11-08 00:01:19.222:
W/A(5854): (REDACTED) Can't format flag %s to integer. >11-08 00:01:19.222:
W/A(5854): (REDACTED) Can't format flag %s to integer. >11-08 00:01:19.222:
W/A(5854): (REDACTED) Can't format flag %s to integer. >11-08 00:01:19.222:
W/A(5854): (REDACTED) Can't format flag %s to integer. >11-08 00:01:19.222:
W/A(5854): (REDACTED) Can't format flag %s to integer. >11-08 00:01:19.222:
W/A(5854): (REDACTED) Can't format flag %s to integer. >11-08 00:01:19.222:
W/A(5854): (REDACTED) Can't format flag %s to integer. >11-08 00:01:19.222:
W/A(5854): (REDACTED) Can't format flag %s to integer. >11-08 00:01:19.222:
W/A(5854): (REDACTED) Can't format flag %s to integer. >11-08 00:01:19.222:
W/A(5854): (REDACTED) Can't format flag %s to integer. >11-08 00:01:19.222:
W/A(5854): (REDACTED) Can't format flag %s to integer. >11-08 00:01:19.222:
W/A(5854): (REDACTED) Can't format flag %s to integer. >11-08 00:01:19.222:
W/A(5854): (REDACTED) Can't format flag %s to integer. >11-08 00:01:19.222:
W/A(5854): (REDACTED) Can't format flag %s to integer. >11-08 00:01:19.222:
W/A(5854): (REDACTED) Can't format flag %s to integer. >11-08 00:01:19.222:
W/A(5854): (REDACTED) Can't format flag %s to integer. >11-08 00:01:19.222:
W/A(5854): (REDACTED) Can't format flag %s to integer. >11-08 00:01:19.222:
W/A(5854): (REDACTED) Can't format flag %s to integer. >11-08 00:01:19.222:
W/A(5854): (REDACTED) Can't format flag %s to integer. >11-08 00:01:19.222:
W/A(5854): (REDACTED) Can't format flag %s to integer. >11-08 00:01:19.223:
W/IndexDataConverter(5054): Skipping index for null-key item IndexData.Builder {title: null,package: com.google.android.googlequicksearchbox} >11-08 00:01:19.223:
I/NamespaceManager(5457): Package com.android.refreshratecontrol name not found! Using module version. >11-08 00:01:19.224:
I/NamespaceManager(5457): Package com.google.oslo name not found! Using module version. >11-08 00:01:19.224:
I/NamespaceManager(5457): Package com.android.media name not found! Using module version. >11-08 00:01:19.224:
I/NamespaceManager(5457): Package com.android.media.swcodec name not found! Using module version. >11-08 00:01:19.225:
I/NamespaceManager(5457): Package com.android.neuralnetworks name not found! Using module version. >11-08 00:01:19.225:
I/NamespaceManager(5457): Package com.android.media name not found! Using module version. >11-08 00:01:19.225:
I/NamespaceManager(5457): Package 1 name not found! Using module version. >11-08 00:01:19.225:
I/NamespaceManager(5457): Package rkpd name not found! Using module version. >11-08 00:01:19.225:
I/NamespaceManager(5457): Package com.google.android.devicelockcontroller name not found! Using module version. >11-08 00:01:19.225:
I/NamespaceManager(5457): Package com.google.android.healthfitness name not found! Using module version. >11-08 00:01:19.225:
I/NamespaceManager(5457): Package android.companion name not found! Using module version. >11-08 00:01:19.225:
I/NamespaceManager(5457): Package com.google.android.healthfitness name not found! Using module version. >11-08 00:01:19.226:
I/NamespaceManager(5457): Package com.google.android.aicore name not found! Using module version. >11-08 00:01:19.226:
W/PhenotypeConfigurationU(5457): Update for unknown DeviceConfig package com.google.android.gms.inappreach#com.google.android.gms [CONTEXT service_id=204 ] >11-08 00:01:19.226:
W/PhenotypeConfigurationU(5457): cesr: No package exists for config package: com.google.android.gms.inappreach#com.google.android.gms >11-08 00:01:19.226:
W/PhenotypeConfigurationU(5457): at cess.a(:com.google.android.gms@233316044@23.33.16 (190400-560149061):70) >11-08 00:01:19.226:
W/PhenotypeConfigurationU(5457): at com.google.android.gms.platformconfigurator.PhenotypeConfigurationUpdateListener.b(:com.google.android.gms@233316044@23.33.16 (190400-560149061):6) >11-08 00:01:19.226:
W/PhenotypeConfigurationU(5457): at com.google.android.gms.platformconfigurator.PhenotypeConfigurationUpdateListener.a(:com.google.android.gms@233316044@23.33.16 (190400-560149061):167) >11-08 00:01:19.226:
W/PhenotypeConfigurationU(5457): at com.google.android.gms.platformconfigurator.PhenotypeConfigurationUpdateListener.onHandleIntent(:com.google.android.gms@233316044@23.33.16 (190400-560149061):278) >11-08 00:01:19.226:
W/PhenotypeConfigurationU(5457): at com.google.android.chimera.IntentOperation.onHandleIntent(:com.google.android.gms@233316044@23.33.16 (190400-560149061):2) >11-08 00:01:19.226:
W/PhenotypeConfigurationU(5457): at adqc.onHandleIntent(:com.google.android.gms@233316044@23.33.16 (190400-560149061):10) >11-08 00:01:19.226:
W/PhenotypeConfigurationU(5457): at lep.run(:com.google.android.gms@233316044@23.33.16 (190400-560149061):70) >11-08 00:01:19.226:
W/PhenotypeConfigurationU(5457): at leo.run(:com.google.android.gms@233316044@23.33.16 (190400-560149061):152) >11-08 00:01:19.226:
W/PhenotypeConfigurationU(5457): at dpie.run(:com.google.android.gms@233316044@23.33.16 (190400-560149061):13) >11-08 00:01:19.226:
W/PhenotypeConfigurationU(5457): at java.util.concurrent.ThreadPoolExecutor.runWorker(ThreadPoolExecutor.java:1137) >11-08 00:01:19.226:
W/PhenotypeConfigurationU(5457): at java.util.concurrent.ThreadPoolExecutor$Worker.run(ThreadPoolExecutor.java:637) >11-08 00:01:19.226:
W/PhenotypeConfigurationU(5457): at java.lang.Thread.run(Thread.java:1012) >11-08 00:01:19.230:
I/A(5854): (REDACTED) Refusing EXCLUSIVE task %s, it is already pending. Try again in %d seconds. >11-08 00:01:19.231:
I/FedAssExpListener(5854): Fed-ass not supported for signed out users. >11-08 00:01:19.231:
I/FedAssExpListener(5854): Successfully processed experiments changed. >11-08 00:01:19.231:
I/A(5854): NGA enabled in interactor. >11-08 00:01:19.233:
I/OpaEligibilityChecker(5854): send OpaEligibilityChange broadcast to CommonBroadcastReceiver >11-08 00:01:19.235:
W/CorpusConfigHelper(5854): Invalid input from icing corpus JSON flag. >11-08 00:01:19.235:
W/CorpusConfigHelper(5854): android.util.MalformedJsonException: Use JsonReader.setLenient(true) to accept malformed JSON at line 123 column 2 >11-08 00:01:19.235:
W/CorpusConfigHelper(5854): at android.util.JsonReader.syntaxError(JsonReader.java:1162) >11-08 00:01:19.235:
W/CorpusConfigHelper(5854): at android.util.JsonReader.checkLenient(JsonReader.java:840) >11-08 00:01:19.235:
W/CorpusConfigHelper(5854): at android.util.JsonReader.nextInArray(JsonReader.java:615) >11-08 00:01:19.235:
W/CorpusConfigHelper(5854): at android.util.JsonReader.peek(JsonReader.java:345) >11-08 00:01:19.235:
W/CorpusConfigHelper(5854): at android.util.JsonReader.hasNext(JsonReader.java:321) >11-08 00:01:19.235:
W/CorpusConfigHelper(5854): at com.google.android.apps.gsa.searchbox.c.b.b.k.c(PG:7) >11-08 00:01:19.235:
W/CorpusConfigHelper(5854): at com.google.android.apps.gsa.searchbox.c.b.b.j.a(Unknown Source:2) >11-08 00:01:19.235:
W/CorpusConfigHelper(5854): at com.google.android.apps.gsa.search.core.i.o.run(PG:5) >11-08 00:01:19.235:
W/CorpusConfigHelper(5854): at com.google.android.libraries.gsa.k.a.h.run(PG:2) >11-08 00:01:19.235:
W/CorpusConfigHelper(5854): at com.google.android.apps.gsa.shared.util.c.a.ce.b(PG:1) >11-08 00:01:19.235:
W/CorpusConfigHelper(5854): at com.google.android.apps.gsa.shared.util.c.a.ch.run(PG:1) >11-08 00:01:19.235:
W/CorpusConfigHelper(5854): at com.google.android.libraries.i.af.run(PG:1) >11-08 00:01:19.235:
W/CorpusConfigHelper(5854): at com.google.android.libraries.i.an.run(PG:23) >11-08 00:01:19.235:
W/CorpusConfigHelper(5854): at com.google.android.libraries.i.l.run(PG:2) >11-08 00:01:19.235:
W/CorpusConfigHelper(5854): at com.google.android.libraries.i.q.run(PG:4) >11-08 00:01:19.235:
W/CorpusConfigHelper(5854): at java.lang.Thread.run(Thread.java:1012) >11-08 00:01:19.242:
W/IndexDataConverter(5054): Skipping index for null-key item IndexData.Builder {title: null,package: com.google.android.apps.nexuslauncher} >11-08 00:01:19.242:
I/Icing(5449): IndexChimeraService.getServiceInterface callingPackage=com.google.android.googlequicksearchbox componentName=agsa_icing_connection serviceId=32 >11-08 00:01:19.243:
I/Icing(5449): IndexChimeraService.getServiceInterface callingPackage=com.google.android.googlequicksearchbox componentName=agsa_icing_connection serviceId=33 >11-08 00:01:19.243:
W/IndexDataConverter(5054): Skipping index for null-key item IndexData.Builder {title: null,package: com.google.android.settings.intelligence} >11-08 00:01:19.243:
W/IndexDataConverter(5054): Skipping index for null-key item IndexData.Builder {title: null,package: com.google.android.settings.intelligence} >11-08 00:01:19.243:
W/IndexDataConverter(5054): Skipping null key for raw indexable com.google.android.settings.intelligence.provider.search/null >11-08 00:01:19.245:
W/IndexDataConverter(5054): Skipping index for null-key item IndexData.Builder {title: Backup,package: com.android.settings} >11-08 00:01:19.246:
W/IndexDataConverter(5054): Skipping index for null-key item IndexData.Builder {title: Reduces background noises during calls,package: com.android.settings} >11-08 00:01:19.246:
W/IndexDataConverter(5054): Skipping index for null-key item IndexData.Builder {title: Clear calling,package: com.android.settings} >11-08 00:01:19.248:
W/IndexDataConverter(5054): Skipping index for null-key item IndexData.Builder {title: Graphics Driver Preferences,package: com.android.settings} >11-08 00:01:19.248:
W/IndexDataConverter(5054): Skipping index for null-key item IndexData.Builder {title: Automatically adjust the screen orientation when you move your phone between portrait and landscape,package: com.android.settings} >11-08 00:01:19.250:
W/IndexDataConverter(5054): Skipping index for null-key item IndexData.Builder {title: Auto-rotate screen,package: com.android.settings} >11-08 00:01:19.252:
W/IndexDataConverter(5054): Skipping index for null-key item IndexData.Builder {title: Spatial audio,package: com.android.settings} >11-08 00:01:19.254:
W/IndexDataConverter(5054): Skipping index for null-key item IndexData.Builder {title: More security settings,package: com.android.settings} >11-08 00:01:19.254:
W/IndexDataConverter(5054): Skipping index for null-key item IndexData.Builder {title: Connected work & personal apps,package: com.android.settings} >11-08 00:01:19.256:
W/IndexDataConverter(5054): Skipping index for null-key item IndexData.Builder {title: Extra dim,package: com.android.settings} >11-08 00:01:19.258:
W/IndexDataConverter(5054): Skipping index for null-key item IndexData.Builder {title: When you set up Face Unlock and Fingerprint Unlock, your phone will ask for your fingerprint when you wear a mask or are in a dark area,package: com.android.settings} >11-08 00:01:19.259:
W/IndexDataConverter(5054): Skipping index for null-key item IndexData.Builder {title: Face & Fingerprint Unlock,package: com.android.settings} >11-08 00:01:19.259:
W/IndexDataConverter(5054): Skipping index for null-key item IndexData.Builder {title: Install a certificate,package: com.android.settings} >11-08 00:01:19.265:
I/NamespaceManager(5457): Package com.android.refreshratecontrol name not found! Using module version. >11-08 00:01:19.265:
I/NamespaceManager(5457): Package com.google.oslo name not found! Using module version. >11-08 00:01:19.267:
I/NamespaceManager(5457): Package com.android.media name not found! Using module version. >11-08 00:01:19.267:
I/NamespaceManager(5457): Package com.android.media.swcodec name not found! Using module version. >11-08 00:01:19.268:
I/NamespaceManager(5457): Package com.android.neuralnetworks name not found! Using module version. >11-08 00:01:19.268:
I/NamespaceManager(5457): Package com.android.media name not found! Using module version. >11-08 00:01:19.268:
I/netd(371): tetherGetStats() -> {[]} <0.30ms> >11-08 00:01:19.269:
I/NamespaceManager(5457): Package 1 name not found! Using module version. >11-08 00:01:19.269:
I/NamespaceManager(5457): Package rkpd name not found! Using module version. >11-08 00:01:19.269:
I/NamespaceManager(5457): Package com.google.android.devicelockcontroller name not found! Using module version. >11-08 00:01:19.269:
I/NamespaceManager(5457): Package com.google.android.healthfitness name not found! Using module version. >11-08 00:01:19.269:
I/NamespaceManager(5457): Package android.companion name not found! Using module version. >11-08 00:01:19.270:
I/NamespaceManager(5457): Package com.google.android.healthfitness name not found! Using module version. >11-08 00:01:19.270:
I/NamespaceManager(5457): Package com.google.android.aicore name not found! Using module version. >11-08 00:01:19.270:
W/PhenotypeConfigurationU(5457): Update for unknown DeviceConfig package com.google.android.gms.auth.api.credentials [CONTEXT service_id=204 ] >11-08 00:01:19.270:
W/PhenotypeConfigurationU(5457): cesr: No package exists for config package: com.google.android.gms.auth.api.credentials >11-08 00:01:19.270:
W/PhenotypeConfigurationU(5457): at cess.a(:com.google.android.gms@233316044@23.33.16 (190400-560149061):70) >11-08 00:01:19.270:
W/PhenotypeConfigurationU(5457): at com.google.android.gms.platformconfigurator.PhenotypeConfigurationUpdateListener.b(:com.google.android.gms@233316044@23.33.16 (190400-560149061):6) >11-08 00:01:19.270:
W/PhenotypeConfigurationU(5457): at com.google.android.gms.platformconfigurator.PhenotypeConfigurationUpdateListener.a(:com.google.android.gms@233316044@23.33.16 (190400-560149061):167) >11-08 00:01:19.270:
W/PhenotypeConfigurationU(5457): at com.google.android.gms.platformconfigurator.PhenotypeConfigurationUpdateListener.onHandleIntent(:com.google.android.gms@233316044@23.33.16 (190400-560149061):278) >11-08 00:01:19.270:
W/PhenotypeConfigurationU(5457): at com.google.android.chimera.IntentOperation.onHandleIntent(:com.google.android.gms@233316044@23.33.16 (190400-560149061):2) >11-08 00:01:19.270:
W/PhenotypeConfigurationU(5457): at adqc.onHandleIntent(:com.google.android.gms@233316044@23.33.16 (190400-560149061):10) >11-08 00:01:19.270:
W/PhenotypeConfigurationU(5457): at lep.run(:com.google.android.gms@233316044@23.33.16 (190400-560149061):70) >11-08 00:01:19.270:
W/PhenotypeConfigurationU(5457): at leo.run(:com.google.android.gms@233316044@23.33.16 (190400-560149061):152) >11-08 00:01:19.270:
W/PhenotypeConfigurationU(5457): at dpie.run(:com.google.android.gms@233316044@23.33.16 (190400-560149061):13) >11-08 00:01:19.270:
W/PhenotypeConfigurationU(5457): at java.util.concurrent.ThreadPoolExecutor.runWorker(ThreadPoolExecutor.java:1137) >11-08 00:01:19.270:
W/PhenotypeConfigurationU(5457): at java.util.concurrent.ThreadPoolExecutor$Worker.run(ThreadPoolExecutor.java:637) >11-08 00:01:19.270:
W/PhenotypeConfigurationU(5457): at java.lang.Thread.run(Thread.java:1012) >11-08 00:01:19.271:
I/NamespaceManager(5457): Package com.android.refreshratecontrol name not found! Using module version. >11-08 00:01:19.272:
I/NamespaceManager(5457): Package com.google.oslo name not found! Using module version. >11-08 00:01:19.273:
I/NamespaceManager(5457): Package com.android.media name not found! Using module version. >11-08 00:01:19.273:
I/NamespaceManager(5457): Package com.android.media.swcodec name not found! Using module version. >11-08 00:01:19.275:
I/NamespaceManager(5457): Package com.android.neuralnetworks name not found! Using module version. >11-08 00:01:19.275:
I/NamespaceManager(5457): Package com.android.media name not found! Using module version. >11-08 00:01:19.276:
I/NamespaceManager(5457): Package 1 name not found! Using module version. >11-08 00:01:19.276:
W/IndexDataConverter(5054): Skipping index for null-key item IndexData.Builder {title: Lock screen,package: com.android.settings} >11-08 00:01:19.276:
I/NamespaceManager(5457): Package rkpd name not found! Using module version. >11-08 00:01:19.276:
I/NamespaceManager(5457): Package com.google.android.devicelockcontroller name not found! Using module version. >11-08 00:01:19.276:
I/NamespaceManager(5457): Package com.google.android.healthfitness name not found! Using module version. >11-08 00:01:19.276:
I/NamespaceManager(5457): Package android.companion name not found! Using module version. >11-08 00:01:19.276:
I/NamespaceManager(5457): Package com.google.android.healthfitness name not found! Using module version. >11-08 00:01:19.276:
I/NamespaceManager(5457): Package com.google.android.aicore name not found! Using module version. >11-08 00:01:19.277:
W/PhenotypeConfigurationU(5457): Update for unknown DeviceConfig package com.google.android.gms.appintegrity [CONTEXT service_id=204 ] >11-08 00:01:19.277:
W/PhenotypeConfigurationU(5457): cesr: No package exists for config package: com.google.android.gms.appintegrity >11-08 00:01:19.277:
W/PhenotypeConfigurationU(5457): at cess.a(:com.google.android.gms@233316044@23.33.16 (190400-560149061):70) >11-08 00:01:19.277:
W/PhenotypeConfigurationU(5457): at com.google.android.gms.platformconfigurator.PhenotypeConfigurationUpdateListener.b(:com.google.android.gms@233316044@23.33.16 (190400-560149061):6) >11-08 00:01:19.277:
W/PhenotypeConfigurationU(5457): at com.google.android.gms.platformconfigurator.PhenotypeConfigurationUpdateListener.a(:com.google.android.gms@233316044@23.33.16 (190400-560149061):167) >11-08 00:01:19.277:
W/PhenotypeConfigurationU(5457): at com.google.android.gms.platformconfigurator.PhenotypeConfigurationUpdateListener.onHandleIntent(:com.google.android.gms@233316044@23.33.16 (190400-560149061):278) >11-08 00:01:19.277:
W/PhenotypeConfigurationU(5457): at com.google.android.chimera.IntentOperation.onHandleIntent(:com.google.android.gms@233316044@23.33.16 (190400-560149061):2) >11-08 00:01:19.277:
W/PhenotypeConfigurationU(5457): at adqc.onHandleIntent(:com.google.android.gms@233316044@23.33.16 (190400-560149061):10) >11-08 00:01:19.277:
W/PhenotypeConfigurationU(5457): at lep.run(:com.google.android.gms@233316044@23.33.16 (190400-560149061):70) >11-08 00:01:19.277:
W/PhenotypeConfigurationU(5457): at leo.run(:com.google.android.gms@233316044@23.33.16 (190400-560149061):152) >11-08 00:01:19.277:
W/PhenotypeConfigurationU(5457): at dpie.run(:com.google.android.gms@233316044@23.33.16 (190400-560149061):13) >11-08 00:01:19.277:
W/PhenotypeConfigurationU(5457): at java.util.concurrent.ThreadPoolExecutor.runWorker(ThreadPoolExecutor.java:1137) >11-08 00:01:19.277:
W/PhenotypeConfigurationU(5457): at java.util.concurrent.ThreadPoolExecutor$Worker.run(ThreadPoolExecutor.java:637) >11-08 00:01:19.277:
W/PhenotypeConfigurationU(5457): at java.lang.Thread.run(Thread.java:1012) >11-08 00:01:19.277:
W/IndexDataConverter(5054): Skipping index for null-key item IndexData.Builder {title: Hotspot & tethering,package: com.android.settings} >11-08 00:01:19.278:
I/NamespaceManager(5457): Package com.android.refreshratecontrol name not found! Using module version. >11-08 00:01:19.278:
I/NamespaceManager(5457): Package com.google.oslo name not found! Using module version. >11-08 00:01:19.279:
I/NamespaceManager(5457): Package com.android.media name not found! Using module version. >11-08 00:01:19.279:
I/NamespaceManager(5457): Package com.android.media.swcodec name not found! Using module version. >11-08 00:01:19.279:
I/NamespaceManager(5457): Package com.android.neuralnetworks name not found! Using module version. >11-08 00:01:19.279:
I/NamespaceManager(5457): Package com.android.media name not found! Using module version. >11-08 00:01:19.279:
W/IndexDataConverter(5054): Skipping index for null-key item IndexData.Builder {title: Autoclick (dwell timing),package: com.android.settings} >11-08 00:01:19.279:
I/NamespaceManager(5457): Package 1 name not found! Using module version. >11-08 00:01:19.280:
I/NamespaceManager(5457): Package rkpd name not found! Using module version. >11-08 00:01:19.280:
I/NamespaceManager(5457): Package com.google.android.devicelockcontroller name not found! Using module version. >11-08 00:01:19.280:
I/NamespaceManager(5457): Package com.google.android.healthfitness name not found! Using module version. >11-08 00:01:19.280:
I/NamespaceManager(5457): Package android.companion name not found! Using module version. >11-08 00:01:19.280:
I/NamespaceManager(5457): Package com.google.android.healthfitness name not found! Using module version. >11-08 00:01:19.280:
I/NamespaceManager(5457): Package com.google.android.aicore name not found! Using module version. >11-08 00:01:19.280:
W/IndexDataConverter(5054): Skipping index for null-key item IndexData.Builder {title: null,package: com.android.settings} >11-08 00:01:19.280:
W/IndexDataConverter(5054): Skipping index for null-key item IndexData.Builder {title: Display options for hidden notifications,package: com.android.settings} >11-08 00:01:19.280:
W/PhenotypeConfigurationU(5457): Update for unknown DeviceConfig package com.google.android.gms.playlog.uploader [CONTEXT service_id=204 ] >11-08 00:01:19.280:
W/PhenotypeConfigurationU(5457): cesr: No package exists for config package: com.google.android.gms.playlog.uploader >11-08 00:01:19.280:
W/PhenotypeConfigurationU(5457): at cess.a(:com.google.android.gms@233316044@23.33.16 (190400-560149061):70) >11-08 00:01:19.280:
W/PhenotypeConfigurationU(5457): at com.google.android.gms.platformconfigurator.PhenotypeConfigurationUpdateListener.b(:com.google.android.gms@233316044@23.33.16 (190400-560149061):6) >11-08 00:01:19.280:
W/PhenotypeConfigurationU(5457): at com.google.android.gms.platformconfigurator.PhenotypeConfigurationUpdateListener.a(:com.google.android.gms@233316044@23.33.16 (190400-560149061):167) >11-08 00:01:19.280:
W/PhenotypeConfigurationU(5457): at com.google.android.gms.platformconfigurator.PhenotypeConfigurationUpdateListener.onHandleIntent(:com.google.android.gms@233316044@23.33.16 (190400-560149061):278) >11-08 00:01:19.280:
W/PhenotypeConfigurationU(5457): at com.google.android.chimera.IntentOperation.onHandleIntent(:com.google.android.gms@233316044@23.33.16 (190400-560149061):2) >11-08 00:01:19.280:
W/PhenotypeConfigurationU(5457): at adqc.onHandleIntent(:com.google.android.gms@233316044@23.33.16 (190400-560149061):10) >11-08 00:01:19.280:
W/PhenotypeConfigurationU(5457): at lep.run(:com.google.android.gms@233316044@23.33.16 (190400-560149061):70) >11-08 00:01:19.280:
W/PhenotypeConfigurationU(5457): at leo.run(:com.google.android.gms@233316044@23.33.16 (190400-560149061):152) >11-08 00:01:19.280:
W/PhenotypeConfigurationU(5457): at dpie.run(:com.google.android.gms@233316044@23.33.16 (190400-560149061):13) >11-08 00:01:19.280:
W/PhenotypeConfigurationU(5457): at java.util.concurrent.ThreadPoolExecutor.runWorker(ThreadPoolExecutor.java:1137) >11-08 00:01:19.280:
W/PhenotypeConfigurationU(5457): at java.util.concurrent.ThreadPoolExecutor$Worker.run(ThreadPoolExecutor.java:637) >11-08 00:01:19.280:
W/PhenotypeConfigurationU(5457): at java.lang.Thread.run(Thread.java:1012) >11-08 00:01:19.281:
W/IndexDataConverter(5054): Skipping index for null-key item IndexData.Builder {title: Dark theme,package: com.android.settings} >11-08 00:01:19.282:
W/IndexDataConverter(5054): Skipping index for null-key item IndexData.Builder {title: WiâFi preferences,package: com.android.settings} >11-08 00:01:19.282:
W/IndexDataConverter(5054): Skipping index for null-key item IndexData.Builder {title: Cast,package: com.android.settings} >11-08 00:01:19.283:
W/IndexDataConverter(5054): Skipping index for null-key item IndexData.Builder {title: App pinning allows you to keep the current app in view until you unpin it. This feature can be used, for example, to let a trusted friend play a specific game.,package: com.android.settings} >11-08 00:01:19.284:
W/IndexDataConverter(5054): Skipping index for null-key item IndexData.Builder {title: App pinning,package: com.android.settings} >11-08 00:01:19.284:
W/IndexDataConverter(5054): Skipping index for null-key item IndexData.Builder {title: Gestures,package: com.android.settings} >11-08 00:01:19.285:
W/IndexDataConverter(5054): Skipping index for null-key item IndexData.Builder {title: Caption size and style,package: com.android.settings} >11-08 00:01:19.286:
W/IndexDataConverter(5054): Skipping index for null-key item IndexData.Builder {title: Time to take action,package: com.android.settings} >11-08 00:01:19.286:
W/IndexDataConverter(5054): Skipping index for null-key item IndexData.Builder {title: Do Not Disturb access,package: com.android.settings} >11-08 00:01:19.286:
W/IndexDataConverter(5054): Skipping index for null-key item IndexData.Builder {title: Face Unlock,package: com.android.settings} >11-08 00:01:19.287:
W/IndexDataConverter(5054): Skipping index for null-key item IndexData.Builder {title: Connection preferences,package: com.android.settings} >11-08 00:01:19.287:
I/.apps.messaging(5744): Background concurrent copying GC freed 1044638(60MB) AllocSpace objects, 13(552KB) LOS objects, 42% free, 32MB/56MB, paused 15us,8us total 110.962ms >11-08 00:01:19.287:
W/IndexDataConverter(5054): Skipping index for null-key item IndexData.Builder {title: Wireless debugging,package: com.android.settings} >11-08 00:01:19.289:
W/IndexDataConverter(5054): Skipping index for null-key item IndexData.Builder {title: Notifications,package: com.android.settings} >11-08 00:01:19.292:
W/IndexDataConverter(5054): Skipping index for null-key item IndexData.Builder {title: Battery Share,package: com.android.settings} >11-08 00:01:19.292:
W/IndexDataConverter(5054): Skipping index for null-key item IndexData.Builder {title: Schedules,package: com.android.settings} >11-08 00:01:19.293:
W/IndexDataConverter(5054): Skipping index for null-key item IndexData.Builder {title: Quick Tap to start actions,package: com.android.settings} >11-08 00:01:19.293:
W/IndexDataConverter(5054): Skipping index for null-key item IndexData.Builder {title: Caption preferences,package: com.android.settings} >11-08 00:01:19.293:
W/IndexDataConverter(5054): Skipping index for null-key item IndexData.Builder {title: Prevent ringing,package: com.android.settings} >11-08 00:01:19.294:
W/IndexDataConverter(5054): Skipping index for null-key item IndexData.Builder {title: Display size and text,package: com.android.settings} >11-08 00:01:19.295:
W/IndexDataConverter(5054): Skipping index for null-key item IndexData.Builder {title: Special app access,package: com.android.settings} >11-08 00:01:19.296:
I/netd(371): bandwidthSetGlobalAlert(2097152) <0.05ms> >11-08 00:01:19.305:
W/IndexDataConverter(5054): Skipping index for null-key item IndexData.Builder {title: Idle lock screen,package: com.android.settings} >11-08 00:01:19.307:
W/IndexDataConverter(5054): Skipping index for null-key item IndexData.Builder {title: Managed device info,package: com.android.settings} >11-08 00:01:19.307:
W/IndexDataConverter(5054): Skipping index for null-key item IndexData.Builder {title: Text-to-speech output,package: com.android.settings} >11-08 00:01:19.307:
W/IndexDataConverter(5054): Skipping index for null-key item IndexData.Builder {title: Vibration & haptics,package: com.android.settings} >11-08 00:01:19.308:
W/IndexDataConverter(5054): Skipping index for null-key item IndexData.Builder {title: Color correction,package: com.android.settings} >11-08 00:01:19.308:
W/IndexDataConverter(5054): Skipping index for null-key item IndexData.Builder {title: Media,package: com.android.settings} >11-08 00:01:19.309:
W/SearchServiceCore(5854): Abort, client detached. >11-08 00:01:19.309:
W/IndexDataConverter(5054): Skipping index for null-key item IndexData.Builder {title: Bubbles,package: com.android.settings} >11-08 00:01:19.310:
W/IndexDataConverter(5054): Skipping index for null-key item IndexData.Builder {title: Active Edge,package: com.android.settings} >11-08 00:01:19.311:
W/IndexDataConverter(5054): Skipping index for null-key item IndexData.Builder {title: System navigation,package: com.android.settings} >11-08 00:01:19.311:
W/IndexDataConverter(5054): Skipping index for null-key item IndexData.Builder {title: Printing,package: com.android.settings} >11-08 00:01:19.312:
W/IndexDataConverter(5054): Skipping index for null-key item IndexData.Builder {title: On-screen keyboard,package: com.android.settings} >11-08 00:01:19.312:
W/IndexDataConverter(5054): Skipping index for null-key item IndexData.Builder {title: Saved devices,package: com.android.settings} >11-08 00:01:19.312:
W/IndexDataConverter(5054): Skipping index for null-key item IndexData.Builder {title: Contactless payments,package: com.android.settings} >11-08 00:01:19.312:
W/IndexDataConverter(5054): Skipping index for null-key item IndexData.Builder {title: Reset options,package: com.android.settings} >11-08 00:01:19.313:
W/IndexDataConverter(5054): Skipping index for null-key item IndexData.Builder {title: Press the Power button quickly 5 times or more to start the actions below,package: com.android.settings} >11-08 00:01:19.313:
W/IndexDataConverter(5054): Skipping index for null-key item IndexData.Builder {title: Emergency SOS,package: com.android.settings} >11-08 00:01:19.314:
W/IndexDataConverter(5054): Skipping index for null-key item IndexData.Builder {title: Night Light,package: com.android.settings} >11-08 00:01:19.314:
W/IndexDataConverter(5054): Skipping index for null-key item IndexData.Builder {title: Legal information,package: com.android.settings} >11-08 00:01:19.315:
W/IndexDataConverter(5054): Skipping index for null-key item IndexData.Builder {title: Preferred engine,package: com.android.settings} >11-08 00:01:19.315:
W/IndexDataConverter(5054): Skipping index for null-key item IndexData.Builder {title: Internet,package: com.android.settings} >11-08 00:01:19.316:
I/PhenotypeBackgroundRecv(3716): Skipping com.google.android.apps.search.webglide.user#com.google.android.googlequicksearchbox which doesn't use ProcessStable flags. >11-08 00:01:19.318:
I/BgTaskExecutorImpl(5854): (REDACTED) Starting %s background task %s. >11-08 00:01:19.318:
I/Icing(5449): Usage reports ok 0, Failed Usage reports 0, indexed 0, rejected 0 >11-08 00:01:19.319:
I/NamespaceManager(5457): Package com.android.refreshratecontrol name not found! Using module version. >11-08 00:01:19.321:
I/NamespaceManager(5457): Package com.google.oslo name not found! Using module version. >11-08 00:01:19.322:
I/NamespaceManager(5457): Package com.android.media name not found! Using module version. >11-08 00:01:19.322:
I/NamespaceManager(5457): Package com.android.media.swcodec name not found! Using module version. >11-08 00:01:19.322:
I/NamespaceManager(5457): Package com.android.neuralnetworks name not found! Using module version. >11-08 00:01:19.323:
I/NamespaceManager(5457): Package com.android.media name not found! Using module version. >11-08 00:01:19.323:
I/NamespaceManager(5457): Package 1 name not found! Using module version. >11-08 00:01:19.323:
I/NamespaceManager(5457): Package rkpd name not found! Using module version. >11-08 00:01:19.323:
I/NamespaceManager(5457): Package com.google.android.devicelockcontroller name not found! Using module version. >11-08 00:01:19.323:
I/NamespaceManager(5457): Package com.google.android.healthfitness name not found! Using module version. >11-08 00:01:19.324:
I/NamespaceManager(5457): Package android.companion name not found! Using module version. >11-08 00:01:19.324:
I/NamespaceManager(5457): Package com.google.android.healthfitness name not found! Using module version. >11-08 00:01:19.324:
I/NamespaceManager(5457): Package com.google.android.aicore name not found! Using module version. >11-08 00:01:19.325:
W/PhenotypeConfigurationU(5457): Update for unknown DeviceConfig package com.google.android.gms.smartdevice [CONTEXT service_id=204 ] >11-08 00:01:19.325:
W/PhenotypeConfigurationU(5457): cesr: No package exists for config package: com.google.android.gms.smartdevice >11-08 00:01:19.325:
W/PhenotypeConfigurationU(5457): at cess.a(:com.google.android.gms@233316044@23.33.16 (190400-560149061):70) >11-08 00:01:19.325:
W/PhenotypeConfigurationU(5457): at com.google.android.gms.platformconfigurator.PhenotypeConfigurationUpdateListener.b(:com.google.android.gms@233316044@23.33.16 (190400-560149061):6) >11-08 00:01:19.325:
W/PhenotypeConfigurationU(5457): at com.google.android.gms.platformconfigurator.PhenotypeConfigurationUpdateListener.a(:com.google.android.gms@233316044@23.33.16 (190400-560149061):167) >11-08 00:01:19.325:
