E/MediaProvider(1641): Creating or writing to a non-default top level directory is not allowed! >11-08 00:01:27.470:
E/MediaProvider(1641): Creating or writing to a non-default top level directory is not allowed! >11-08 00:01:27.470:
E/TestFileContentProvider(8877): '/storage/emulated/0/googletest/test_outputfiles': could not create output dir! >11-08 00:01:27.470:
E/AbstractFileContentProvider(8877): Subclass claims hosted directory not ready: /storage/emulated/0/googletest/test_outputfiles >11-08 00:01:27.473:
E/MediaProvider(1641): Creating or writing to a non-default top level directory is not allowed! >11-08 00:01:27.479:
E/MediaProvider(1641): Creating or writing to a non-default top level directory is not allowed! >11-08 00:01:27.479:
E/TestFileContentProvider(8877): '/storage/emulated/0/googletest/test_exportproperties': could not create output dir! >11-08 00:01:27.479:
E/AbstractFileContentProvider(8877): Subclass claims hosted directory not ready: /storage/emulated/0/googletest/test_exportproperties >11-08 00:01:27.482:
E/MediaProvider(1641): Creating or writing to a non-default top level directory is not allowed! >11-08 00:01:27.482:
E/MediaProvider(1641): Creating or writing to a non-default top level directory is not allowed! >11-08 00:01:27.483:
E/AbstractFileContentProvider(8877): Cannot create hosted directory: /storage/emulated/0/googletest/test_runfiles >11-08 00:01:27.488:
W/TestConfiguration(8860): Unable to parse host and port. >11-08 00:01:27.488:
W/TestConfiguration(8860): java.lang.NullPointerException >11-08 00:01:27.488:
W/TestConfiguration(8860): at u.n(PG:1) >11-08 00:01:27.488:
W/TestConfiguration(8860): at fb.c(PG:1) >11-08 00:01:27.488:
W/TestConfiguration(8860): at ba.a(PG:1) >11-08 00:01:27.488:
W/TestConfiguration(8860): at ag.a(PG:25) >11-08 00:01:27.488:
W/TestConfiguration(8860): at cz.<init>(PG:2) >11-08 00:01:27.488:
W/TestConfiguration(8860): at com.google.android.apps.auth.test.support.services.AccountService.onCreate(PG:1) >11-08 00:01:27.488:
W/TestConfiguration(8860): at android.app.ActivityThread.handleCreateService(ActivityThread.java:4485) >11-08 00:01:27.488:
W/TestConfiguration(8860): at android.app.ActivityThread.-$$Nest$mhandleCreateService(Unknown Source:0) >11-08 00:01:27.488:
W/TestConfiguration(8860): at android.app.ActivityThread$H.handleMessage(ActivityThread.java:2161) >11-08 00:01:27.488:
W/TestConfiguration(8860): at android.os.Handler.dispatchMessage(Handler.java:106) >11-08 00:01:27.488:
W/TestConfiguration(8860): at android.os.Looper.loopOnce(Looper.java:201) >11-08 00:01:27.488:
W/TestConfiguration(8860): at android.os.Looper.loop(Looper.java:288) >11-08 00:01:27.488:
W/TestConfiguration(8860): at android.app.ActivityThread.main(ActivityThread.java:7872) >11-08 00:01:27.488:
W/TestConfiguration(8860): at java.lang.reflect.Method.invoke(Native Method) >11-08 00:01:27.488:
W/TestConfiguration(8860): at com.android.internal.os.RuntimeInit$MethodAndArgsCaller.run(RuntimeInit.java:548) >11-08 00:01:27.488:
W/TestConfiguration(8860): at com.android.internal.os.ZygoteInit.main(ZygoteInit.java:936) >11-08 00:01:27.488:
I/TestConfiguration(8860): Parsing fst client id: null >11-08 00:01:27.489:
W/TestConfiguration(8860): Unable to parse host and port. >11-08 00:01:27.489:
W/TestConfiguration(8860): java.lang.NullPointerException >11-08 00:01:27.489:
W/TestConfiguration(8860): at u.n(PG:1) >11-08 00:01:27.489:
W/TestConfiguration(8860): at fb.c(PG:1) >11-08 00:01:27.489:
W/TestConfiguration(8860): at ba.a(PG:1) >11-08 00:01:27.489:
W/TestConfiguration(8860): at ag.a(PG:25) >11-08 00:01:27.489:
W/TestConfiguration(8860): at cz.<init>(PG:5) >11-08 00:01:27.489:
W/TestConfiguration(8860): at com.google.android.apps.auth.test.support.services.AccountService.onCreate(PG:1) >11-08 00:01:27.489:
W/TestConfiguration(8860): at android.app.ActivityThread.handleCreateService(ActivityThread.java:4485) >11-08 00:01:27.489:
W/TestConfiguration(8860): at android.app.ActivityThread.-$$Nest$mhandleCreateService(Unknown Source:0) >11-08 00:01:27.489:
W/TestConfiguration(8860): at android.app.ActivityThread$H.handleMessage(ActivityThread.java:2161) >11-08 00:01:27.489:
W/TestConfiguration(8860): at android.os.Handler.dispatchMessage(Handler.java:106) >11-08 00:01:27.489:
W/TestConfiguration(8860): at android.os.Looper.loopOnce(Looper.java:201) >11-08 00:01:27.489:
W/TestConfiguration(8860): at android.os.Looper.loop(Looper.java:288) >11-08 00:01:27.489:
W/TestConfiguration(8860): at android.app.ActivityThread.main(ActivityThread.java:7872) >11-08 00:01:27.489:
W/TestConfiguration(8860): at java.lang.reflect.Method.invoke(Native Method) >11-08 00:01:27.489:
W/TestConfiguration(8860): at com.android.internal.os.RuntimeInit$MethodAndArgsCaller.run(RuntimeInit.java:548) >11-08 00:01:27.489:
W/TestConfiguration(8860): at com.android.internal.os.ZygoteInit.main(ZygoteInit.java:936) >11-08 00:01:27.489:
I/TestConfiguration(8860): Parsing fst client id: null >11-08 00:01:27.493:
I/AccountHelper(8860): RVVPJHL6Z3TC76HH3QJNX5FBSI-00 is not present on the device. >11-08 00:01:27.493:
I/EnsureAccountAvailabili(8860): Account 'RVVPJHL6Z3TC76HH3QJNX5FBSI-00' is not available in the device. Creating AddAccountOperation >11-08 00:01:27.494:
I/AddAccountOperation(8860): Call GmsCore API. >11-08 00:01:27.516:
I/Auth(5457): [BaseGetTokenFromAuthCodeOperation] Initializing sign-in [CONTEXT service_id=153 ] >11-08 00:01:27.565:
E/FrameEvents(1147): updateAcquireFence: Did not find frame. >11-08 00:01:27.581:
W/ctxmgr(5457): [PendingIntentCompat] Timed out delivering to pendingIntent=PendingIntent{92d2d94: android.os.BinderProxy@f0fa5ef}, package=com.google.android.settings.intelligence, permission=null [CONTEXT service_id=47 ] >11-08 00:01:27.584:
W/ctxmgr(5457): [WorkManager] Long workInfo: pkg=com.google.android.gms, lbl=DispatcherDeliver, start=2023-11-08 00:01:17.576-0800, stop=2023-11-08 00:01:27.583-0800, durtn=10007ms [CONTEXT service_id=47 ] >11-08 00:01:27.585:
I/Auth(5457): [BaseGetTokenFromAuthCodeOperation] Fetching token from auth code with GMS network stack. [CONTEXT service_id=153 ] >11-08 00:01:27.592:
D/TileServices(876): Couldn't find tile for ComponentInfo{com.google.android.apps.wellbeing/com.google.android.apps.wellbeing.screen.ui.GrayscaleTileService} >11-08 00:01:27.592:
D/TileServices(876): Couldn't find tile for ComponentInfo{com.google.android.apps.wellbeing/com.google.android.apps.wellbeing.screen.ui.GrayscaleTileService} >11-08 00:01:27.592:
I/resolv(371): GetAddrInfoHandler::run: {102 786534 102 983142 10117 0} >11-08 00:01:27.592:
I/resolv(371): res_nmkquery: (QUERY, IN, AAAA) >11-08 00:01:27.593:
I/resolv(371): res_nmkquery: (QUERY, IN, A) >11-08 00:01:27.593:
I/resolv(371): resolv_cache_lookup: FOUND IN CACHE entry=0xb400006e71a583d0 >11-08 00:01:27.593:
I/resolv(371): doQuery: rcode=0, ancount=8, return value=168 >11-08 00:01:27.594:
I/resolv(371): res_nsend: used send_dg 152 terrno: 0 >11-08 00:01:27.594:
I/resolv(371): doQuery: rcode=0, ancount=4, return value=152 >11-08 00:01:27.595:
D/TrafficStats(5457): tagSocket(68) with statsTag=0x401, statsUid=10117 >11-08 00:01:27.601:
W/ctk(5902): Found bedtime schedules stored with future timestamps >11-08 00:01:27.630:
I/WM-WorkerWrapper(5902): Worker result SUCCESS for Work [ id=52fedc3e-5abc-4c21-86df-8f23940c8c1e, tags={ com.google.apps.tiktok.contrib.work.TikTokListenableWorker, TikTokWorker#com.google.android.apps.wellbeing.winddown.impl.WindDownBedtimeSynchronizerWorker } ] >11-08 00:01:27.633:
D/EGL_emulation(876): app_time_stats: avg=292.07ms min=8.43ms max=903.76ms count=4 >11-08 00:01:27.645:
D/CellBroadcastReceiver(2790): onReceive Intent { act=android.intent.action.LOCALE_CHANGED flg=0x1200810 cmp=com.google.android.cellbroadcastreceiver/com.android.cellbroadcastreceiver.CellBroadcastReceiver } >11-08 00:01:27.670:
I/SuperDelight(5950): SuperDelightMergingStrategy.merge():55 SuperDelightMergingStrategy#merge(): selected[[main_en_us_2022051700_1]] synced[[main_cs_2022050700_1]] >11-08 00:01:27.671:
I/SP(5950): Sync for delight succeeded in 1147 ms: {added: [main_cs_2022050700_1], removed: [main_en_us_2022051700_1], metadata: false >11-08 00:01:27.680:
I/AlarmClock(2269): AlarmInitReceiver android.intent.action.LOCALE_CHANGED >11-08 00:01:27.683:
I/SP(5950): GC for 'delight' (10) with ttl of 0 ms took 0 ms (0/0/0) >11-08 00:01:27.686:
I/SuperDelight(5950): SuperDelightManager$2.onSuccess():641 delight sync success, adding to data file manager >11-08 00:01:27.686:
I/DataFileManager(5950): DataFileManager.addDataWithoutNotify():167 adding data cs delight >11-08 00:01:27.686:
I/DataFileManager(5950): DataFileManager.removeDataWithoutNotify():200 removing data en-US delight >11-08 00:01:27.689:
I/DialerNotificationChannelUpdateReceiver(6570): com.android.dialer.notification.channel.NotificationChannelUpdateReceiver.onReceive:51 Updating notification channels >11-08 00:01:27.693:
I/Telecom(577): PhoneAccountRegistrar: getSimCallManager: SimCallManager for subId 1 queried, returning: null: TSI.gDOPA(cgad)@AX0 >11-08 00:01:27.727:
D/CompatibilityChangeReporter(577): Compat change id reported: 194532703; UID 10143; state: DISABLED >11-08 00:01:27.729:
I/Auth(5457): [AddAccountOperation] Handling AddAccountResponse. [CONTEXT service_id=153 ] >11-08 00:01:27.729:
I/Auth(5457): [AddAccountOperation] Is Seed account with hasUsername=true [CONTEXT service_id=153 ] >11-08 00:01:27.732:
I/Auth(5457): [AddAccountHelper] Adding account with 4 allowlisted packages [CONTEXT service_id=343 ] >11-08 00:01:27.735:
I/Auth(5457): [AddAccountOperation] successfully updated accountname and gaia id to db [CONTEXT service_id=153 ] >11-08 00:01:27.738:
D/AccountManagerService(577): Visibility was not initialized >11-08 00:01:27.753:
I/AccountManagerService(577): the accounts changed, sending broadcast of android.accounts.LOGIN_ACCOUNTS_CHANGED >11-08 00:01:27.755:
I/Auth(5457): [AddAccountHelper] Account added successfully to AccountManager [CONTEXT service_id=343 ] >11-08 00:01:27.756:
I/ContactsProvider(1819): Accounts changed >11-08 00:01:27.761:
W/Icing(5449): Package com.google.android.googlequicksearchbox targets Android P and isn't allowed to use AppDataSearch indexing API >11-08 00:01:27.765:
W/Icing(5449): Package com.google.android.gm targets Android P and isn't allowed to use AppDataSearch indexing API >11-08 00:01:27.765:
I/AccountManagerService(577): the accounts changed, sending broadcast of android.accounts.LOGIN_ACCOUNTS_CHANGED >11-08 00:01:27.766:
I/Icing(5449): updateResources: need to parse awmf{com.google.android.gms} >11-08 00:01:27.766:
D/CompatibilityChangeReporter(577): Compat change id reported: 201794303; UID 10069; state: ENABLED >11-08 00:01:27.767:
I/ContactsProvider(1819): Accounts changed >11-08 00:01:27.769:
D/CompatibilityChangeReporter(577): Compat change id reported: 201794303; UID 10117; state: ENABLED >11-08 00:01:27.771:
W/Icing(5449): Package com.google.android.googlequicksearchbox targets Android P and isn't allowed to use AppDataSearch indexing API >11-08 00:01:27.773:
D/CompatibilityChangeReporter(577): Compat change id reported: 168419799; UID 10119; state: DISABLED >11-08 00:01:27.775:
I/A(5854): (REDACTED) updateAppflow-%s %s >11-08 00:01:27.775:
W/A(5854): (REDACTED) voiceMatchDisabledSource: %s >11-08 00:01:27.777:
D/CompatibilityChangeReporter(577): Compat change id reported: 194532703; UID 10119; state: ENABLED >11-08 00:01:27.787:
D/AccountManagerService(577): no credentials permission for usage of Account {name=xxxxxxxxxxxxxxxxxxxxxxxxxx-xx@xxxxxxxxxxxxxxxxxxxx.xxx, type=com.google}, null by uid 10131 but ignoring since device is in test harness. >11-08 00:01:27.788:
I/netd(371): tetherGetStats() -> {[]} <0.55ms> >11-08 00:01:27.789:
W/DatabaseUpdateOperation(5449): Unknown action: android.intent.action.LOCALE_CHANGED! >11-08 00:01:27.792:
I/netd(371): bandwidthSetGlobalAlert(2097152) <0.06ms> >11-08 00:01:27.797:
I/A(1539): (REDACTED) Created gRPC endpoint for service %s >11-08 00:01:27.797:
I/A(5854): getLocaleToModelSpecsMap >11-08 00:01:27.797:
I/A(5854): Using proto config with mendel >11-08 00:01:27.804:
I/A(5854): getLocaleToModelSpecsMap >11-08 00:01:27.804:
I/A(5854): Using proto config with mendel >11-08 00:01:27.804:
I/A(5854): (REDACTED) Skipping. Expected model: %s Found: %s >11-08 00:01:27.804:
I/A(5854): (REDACTED) Skipping. Expected model: %s Found: %s >11-08 00:01:27.804:
I/A(5854): (REDACTED) Skipping. Expected model: %s Found: %s >11-08 00:01:27.804:
I/A(5854): (REDACTED) Adding from config to map. Locale: %s modelPrefix: %s Location:%s isSpeakerIdSupported: %b >11-08 00:01:27.804:
I/A(5854): (REDACTED) Skipping. Expected model: %s Found: %s >11-08 00:01:27.804:
I/A(5854): Removing enrollment utterances : Locale changed >11-08 00:01:27.804:
E/A(5854): Called deleteEnrollmentUtterances for null account >11-08 00:01:27.805:
W/A(1539): Receive an config update when there's no subscriber. Ignore the request! >11-08 00:01:27.806:
D/CompatibilityChangeReporter(577): Compat change id reported: 161252188; UID 10124; state: ENABLED >11-08 00:01:27.811:
W/Icing(5449): Package com.google.android.gm targets Android P and isn't allowed to use AppDataSearch indexing API >11-08 00:01:27.817:
I/Icing(5449): updateResources: need to parse awmf{com.google.android.gms} >11-08 00:01:27.822:
I/InputReader(577): Reconfiguring input devices, changes=KEYBOARD_LAYOUTS | >11-08 00:01:27.822:
I/A(5854): getLocaleToModelSpecsMap >11-08 00:01:27.822:
I/A(5854): Using proto config with mendel >11-08 00:01:27.823:
I/A(5854): getLocaleToModelSpecsMap >11-08 00:01:27.823:
I/A(5854): Using proto config with mendel >11-08 00:01:27.823:
I/A(5854): (REDACTED) Skipping. Expected model: %s Found: %s >11-08 00:01:27.823:
I/A(5854): (REDACTED) Skipping. Expected model: %s Found: %s >11-08 00:01:27.823:
I/A(5854): (REDACTED) Skipping. Expected model: %s Found: %s >11-08 00:01:27.823:
I/A(5854): (REDACTED) Adding from config to map. Locale: %s modelPrefix: %s Location:%s isSpeakerIdSupported: %b >11-08 00:01:27.823:
I/A(5854): (REDACTED) Skipping. Expected model: %s Found: %s >11-08 00:01:27.823:
I/A(5854): getLocaleToModelSpecsMap >11-08 00:01:27.823:
I/A(5854): Using proto config with mendel >11-08 00:01:27.823:
I/A(5854): getLocaleToModelSpecsMap >11-08 00:01:27.823:
I/A(5854): Using proto config with mendel >11-08 00:01:27.823:
I/A(5854): getLocaleToModelSpecsMap >11-08 00:01:27.823:
I/A(5854): Using proto config with mendel >11-08 00:01:27.823:
I/MicroDetectionWorker(5854): (REDACTED) Initializing MicroDataManager InitializeType-%d, isForced-%b, isActivePhoneEnrollment-%b isActiveGoogleHomeEnrollment-%b >11-08 00:01:27.824:
I/A(5854): getLocaleToModelSpecsMap >11-08 00:01:27.824:
I/A(5854): Using proto config with mendel >11-08 00:01:27.824:
I/A(5854): getLocaleToModelSpecsMap >11-08 00:01:27.824:
I/A(5854): Using proto config with mendel >11-08 00:01:27.824:
I/A(5854): (REDACTED) Skipping. Expected model: %s Found: %s >11-08 00:01:27.824:
I/A(5854): (REDACTED) Skipping. Expected model: %s Found: %s >11-08 00:01:27.824:
I/A(5854): (REDACTED) Skipping. Expected model: %s Found: %s >11-08 00:01:27.824:
I/A(5854): (REDACTED) Adding from config to map. Locale: %s modelPrefix: %s Location:%s isSpeakerIdSupported: %b >11-08 00:01:27.824:
I/A(5854): (REDACTED) Skipping. Expected model: %s Found: %s >11-08 00:01:27.824:
I/MicroDataManager(5854): (REDACTED) Location for model with model type: %s and locale: %s, is : %s >11-08 00:01:27.824:
I/MicroModelsUtil(5854): (REDACTED) #getHotwordModel [locale: %s, modelType: %s] >11-08 00:01:27.824:
W/A(1539): Failed to notify listeners >11-08 00:01:27.824:
W/A(1539): java.util.concurrent.CancellationException >11-08 00:01:27.824:
W/A(1539): at java.util.concurrent.FutureTask.report(FutureTask.java:121) >11-08 00:01:27.824:
W/A(1539): at java.util.concurrent.FutureTask.get(FutureTask.java:191) >11-08 00:01:27.824:
W/A(1539): at com.google.common.util.concurrent.bv.get(PG:1) >11-08 00:01:27.824:
W/A(1539): at com.google.common.util.concurrent.ed.a(PG:1) >11-08 00:01:27.824:
W/A(1539): at com.google.common.util.concurrent.cj.r(PG:2) >11-08 00:01:27.824:
W/A(1539): at com.google.common.util.concurrent.cc.run(PG:4) >11-08 00:01:27.824:
W/A(1539): at com.google.common.util.concurrent.bg.execute(PG:1) >11-08 00:01:27.824:
W/A(1539): at com.google.common.util.concurrent.bj.c(PG:1) >11-08 00:01:27.824:
W/A(1539): at com.google.common.util.concurrent.bj.b(PG:3) >11-08 00:01:27.824:
W/A(1539): at com.google.common.util.concurrent.cy.done(PG:1) >11-08 00:01:27.824:
W/A(1539): at java.util.concurrent.FutureTask.finishCompletion(FutureTask.java:381) >11-08 00:01:27.824:
W/A(1539): at java.util.concurrent.FutureTask.cancel(FutureTask.java:179) >11-08 00:01:27.824:
W/A(1539): at com.google.common.util.concurrent.bv.cancel(PG:1) >11-08 00:01:27.824:
W/A(1539): at com.google.android.apps.search.assistant.platform.ondevice.fulfillment.server.k.r.run(PG:1) >11-08 00:01:27.824:
W/A(1539): at com.google.apps.tiktok.tracing.eh.run(PG:2) >11-08 00:01:27.824:
W/A(1539): at java.util.concurrent.Executors$RunnableAdapter.call(Executors.java:463) >11-08 00:01:27.824:
W/A(1539): at com.google.common.util.concurrent.ea.a(PG:1) >11-08 00:01:27.824:
W/A(1539): at com.google.common.util.concurrent.cw.run(PG:4) >11-08 00:01:27.824:
W/A(1539): at com.google.common.util.concurrent.eb.run(PG:1) >11-08 00:01:27.824:
W/A(1539): at com.google.android.libraries.i.af.run(PG:1) >11-08 00:01:27.824:
W/A(1539): at com.google.android.libraries.i.an.run(PG:23) >11-08 00:01:27.824:
W/A(1539): at com.google.android.libraries.i.l.run(PG:2) >11-08 00:01:27.824:
W/A(1539): at com.google.android.libraries.i.q.run(PG:4) >11-08 00:01:27.824:
W/A(1539): at java.lang.Thread.run(Thread.java:1012) >11-08 00:01:27.825:
E/MicroModelsUtil(5854): (REDACTED) Hotword file group is null with group name: %s, locale: %s >11-08 00:01:27.825:
W/MicroModelsUtil(5854): Returning null hotword model because MDD did not contain a valid URI. This can indicate that the model download did not finish or that it was not downloaded at all. >11-08 00:01:27.825:
W/MicroDataManager(5854): (REDACTED) Locale %s unrecognized. hotword detection will likely fail. >11-08 00:01:27.826:
W/MicroDataManager(5854): (REDACTED) MicroDataManager using no hotword model for locale: %s, type: %s! >11-08 00:01:27.826:
I/MicroDataManager(5854): (REDACTED) MicroDataManager InitializationTask. googleHotwordData is null: true, hotwordModel is null: %b , sourceLocationOfCurrentHotwordModel %s >11-08 00:01:27.841:
I/Bugle(5744): BroadcastReceiverAsyncWorkTracker: Acknowledging broadcast of aorm@4f5f17d >11-08 00:01:27.842:
D/BoundBrokerSvc(5449): onBind: Intent { act=com.google.android.gms.mdisync.service.START dat=chimera-action:/... cmp=com.google.android.gms/.chimera.GmsApiService } >11-08 00:01:27.842:
D/BoundBrokerSvc(5449): Loading bound service for intent: Intent { act=com.google.android.gms.mdisync.service.START dat=chimera-action:/... cmp=com.google.android.gms/.chimera.GmsApiService } >11-08 00:01:27.842:
I/MicroDetectionState(5854): (REDACTED) Should stop hotword detection immediately - %b >11-08 00:01:27.843:
I/A(5854): getLocaleToModelSpecsMap >11-08 00:01:27.844:
I/A(5854): Using proto config with mendel >11-08 00:01:27.845:
I/A(5854): getLocaleToModelSpecsMap >11-08 00:01:27.845:
I/A(5854): Using proto config with mendel >11-08 00:01:27.846:
I/A(5854): getLocaleToModelSpecsMap >11-08 00:01:27.846:
I/A(5854): Using proto config with mendel >11-08 00:01:27.846:
I/A(5854): getLocaleToModelSpecsMap >11-08 00:01:27.846:
I/A(5854): Using proto config with mendel >11-08 00:01:27.846:
I/A(5854): (REDACTED) Skipping. Expected model: %s Found: %s >11-08 00:01:27.846:
I/A(5854): (REDACTED) Skipping. Expected model: %s Found: %s >11-08 00:01:27.846:
I/A(5854): (REDACTED) Skipping. Expected model: %s Found: %s >11-08 00:01:27.846:
I/A(5854): (REDACTED) Adding from config to map. Locale: %s modelPrefix: %s Location:%s isSpeakerIdSupported: %b >11-08 00:01:27.846:
I/A(5854): (REDACTED) Skipping. Expected model: %s Found: %s >11-08 00:01:27.847:
I/MicroDetectionState(5854): (REDACTED) Should stop hotword detection immediately - %b >11-08 00:01:27.847:
I/A(5854): getLocaleToModelSpecsMap >11-08 00:01:27.847:
I/A(5854): Using proto config with mendel >11-08 00:01:27.847:
I/A(5854): getLocaleToModelSpecsMap >11-08 00:01:27.847:
I/A(5854): Using proto config with mendel >11-08 00:01:27.848:
I/GsaConfigFlagsSyncer(5854): Flags already sync'ed. >11-08 00:01:27.848:
D/CarrierSvcBindHelper(1083): onPackageModified: com.google.android.googlequicksearchbox >11-08 00:01:27.848:
D/CarrierSvcBindHelper(1083): No carrier app for: 0 >11-08 00:01:27.850:
W/QsbUiManager(1147): Doodle is not valid. >11-08 00:01:27.850:
W/QsbUiManager(1147): Doodle bitmap is not valid. >11-08 00:01:27.852:
D/AccountManagerService(577): no credentials permission for usage of Account {name=xxxxxxxxxxxxxxxxxxxxxxxxxx-xx@xxxxxxxxxxxxxxxxxxxx.xxx, type=com.google}, null by uid 10132 but ignoring since device is in test harness. >11-08 00:01:27.857:
I/OpenFileDescriptorOpera(5449): onFailure [CONTEXT service_id=160 ] >11-08 00:01:27.864:
I/MdiSyncModule(5449): Receiving API connection from package 'com.google.android.gm'... >11-08 00:01:27.864:
I/Auth(5457): [BroadcastManager] [BroadcastManager] Broadcasting account services changed. [CONTEXT service_id=343 ] >11-08 00:01:27.865:
D/ImsResolver(1083): maybeAddedImsService, packageName: com.google.android.googlequicksearchbox >11-08 00:01:27.865:
D/CompatibilityChangeReporter(577): Compat change id reported: 171306433; UID 10119; state: ENABLED >11-08 00:01:27.865:
D/CompatibilityChangeReporter(577): Compat change id reported: 226439802; UID 10119; state: DISABLED >11-08 00:01:27.866:
I/Telecom(577): DefaultDialerCache: Refreshing default dialer for user 0: now com.google.android.dialer: DDC.oR@AX8 >11-08 00:01:27.866:
I/PermissionControllerServiceImpl(878): Updating user sensitive for uid 10119 >11-08 00:01:27.868:
I/BgTaskExecutorImpl(5854): (REDACTED) Starting %s background task %s. >11-08 00:01:27.869:
I/RoleService(577): Granting default roles... >11-08 00:01:27.876:
I/BgTaskExecutorImpl(5854): (REDACTED) Starting %s background task %s. >11-08 00:01:27.876:
I/MdiSyncModule(5449): API connection successful! >11-08 00:01:27.877:
I/BgTaskExecutorImpl(5854): (REDACTED) Starting %s background task %s. >11-08 00:01:27.880:
I/A(5854): getLocaleToModelSpecsMap >11-08 00:01:27.880:
I/A(5854): Using proto config with mendel >11-08 00:01:27.880:
I/ModelDownloadController(5854): (REDACTED) requestHotwordModelUpdate modelType-%s modelLocale-%s >11-08 00:01:27.880:
I/NetworkRecognitionRnr(5854): Using pair HTTP connection >11-08 00:01:27.882:
I/A(5854): [Upload] Connected >11-08 00:01:27.882:
W/Role(878): Default holder doesn't have required signing certificate: com.google.android.apps.work.clouddpc:23962F4B43B9857638EA66F4D419518EAE282491ACDA4B94707BD59003C45E58 >11-08 00:01:27.884:
I/MediaProvider(1641): Begin Intent { act=android.intent.action.LOCALE_CHANGED flg=0x1200810 cmp=com.google.android.providers.media.module/com.android.providers.media.MediaService } >11-08 00:01:27.884:
I/Auth(5457): [AuthAccountManager] Account added successfully. [CONTEXT service_id=343 ] >11-08 00:01:27.885:
W/SearchServiceCore(5854): Abort, client detached. >11-08 00:01:27.885:
W/SearchServiceCore(5854): Abort, client detached. >11-08 00:01:27.885:
I/A(5854): getLocaleToModelSpecsMap >11-08 00:01:27.885:
I/A(5854): Using proto config with mendel >11-08 00:01:27.885:
I/A(5854): (REDACTED) Skipping. Expected model: %s Found: %s >11-08 00:01:27.885:
I/A(5854): (REDACTED) Skipping. Expected model: %s Found: %s >11-08 00:01:27.885:
I/A(5854): (REDACTED) Skipping. Expected model: %s Found: %s >11-08 00:01:27.885:
I/A(5854): (REDACTED) Adding from config to map. Locale: %s modelPrefix: %s Location:%s isSpeakerIdSupported: %b >11-08 00:01:27.885:
I/A(5854): (REDACTED) Skipping. Expected model: %s Found: %s >11-08 00:01:27.885:
I/ModelDownloadController(5854): (REDACTED) #maybeDownloadHotwordModelWithMDD with locale: %s, modelType: %s. >11-08 00:01:27.886:
I/A(5854): getLocaleToModelSpecsMap >11-08 00:01:27.886:
I/A(5854): Using proto config with mendel >11-08 00:01:27.886:
I/A(5854): getLocaleToModelSpecsMap >11-08 00:01:27.886:
I/A(5854): Using proto config with mendel >11-08 00:01:27.886:
I/A(5854): (REDACTED) Skipping. Expected model: %s Found: %s >11-08 00:01:27.886:
I/A(5854): (REDACTED) Skipping. Expected model: %s Found: %s >11-08 00:01:27.886:
I/A(5854): (REDACTED) Skipping. Expected model: %s Found: %s >11-08 00:01:27.886:
I/A(5854): (REDACTED) Adding from config to map. Locale: %s modelPrefix: %s Location:%s isSpeakerIdSupported: %b >11-08 00:01:27.886:
I/A(5854): (REDACTED) Skipping. Expected model: %s Found: %s >11-08 00:01:27.886:
I/HotwordModelPopulator(5854): (REDACTED) #updateHotwordFileGroup group name: %s, raw locale: %s, locale: %s >11-08 00:01:27.886:
I/A(5854): getLocaleToModelSpecsMap >11-08 00:01:27.886:
I/A(5854): Using proto config with mendel >11-08 00:01:27.892:
W/JobScheduler(577): Job didn't exist in JobStore: 8094f45 #u0a119/-377 com.google.android.googlequicksearchbox/com.google.android.apps.gsa.tasks.BackgroundTasksJobService >11-08 00:01:27.892:
W/CronetNetworkRqstWrppr(5854): Upload request without a content type. >11-08 00:01:27.893:
I/A(5854): getLocaleToModelSpecsMap >11-08 00:01:27.893:
I/A(5854): Using proto config with mendel >11-08 00:01:27.893:
I/A(5854): (REDACTED) Adding from config to map. Locale: %s modelPrefix: %s Location:%s isSpeakerIdSupported: %b >11-08 00:01:27.893:
I/A(5854): (REDACTED) Adding from config to map. Locale: %s modelPrefix: %s Location:%s isSpeakerIdSupported: %b >11-08 00:01:27.893:
I/A(5854): (REDACTED) Adding from config to map. Locale: %s modelPrefix: %s Location:%s isSpeakerIdSupported: %b >11-08 00:01:27.893:
I/A(5854): (REDACTED) Skipping. Expected model: %s Found: %s >11-08 00:01:27.893:
I/A(5854): (REDACTED) Adding from config to map. Locale: %s modelPrefix: %s Location:%s isSpeakerIdSupported: %b >11-08 00:01:27.893:
I/HotwordModelPopulator(5854): (REDACTED) #updateHotwordFileGroup group name: %s, raw locale: %s, locale: %s >11-08 00:01:27.895:
I/ModelDownloadController(5854): (REDACTED) Hotword models associated with downloaded MDD filegroups: %s, pending groups: %s >11-08 00:01:27.897:
W/PermissionManagerService(577): Datasource AttributionSource { uid = 10143, packageName = com.google.android.gm, attributionTag = null, token = android.os.BinderProxy@106a812, next = android.content.AttributionSourceState@6f73be3 } protecting data with platform defined runtime permission android.permission.READ_CONTACTS while not having android.permission.UPDATE_APP_OPS_STATS >11-08 00:01:27.900:
I/OpenFileDescriptorOpera(5449): onFailure [CONTEXT service_id=160 ] >11-08 00:01:27.901:
W/ChimeraUtils(5457): Module com.google.android.gms.nearby_en missing resource null(0) >11-08 00:01:27.912:
D/PrefCtrlListHelper(1237): Could not find Context-only controller for pref: com.android.settings.backup.BackupDataPreferenceController >11-08 00:01:27.912:
D/PrefCtrlListHelper(1237): Could not find Context-only controller for pref: com.android.settings.backup.ConfigureAccountPreferenceController >11-08 00:01:27.912:
D/PrefCtrlListHelper(1237): Could not find Context-only controller for pref: com.android.settings.backup.DataManagementPreferenceController >11-08 00:01:27.912:
D/PrefCtrlListHelper(1237): Could not find Context-only controller for pref: com.android.settings.backup.AutoRestorePreferenceController >11-08 00:01:27.912:
D/PrefCtrlListHelper(1237): Could not find Context-only controller for pref: com.android.settings.backup.BackupInactivePreferenceController >11-08 00:01:27.913:
D/PrefCtrlListHelper(1237): Could not find Context-only controller for pref: com.android.settings.backup.BackupDataPreferenceController >11-08 00:01:27.913:
D/PrefCtrlListHelper(1237): Could not find Context-only controller for pref: com.android.settings.backup.ConfigureAccountPreferenceController >11-08 00:01:27.913:
D/PrefCtrlListHelper(1237): Could not find Context-only controller for pref: com.android.settings.backup.DataManagementPreferenceController >11-08 00:01:27.913:
D/PrefCtrlListHelper(1237): Could not find Context-only controller for pref: com.android.settings.backup.AutoRestorePreferenceController >11-08 00:01:27.913:
D/PrefCtrlListHelper(1237): Could not find Context-only controller for pref: com.android.settings.backup.BackupInactivePreferenceController >11-08 00:01:27.915:
D/PrefCtrlListHelper(1237): Could not find Context-only controller for pref: com.android.settings.users.MultiUserTopIntroPreferenceController >11-08 00:01:27.916:
I/OpenFileDescriptorOpera(5449): onFailure [CONTEXT service_id=160 ] >11-08 00:01:27.917:
E/A(5854): onError >11-08 00:01:27.917:
E/A(5854): com.google.android.apps.gsa.shared.speech.a.m: errorCode: 65561, engine: 2 >11-08 00:01:27.917:
E/A(5854): at com.google.android.apps.gsa.staticplugins.cy.a.e.a(PG:3) >11-08 00:01:27.917:
E/A(5854): at com.google.android.apps.gsa.s3.n.gS(PG:1) >11-08 00:01:27.917:
E/A(5854): at com.google.cc.g.a.f.e(PG:2) >11-08 00:01:27.917:
E/A(5854): at com.google.android.apps.gsa.speech.k.a.g.d(PG:22) >11-08 00:01:27.917:
E/A(5854): at com.google.android.apps.gsa.speech.k.a.g.jV(PG:6) >11-08 00:01:27.917:
E/A(5854): at com.google.android.apps.gsa.s3.o.c(PG:14) >11-08 00:01:27.917:
E/A(5854): at com.google.android.apps.gsa.s3.p.run(PG:1) >11-08 00:01:27.917:
E/A(5854): at java.util.concurrent.Executors$RunnableAdapter.call(Executors.java:463) >11-08 00:01:27.917:
E/A(5854): at java.util.concurrent.FutureTask.run(FutureTask.java:264) >11-08 00:01:27.917:
E/A(5854): at com.google.android.apps.gsa.shared.util.c.a.e.run(PG:2) >11-08 00:01:27.917:
E/A(5854): at com.google.android.apps.gsa.shared.util.c.a.bi.run(PG:1) >11-08 00:01:27.917:
E/A(5854): at com.google.android.apps.gsa.shared.util.c.a.bi.run(PG:1) >11-08 00:01:27.917:
E/A(5854): at java.util.concurrent.ThreadPoolExecutor.runWorker(ThreadPoolExecutor.java:1137) >11-08 00:01:27.917:
E/A(5854): at java.util.concurrent.ThreadPoolExecutor$Worker.run(ThreadPoolExecutor.java:637) >11-08 00:01:27.917:
E/A(5854): at java.lang.Thread.run(Thread.java:1012) >11-08 00:01:27.917:
E/A(5854): at com.google.android.apps.gsa.shared.util.c.a.l.run(PG:5) >11-08 00:01:27.917:
E/A(5854): Caused by: com.google.android.apps.gsa.shared.speech.a.o: errorCode: 65586, engine: 2 >11-08 00:01:27.917:
E/A(5854): ... 15 more >11-08 00:01:27.917:
E/A(5854): Caused by: com.google.android.apps.gsa.shared.speech.a.k: errorCode: 401, engine: 2 >11-08 00:01:27.917:
E/A(5854): at com.google.android.apps.gsa.assistant.shared.n.h.a(PG:5) >11-08 00:01:27.917:
E/A(5854): at com.google.android.apps.gsa.s3.producers.j.hl(PG:2) >11-08 00:01:27.917:
E/A(5854): at com.google.android.apps.gsa.speech.k.a.g.d(PG:16) >11-08 00:01:27.917:
E/A(5854): ... 12 more >11-08 00:01:27.918:
D/CompatibilityChangeReporter(577): Compat change id reported: 135634846; UID 10128; state: DISABLED >11-08 00:01:27.918:
D/CompatibilityChangeReporter(577): Compat change id reported: 177438394; UID 10128; state: DISABLED >11-08 00:01:27.918:
D/CompatibilityChangeReporter(577): Compat change id reported: 135772972; UID 10128; state: DISABLED >11-08 00:01:27.918:
D/CompatibilityChangeReporter(577): Compat change id reported: 135754954; UID 10128; state: ENABLED >11-08 00:01:27.919:
D/CompatibilityChangeReporter(577): Compat change id reported: 143937733; UID 10128; state: ENABLED >11-08 00:01:27.920:
E/cr_CronetUrlRequestContext(5854): Exception in upload method >11-08 00:01:27.920:
E/cr_CronetUrlRequestContext(5854): com.google.android.apps.gsa.shared.q.d: Error code: 262182 >11-08 00:01:27.920:
E/cr_CronetUrlRequestContext(5854): at com.google.android.apps.gsa.shared.aa.bk.d(PG:5) >11-08 00:01:27.920:
E/cr_CronetUrlRequestContext(5854): at com.google.android.libraries.gsa.c.a.ar.d(PG:1) >11-08 00:01:27.920:
E/cr_CronetUrlRequestContext(5854): at com.google.android.libraries.gsa.c.a.bo.b(PG:5) >11-08 00:01:27.920:
E/cr_CronetUrlRequestContext(5854): at com.google.android.libraries.gsa.c.a.e.a(PG:2) >11-08 00:01:27.920:
E/cr_CronetUrlRequestContext(5854): at com.google.android.libraries.gsa.c.a.a.run(PG:2) >11-08 00:01:27.920:
E/cr_CronetUrlRequestContext(5854): at com.google.common.util.concurrent.bg.execute(PG:1) >11-08 00:01:27.920:
E/cr_CronetUrlRequestContext(5854): at com.google.common.util.concurrent.d.i(PG:1) >11-08 00:01:27.920:
E/cr_CronetUrlRequestContext(5854): at com.google.common.util.concurrent.d.l(PG:12) >11-08 00:01:27.920:
E/cr_CronetUrlRequestContext(5854): at com.google.common.util.concurrent.d.cancel(PG:8) >11-08 00:01:27.920:
E/cr_CronetUrlRequestContext(5854): at com.google.common.util.concurrent.d.m(PG:2) >11-08 00:01:27.920:
E/cr_CronetUrlRequestContext(5854): at com.google.common.util.concurrent.j.a(PG:1) >11-08 00:01:27.920:
E/cr_CronetUrlRequestContext(5854): at com.google.common.util.concurrent.d.l(PG:3) >11-08 00:01:27.920:
E/cr_CronetUrlRequestContext(5854): at com.google.common.util.concurrent.d.cancel(PG:8) >11-08 00:01:27.920:
E/cr_CronetUrlRequestContext(5854): at com.google.common.util.concurrent.d.m(PG:2) >11-08 00:01:27.920:
E/cr_CronetUrlRequestContext(5854): at com.google.common.util.concurrent.j.a(PG:1) >11-08 00:01:27.920:
E/cr_CronetUrlRequestContext(5854): at com.google.common.util.concurrent.d.l(PG:3) >11-08 00:01:27.920:
E/cr_CronetUrlRequestContext(5854): at com.google.common.util.concurrent.d.cancel(PG:8) >11-08 00:01:27.920:
E/cr_CronetUrlRequestContext(5854): at com.google.common.util.concurrent.d.m(PG:2) >11-08 00:01:27.920:
E/cr_CronetUrlRequestContext(5854): at com.google.common.util.concurrent.j.a(PG:1) >11-08 00:01:27.920:
E/cr_CronetUrlRequestContext(5854): at com.google.common.util.concurrent.d.l(PG:3) >11-08 00:01:27.920:
E/cr_CronetUrlRequestContext(5854): at com.google.common.util.concurrent.d.cancel(PG:8) >11-08 00:01:27.920:
E/cr_CronetUrlRequestContext(5854): at com.google.common.util.concurrent.d.m(PG:2) >11-08 00:01:27.920:
E/cr_CronetUrlRequestContext(5854): at com.google.common.util.concurrent.j.a(PG:1) >11-08 00:01:27.920:
E/cr_CronetUrlRequestContext(5854): at com.google.common.util.concurrent.d.l(PG:3) >11-08 00:01:27.920:
E/cr_CronetUrlRequestContext(5854): at com.google.common.util.concurrent.d.cancel(PG:8) >11-08 00:01:27.920:
E/cr_CronetUrlRequestContext(5854): at com.google.common.util.concurrent.d.m(PG:2) >11-08 00:01:27.920:
E/cr_CronetUrlRequestContext(5854): at com.google.common.util.concurrent.c.a(PG:1) >11-08 00:01:27.920:
E/cr_CronetUrlRequestContext(5854): at com.google.common.util.concurrent.d.l(PG:3) >11-08 00:01:27.920:
E/cr_CronetUrlRequestContext(5854): at com.google.common.util.concurrent.d.cancel(PG:8) >11-08 00:01:27.920:
E/cr_CronetUrlRequestContext(5854): at com.google.common.util.concurrent.bv.cancel(PG:1) >11-08 00:01:27.920:
E/cr_CronetUrlRequestContext(5854): at com.google.common.util.concurrent.d.cancel(PG:17) >11-08 00:01:27.920:
E/cr_CronetUrlRequestContext(5854): at com.google.android.apps.gsa.staticplugins.bi.b.h.run(PG:2) >11-08 00:01:27.920:
E/cr_CronetUrlRequestContext(5854): at com.google.common.util.concurrent.bg.execute(PG:1) >11-08 00:01:27.920:
E/cr_CronetUrlRequestContext(5854): at com.google.common.util.concurrent.d.i(PG:1) >11-08 00:01:27.920:
E/cr_CronetUrlRequestContext(5854): at com.google.common.util.concurrent.d.l(PG:12) >11-08 00:01:27.920:
E/cr_CronetUrlRequestContext(5854): at com.google.common.util.concurrent.d.cancel(PG:8) >11-08 00:01:27.920:
E/cr_CronetUrlRequestContext(5854): at com.google.common.util.concurrent.d.m(PG:2) >11-08 00:01:27.920:
E/cr_CronetUrlRequestContext(5854): at com.google.common.util.concurrent.j.a(PG:1) >11-08 00:01:27.920:
E/cr_CronetUrlRequestContext(5854): at com.google.common.util.concurrent.d.l(PG:3) >11-08 00:01:27.920:
E/cr_CronetUrlRequestContext(5854): at com.google.common.util.concurrent.d.cancel(PG:8) >11-08 00:01:27.920:
E/cr_CronetUrlRequestContext(5854): at com.google.android.apps.gsa.shared.util.c.aj.a(PG:2) >11-08 00:01:27.920:
E/cr_CronetUrlRequestContext(5854): at com.google.common.util.concurrent.d.l(PG:3) >11-08 00:01:27.920:
E/cr_CronetUrlRequestContext(5854): at com.google.common.util.concurrent.d.cancel(PG:8) >11-08 00:01:27.920:
E/cr_CronetUrlRequestContext(5854): at com.google.common.util.concurrent.d.m(PG:2) >11-08 00:01:27.920:
E/cr_CronetUrlRequestContext(5854): at com.google.common.util.concurrent.c.a(PG:1) >11-08 00:01:27.920:
E/cr_CronetUrlRequestContext(5854): at com.google.common.util.concurrent.d.l(PG:3) >11-08 00:01:27.920:
E/cr_CronetUrlRequestContext(5854): at com.google.common.util.concurrent.d.cancel(PG:8) >11-08 00:01:27.920:
E/cr_CronetUrlRequestContext(5854): at com.google.android.apps.gsa.s3.o.a(PG:2) >11-08 00:01:27.920:
E/cr_CronetUrlRequestContext(5854): at com.google.android.apps.gsa.s3.r.a(PG:1) >11-08 00:01:27.920:
E/cr_CronetUrlRequestContext(5854): at com.google.android.apps.gsa.staticplugins.cy.a.c.e(PG:2) >11-08 00:01:27.920:
E/cr_CronetUrlRequestContext(5854): at com.google.android.apps.gsa.staticplugins.cy.a.c.c(PG:3) >11-08 00:01:27.920:
E/cr_CronetUrlRequestContext(5854): at com.google.android.apps.gsa.staticplugins.cy.a.e.a(PG:5) >11-08 00:01:27.920:
E/cr_CronetUrlRequestContext(5854): at com.google.android.apps.gsa.s3.n.gS(PG:1) >11-08 00:01:27.920:
E/cr_CronetUrlRequestContext(5854): at com.google.cc.g.a.f.e(PG:2) >11-08 00:01:27.920:
E/cr_CronetUrlRequestContext(5854): at com.google.android.apps.gsa.speech.k.a.g.d(PG:22) >11-08 00:01:27.920:
E/cr_CronetUrlRequestContext(5854): at com.google.android.apps.gsa.speech.k.a.g.jV(PG:6) >11-08 00:01:27.920:
E/cr_CronetUrlRequestContext(5854): at com.google.android.apps.gsa.s3.o.c(PG:14) >11-08 00:01:27.920:
E/cr_CronetUrlRequestContext(5854): at com.google.android.apps.gsa.s3.p.run(PG:1) >11-08 00:01:27.920:
E/cr_CronetUrlRequestContext(5854): at java.util.concurrent.Executors$RunnableAdapter.call(Executors.java:463) >11-08 00:01:27.920:
E/cr_CronetUrlRequestContext(5854): at java.util.concurrent.FutureTask.run(FutureTask.java:264) >11-08 00:01:27.920:
E/cr_CronetUrlRequestContext(5854): at com.google.android.apps.gsa.shared.util.c.a.e.run(PG:2) >11-08 00:01:27.920:
E/cr_CronetUrlRequestContext(5854): at com.google.android.apps.gsa.shared.util.c.a.bi.run(PG:1) >11-08 00:01:27.920:
E/cr_CronetUrlRequestContext(5854): at com.google.android.apps.gsa.shared.util.c.a.bi.run(PG:1) >11-08 00:01:27.920:
E/cr_CronetUrlRequestContext(5854): at java.util.concurrent.ThreadPoolExecutor.runWorker(ThreadPoolExecutor.java:1137) >11-08 00:01:27.920:
E/cr_CronetUrlRequestContext(5854): at java.util.concurrent.ThreadPoolExecutor$Worker.run(ThreadPoolExecutor.java:637) >11-08 00:01:27.920:
E/cr_CronetUrlRequestContext(5854): at java.lang.Thread.run(Thread.java:1012) >11-08 00:01:27.920:
E/cr_CronetUrlRequestContext(5854): at com.google.android.apps.gsa.shared.util.c.a.l.run(PG:5) >11-08 00:01:27.922:
D/Zygote(373): Forked child process 8915 >11-08 00:01:27.922:
I/MdiSyncModule(5449): Received request for operation '1' from package 'com.google.android.gm', instance id 'profile-Hub', version '1'... >11-08 00:01:27.922:
D/PrefCtrlListHelper(1237): Could not find Context-only controller for pref: com.android.settings.users.TimeoutToUserZeroPreferenceController >11-08 00:01:27.922:
I/NetworkRecognitionRnr(5854): Using pair HTTP connection >11-08 00:01:27.923:
I/GmsCoreXrpcWrapper(5449): Returning a channel provider with trafficStatsTag=22017 trafficStatsUid=-1 >11-08 00:01:27.923:
I/A(5854): [Upload] Connected >11-08 00:01:27.924:
D/PrefCtrlListHelper(1237): Could not find Context-only controller for pref: com.google.android.settings.notification.ClearCallingTogglePreferenceController >11-08 00:01:27.924:
D/PrefCtrlListHelper(1237): Could not find Context-only controller for pref: com.google.android.settings.notification.ClearCallingFooterPreferenceController >11-08 00:01:27.924:
D/PrefCtrlListHelper(1237): Could not find Context-only controller for pref: com.android.settings.gestures.DoubleTwistPreferenceController >11-08 00:01:27.924:
W/A(5854): Failed to sync device settings. >11-08 00:01:27.924:
I/A(5854): Retrying to sync device settings. >11-08 00:01:27.925:
I/ModelDownloadController(5854): (REDACTED) Fetching and maybe downloading FileGroup with name: %s, locale: %s >11-08 00:01:27.925:
D/PrefCtrlListHelper(1237): Could not find Context-only controller for pref: com.android.settings.applications.managedomainurls.WebActionCategoryController >11-08 00:01:27.925:
I/ActivityManager(577): Start proc 8915:com.google.android.tts/u0a128 for broadcast {com.google.android.tts/com.google.android.apps.speech.tts.googletts.local.voicepack.VoicepackUpdater_Receiver} >11-08 00:01:27.925:
D/PrefCtrlListHelper(1237): Could not find Context-only controller for pref: com.android.settings.applications.managedomainurls.InstantAppWebActionPreferenceController >11-08 00:01:27.925:
D/PrefCtrlListHelper(1237): Could not find Context-only controller for pref: com.android.settings.applications.managedomainurls.InstantAppAccountPreferenceController >11-08 00:01:27.925:
D/PrefCtrlListHelper(1237): Could not find Context-only controller for pref: com.android.settings.applications.managedomainurls.DomainAppPreferenceController >11-08 00:01:27.925:
I/A(5854): getLocaleToModelSpecsMap >11-08 00:01:27.925:
I/A(5854): Using proto config with mendel >11-08 00:01:27.925:
D/PrefCtrlListHelper(1237): Could not find Context-only controller for pref: com.android.settings.display.AutoRotateSwitchBarController >11-08 00:01:27.925:
D/PrefCtrlListHelper(1237): Could not find Context-only controller for pref: com.android.settings.display.AutoRotatePreferenceController >11-08 00:01:27.925:
D/PrefCtrlListHelper(1237): Could not find Context-only controller for pref: com.android.settings.display.SmartAutoRotatePermissionController >11-08 00:01:27.925:
I/A(5854): getLocaleToModelSpecsMap >11-08 00:01:27.925:
I/A(5854): Using proto config with mendel >11-08 00:01:27.925:
I/A(5854): (REDACTED) Skipping. Expected model: %s Found: %s >11-08 00:01:27.925:
I/A(5854): (REDACTED) Skipping. Expected model: %s Found: %s >11-08 00:01:27.926:
I/A(5854): (REDACTED) Skipping. Expected model: %s Found: %s >11-08 00:01:27.926:
I/A(5854): (REDACTED) Adding from config to map. Locale: %s modelPrefix: %s Location:%s isSpeakerIdSupported: %b >11-08 00:01:27.926:
I/A(5854): (REDACTED) Skipping. Expected model: %s Found: %s >11-08 00:01:27.926:
I/A(5854): getLocaleToModelSpecsMap >11-08 00:01:27.926:
I/A(5854): Using proto config with mendel >11-08 00:01:27.927:
I/A(5854): getLocaleToModelSpecsMap >11-08 00:01:27.927:
I/A(5854): Using proto config with mendel >11-08 00:01:27.927:
I/A(5854): (REDACTED) Skipping. Expected model: %s Found: %s >11-08 00:01:27.927:
I/A(5854): (REDACTED) Skipping. Expected model: %s Found: %s >11-08 00:01:27.927:
I/A(5854): (REDACTED) Skipping. Expected model: %s Found: %s >11-08 00:01:27.927:
I/A(5854): (REDACTED) Adding from config to map. Locale: %s modelPrefix: %s Location:%s isSpeakerIdSupported: %b >11-08 00:01:27.927:
I/A(5854): (REDACTED) Skipping. Expected model: %s Found: %s >11-08 00:01:27.928:
E/HotwordModelPopulator(5854): (REDACTED) Failed to add hotword file group for '%s' from location: %s >11-08 00:01:27.928:
E/HotwordModelPopulator(5854): (REDACTED) Failed to add hotword file group for '%s' from location: %s >11-08 00:01:27.932:
D/PrefCtrlListHelper(1237): Could not find Context-only controller for pref: com.android.settings.display.SmartAutoRotateCameraStateController >11-08 00:01:27.932:
D/PrefCtrlListHelper(1237): Could not find Context-only controller for pref: com.android.settings.display.SmartAutoRotateBatterySaverController >11-08 00:01:27.932:
D/PrefCtrlListHelper(1237): Could not find Context-only controller for pref: com.android.settings.display.SmartAutoRotateController >11-08 00:01:27.933:
D/PrefCtrlListHelper(1237): Could not find Context-only controller for pref: com.android.settings.notification.SpatialAudioPreferenceController >11-08 00:01:27.933:
D/PrefCtrlListHelper(1237): Could not find Context-only controller for pref: com.android.settings.notification.SpatialAudioWiredHeadphonesController >11-08 00:01:27.933:
I/Auth(5457): [AddAccountOperation] Finished adding account. [CONTEXT service_id=153 ] >11-08 00:01:27.934:
D/PrefCtrlListHelper(1237): Could not find Context-only controller for pref: com.android.settings.enterprise.ManageDeviceAdminPreferenceController >11-08 00:01:27.934:
D/PrefCtrlListHelper(1237): Could not find Context-only controller for pref: com.android.settings.enterprise.EnterprisePrivacyPreferenceController >11-08 00:01:27.934:
D/PrefCtrlListHelper(1237): Could not find Context-only controller for pref: com.android.settings.enterprise.FinancedPrivacyPreferenceController >11-08 00:01:27.934:
D/PrefCtrlListHelper(1237): Could not find Context-only controller for pref: com.android.settings.security.SimLockPreferenceController >11-08 00:01:27.934:
D/PrefCtrlListHelper(1237): Could not find Context-only controller for pref: com.android.settings.security.EncryptionStatusPreferenceController >11-08 00:01:27.934:
D/PrefCtrlListHelper(1237): Could not find Context-only controller for pref: com.android.settings.security.trustagent.ManageTrustAgentsPreferenceController >11-08 00:01:27.934:
D/PrefCtrlListHelper(1237): Could not find Context-only controller for pref: com.android.settings.security.ScreenPinningPreferenceController >11-08 00:01:27.934:
D/PrefCtrlListHelper(1237): Could not find Context-only controller for pref: com.android.settings.security.ConfirmSimDeletionPreferenceController >11-08 00:01:27.935:
D/PrefCtrlListHelper(1237): Could not find Context-only controller for pref: com.android.settings.users.MultiUserTopIntroPreferenceController >11-08 00:01:27.936:
D/CompatibilityChangeReporter(577): Compat change id reported: 161252188; UID 10136; state: DISABLED >11-08 00:01:27.937:
I/Zygote(8915): seccomp disabled by setenforce 0 >11-08 00:01:27.937:
I/PeopleGalProvider(5449): Gal directories started. >11-08 00:01:27.938:
D/PrefCtrlListHelper(1237): Could not find Context-only controller for pref: com.android.settings.applications.specialaccess.interactacrossprofiles.InteractAcrossProfilesController >11-08 00:01:27.938:
W/PrefCtrlListHelper(1237): Controller requires key but it's not defined in xml: com.android.settings.applications.specialaccess.interactacrossprofiles.InteractAcrossProfilesController >11-08 00:01:27.938:
D/PrefCtrlListHelper(1237): Could not find Context-only controller for pref: com.android.settings.deviceinfo.DeviceNamePreferenceController >11-08 00:01:27.939:
I/PeopleGalProvider(5449): Method 1 completed. >11-08 00:01:27.939:
I/PeopleGalProvider(5449): Method 1 finished successfully. >11-08 00:01:27.939:
D/PrefCtrlListHelper(1237): Could not find Context-only controller for pref: com.android.settings.deviceinfo.BrandedAccountPreferenceController >11-08 00:01:27.939:
D/PrefCtrlListHelper(1237): Could not find Context-only controller for pref: com.android.settings.deviceinfo.PhoneNumberPreferenceController >11-08 00:01:27.939:
D/PrefCtrlListHelper(1237): Could not find Context-only controller for pref: com.google.android.settings.warranty.WarrantyPreferenceController >11-08 00:01:27.939:
D/PrefCtrlListHelper(1237): Could not find Context-only controller for pref: com.android.settings.deviceinfo.HardwareInfoPreferenceController >11-08 00:01:27.939:
D/PrefCtrlListHelper(1237): Could not find Context-only controller for pref: com.android.settings.deviceinfo.imei.ImeiInfoPreferenceController >11-08 00:01:27.939:
D/PrefCtrlListHelper(1237): Could not find Context-only controller for pref: com.android.settings.deviceinfo.firmwareversion.FirmwareVersionPreferenceController >11-08 00:01:27.939:
D/PrefCtrlListHelper(1237): Could not find Context-only controller for pref: com.android.settings.deviceinfo.BuildNumberPreferenceController >11-08 00:01:27.939:
D/PrefCtrlListHelper(1237): Could not find Context-only controller for pref: com.android.settings.applications.specialaccess.deviceadmin.DeviceAdminListPreferenceController >11-08 00:01:27.939:
D/PrefCtrlListHelper(1237): Could not find Context-only controller for pref: com.android.settings.users.TimeoutToUserZeroPreferenceController >11-08 00:01:27.940:
D/PrefCtrlListHelper(1237): Could not find Context-only controller for pref: com.google.android.settings.notification.ClearCallingTogglePreferenceController >11-08 00:01:27.940:
D/PrefCtrlListHelper(1237): Could not find Context-only controller for pref: com.google.android.settings.notification.ClearCallingFooterPreferenceController >11-08 00:01:27.940:
V/SettingsSearchProvider(1237): com.android.settings.search.BaseSearchIndexProvider@7914316 tried to add an empty non-indexable key >11-08 00:01:27.940:
D/PrefCtrlListHelper(1237): Could not find Context-only controller for pref: com.android.settings.gestures.DoubleTwistPreferenceController >11-08 00:01:27.941:
V/SettingsSearchProvider(1237): com.android.settings.development.graphicsdriver.GraphicsDriverDashboard$1@2c47f67 tried to add an empty non-indexable key >11-08 00:01:27.941:
D/PrefCtrlListHelper(1237): Could not find Context-only controller for pref: com.android.settings.applications.managedomainurls.WebActionCategoryController >11-08 00:01:27.941:
D/PrefCtrlListHelper(1237): Could not find Context-only controller for pref: com.android.settings.applications.managedomainurls.InstantAppWebActionPreferenceController >11-08 00:01:27.941:
D/PrefCtrlListHelper(1237): Could not find Context-only controller for pref: com.android.settings.applications.managedomainurls.InstantAppAccountPreferenceController >11-08 00:01:27.941:
