W/PhenotypeConfigurationU(5457): at com.google.android.gms.platformconfigurator.PhenotypeConfigurationUpdateListener.onHandleIntent(:com.google.android.gms@233316044@23.33.16 (190400-560149061):278) >11-08 00:01:19.325:
W/PhenotypeConfigurationU(5457): at com.google.android.chimera.IntentOperation.onHandleIntent(:com.google.android.gms@233316044@23.33.16 (190400-560149061):2) >11-08 00:01:19.325:
W/PhenotypeConfigurationU(5457): at adqc.onHandleIntent(:com.google.android.gms@233316044@23.33.16 (190400-560149061):10) >11-08 00:01:19.325:
W/PhenotypeConfigurationU(5457): at lep.run(:com.google.android.gms@233316044@23.33.16 (190400-560149061):70) >11-08 00:01:19.325:
W/PhenotypeConfigurationU(5457): at leo.run(:com.google.android.gms@233316044@23.33.16 (190400-560149061):152) >11-08 00:01:19.325:
W/PhenotypeConfigurationU(5457): at dpie.run(:com.google.android.gms@233316044@23.33.16 (190400-560149061):13) >11-08 00:01:19.325:
W/PhenotypeConfigurationU(5457): at java.util.concurrent.ThreadPoolExecutor.runWorker(ThreadPoolExecutor.java:1137) >11-08 00:01:19.325:
W/PhenotypeConfigurationU(5457): at java.util.concurrent.ThreadPoolExecutor$Worker.run(ThreadPoolExecutor.java:637) >11-08 00:01:19.325:
W/PhenotypeConfigurationU(5457): at java.lang.Thread.run(Thread.java:1012) >11-08 00:01:19.326:
I/NamespaceManager(5457): Package com.android.refreshratecontrol name not found! Using module version. >11-08 00:01:19.326:
I/NamespaceManager(5457): Package com.google.oslo name not found! Using module version. >11-08 00:01:19.326:
W/IndexDataConverter(5054): Skipping index for null-key item IndexData.Builder {title: WiâFi hotspot,package: com.android.settings} >11-08 00:01:19.327:
I/NamespaceManager(5457): Package com.android.media name not found! Using module version. >11-08 00:01:19.328:
I/NamespaceManager(5457): Package com.android.media.swcodec name not found! Using module version. >11-08 00:01:19.328:
I/NamespaceManager(5457): Package com.android.neuralnetworks name not found! Using module version. >11-08 00:01:19.328:
I/NamespaceManager(5457): Package com.android.media name not found! Using module version. >11-08 00:01:19.329:
I/Icing(5449): Usage reports ok 0, Failed Usage reports 0, indexed 0, rejected 0 >11-08 00:01:19.330:
W/IndexDataConverter(5054): Skipping index for null-key item IndexData.Builder {title: Alarms & other interruptions,package: com.android.settings} >11-08 00:01:19.332:
W/IndexDataConverter(5054): Skipping index for null-key item IndexData.Builder {title: Bluetooth,package: com.android.settings} >11-08 00:01:19.334:
W/IndexDataConverter(5054): Skipping index for null-key item IndexData.Builder {title: Languages & input,package: com.android.settings} >11-08 00:01:19.334:
W/IndexDataConverter(5054): Skipping index for null-key item IndexData.Builder {title: null,package: com.android.settings} >11-08 00:01:19.334:
W/IndexDataConverter(5054): Skipping index for null-key item IndexData.Builder {title: Press & hold power button,package: com.android.settings} >11-08 00:01:19.335:
W/IndexDataConverter(5054): Skipping index for null-key item IndexData.Builder {title: Screen timeout,package: com.android.settings} >11-08 00:01:19.335:
W/IndexDataConverter(5054): Skipping index for null-key item IndexData.Builder {title: SIMs,package: com.android.settings} >11-08 00:01:19.336:
W/IndexDataConverter(5054): Skipping index for null-key item IndexData.Builder {title: null,package: com.android.settings} >11-08 00:01:19.336:
W/IndexDataConverter(5054): Skipping index for null-key item IndexData.Builder {title: People,package: com.android.settings} >11-08 00:01:19.336:
I/NamespaceManager(5457): Package 1 name not found! Using module version. >11-08 00:01:19.336:
W/IndexDataConverter(5054): Skipping index for null-key item IndexData.Builder {title: Certificate management app,package: com.android.settings} >11-08 00:01:19.336:
W/IndexDataConverter(5054): Skipping index for null-key item IndexData.Builder {title: null,package: com.android.settings} >11-08 00:01:19.336:
W/IndexDataConverter(5054): Skipping index for null-key item IndexData.Builder {title: null,package: com.android.settings} >11-08 00:01:19.336:
W/IndexDataConverter(5054): Skipping index for null-key item IndexData.Builder {title: null,package: com.android.settings} >11-08 00:01:19.338:
W/IndexDataConverter(5054): Skipping index for null-key item IndexData.Builder {title: Adaptive brightness,package: com.android.settings} >11-08 00:01:19.338:
W/IndexDataConverter(5054): Skipping index for null-key item IndexData.Builder {title: NFC,package: com.android.settings} >11-08 00:01:19.339:
I/PhenotypeBackgroundRecv(3716): Skipping com.google.android.apps.search.fedora.device#com.google.android.googlequicksearchbox which doesn't use ProcessStable flags. >11-08 00:01:19.340:
W/JobScheduler(577): Job didn't exist in JobStore: edc1882 #u0a119/-43 com.google.android.googlequicksearchbox/com.google.android.apps.gsa.tasks.BackgroundTasksJobService >11-08 00:01:19.340:
W/BpBinder(5457): Large outgoing transaction of 338692 bytes, interface descriptor <uncached descriptor>, code 4 >11-08 00:01:19.341:
W/IndexDataConverter(5054): Skipping index for null-key item IndexData.Builder {title: Date & time,package: com.android.settings} >11-08 00:01:19.341:
W/IndexDataConverter(5054): Skipping index for null-key item IndexData.Builder {title: Select time zone,package: com.android.settings} >11-08 00:01:19.341:
I/A(5854): (REDACTED) Refusing EXCLUSIVE task %s, it is already pending. Try again in %d seconds. >11-08 00:01:19.341:
W/IndexDataConverter(5054): Skipping index for null-key item IndexData.Builder {title: null,package: com.android.settings} >11-08 00:01:19.342:
W/IndexDataConverter(5054): Skipping index for null-key item IndexData.Builder {title: Colors,package: com.android.settings} >11-08 00:01:19.342:
W/IndexDataConverter(5054): Skipping index for null-key item IndexData.Builder {title: Extends battery life and improves device performance by automatically managing your network connections,package: com.android.settings} >11-08 00:01:19.342:
W/IndexDataConverter(5054): Skipping index for null-key item IndexData.Builder {title: More options,package: com.android.settings} >11-08 00:01:19.342:
I/NamespaceManager(5457): Package rkpd name not found! Using module version. >11-08 00:01:19.342:
I/NamespaceManager(5457): Package com.google.android.devicelockcontroller name not found! Using module version. >11-08 00:01:19.342:
I/NamespaceManager(5457): Package com.google.android.healthfitness name not found! Using module version. >11-08 00:01:19.342:
I/NamespaceManager(5457): Package android.companion name not found! Using module version. >11-08 00:01:19.343:
I/NamespaceManager(5457): Package com.google.android.healthfitness name not found! Using module version. >11-08 00:01:19.343:
I/NamespaceManager(5457): Package com.google.android.aicore name not found! Using module version. >11-08 00:01:19.343:
W/A(5854): (REDACTED) Can't format flag %s to integer. >11-08 00:01:19.343:
W/A(5854): (REDACTED) Can't format flag %s to integer. >11-08 00:01:19.343:
W/A(5854): (REDACTED) Can't format flag %s to integer. >11-08 00:01:19.343:
W/A(5854): (REDACTED) Can't format flag %s to integer. >11-08 00:01:19.343:
W/A(5854): (REDACTED) Can't format flag %s to integer. >11-08 00:01:19.343:
W/A(5854): (REDACTED) Can't format flag %s to integer. >11-08 00:01:19.343:
W/A(5854): (REDACTED) Can't format flag %s to integer. >11-08 00:01:19.343:
W/A(5854): (REDACTED) Can't format flag %s to integer. >11-08 00:01:19.343:
W/A(5854): (REDACTED) Can't format flag %s to integer. >11-08 00:01:19.343:
W/IndexDataConverter(5054): Skipping index for null-key item IndexData.Builder {title: Feature flags,package: com.android.settings} >11-08 00:01:19.343:
W/A(5854): (REDACTED) Can't format flag %s to integer. >11-08 00:01:19.343:
W/A(5854): (REDACTED) Can't format flag %s to integer. >11-08 00:01:19.343:
W/A(5854): (REDACTED) Can't format flag %s to integer. >11-08 00:01:19.343:
W/A(5854): (REDACTED) Can't format flag %s to integer. >11-08 00:01:19.343:
W/A(5854): (REDACTED) Can't format flag %s to integer. >11-08 00:01:19.343:
W/A(5854): (REDACTED) Can't format flag %s to integer. >11-08 00:01:19.343:
W/A(5854): (REDACTED) Can't format flag %s to integer. >11-08 00:01:19.343:
W/A(5854): (REDACTED) Can't format flag %s to integer. >11-08 00:01:19.343:
W/A(5854): (REDACTED) Can't format flag %s to integer. >11-08 00:01:19.343:
W/A(5854): (REDACTED) Can't format flag %s to integer. >11-08 00:01:19.343:
W/A(5854): (REDACTED) Can't format flag %s to integer. >11-08 00:01:19.343:
W/A(5854): (REDACTED) Can't format flag %s to integer. >11-08 00:01:19.343:
W/A(5854): (REDACTED) Can't format flag %s to integer. >11-08 00:01:19.343:
W/A(5854): (REDACTED) Can't format flag %s to integer. >11-08 00:01:19.343:
W/A(5854): (REDACTED) Can't format flag %s to integer. >11-08 00:01:19.343:
W/PhenotypeConfigurationU(5457): Update for unknown DeviceConfig package com.google.android.gms.test_process_stable [CONTEXT service_id=204 ] >11-08 00:01:19.343:
W/PhenotypeConfigurationU(5457): cesr: No package exists for config package: com.google.android.gms.test_process_stable >11-08 00:01:19.343:
W/PhenotypeConfigurationU(5457): at cess.a(:com.google.android.gms@233316044@23.33.16 (190400-560149061):70) >11-08 00:01:19.343:
W/PhenotypeConfigurationU(5457): at com.google.android.gms.platformconfigurator.PhenotypeConfigurationUpdateListener.b(:com.google.android.gms@233316044@23.33.16 (190400-560149061):6) >11-08 00:01:19.343:
W/PhenotypeConfigurationU(5457): at com.google.android.gms.platformconfigurator.PhenotypeConfigurationUpdateListener.a(:com.google.android.gms@233316044@23.33.16 (190400-560149061):167) >11-08 00:01:19.343:
W/PhenotypeConfigurationU(5457): at com.google.android.gms.platformconfigurator.PhenotypeConfigurationUpdateListener.onHandleIntent(:com.google.android.gms@233316044@23.33.16 (190400-560149061):278) >11-08 00:01:19.343:
W/PhenotypeConfigurationU(5457): at com.google.android.chimera.IntentOperation.onHandleIntent(:com.google.android.gms@233316044@23.33.16 (190400-560149061):2) >11-08 00:01:19.343:
W/PhenotypeConfigurationU(5457): at adqc.onHandleIntent(:com.google.android.gms@233316044@23.33.16 (190400-560149061):10) >11-08 00:01:19.343:
W/PhenotypeConfigurationU(5457): at lep.run(:com.google.android.gms@233316044@23.33.16 (190400-560149061):70) >11-08 00:01:19.343:
W/PhenotypeConfigurationU(5457): at leo.run(:com.google.android.gms@233316044@23.33.16 (190400-560149061):152) >11-08 00:01:19.343:
W/PhenotypeConfigurationU(5457): at dpie.run(:com.google.android.gms@233316044@23.33.16 (190400-560149061):13) >11-08 00:01:19.343:
W/PhenotypeConfigurationU(5457): at java.util.concurrent.ThreadPoolExecutor.runWorker(ThreadPoolExecutor.java:1137) >11-08 00:01:19.343:
W/PhenotypeConfigurationU(5457): at java.util.concurrent.ThreadPoolExecutor$Worker.run(ThreadPoolExecutor.java:637) >11-08 00:01:19.343:
W/PhenotypeConfigurationU(5457): at java.lang.Thread.run(Thread.java:1012) >11-08 00:01:19.344:
I/NamespaceManager(5457): Package com.android.refreshratecontrol name not found! Using module version. >11-08 00:01:19.344:
W/IndexDataConverter(5054): Skipping index for null-key item IndexData.Builder {title: Work profile sounds,package: com.android.settings} >11-08 00:01:19.345:
I/NamespaceManager(5457): Package com.google.oslo name not found! Using module version. >11-08 00:01:19.345:
I/NamespaceManager(5457): Package com.android.media name not found! Using module version. >11-08 00:01:19.345:
I/NamespaceManager(5457): Package com.android.media.swcodec name not found! Using module version. >11-08 00:01:19.345:
I/NamespaceManager(5457): Package com.android.neuralnetworks name not found! Using module version. >11-08 00:01:19.345:
W/IndexDataConverter(5054): Skipping index for null-key item IndexData.Builder {title: Data Saver,package: com.android.settings} >11-08 00:01:19.346:
I/NamespaceManager(5457): Package com.android.media name not found! Using module version. >11-08 00:01:19.346:
W/IndexDataConverter(5054): Skipping index for null-key item IndexData.Builder {title: Auto-rotate screen,package: com.android.settings} >11-08 00:01:19.346:
W/IndexDataConverter(5054): Skipping index for null-key item IndexData.Builder {title: Physical keyboard,package: com.android.settings} >11-08 00:01:19.346:
I/NamespaceManager(5457): Package 1 name not found! Using module version. >11-08 00:01:19.346:
I/NamespaceManager(5457): Package rkpd name not found! Using module version. >11-08 00:01:19.346:
I/NamespaceManager(5457): Package com.google.android.devicelockcontroller name not found! Using module version. >11-08 00:01:19.346:
I/NamespaceManager(5457): Package com.google.android.healthfitness name not found! Using module version. >11-08 00:01:19.346:
I/NamespaceManager(5457): Package android.companion name not found! Using module version. >11-08 00:01:19.346:
I/NamespaceManager(5457): Package com.google.android.healthfitness name not found! Using module version. >11-08 00:01:19.346:
I/NamespaceManager(5457): Package com.google.android.aicore name not found! Using module version. >11-08 00:01:19.347:
W/IndexDataConverter(5054): Skipping index for null-key item IndexData.Builder {title: null,package: com.android.settings} >11-08 00:01:19.347:
W/IndexDataConverter(5054): Skipping index for null-key item IndexData.Builder {title: Selected people can still reach you, even if you donât allow apps to interrupt,package: com.android.settings} >11-08 00:01:19.347:
W/IndexDataConverter(5054): Skipping index for null-key item IndexData.Builder {title: Apps,package: com.android.settings} >11-08 00:01:19.349:
I/RescueParty(577): Starting to observe: [android], updated namespace: runtime_native_boot >11-08 00:01:19.349:
I/PackageWatchdog(577): Syncing state, reason: observing new packages >11-08 00:01:19.349:
D/PackageWatchdog(577): rescue-party-observer added the following packages to monitor [android] >11-08 00:01:19.349:
I/PackageWatchdog(577): Syncing state, reason: updated observers >11-08 00:01:19.349:
I/PackageWatchdog(577): Not pruning observers, elapsed time: 0ms >11-08 00:01:19.349:
I/PackageWatchdog(577): Saving observer state to file >11-08 00:01:19.351:
I/A(5854): (REDACTED) Refusing EXCLUSIVE task %s, it is already pending. Try again in %d seconds. >11-08 00:01:19.354:
I/NamespaceManager(5457): Package com.android.refreshratecontrol name not found! Using module version. >11-08 00:01:19.354:
I/NamespaceManager(5457): Package com.google.oslo name not found! Using module version. >11-08 00:01:19.354:
W/IndexDataConverter(5054): Skipping index for null-key item IndexData.Builder {title: Data warning & limit,package: com.android.settings} >11-08 00:01:19.355:
I/NamespaceManager(5457): Package com.android.media name not found! Using module version. >11-08 00:01:19.355:
I/NamespaceManager(5457): Package com.android.media.swcodec name not found! Using module version. >11-08 00:01:19.355:
I/NamespaceManager(5457): Package com.android.neuralnetworks name not found! Using module version. >11-08 00:01:19.355:
I/NamespaceManager(5457): Package com.android.media name not found! Using module version. >11-08 00:01:19.356:
I/NamespaceManager(5457): Package 1 name not found! Using module version. >11-08 00:01:19.356:
I/NamespaceManager(5457): Package rkpd name not found! Using module version. >11-08 00:01:19.356:
I/NamespaceManager(5457): Package com.google.android.devicelockcontroller name not found! Using module version. >11-08 00:01:19.357:
I/NamespaceManager(5457): Package com.google.android.healthfitness name not found! Using module version. >11-08 00:01:19.357:
I/NamespaceManager(5457): Package android.companion name not found! Using module version. >11-08 00:01:19.357:
W/IndexDataConverter(5054): Skipping index for null-key item IndexData.Builder {title: Battery Saver,package: com.android.settings} >11-08 00:01:19.357:
I/NamespaceManager(5457): Package com.google.android.healthfitness name not found! Using module version. >11-08 00:01:19.357:
I/NamespaceManager(5457): Package com.google.android.aicore name not found! Using module version. >11-08 00:01:19.357:
W/IndexDataConverter(5054): Skipping index for null-key item IndexData.Builder {title: null,package: com.android.settings} >11-08 00:01:19.358:
I/PackageWatchdog(577): Syncing health check requests for packages: {} >11-08 00:01:19.358:
I/ExplicitHealthCheckController(577): Service not ready to get health check supported packages. Binding... >11-08 00:01:19.359:
I/ExplicitHealthCheckController(577): Explicit health check service is bound >11-08 00:01:19.360:
I/ExplicitHealthCheckController(577): Explicit health check service is connected ComponentInfo{com.google.android.ext.services/android.ext.services.watchdog.ExplicitHealthCheckServiceImpl} >11-08 00:01:19.360:
I/ExplicitHealthCheckController(577): Service initialized, syncing requests >11-08 00:01:19.360:
I/PackageWatchdog(577): Syncing health check requests for packages: {} >11-08 00:01:19.360:
D/ExplicitHealthCheckController(577): Getting health check supported packages >11-08 00:01:19.360:
W/IndexDataConverter(5054): Skipping index for null-key item IndexData.Builder {title: Encryption & credentials,package: com.android.settings} >11-08 00:01:19.361:
I/ExplicitHealthCheckController(577): Explicit health check supported packages [PackageConfig{com.google.android.networkstack, 86400000}] >11-08 00:01:19.361:
D/PackageWatchdog(577): Received supported packages [PackageConfig{com.google.android.networkstack, 86400000}] >11-08 00:01:19.361:
D/ExplicitHealthCheckController(577): Getting health check requested packages >11-08 00:01:19.361:
I/FedAssExpListener(5854): Fed-ass not supported for signed out users. >11-08 00:01:19.361:
I/FedAssExpListener(5854): Successfully processed experiments changed. >11-08 00:01:19.361:
I/ExplicitHealthCheckController(577): Explicit health check requested packages [] >11-08 00:01:19.361:
I/ExplicitHealthCheckController(577): No more health check requests, unbinding... >11-08 00:01:19.361:
W/IndexDataConverter(5054): Skipping index for null-key item IndexData.Builder {title: WiâFi,package: com.android.settings} >11-08 00:01:19.362:
I/ExplicitHealthCheckController(577): Explicit health check service is unbound >11-08 00:01:19.363:
I/A(5854): NGA enabled in interactor. >11-08 00:01:19.364:
I/OpaEligibilityChecker(5854): send OpaEligibilityChange broadcast to CommonBroadcastReceiver >11-08 00:01:19.367:
W/CorpusConfigHelper(5854): Invalid input from icing corpus JSON flag. >11-08 00:01:19.367:
W/CorpusConfigHelper(5854): android.util.MalformedJsonException: Use JsonReader.setLenient(true) to accept malformed JSON at line 123 column 2 >11-08 00:01:19.367:
W/CorpusConfigHelper(5854): at android.util.JsonReader.syntaxError(JsonReader.java:1162) >11-08 00:01:19.367:
W/CorpusConfigHelper(5854): at android.util.JsonReader.checkLenient(JsonReader.java:840) >11-08 00:01:19.367:
W/CorpusConfigHelper(5854): at android.util.JsonReader.nextInArray(JsonReader.java:615) >11-08 00:01:19.367:
W/CorpusConfigHelper(5854): at android.util.JsonReader.peek(JsonReader.java:345) >11-08 00:01:19.367:
W/CorpusConfigHelper(5854): at android.util.JsonReader.hasNext(JsonReader.java:321) >11-08 00:01:19.367:
W/CorpusConfigHelper(5854): at com.google.android.apps.gsa.searchbox.c.b.b.k.c(PG:7) >11-08 00:01:19.367:
W/CorpusConfigHelper(5854): at com.google.android.apps.gsa.searchbox.c.b.b.j.a(Unknown Source:2) >11-08 00:01:19.367:
W/CorpusConfigHelper(5854): at com.google.android.apps.gsa.search.core.i.o.run(PG:5) >11-08 00:01:19.367:
W/CorpusConfigHelper(5854): at com.google.android.libraries.gsa.k.a.h.run(PG:2) >11-08 00:01:19.367:
W/CorpusConfigHelper(5854): at com.google.android.apps.gsa.shared.util.c.a.ce.b(PG:1) >11-08 00:01:19.367:
W/CorpusConfigHelper(5854): at com.google.android.apps.gsa.shared.util.c.a.ch.run(PG:1) >11-08 00:01:19.367:
W/CorpusConfigHelper(5854): at com.google.android.libraries.i.af.run(PG:1) >11-08 00:01:19.367:
W/CorpusConfigHelper(5854): at com.google.android.libraries.i.an.run(PG:23) >11-08 00:01:19.367:
W/CorpusConfigHelper(5854): at com.google.android.libraries.i.l.run(PG:2) >11-08 00:01:19.367:
W/CorpusConfigHelper(5854): at com.google.android.libraries.i.q.run(PG:4) >11-08 00:01:19.367:
W/CorpusConfigHelper(5854): at java.lang.Thread.run(Thread.java:1012) >11-08 00:01:19.368:
W/IndexDataConverter(5054): Skipping index for null-key item IndexData.Builder {title: null,package: com.google.android.apps.messaging} >11-08 00:01:19.374:
I/Icing(5449): IndexChimeraService.getServiceInterface callingPackage=com.google.android.googlequicksearchbox componentName=agsa_icing_connection serviceId=32 >11-08 00:01:19.375:
W/IndexDataConverter(5054): Skipping index for null-key item IndexData.Builder {title: null,package: com.google.android.apps.messaging} >11-08 00:01:19.375:
W/IndexDataConverter(5054): Skipping index for null-key item IndexData.Builder {title: null,package: com.google.android.apps.messaging} >11-08 00:01:19.376:
I/Icing(5449): IndexChimeraService.getServiceInterface callingPackage=com.google.android.googlequicksearchbox componentName=agsa_icing_connection serviceId=33 >11-08 00:01:19.376:
W/IndexDataConverter(5054): Skipping index for null-key item IndexData.Builder {title: null,package: com.google.android.apps.messaging} >11-08 00:01:19.386:
I/Icing(5449): Usage reports ok 0, Failed Usage reports 0, indexed 0, rejected 0 >11-08 00:01:19.388:
W/SearchServiceCore(5854): Abort, client detached. >11-08 00:01:19.388:
I/RescueParty(577): Starting to observe: [android, com.google.android.networkstack], updated namespace: connectivity >11-08 00:01:19.389:
I/BgTaskExecutorImpl(5854): (REDACTED) Starting %s background task %s. >11-08 00:01:19.389:
I/PackageWatchdog(577): Syncing state, reason: observing new packages >11-08 00:01:19.389:
D/PackageWatchdog(577): rescue-party-observer added the following packages to monitor [android, com.google.android.networkstack] >11-08 00:01:19.389:
I/PackageWatchdog(577): Syncing state, reason: updated observers >11-08 00:01:19.389:
I/PackageWatchdog(577): Not pruning observers, elapsed time: 0ms >11-08 00:01:19.389:
I/PackageWatchdog(577): Saving observer state to file >11-08 00:01:19.391:
I/PhenotypeBackgroundRecv(3716): Successfully updated snapshot for com.google.android.libraries.search.rendering.xuikit.device#com.google.android.googlequicksearchbox >11-08 00:01:19.393:
I/Icing(5449): Usage reports ok 0, Failed Usage reports 0, indexed 0, rejected 0 >11-08 00:01:19.393:
I/PackageWatchdog(577): Syncing health check requests for packages: {} >11-08 00:01:19.393:
I/ExplicitHealthCheckController(577): Service not ready to get health check supported packages. Binding... >11-08 00:01:19.396:
I/ExplicitHealthCheckController(577): Explicit health check service is bound >11-08 00:01:19.401:
W/JobScheduler(577): Job didn't exist in JobStore: 5a6649f #u0a119/-43 com.google.android.googlequicksearchbox/com.google.android.apps.gsa.tasks.BackgroundTasksJobService >11-08 00:01:19.402:
I/NamespaceManager(5457): Package com.android.refreshratecontrol name not found! Using module version. >11-08 00:01:19.403:
I/PhenotypeBackgroundRecv(3716): Skipping com.google.android.libraries.assistant.ampactions#com.google.android.googlequicksearchbox which doesn't use ProcessStable flags. >11-08 00:01:19.403:
I/ExplicitHealthCheckController(577): Explicit health check service is connected ComponentInfo{com.google.android.ext.services/android.ext.services.watchdog.ExplicitHealthCheckServiceImpl} >11-08 00:01:19.404:
I/ExplicitHealthCheckController(577): Service initialized, syncing requests >11-08 00:01:19.404:
I/PackageWatchdog(577): Syncing health check requests for packages: {} >11-08 00:01:19.404:
D/ExplicitHealthCheckController(577): Getting health check supported packages >11-08 00:01:19.404:
I/NamespaceManager(5457): Package com.google.oslo name not found! Using module version. >11-08 00:01:19.404:
I/ExplicitHealthCheckController(577): Explicit health check supported packages [PackageConfig{com.google.android.networkstack, 86400000}] >11-08 00:01:19.404:
D/PackageWatchdog(577): Received supported packages [PackageConfig{com.google.android.networkstack, 86400000}] >11-08 00:01:19.404:
D/ExplicitHealthCheckController(577): Getting health check requested packages >11-08 00:01:19.405:
I/NamespaceManager(5457): Package com.android.media name not found! Using module version. >11-08 00:01:19.405:
I/NamespaceManager(5457): Package com.android.media.swcodec name not found! Using module version. >11-08 00:01:19.405:
I/ExplicitHealthCheckController(577): Explicit health check requested packages [] >11-08 00:01:19.405:
I/ExplicitHealthCheckController(577): No more health check requests, unbinding... >11-08 00:01:19.405:
I/NamespaceManager(5457): Package com.android.neuralnetworks name not found! Using module version. >11-08 00:01:19.406:
I/NamespaceManager(5457): Package com.android.media name not found! Using module version. >11-08 00:01:19.406:
I/ExplicitHealthCheckController(577): Explicit health check service is unbound >11-08 00:01:19.412:
I/NamespaceManager(5457): Package 1 name not found! Using module version. >11-08 00:01:19.413:
I/NamespaceManager(5457): Package rkpd name not found! Using module version. >11-08 00:01:19.413:
I/NamespaceManager(5457): Package com.google.android.devicelockcontroller name not found! Using module version. >11-08 00:01:19.413:
I/NamespaceManager(5457): Package com.google.android.healthfitness name not found! Using module version. >11-08 00:01:19.413:
I/NamespaceManager(5457): Package android.companion name not found! Using module version. >11-08 00:01:19.414:
W/BpBinder(5457): Large outgoing transaction of 338692 bytes, interface descriptor <uncached descriptor>, code 4 >11-08 00:01:19.414:
I/NamespaceManager(5457): Package com.google.android.healthfitness name not found! Using module version. >11-08 00:01:19.417:
I/A(5854): (REDACTED) Refusing EXCLUSIVE task %s, it is already pending. Try again in %d seconds. >11-08 00:01:19.417:
I/PhenotypeBackgroundRecv(3716): Skipping com.google.android.libraries.search.assistant.invocation.device#com.google.android.googlequicksearchbox which doesn't use ProcessStable flags. >11-08 00:01:19.418:
W/A(5854): (REDACTED) Can't format flag %s to integer. >11-08 00:01:19.418:
W/A(5854): (REDACTED) Can't format flag %s to integer. >11-08 00:01:19.418:
W/A(5854): (REDACTED) Can't format flag %s to integer. >11-08 00:01:19.418:
W/A(5854): (REDACTED) Can't format flag %s to integer. >11-08 00:01:19.418:
W/A(5854): (REDACTED) Can't format flag %s to integer. >11-08 00:01:19.418:
W/A(5854): (REDACTED) Can't format flag %s to integer. >11-08 00:01:19.418:
W/A(5854): (REDACTED) Can't format flag %s to integer. >11-08 00:01:19.418:
W/A(5854): (REDACTED) Can't format flag %s to integer. >11-08 00:01:19.418:
W/A(5854): (REDACTED) Can't format flag %s to integer. >11-08 00:01:19.418:
W/A(5854): (REDACTED) Can't format flag %s to integer. >11-08 00:01:19.418:
W/A(5854): (REDACTED) Can't format flag %s to integer. >11-08 00:01:19.418:
W/A(5854): (REDACTED) Can't format flag %s to integer. >11-08 00:01:19.418:
W/A(5854): (REDACTED) Can't format flag %s to integer. >11-08 00:01:19.418:
W/A(5854): (REDACTED) Can't format flag %s to integer. >11-08 00:01:19.418:
W/A(5854): (REDACTED) Can't format flag %s to integer. >11-08 00:01:19.418:
W/A(5854): (REDACTED) Can't format flag %s to integer. >11-08 00:01:19.418:
W/A(5854): (REDACTED) Can't format flag %s to integer. >11-08 00:01:19.418:
W/A(5854): (REDACTED) Can't format flag %s to integer. >11-08 00:01:19.418:
W/A(5854): (REDACTED) Can't format flag %s to integer. >11-08 00:01:19.418:
W/A(5854): (REDACTED) Can't format flag %s to integer. >11-08 00:01:19.418:
W/A(5854): (REDACTED) Can't format flag %s to integer. >11-08 00:01:19.418:
W/A(5854): (REDACTED) Can't format flag %s to integer. >11-08 00:01:19.418:
W/A(5854): (REDACTED) Can't format flag %s to integer. >11-08 00:01:19.418:
W/A(5854): (REDACTED) Can't format flag %s to integer. >11-08 00:01:19.420:
I/NamespaceManager(5457): Package com.google.android.aicore name not found! Using module version. >11-08 00:01:19.422:
I/A(5854): (REDACTED) Refusing EXCLUSIVE task %s, it is already pending. Try again in %d seconds. >11-08 00:01:19.423:
I/A(5854): (REDACTED) Refusing EXCLUSIVE task %s, it is already pending. Try again in %d seconds. >11-08 00:01:19.425:
I/FedAssExpListener(5854): Fed-ass not supported for signed out users. >11-08 00:01:19.425:
I/FedAssExpListener(5854): Successfully processed experiments changed. >11-08 00:01:19.425:
I/A(5854): NGA enabled in interactor. >11-08 00:01:19.426:
I/OpaEligibilityChecker(5854): send OpaEligibilityChange broadcast to CommonBroadcastReceiver >11-08 00:01:19.427:
I/NamespaceManager(5457): Package com.android.refreshratecontrol name not found! Using module version. >11-08 00:01:19.427:
I/NamespaceManager(5457): Package com.google.oslo name not found! Using module version. >11-08 00:01:19.427:
I/NamespaceManager(5457): Package com.android.media name not found! Using module version. >11-08 00:01:19.427:
I/NamespaceManager(5457): Package com.android.media.swcodec name not found! Using module version. >11-08 00:01:19.427:
I/NamespaceManager(5457): Package com.android.neuralnetworks name not found! Using module version. >11-08 00:01:19.427:
I/NamespaceManager(5457): Package com.android.media name not found! Using module version. >11-08 00:01:19.427:
I/NamespaceManager(5457): Package 1 name not found! Using module version. >11-08 00:01:19.427:
I/NamespaceManager(5457): Package rkpd name not found! Using module version. >11-08 00:01:19.427:
I/NamespaceManager(5457): Package com.google.android.devicelockcontroller name not found! Using module version. >11-08 00:01:19.428:
I/NamespaceManager(5457): Package com.google.android.healthfitness name not found! Using module version. >11-08 00:01:19.428:
I/NamespaceManager(5457): Package android.companion name not found! Using module version. >11-08 00:01:19.428:
I/NamespaceManager(5457): Package com.google.android.healthfitness name not found! Using module version. >11-08 00:01:19.428:
I/NamespaceManager(5457): Package com.google.android.aicore name not found! Using module version. >11-08 00:01:19.438:
W/CorpusConfigHelper(5854): Invalid input from icing corpus JSON flag. >11-08 00:01:19.438:
W/CorpusConfigHelper(5854): android.util.MalformedJsonException: Use JsonReader.setLenient(true) to accept malformed JSON at line 123 column 2 >11-08 00:01:19.438:
W/CorpusConfigHelper(5854): at android.util.JsonReader.syntaxError(JsonReader.java:1162) >11-08 00:01:19.438:
W/CorpusConfigHelper(5854): at android.util.JsonReader.checkLenient(JsonReader.java:840) >11-08 00:01:19.438:
W/CorpusConfigHelper(5854): at android.util.JsonReader.nextInArray(JsonReader.java:615) >11-08 00:01:19.438:
W/CorpusConfigHelper(5854): at android.util.JsonReader.peek(JsonReader.java:345) >11-08 00:01:19.438:
W/CorpusConfigHelper(5854): at android.util.JsonReader.hasNext(JsonReader.java:321) >11-08 00:01:19.438:
W/CorpusConfigHelper(5854): at com.google.android.apps.gsa.searchbox.c.b.b.k.c(PG:7) >11-08 00:01:19.438:
W/CorpusConfigHelper(5854): at com.google.android.apps.gsa.searchbox.c.b.b.j.a(Unknown Source:2) >11-08 00:01:19.438:
W/CorpusConfigHelper(5854): at com.google.android.apps.gsa.search.core.i.o.run(PG:5) >11-08 00:01:19.438:
W/CorpusConfigHelper(5854): at com.google.android.libraries.gsa.k.a.h.run(PG:2) >11-08 00:01:19.438:
W/CorpusConfigHelper(5854): at com.google.android.apps.gsa.shared.util.c.a.ce.b(PG:1) >11-08 00:01:19.438:
W/CorpusConfigHelper(5854): at com.google.android.apps.gsa.shared.util.c.a.ch.run(PG:1) >11-08 00:01:19.438:
W/CorpusConfigHelper(5854): at com.google.android.libraries.i.af.run(PG:1) >11-08 00:01:19.438:
W/CorpusConfigHelper(5854): at com.google.android.libraries.i.an.run(PG:23) >11-08 00:01:19.438:
W/CorpusConfigHelper(5854): at com.google.android.libraries.i.l.run(PG:2) >11-08 00:01:19.438:
W/CorpusConfigHelper(5854): at com.google.android.libraries.i.q.run(PG:4) >11-08 00:01:19.438:
W/CorpusConfigHelper(5854): at java.lang.Thread.run(Thread.java:1012) >11-08 00:01:19.439:
I/Icing(5449): IndexChimeraService.getServiceInterface callingPackage=com.google.android.googlequicksearchbox componentName=agsa_icing_connection serviceId=32 >11-08 00:01:19.440:
I/Icing(5449): IndexChimeraService.getServiceInterface callingPackage=com.google.android.googlequicksearchbox componentName=agsa_icing_connection serviceId=33 >11-08 00:01:19.447:
I/Icing(5449): Usage reports ok 0, Failed Usage reports 0, indexed 0, rejected 0 >11-08 00:01:19.450:
I/Icing(5449): Usage reports ok 0, Failed Usage reports 0, indexed 0, rejected 0 >11-08 00:01:19.451:
I/PackageManager(577): Integrity check passed for file:///data/app/vmdl1695021007.tmp >09-25 18:34:51.334:
I/logd(2595): start watching /data/system/packages.list ... >09-25 18:34:51.334:
I/logd(2595): ReadPackageList, total packages: 186 >11-08 00:01:19.472:
D/PackageManager(577): Instant App installer not found with android.intent.action.INSTALL_INSTANT_APP_PACKAGE >11-08 00:01:19.472:
D/PackageManager(577): Clear ephemeral installer activity >11-08 00:01:19.485:
V/StorageManagerService(577): Package null has legacy storage >11-08 00:01:19.485:
I/MediaProvider(1641): Invalidating LocalCallingIdentity cache for package androidx.test.tools.crawler.stubapp. Reason: op android:read_external_storage >11-08 00:01:19.486:
W/SearchServiceCore(5854): Abort, client detached. >11-08 00:01:19.487:
I/BgTaskExecutorImpl(5854): (REDACTED) Starting %s background task %s. >11-08 00:01:19.489:
I/PhenotypeBackgroundRecv(3716): Successfully updated snapshot for com.google.android.libraries.onegoogle#com.google.android.googlequicksearchbox >11-08 00:01:19.496:
W/ziparchive(577): Unable to open '/data/app/~~-ARnd07iSl6DvG-22b2YWQ==/androidx.test.tools.crawler.stubapp-BYjlwdxvbTEdFZnbRQCgeQ==/base.dm': No such file or directory >11-08 00:01:19.496:
I/PackageDexOptimizer(577): Running dexopt (dexoptNeeded=1) on: /data/app/~~-ARnd07iSl6DvG-22b2YWQ==/androidx.test.tools.crawler.stubapp-BYjlwdxvbTEdFZnbRQCgeQ==/base.apk pkg=androidx.test.tools.crawler.stubapp isa=arm64 dexoptFlags=boot_complete,profile_guided,public,enable_hidden_api_checks targetFilter=speed-profile oatDir=/data/app/~~-ARnd07iSl6DvG-22b2YWQ==/androidx.test.tools.crawler.stubapp-BYjlwdxvbTEdFZnbRQCgeQ==/oat classLoaderContext=PCL[]{PCL[/system/framework/android.test.base.jar]#PCL[/system/framework/org.apache.http.legacy.jar]} >11-08 00:01:19.496:
V/installd(492): DexInv: --- BEGIN '/data/app/~~-ARnd07iSl6DvG-22b2YWQ==/androidx.test.tools.crawler.stubapp-BYjlwdxvbTEdFZnbRQCgeQ==/base.apk' --- >11-08 00:01:19.496:
V/installd(492): Running /apex/com.android.art/bin/dex2oat64 in=base.apk out=/data/app/~~-ARnd07iSl6DvG-22b2YWQ==/androidx.test.tools.crawler.stubapp-BYjlwdxvbTEdFZnbRQCgeQ==/oat/arm64/base.odex >11-08 00:01:19.497:
D/PhFileGroupPop(5744): Added file groups webref-model-local-index >11-08 00:01:19.498:
D/PhFileGroupPop(5744): Added file groups smart_actions_grammars >11-08 00:01:19.499:
I/NamespaceManager(5457): Package com.android.refreshratecontrol name not found! Using module version. >11-08 00:01:19.499:
I/NamespaceManager(5457): Package com.google.oslo name not found! Using module version. >11-08 00:01:19.499:
I/NamespaceManager(5457): Package com.android.media name not found! Using module version. >11-08 00:01:19.500:
I/NamespaceManager(5457): Package com.android.media.swcodec name not found! Using module version. >11-08 00:01:19.500:
I/NamespaceManager(5457): Package com.android.neuralnetworks name not found! Using module version. >11-08 00:01:19.500:
I/NamespaceManager(5457): Package com.android.media name not found! Using module version. >11-08 00:01:19.501:
I/NamespaceManager(5457): Package 1 name not found! Using module version. >11-08 00:01:19.501:
I/NamespaceManager(5457): Package rkpd name not found! Using module version. >11-08 00:01:19.501:
I/NamespaceManager(5457): Package com.google.android.devicelockcontroller name not found! Using module version. >11-08 00:01:19.501:
I/NamespaceManager(5457): Package com.google.android.healthfitness name not found! Using module version. >11-08 00:01:19.501:
I/NamespaceManager(5457): Package android.companion name not found! Using module version. >11-08 00:01:19.501:
I/NamespaceManager(5457): Package com.google.android.healthfitness name not found! Using module version. >11-08 00:01:19.502:
I/NamespaceManager(5457): Package com.google.android.aicore name not found! Using module version. >11-08 00:01:19.508:
I/NamespaceManager(5457): Package com.android.refreshratecontrol name not found! Using module version. >11-08 00:01:19.508:
I/NamespaceManager(5457): Package com.google.oslo name not found! Using module version. >11-08 00:01:19.509:
I/NamespaceManager(5457): Package com.android.media name not found! Using module version. >11-08 00:01:19.509:
I/NamespaceManager(5457): Package com.android.media.swcodec name not found! Using module version. >11-08 00:01:19.509:
I/NamespaceManager(5457): Package com.android.neuralnetworks name not found! Using module version. >11-08 00:01:19.509:
I/NamespaceManager(5457): Package com.android.media name not found! Using module version. >11-08 00:01:19.509:
I/NamespaceManager(5457): Package 1 name not found! Using module version. >11-08 00:01:19.509:
I/NamespaceManager(5457): Package rkpd name not found! Using module version. >11-08 00:01:19.509:
I/NamespaceManager(5457): Package com.google.android.devicelockcontroller name not found! Using module version. >11-08 00:01:19.509:
I/NamespaceManager(5457): Package com.google.android.healthfitness name not found! Using module version. >11-08 00:01:19.509:
I/NamespaceManager(5457): Package android.companion name not found! Using module version. >11-08 00:01:19.509:
I/NamespaceManager(5457): Package com.google.android.healthfitness name not found! Using module version. >11-08 00:01:19.509:
I/NamespaceManager(5457): Package com.google.android.aicore name not found! Using module version. >11-08 00:01:19.512:
W/dex2oat64(8230): Mismatch between dex2oat instruction set features to use (ISA: Arm64 Feature string: a53,crc,-lse,-fp16,-dotprod,-sve) and those from CPP defines (ISA: Arm64 Feature string: -a53,-crc,-lse,-fp16,-dotprod,-sve) for the command line: >11-08 00:01:19.512:
W/dex2oat64(8230): /apex/com.android.art/bin/dex2oat64 --zip-fd=7 --zip-location=base.apk --oat-fd=8 --oat-location=/data/app/~~-ARnd07iSl6DvG-22b2YWQ==/androidx.test.tools.crawler.stubapp-BYjlwdxvbTEdFZnbRQCgeQ==/oat/arm64/base.odex --input-vdex-fd=-1 --output-vdex-fd=9 --swap-fd=10 --classpath-dir=/data/app/~~-ARnd07iSl6DvG-22b2YWQ==/androidx.test.tools.crawler.stubapp-BYjlwdxvbTEdFZnbRQCgeQ== --class-loader-context=PCL[]{PCL[/system/framework/android.test.base.jar]#PCL[/system/framework/org.apache.http.legacy.jar]} --compact-dex-level=none --instruction-set=arm64 --instruction-set-features=default --instruction-set-variant=generic --compiler-filter=speed-profile --compilation-reason=install --max-image-block-size=524288 --resolve-startup-const-strings=true --generate-mini-debug-info --runtime-arg -Xtarget-sdk-version:26 --runtime-arg -Xhidden-api-policy:enabled --runtime-arg -Xms64m --runtime-arg -Xmx512m >11-08 00:01:19.513:
I/dex2oat64(8230): /apex/com.android.art/bin/dex2oat64 --input-vdex-fd=-1 --output-vdex-fd=9 --classpath-dir=/data/app/~~-ARnd07iSl6DvG-22b2YWQ==/androidx.test.tools.crawler.stubapp-BYjlwdxvbTEdFZnbRQCgeQ== --class-loader-context=PCL[]{PCL[/system/framework/android.test.base.jar]#PCL[/system/framework/org.apache.http.legacy.jar]} --compact-dex-level=none --compiler-filter=speed-profile --compilation-reason=install --max-image-block-size=524288 --resolve-startup-const-strings=true --generate-mini-debug-info >11-08 00:01:19.514:
D/PhFileGroupPop(5744): Added file groups smart_actions_ml_models >11-08 00:01:19.518:
W/JobScheduler(577): Job didn't exist in JobStore: c8cf5d4 #u0a119/-43 com.google.android.googlequicksearchbox/com.google.android.apps.gsa.tasks.BackgroundTasksJobService >11-08 00:01:19.519:
I/PhenotypeBackgroundRecv(3716): Skipping com.google.android.apps.search.assistant.mobile.user#com.google.android.googlequicksearchbox which doesn't use ProcessStable flags. >11-08 00:01:19.524:
D/PhFileGroupPop(5744): Added file groups text_classifier >11-08 00:01:19.527:
D/PhFileGroupPop(5744): Added file groups smart_actions_emotive_models >11-08 00:01:19.534:
W/BpBinder(5457): Large outgoing transaction of 338692 bytes, interface descriptor <uncached descriptor>, code 4 >11-08 00:01:19.537:
W/A(5854): (REDACTED) Can't format flag %s to integer. >11-08 00:01:19.537:
W/A(5854): (REDACTED) Can't format flag %s to integer. >11-08 00:01:19.537:
W/A(5854): (REDACTED) Can't format flag %s to integer. >11-08 00:01:19.537:
W/A(5854): (REDACTED) Can't format flag %s to integer. >11-08 00:01:19.537:
W/A(5854): (REDACTED) Can't format flag %s to integer. >11-08 00:01:19.537:
W/A(5854): (REDACTED) Can't format flag %s to integer. >11-08 00:01:19.537:
W/A(5854): (REDACTED) Can't format flag %s to integer. >11-08 00:01:19.537:
W/A(5854): (REDACTED) Can't format flag %s to integer. >11-08 00:01:19.537:
W/A(5854): (REDACTED) Can't format flag %s to integer. >11-08 00:01:19.537:
W/A(5854): (REDACTED) Can't format flag %s to integer. >11-08 00:01:19.537:
W/A(5854): (REDACTED) Can't format flag %s to integer. >11-08 00:01:19.537:
W/A(5854): (REDACTED) Can't format flag %s to integer. >11-08 00:01:19.537:
W/A(5854): (REDACTED) Can't format flag %s to integer. >11-08 00:01:19.537:
W/A(5854): (REDACTED) Can't format flag %s to integer. >11-08 00:01:19.537:
W/A(5854): (REDACTED) Can't format flag %s to integer. >11-08 00:01:19.537:
W/A(5854): (REDACTED) Can't format flag %s to integer. >11-08 00:01:19.537:
W/A(5854): (REDACTED) Can't format flag %s to integer. >11-08 00:01:19.537:
W/A(5854): (REDACTED) Can't format flag %s to integer. >11-08 00:01:19.537:
W/A(5854): (REDACTED) Can't format flag %s to integer. >11-08 00:01:19.537:
W/A(5854): (REDACTED) Can't format flag %s to integer. >11-08 00:01:19.537:
W/A(5854): (REDACTED) Can't format flag %s to integer. >11-08 00:01:19.537:
W/A(5854): (REDACTED) Can't format flag %s to integer. >11-08 00:01:19.537:
W/A(5854): (REDACTED) Can't format flag %s to integer. >11-08 00:01:19.537:
W/A(5854): (REDACTED) Can't format flag %s to integer. >11-08 00:01:19.538:
D/PhFileGroupPop(5744): Added file groups smarts_expressive_content_scoped_v1 >11-08 00:01:19.538:
D/PhFileGroupPop(5744): Added file groups smart_actions_sensitive_classifier_models >11-08 00:01:19.538:
D/PhFileGroupPop(5744): Added file groups scripted_reply >11-08 00:01:19.539:
D/PhFileGroupPop(5744): Added file groups multitask_experiment >11-08 00:01:19.539:
D/PhFileGroupPop(5744): Added file groups spam_verdict_enforcement_policy_config >11-08 00:01:19.539:
D/PhFileGroupPop(5744): Added file groups smart_suggestion_reranker_models >11-08 00:01:19.539:
D/PhFileGroupPop(5744): Added file groups supersort_us_grammars >11-08 00:01:19.539:
I/A(5854): (REDACTED) Refusing EXCLUSIVE task %s, it is already pending. Try again in %d seconds. >11-08 00:01:19.539:
D/PhFileGroupPop(5744): Added file groups nudge >11-08 00:01:19.539:
D/PhFileGroupPop(5744): Added file groups calendar_appointment_grammar >11-08 00:01:19.540:
D/PhFileGroupPop(5744): Added file groups birthday_suggestion >11-08 00:01:19.540:
I/FedAssExpListener(5854): Fed-ass not supported for signed out users. >11-08 00:01:19.540:
I/FedAssExpListener(5854): Successfully processed experiments changed. >11-08 00:01:19.541:
I/A(5854): NGA enabled in interactor. >11-08 00:01:19.542:
I/OpaEligibilityChecker(5854): send OpaEligibilityChange broadcast to CommonBroadcastReceiver >11-08 00:01:19.542:
D/PhFileGroupPop(5744): Added file groups birthday_grammars >11-08 00:01:19.544:
W/CorpusConfigHelper(5854): Invalid input from icing corpus JSON flag. >11-08 00:01:19.544:
W/CorpusConfigHelper(5854): android.util.MalformedJsonException: Use JsonReader.setLenient(true) to accept malformed JSON at line 123 column 2 >11-08 00:01:19.544:
W/CorpusConfigHelper(5854): at android.util.JsonReader.syntaxError(JsonReader.java:1162) >11-08 00:01:19.544:
W/CorpusConfigHelper(5854): at android.util.JsonReader.checkLenient(JsonReader.java:840) >11-08 00:01:19.544:
W/CorpusConfigHelper(5854): at android.util.JsonReader.nextInArray(JsonReader.java:615) >11-08 00:01:19.544:
W/CorpusConfigHelper(5854): at android.util.JsonReader.peek(JsonReader.java:345) >11-08 00:01:19.544:
W/CorpusConfigHelper(5854): at android.util.JsonReader.hasNext(JsonReader.java:321) >11-08 00:01:19.544:
W/CorpusConfigHelper(5854): at com.google.android.apps.gsa.searchbox.c.b.b.k.c(PG:7) >11-08 00:01:19.544:
W/CorpusConfigHelper(5854): at com.google.android.apps.gsa.searchbox.c.b.b.j.a(Unknown Source:2) >11-08 00:01:19.544:
W/CorpusConfigHelper(5854): at com.google.android.apps.gsa.search.core.i.o.run(PG:5) >11-08 00:01:19.544:
W/CorpusConfigHelper(5854): at com.google.android.libraries.gsa.k.a.h.run(PG:2) >11-08 00:01:19.544:
W/CorpusConfigHelper(5854): at com.google.android.apps.gsa.shared.util.c.a.ce.b(PG:1) >11-08 00:01:19.544:
W/CorpusConfigHelper(5854): at com.google.android.apps.gsa.shared.util.c.a.ch.run(PG:1) >11-08 00:01:19.544:
W/CorpusConfigHelper(5854): at com.google.android.libraries.i.af.run(PG:1) >11-08 00:01:19.544:
W/CorpusConfigHelper(5854): at com.google.android.libraries.i.an.run(PG:23) >11-08 00:01:19.544:
W/CorpusConfigHelper(5854): at com.google.android.libraries.i.l.run(PG:2) >11-08 00:01:19.544:
W/CorpusConfigHelper(5854): at com.google.android.libraries.i.q.run(PG:4) >11-08 00:01:19.544:
W/CorpusConfigHelper(5854): at java.lang.Thread.run(Thread.java:1012) >11-08 00:01:19.553:
I/Icing(5449): IndexChimeraService.getServiceInterface callingPackage=com.google.android.googlequicksearchbox componentName=agsa_icing_connection serviceId=32 >11-08 00:01:19.553:
I/Icing(5449): IndexChimeraService.getServiceInterface callingPackage=com.google.android.googlequicksearchbox componentName=agsa_icing_connection serviceId=33 >11-08 00:01:19.559:
I/NamespaceManager(5457): Package com.android.refreshratecontrol name not found! Using module version. >11-08 00:01:19.560:
I/NamespaceManager(5457): Package com.google.oslo name not found! Using module version. >11-08 00:01:19.560:
W/AppSearchIndex(5054): Skipping: device index is not enabled >11-08 00:01:19.561:
I/NamespaceManager(5457): Package com.android.media name not found! Using module version. >11-08 00:01:19.561:
I/NamespaceManager(5457): Package com.android.media.swcodec name not found! Using module version. >11-08 00:01:19.561:
I/NamespaceManager(5457): Package com.android.neuralnetworks name not found! Using module version. >11-08 00:01:19.561:
I/NamespaceManager(5457): Package com.android.media name not found! Using module version. >11-08 00:01:19.562:
I/NamespaceManager(5457): Package 1 name not found! Using module version. >11-08 00:01:19.562:
I/NamespaceManager(5457): Package rkpd name not found! Using module version. >11-08 00:01:19.562:
I/NamespaceManager(5457): Package com.google.android.devicelockcontroller name not found! Using module version. >11-08 00:01:19.562:
I/Icing(5449): Usage reports ok 0, Failed Usage reports 0, indexed 0, rejected 0 >11-08 00:01:19.563:
I/NamespaceManager(5457): Package com.google.android.healthfitness name not found! Using module version. >11-08 00:01:19.563:
I/NamespaceManager(5457): Package android.companion name not found! Using module version. >11-08 00:01:19.563:
I/NamespaceManager(5457): Package com.google.android.healthfitness name not found! Using module version. >11-08 00:01:19.563:
I/NamespaceManager(5457): Package com.google.android.aicore name not found! Using module version. >11-08 00:01:19.566:
I/RescueParty(577): Starting to observe: [android], updated namespace: lmkd_native >11-08 00:01:19.566:
I/PackageWatchdog(577): Syncing state, reason: observing new packages >11-08 00:01:19.566:
D/PackageWatchdog(577): rescue-party-observer added the following packages to monitor [android] >11-08 00:01:19.566:
I/PackageWatchdog(577): Syncing state, reason: updated observers >11-08 00:01:19.566:
I/PackageWatchdog(577): Not pruning observers, elapsed time: 0ms >11-08 00:01:19.566:
I/PackageWatchdog(577): Saving observer state to file >11-08 00:01:19.567:
I/A(5854): (REDACTED) Refusing EXCLUSIVE task %s, it is already pending. Try again in %d seconds. >11-08 00:01:19.567:
I/PhenotypeBackgroundRecv(3716): Skipping com.google.ar.sceneviewer.android.user#com.google.android.googlequicksearchbox which doesn't use ProcessStable flags. >11-08 00:01:19.568:
I/Icing(5449): Usage reports ok 0, Failed Usage reports 0, indexed 0, rejected 0 >11-08 00:01:19.570:
I/PackageWatchdog(577): Syncing health check requests for packages: {} >11-08 00:01:19.570:
I/ExplicitHealthCheckController(577): Service not ready to get health check supported packages. Binding... >11-08 00:01:19.570:
I/A(5854): (REDACTED) Refusing EXCLUSIVE task %s, it is already pending. Try again in %d seconds. >09-25 18:34:51.436:
I/init(1): processing action (persist.device_config.lmkd_native.thrashing_limit_critical=*) from (/system/etc/init/lmkd.rc:44) >09-25 18:34:51.436:
I/init(1): processing action (lmkd.reinit=1) from (/system/etc/init/lmkd.rc:10) >09-25 18:34:51.436:
I/init(1): starting service 'exec 24 (/system/bin/lmkd --reinit)'... >11-08 00:01:19.571:
I/ExplicitHealthCheckController(577): Explicit health check service is bound >11-08 00:01:19.573:
I/ExplicitHealthCheckController(577): Explicit health check service is connected ComponentInfo{com.google.android.ext.services/android.ext.services.watchdog.ExplicitHealthCheckServiceImpl} >11-08 00:01:19.573:
