W/A(1539): at com.google.common.util.concurrent.cc.run(PG:4) >11-08 00:01:20.560:
W/A(1539): at com.google.common.util.concurrent.bg.execute(PG:1) >11-08 00:01:20.560:
W/A(1539): at com.google.common.util.concurrent.bj.c(PG:1) >11-08 00:01:20.560:
W/A(1539): at com.google.common.util.concurrent.bj.b(PG:3) >11-08 00:01:20.560:
W/A(1539): at com.google.common.util.concurrent.cy.done(PG:1) >11-08 00:01:20.560:
W/A(1539): at java.util.concurrent.FutureTask.finishCompletion(FutureTask.java:381) >11-08 00:01:20.560:
W/A(1539): at java.util.concurrent.FutureTask.cancel(FutureTask.java:179) >11-08 00:01:20.560:
W/A(1539): at com.google.common.util.concurrent.bv.cancel(PG:1) >11-08 00:01:20.560:
W/A(1539): at com.google.android.apps.search.assistant.platform.ondevice.fulfillment.server.k.r.run(PG:1) >11-08 00:01:20.560:
W/A(1539): at com.google.apps.tiktok.tracing.eh.run(PG:2) >11-08 00:01:20.560:
W/A(1539): at java.util.concurrent.Executors$RunnableAdapter.call(Executors.java:463) >11-08 00:01:20.560:
W/A(1539): at com.google.common.util.concurrent.ea.a(PG:1) >11-08 00:01:20.560:
W/A(1539): at com.google.common.util.concurrent.cw.run(PG:4) >11-08 00:01:20.560:
W/A(1539): at com.google.common.util.concurrent.eb.run(PG:1) >11-08 00:01:20.560:
W/A(1539): at com.google.android.libraries.i.af.run(PG:1) >11-08 00:01:20.560:
W/A(1539): at com.google.android.libraries.i.an.run(PG:23) >11-08 00:01:20.560:
W/A(1539): at com.google.android.libraries.i.l.run(PG:2) >11-08 00:01:20.560:
W/A(1539): at com.google.android.libraries.i.q.run(PG:4) >11-08 00:01:20.560:
W/A(1539): at java.lang.Thread.run(Thread.java:1012) >11-08 00:01:20.560:
D/CarrierSvcBindHelper(1083): onPackageAdded: com.google.android.apps.mtaas.tools >11-08 00:01:20.560:
D/CarrierSvcBindHelper(1083): No carrier app for: 0 >11-08 00:01:20.562:
I/ProvidersCache(3868): Provider returned no roots. Possibly naughty: com.google.android.apps.docs.storage >11-08 00:01:20.564:
D/ImsResolver(1083): maybeAddedImsService, packageName: com.google.android.apps.mtaas.tools >11-08 00:01:20.569:
I/Telecom(577): DefaultDialerCache: Refreshing default dialer for user 0: now com.google.android.dialer: DDC.oR@AXI >11-08 00:01:20.570:
W/BackupTransportManager(577): Package com.google.android.apps.mtaas.tools enabled setting: 0 >11-08 00:01:20.572:
W/A(1539): Failed to notify listeners >11-08 00:01:20.572:
W/A(1539): java.util.concurrent.CancellationException >11-08 00:01:20.572:
W/A(1539): at java.util.concurrent.FutureTask.report(FutureTask.java:121) >11-08 00:01:20.572:
W/A(1539): at java.util.concurrent.FutureTask.get(FutureTask.java:191) >11-08 00:01:20.572:
W/A(1539): at com.google.common.util.concurrent.bv.get(PG:1) >11-08 00:01:20.572:
W/A(1539): at com.google.common.util.concurrent.ed.a(PG:1) >11-08 00:01:20.572:
W/A(1539): at com.google.common.util.concurrent.cj.r(PG:2) >11-08 00:01:20.572:
W/A(1539): at com.google.common.util.concurrent.cc.run(PG:4) >11-08 00:01:20.572:
W/A(1539): at com.google.common.util.concurrent.bg.execute(PG:1) >11-08 00:01:20.572:
W/A(1539): at com.google.common.util.concurrent.bj.c(PG:1) >11-08 00:01:20.572:
W/A(1539): at com.google.common.util.concurrent.bj.b(PG:3) >11-08 00:01:20.572:
W/A(1539): at com.google.common.util.concurrent.cy.done(PG:1) >11-08 00:01:20.572:
W/A(1539): at java.util.concurrent.FutureTask.finishCompletion(FutureTask.java:381) >11-08 00:01:20.572:
W/A(1539): at java.util.concurrent.FutureTask.cancel(FutureTask.java:179) >11-08 00:01:20.572:
W/A(1539): at com.google.common.util.concurrent.bv.cancel(PG:1) >11-08 00:01:20.572:
W/A(1539): at com.google.android.apps.search.assistant.platform.ondevice.fulfillment.server.k.r.run(PG:1) >11-08 00:01:20.572:
W/A(1539): at com.google.apps.tiktok.tracing.eh.run(PG:2) >11-08 00:01:20.572:
W/A(1539): at java.util.concurrent.Executors$RunnableAdapter.call(Executors.java:463) >11-08 00:01:20.572:
W/A(1539): at com.google.common.util.concurrent.ea.a(PG:1) >11-08 00:01:20.572:
W/A(1539): at com.google.common.util.concurrent.cw.run(PG:4) >11-08 00:01:20.572:
W/A(1539): at com.google.common.util.concurrent.eb.run(PG:1) >11-08 00:01:20.572:
W/A(1539): at com.google.android.libraries.i.af.run(PG:1) >11-08 00:01:20.572:
W/A(1539): at com.google.android.libraries.i.an.run(PG:23) >11-08 00:01:20.572:
W/A(1539): at com.google.android.libraries.i.l.run(PG:2) >11-08 00:01:20.572:
W/A(1539): at com.google.android.libraries.i.q.run(PG:4) >11-08 00:01:20.572:
W/A(1539): at java.lang.Thread.run(Thread.java:1012) >11-08 00:01:20.574:
D/CarrierSvcBindHelper(1083): onPackageModified: com.google.android.apps.mtaas.tools >11-08 00:01:20.574:
E/VerityUtils(577): Failed to measure fs-verity, errno 1: /data/app/~~J-zqkcQhE_SRSxFxRma4UQ==/com.google.android.apps.mtaas.tools-NotCkP74Iq7E3T3J7I1uTw==/base.apk >11-08 00:01:20.575:
I/Auth(5449): [SupervisedAccountIntentOperation] onHandleIntent(): android.intent.action.PACKAGE_ADDED >11-08 00:01:20.576:
D/CarrierSvcBindHelper(1083): No carrier app for: 0 >11-08 00:01:20.576:
D/ImsResolver(1083): maybeAddedImsService, packageName: com.google.android.apps.mtaas.tools >11-08 00:01:20.577:
I/Dck(5449): doesDeviceHaveSupportedWirelessCapabilities: wccSysProp:0, wccMendel:3, deviceWccOverride:false [CONTEXT service_id=289 ] >11-08 00:01:20.577:
I/Dck(5449): isDckModuleEligible: isAtLeastR:true, hasWccSupport:false, downloadAllowed:false [CONTEXT service_id=289 ] >11-08 00:01:20.577:
W/Dck(5449): Dck module not eligible for asynchronous downloading [CONTEXT service_id=289 ] >11-08 00:01:20.578:
I/ProximityAuth(5457): [RecentAppsMediator] Package added: (user=UserHandle{0}) com.google.android.apps.mtaas.tools >11-08 00:01:20.578:
W/GCM(5457): Unexpected forwarded intent: Intent { act=android.intent.action.PACKAGE_ADDED dat=package: flg=0x4000010 pkg=com.google.android.gms cmp=com.google.android.gms/.chimera.PersistentIntentOperationService (has extras) } >11-08 00:01:20.578:
W/GCM(5457): Unexpected forwarded intent: Intent { act=android.intent.action.PACKAGE_ADDED dat=package: flg=0x4000010 pkg=com.google.android.gms cmp=com.google.android.gms/.chimera.PersistentIntentOperationService (has extras) } >11-08 00:01:20.579:
I/Blockstore(5449): [DataStoreImpl] Clearing Blockstore Data for package com.google.android.apps.mtaas.tools [CONTEXT service_id=258 ] >11-08 00:01:20.579:
I/Blockstore(5449): [DataStoreImpl] Keyless data not found or its IsLastInstallationData = false. [CONTEXT service_id=258 ] >11-08 00:01:20.579:
I/ProvidersCache(3868): Provider returned no roots. Possibly naughty: com.google.android.apps.docs.storage >11-08 00:01:20.581:
D/CompatibilityChangeReporter(577): Compat change id reported: 161252188; UID 10179; state: DISABLED >11-08 00:01:20.584:
I/PermissionControllerServiceImpl(878): Updating user sensitive for uid 10179 >11-08 00:01:20.591:
D/BoundBrokerSvc(5449): onBind: Intent { act=com.google.android.gms.common.BIND_SHARED_PREFS pkg=com.google.android.gms } >11-08 00:01:20.591:
D/BoundBrokerSvc(5449): Loading bound service for intent: Intent { act=com.google.android.gms.common.BIND_SHARED_PREFS pkg=com.google.android.gms } >11-08 00:01:20.593:
W/ChimeraUtils(5457): Module com.google.android.gms.nearby_en missing resource null(0) >11-08 00:01:20.596:
W/ChimeraUtils(5457): Module com.google.android.gms.nearby_en missing resource null(0) >11-08 00:01:20.597:
D/BoundBrokerSvc(5449): onUnbind: Intent { act=com.google.android.gms.common.BIND_SHARED_PREFS pkg=com.google.android.gms } >11-08 00:01:20.598:
I/Fitness(5457): OnPackageChangedOperation got intent: Intent { act=android.intent.action.PACKAGE_CHANGED dat=package: flg=0x5000010 pkg=com.google.android.gms cmp=com.google.android.gms/.chimera.PersistentIntentOperationService (has extras) } [CONTEXT service_id=17 ] >11-08 00:01:20.598:
I/Icing(5449): Indexing com.google.android.gms-apps from com.google.android.gms >11-08 00:01:20.602:
I/InputReader(577): Reconfiguring input devices, changes=KEYBOARD_LAYOUTS | >11-08 00:01:20.610:
I/Fitness(5457): FitCleanupIntentOperation received Intent android.intent.action.PACKAGE_CHANGED [CONTEXT service_id=17 ] >11-08 00:01:20.619:
W/PackageManager(577): Failed registering loading progress callback. Package is fully loaded. >11-08 00:01:20.623:
I/AiAiEcho(1529): EchoSearch: AppFetcherImpl is initialized with [20] apps [time=3, reason=com.google.android.apps.mtaas.tools is added] >11-08 00:01:20.632:
W/ChimeraUtils(5457): Module com.google.android.gms.nearby_en missing resource null(0) >11-08 00:01:20.635:
W/ChimeraUtils(5457): Module com.google.android.gms.nearby_en missing resource null(0) >11-08 00:01:20.636:
D/EGL_emulation(1147): app_time_stats: avg=182.83ms min=1.02ms max=2713.47ms count=17 >11-08 00:01:20.662:
I/AiAiEcho(1529): EchoSearch: WidgetFetcherImpl is initialized with [23] widgets [reason=package added for userId: 0] >11-08 00:01:20.667:
I/system_server(577): Background concurrent copying GC freed 464381(22MB) AllocSpace objects, 13(272KB) LOS objects, 47% free, 26MB/50MB, paused 240us,26us total 122.001ms >11-08 00:01:20.693:
I/Icing(5449): Indexing done com.google.android.gms-apps >11-08 00:01:20.700:
I/Icing(5449): Indexing com.google.android.gms-apps from com.google.android.gms >11-08 00:01:20.701:
I/Icing(5449): Indexing done com.google.android.gms-apps >11-08 00:01:20.705:
I/netd(371): tetherGetStats() -> {[]} <0.65ms> >11-08 00:01:20.708:
W/native(1539): W0000 00:00:1699430480.708352 1862 input-utils.cc:95] Failed to get value for update inducing feature |longitude| due to INVALID_ARGUMENT: No feature generators for feature "longitude" >11-08 00:01:20.708:
W/native(1539): === Source Location Trace: === >11-08 00:01:20.708:
W/native(1539): ./speech/service/context/features/feature-dictionary-provider.h:99 >11-08 00:01:20.708:
W/native(1539): Subgraphs depending on this feature will not have a new revision. >11-08 00:01:20.708:
W/native(1539): W0000 00:00:1699430480.708415 1862 input-utils.cc:95] Failed to get value for update inducing feature |latitude| due to INVALID_ARGUMENT: No feature generators for feature "latitude" >11-08 00:01:20.708:
W/native(1539): === Source Location Trace: === >11-08 00:01:20.708:
W/native(1539): ./speech/service/context/features/feature-dictionary-provider.h:99 >11-08 00:01:20.708:
W/native(1539): Subgraphs depending on this feature will not have a new revision. >11-08 00:01:20.708:
I/native(1539): I0000 00:00:1699430480.708451 1862 context-module-impl.cc:593] Update recognition context for speaker: "". (Proto:MessageLite at 0xb400007475c9ab10) >11-08 00:01:20.710:
I/ActivityManager(577): Background started FGS: Allowed [callingPackage: com.google.android.apps.wellbeing; callingUid: 10114; uidState: BTOP; intent: Intent { cmp=com.google.android.apps.wellbeing/com.google.apps.tiktok.concurrent.InternalForegroundService (has extras) }; code:BACKGROUND_ACTIVITY_PERMISSION; tempAllowListReason:<null>; targetSdkVersion:31; callerTargetSdkVersion:31; startForegroundCount:0; bindFromPackage:null] >11-08 00:01:20.713:
W/A(1539): Candidate identifiers aren't set, ignoring. >11-08 00:01:20.713:
W/A(1539): Candidate identifiers aren't set, ignoring. >11-08 00:01:20.714:
I/netd(371): bandwidthSetGlobalAlert(2097152) <0.05ms> >11-08 00:01:20.825:
D/TaplEvents(1147): Main / Key event: KeyEvent { action=ACTION_DOWN, keyCode=KEYCODE_MENU, scanCode=0, metaState=0, flags=0x0, repeatCount=0, eventTime=186871000000, downTime=186871000000, deviceId=-1, source=0x0, displayId=-1 } >11-08 00:01:20.921:
I/NotificationService(577): Cannot find enqueued record for key: 0|com.google.android.apps.wellbeing|174344743|null|10114 >11-08 00:01:20.935:
D/TaplEvents(1147): Main / Key event: KeyEvent { action=ACTION_UP, keyCode=KEYCODE_MENU, scanCode=0, metaState=0, flags=0x0, repeatCount=0, eventTime=186871000000, downTime=186871000000, deviceId=-1, source=0x0, displayId=-1 } >11-08 00:01:20.935:
D/TaplTarget(1147): Opening options popup on key up >11-08 00:01:20.944:
D/AutofillManagerService(577): Close system dialogs >11-08 00:01:20.946:
V/ShadeControllerImpl(876): NotificationShadeWindow: com.android.systemui.shade.NotificationShadeWindowView{dc3ec9c I.E...... ......ID 0,0-1080,1920} canPanelBeCollapsed(): false >11-08 00:01:20.952:
D/CompatibilityChangeReporter(577): Compat change id reported: 161252188; UID 10154; state: ENABLED >11-08 00:01:21.000:
I/resolv(371): GetAddrInfoHandler::run: {102 786534 102 983142 10117 0} >11-08 00:01:21.000:
I/resolv(371): res_nmkquery: (QUERY, IN, AAAA) >11-08 00:01:21.000:
I/resolv(371): res_nmkquery: (QUERY, IN, A) >11-08 00:01:21.002:
I/resolv(371): res_nsend: used send_dg 161 terrno: 0 >11-08 00:01:21.002:
I/resolv(371): doQuery: rcode=0, ancount=4, return value=161 >11-08 00:01:21.004:
I/resolv(371): res_nsend: used send_dg 177 terrno: 0 >11-08 00:01:21.004:
I/resolv(371): doQuery: rcode=0, ancount=8, return value=177 >11-08 00:01:21.006:
D/TrafficStats(5457): tagSocket(153) with statsTag=0x20008100, statsUid=-1 >11-08 00:01:21.010:
W/Conscrypt(5457): Could not set socket write timeout: java.net.SocketException: Socket closed >11-08 00:01:21.010:
W/Conscrypt(5457): at com.google.android.gms.org.conscrypt.Platform.setSocketWriteTimeout(:com.google.android.gms@233316044@23.33.16 (190400-560149061):226) >11-08 00:01:21.010:
W/Conscrypt(5457): at com.google.android.gms.org.conscrypt.ConscryptFileDescriptorSocket.setSoWriteTimeout(:com.google.android.gms@233316044@23.33.16 (190400-560149061):4) >11-08 00:01:21.014:
W/Conscrypt(5457): Could not set socket write timeout: java.net.SocketException: Socket closed >11-08 00:01:21.014:
W/Conscrypt(5457): at com.google.android.gms.org.conscrypt.Platform.setSocketWriteTimeout(:com.google.android.gms@233316044@23.33.16 (190400-560149061):226) >11-08 00:01:21.014:
W/Conscrypt(5457): at com.google.android.gms.org.conscrypt.ConscryptFileDescriptorSocket.setSoWriteTimeout(:com.google.android.gms@233316044@23.33.16 (190400-560149061):4) >11-08 00:01:21.046:
D/CoreBackPreview(577): Window{5c7508 u0 com.google.android.apps.nexuslauncher}: Setting back callback OnBackInvokedCallbackInfo{mCallback=android.window.IOnBackInvokedCallback$Stub$Proxy@d154423, mPriority=0} >11-08 00:01:21.054:
W/Parcel(1147): Expecting binder but got null! >11-08 00:01:21.054:
I/ContentCaptureHelper(1147): Setting logging level to DEBUG >11-08 00:01:21.126:
I/MaterialColorsGenerator(1147): Failed to parse THEME_CUSTOMIZATION_OVERLAY_PACKAGES. >11-08 00:01:21.126:
I/MaterialColorsGenerator(1147): org.json.JSONException: No value for android.theme.customization.theme_style >11-08 00:01:21.126:
I/MaterialColorsGenerator(1147): at org.json.JSONObject.get(JSONObject.java:398) >11-08 00:01:21.126:
I/MaterialColorsGenerator(1147): at org.json.JSONObject.getString(JSONObject.java:559) >11-08 00:01:21.126:
I/MaterialColorsGenerator(1147): at O1.a.b(Unknown Source:33) >11-08 00:01:21.126:
I/MaterialColorsGenerator(1147): at O1.a.c(Unknown Source:23) >11-08 00:01:21.126:
I/MaterialColorsGenerator(1147): at A1.D.i(Unknown Source:15) >11-08 00:01:21.126:
I/MaterialColorsGenerator(1147): at A1.D.b(Unknown Source:0) >11-08 00:01:21.126:
I/MaterialColorsGenerator(1147): at A1.A.get(Unknown Source:2) >11-08 00:01:21.126:
I/MaterialColorsGenerator(1147): at com.android.launcher3.icons.cache.HandlerRunnable.run(Unknown Source:2) >11-08 00:01:21.126:
I/MaterialColorsGenerator(1147): at android.os.Handler.handleCallback(Handler.java:942) >11-08 00:01:21.126:
I/MaterialColorsGenerator(1147): at android.os.Handler.dispatchMessage(Handler.java:99) >11-08 00:01:21.126:
I/MaterialColorsGenerator(1147): at android.os.Looper.loopOnce(Looper.java:201) >11-08 00:01:21.126:
I/MaterialColorsGenerator(1147): at android.os.Looper.loop(Looper.java:288) >11-08 00:01:21.126:
I/MaterialColorsGenerator(1147): at android.os.HandlerThread.run(HandlerThread.java:67) >11-08 00:01:21.186:
I/MaterialColorsGenerator(1147): Failed to parse THEME_CUSTOMIZATION_OVERLAY_PACKAGES. >11-08 00:01:21.186:
I/MaterialColorsGenerator(1147): org.json.JSONException: No value for android.theme.customization.theme_style >11-08 00:01:21.186:
I/MaterialColorsGenerator(1147): at org.json.JSONObject.get(JSONObject.java:398) >11-08 00:01:21.186:
I/MaterialColorsGenerator(1147): at org.json.JSONObject.getString(JSONObject.java:559) >11-08 00:01:21.186:
I/MaterialColorsGenerator(1147): at O1.a.b(Unknown Source:33) >11-08 00:01:21.186:
I/MaterialColorsGenerator(1147): at O1.a.c(Unknown Source:23) >11-08 00:01:21.186:
I/MaterialColorsGenerator(1147): at A1.D.i(Unknown Source:15) >11-08 00:01:21.186:
I/MaterialColorsGenerator(1147): at A1.D.b(Unknown Source:0) >11-08 00:01:21.186:
I/MaterialColorsGenerator(1147): at A1.A.get(Unknown Source:2) >11-08 00:01:21.186:
I/MaterialColorsGenerator(1147): at com.android.launcher3.icons.cache.HandlerRunnable.run(Unknown Source:2) >11-08 00:01:21.186:
I/MaterialColorsGenerator(1147): at android.os.Handler.handleCallback(Handler.java:942) >11-08 00:01:21.186:
I/MaterialColorsGenerator(1147): at android.os.Handler.dispatchMessage(Handler.java:99) >11-08 00:01:21.186:
I/MaterialColorsGenerator(1147): at android.os.Looper.loopOnce(Looper.java:201) >11-08 00:01:21.186:
I/MaterialColorsGenerator(1147): at android.os.Looper.loop(Looper.java:288) >11-08 00:01:21.186:
I/MaterialColorsGenerator(1147): at android.os.HandlerThread.run(HandlerThread.java:67) >11-08 00:01:21.204:
I/RoleService(577): Granting default roles... >11-08 00:01:21.214:
W/Role(878): Default holder doesn't have required signing certificate: com.google.android.apps.work.clouddpc:23962F4B43B9857638EA66F4D419518EAE282491ACDA4B94707BD59003C45E58 >11-08 00:01:21.226:
I/MaterialColorsGenerator(1147): Failed to parse THEME_CUSTOMIZATION_OVERLAY_PACKAGES. >11-08 00:01:21.226:
I/MaterialColorsGenerator(1147): org.json.JSONException: No value for android.theme.customization.theme_style >11-08 00:01:21.226:
I/MaterialColorsGenerator(1147): at org.json.JSONObject.get(JSONObject.java:398) >11-08 00:01:21.226:
I/MaterialColorsGenerator(1147): at org.json.JSONObject.getString(JSONObject.java:559) >11-08 00:01:21.226:
I/MaterialColorsGenerator(1147): at O1.a.b(Unknown Source:33) >11-08 00:01:21.226:
I/MaterialColorsGenerator(1147): at O1.a.c(Unknown Source:23) >11-08 00:01:21.226:
I/MaterialColorsGenerator(1147): at A1.D.i(Unknown Source:15) >11-08 00:01:21.226:
I/MaterialColorsGenerator(1147): at A1.D.b(Unknown Source:0) >11-08 00:01:21.226:
I/MaterialColorsGenerator(1147): at A1.A.get(Unknown Source:2) >11-08 00:01:21.226:
I/MaterialColorsGenerator(1147): at com.android.launcher3.icons.cache.HandlerRunnable.run(Unknown Source:2) >11-08 00:01:21.226:
I/MaterialColorsGenerator(1147): at android.os.Handler.handleCallback(Handler.java:942) >11-08 00:01:21.226:
I/MaterialColorsGenerator(1147): at android.os.Handler.dispatchMessage(Handler.java:99) >11-08 00:01:21.226:
I/MaterialColorsGenerator(1147): at android.os.Looper.loopOnce(Looper.java:201) >11-08 00:01:21.226:
I/MaterialColorsGenerator(1147): at android.os.Looper.loop(Looper.java:288) >11-08 00:01:21.226:
I/MaterialColorsGenerator(1147): at android.os.HandlerThread.run(HandlerThread.java:67) >11-08 00:01:21.261:
I/MaterialColorsGenerator(1147): Failed to parse THEME_CUSTOMIZATION_OVERLAY_PACKAGES. >11-08 00:01:21.261:
I/MaterialColorsGenerator(1147): org.json.JSONException: No value for android.theme.customization.theme_style >11-08 00:01:21.261:
I/MaterialColorsGenerator(1147): at org.json.JSONObject.get(JSONObject.java:398) >11-08 00:01:21.261:
I/MaterialColorsGenerator(1147): at org.json.JSONObject.getString(JSONObject.java:559) >11-08 00:01:21.261:
I/MaterialColorsGenerator(1147): at O1.a.b(Unknown Source:33) >11-08 00:01:21.261:
I/MaterialColorsGenerator(1147): at O1.a.c(Unknown Source:23) >11-08 00:01:21.261:
I/MaterialColorsGenerator(1147): at A1.D.i(Unknown Source:15) >11-08 00:01:21.261:
I/MaterialColorsGenerator(1147): at A1.D.b(Unknown Source:0) >11-08 00:01:21.261:
I/MaterialColorsGenerator(1147): at A1.A.get(Unknown Source:2) >11-08 00:01:21.261:
I/MaterialColorsGenerator(1147): at com.android.launcher3.icons.cache.HandlerRunnable.run(Unknown Source:2) >11-08 00:01:21.261:
I/MaterialColorsGenerator(1147): at android.os.Handler.handleCallback(Handler.java:942) >11-08 00:01:21.261:
I/MaterialColorsGenerator(1147): at android.os.Handler.dispatchMessage(Handler.java:99) >11-08 00:01:21.261:
I/MaterialColorsGenerator(1147): at android.os.Looper.loopOnce(Looper.java:201) >11-08 00:01:21.261:
I/MaterialColorsGenerator(1147): at android.os.Looper.loop(Looper.java:288) >11-08 00:01:21.261:
I/MaterialColorsGenerator(1147): at android.os.HandlerThread.run(HandlerThread.java:67) >11-08 00:01:21.399:
W/TransactionTracing(411): Could not find layer handle 0xb400007781f66310 >11-08 00:01:21.399:
W/TransactionTracing(411): Could not find layer handle 0xb400007781f66310 >11-08 00:01:21.399:
W/TransactionTracing(411): Could not find layer handle 0xb400007781f66310 >11-08 00:01:21.399:
W/TransactionTracing(411): Could not find layer handle 0xb400007781f66310 >11-08 00:01:21.399:
W/TransactionTracing(411): Could not find layer handle 0xb400007781f66310 >11-08 00:01:21.399:
W/TransactionTracing(411): Could not find layer handle 0xb400007781f66310 >11-08 00:01:21.399:
W/TransactionTracing(411): Could not find layer handle 0xb400007781f66310 >11-08 00:01:21.399:
W/TransactionTracing(411): Could not find layer handle 0xb400007781f66310 >11-08 00:01:21.399:
W/TransactionTracing(411): Could not find layer handle 0xb400007781f66310 >11-08 00:01:21.399:
W/TransactionTracing(411): Could not find layer handle 0xb400007781f66310 >11-08 00:01:21.399:
W/TransactionTracing(411): Could not find layer handle 0xb400007781f66310 >11-08 00:01:21.438:
I/GoogleInputMethodService(5950): GoogleInputMethodService.onFinishInput():3220 >11-08 00:01:21.438:
I/GoogleInputMethodService(5950): GoogleInputMethodService.updateDeviceLockedStatus():2114 repeatCheckTimes = 0, unlocked = true >11-08 00:01:21.439:
I/GoogleInputMethodService(5950): GoogleInputMethodService.onStartInput():1919 onStartInput(EditorInfo{inputType=0x0(NULL) imeOptions=0x0 privateImeOptions=null actionName=UNSPECIFIED actionLabel=null actionId=0 initialSelStart=-1 initialSelEnd=-1 initialCapsMode=0x0 hintText=null label=null packageName=com.google.android.apps.nexuslauncher fieldId=-1 fieldName=null extras=null}, false) >11-08 00:01:21.439:
I/GoogleInputMethodService(5950): GoogleInputMethodService.updateDeviceLockedStatus():2114 repeatCheckTimes = 2, unlocked = true >11-08 00:01:21.439:
I/DeviceModeUtil(5950): DeviceModeUtil.getDeviceMode():117 Get device mode phone by ui mode:1 and smallestScreenWidthDp:411 >11-08 00:01:21.439:
I/NormalModeController(5950): NormalModeController.getKeyboardBodyViewHolderPaddingBottom():111 currentPrimeKeyboardType:SOFT systemPaddingBottom:-1 >11-08 00:01:21.440:
I/DeviceModeUtil(5950): DeviceModeUtil.getDeviceMode():117 Get device mode phone by ui mode:1 and smallestScreenWidthDp:411 >11-08 00:01:21.440:
I/DeviceModeUtil(5950): DeviceModeUtil.getDeviceMode():117 Get device mode phone by ui mode:1 and smallestScreenWidthDp:411 >11-08 00:01:21.440:
I/DeviceModeUtil(5950): DeviceModeUtil.getDeviceMode():117 Get device mode phone by ui mode:1 and smallestScreenWidthDp:411 >11-08 00:01:21.440:
I/DeviceModeUtil(5950): DeviceModeUtil.getDeviceMode():117 Get device mode phone by ui mode:1 and smallestScreenWidthDp:411 >11-08 00:01:21.440:
I/GoogleInputMethodService(5950): GoogleInputMethodService.initializeKeyboardTheme():1396 Apply keyboard theme: theme_border_stylesheet_noshadow_gsans_pillkey_silkpopup_materiallight_phone_overlay_builtin_dynamic_color_light_base.binarypb:dynamic-light-fff0f0f3-ff76d1ff-ce191c6173d879ea127e4e40bfd70d3c_port >11-08 00:01:21.441:
I/GoogleInputMethodService(5950): GoogleInputMethodService.onCreateInputView():1810 onCreateInputView() >11-08 00:01:21.443:
I/DeviceModeUtil(5950): DeviceModeUtil.getDeviceMode():117 Get device mode phone by ui mode:1 and smallestScreenWidthDp:411 >11-08 00:01:21.443:
I/KeyboardViewUtil(5950): KeyboardViewUtil.getKeyboardHeightRatio():168 systemKeyboardHeightRatio:1.000000; userKeyboardHeightRatio:1.000000. >11-08 00:01:21.445:
I/DeviceModeUtil(5950): DeviceModeUtil.getDeviceMode():117 Get device mode phone by ui mode:1 and smallestScreenWidthDp:411 >11-08 00:01:21.445:
I/AndroidIME(5950): KeyboardViewManager.updateKeyboardBackgroundFrameVisibility():353 Set background frame visibility. old:8, new:8 >11-08 00:01:21.445:
I/NormalModeController(5950): NormalModeController.getKeyboardBodyViewHolderPaddingBottom():111 currentPrimeKeyboardType:SOFT systemPaddingBottom:-1 >11-08 00:01:21.445:
I/NormalModeController(5950): NormalModeController.getKeyboardBodyViewHolderPaddingBottom():111 currentPrimeKeyboardType:SOFT systemPaddingBottom:-1 >11-08 00:01:22.500:
I/PackageManager(577): Integrity check passed for file:///data/app/vmdl259529484.tmp >11-08 00:01:22.510:
D/PackageManager(577): Instant App installer not found with android.intent.action.INSTALL_INSTANT_APP_PACKAGE >11-08 00:01:22.510:
D/PackageManager(577): Clear ephemeral installer activity >09-25 18:34:54.374:
I/logd(2595): start watching /data/system/packages.list ... >09-25 18:34:54.374:
I/logd(2595): ReadPackageList, total packages: 188 >11-08 00:01:22.512:
V/StorageManagerService(577): Package null has legacy storage >11-08 00:01:22.512:
I/MediaProvider(1641): Invalidating LocalCallingIdentity cache for package com.google.android.apps.mtaas.deviceadmin. Reason: op android:read_external_storage >11-08 00:01:22.515:
W/ziparchive(577): Unable to open '/data/app/~~542Ld8rEOaafXYBxN0NfrQ==/com.google.android.apps.mtaas.deviceadmin-TB2mZ1p1SHgvFH6OcTe7vw==/base.dm': No such file or directory >11-08 00:01:22.515:
I/PackageDexOptimizer(577): Running dexopt (dexoptNeeded=1) on: /data/app/~~542Ld8rEOaafXYBxN0NfrQ==/com.google.android.apps.mtaas.deviceadmin-TB2mZ1p1SHgvFH6OcTe7vw==/base.apk pkg=com.google.android.apps.mtaas.deviceadmin isa=arm64 dexoptFlags=boot_complete,profile_guided,public,enable_hidden_api_checks targetFilter=speed-profile oatDir=/data/app/~~542Ld8rEOaafXYBxN0NfrQ==/com.google.android.apps.mtaas.deviceadmin-TB2mZ1p1SHgvFH6OcTe7vw==/oat classLoaderContext=PCL[]{PCL[/system/framework/android.test.base.jar]#PCL[/system/framework/org.apache.http.legacy.jar]} >11-08 00:01:22.516:
V/installd(492): DexInv: --- BEGIN '/data/app/~~542Ld8rEOaafXYBxN0NfrQ==/com.google.android.apps.mtaas.deviceadmin-TB2mZ1p1SHgvFH6OcTe7vw==/base.apk' --- >11-08 00:01:22.516:
V/installd(492): Running /apex/com.android.art/bin/dex2oat64 in=base.apk out=/data/app/~~542Ld8rEOaafXYBxN0NfrQ==/com.google.android.apps.mtaas.deviceadmin-TB2mZ1p1SHgvFH6OcTe7vw==/oat/arm64/base.odex >11-08 00:01:22.525:
W/dex2oat64(8362): Mismatch between dex2oat instruction set features to use (ISA: Arm64 Feature string: a53,crc,-lse,-fp16,-dotprod,-sve) and those from CPP defines (ISA: Arm64 Feature string: -a53,-crc,-lse,-fp16,-dotprod,-sve) for the command line: >11-08 00:01:22.525:
W/dex2oat64(8362): /apex/com.android.art/bin/dex2oat64 --zip-fd=7 --zip-location=base.apk --oat-fd=8 --oat-location=/data/app/~~542Ld8rEOaafXYBxN0NfrQ==/com.google.android.apps.mtaas.deviceadmin-TB2mZ1p1SHgvFH6OcTe7vw==/oat/arm64/base.odex --input-vdex-fd=-1 --output-vdex-fd=9 --swap-fd=10 --classpath-dir=/data/app/~~542Ld8rEOaafXYBxN0NfrQ==/com.google.android.apps.mtaas.deviceadmin-TB2mZ1p1SHgvFH6OcTe7vw== --class-loader-context=PCL[]{PCL[/system/framework/android.test.base.jar]#PCL[/system/framework/org.apache.http.legacy.jar]} --compact-dex-level=none --instruction-set=arm64 --instruction-set-features=default --instruction-set-variant=generic --compiler-filter=speed-profile --compilation-reason=install --max-image-block-size=524288 --resolve-startup-const-strings=true --generate-mini-debug-info --runtime-arg -Xtarget-sdk-version:25 --runtime-arg -Xhidden-api-policy:enabled --runtime-arg -Xms64m --runtime-arg -Xmx512m >11-08 00:01:22.525:
I/dex2oat64(8362): /apex/com.android.art/bin/dex2oat64 --input-vdex-fd=-1 --output-vdex-fd=9 --classpath-dir=/data/app/~~542Ld8rEOaafXYBxN0NfrQ==/com.google.android.apps.mtaas.deviceadmin-TB2mZ1p1SHgvFH6OcTe7vw== --class-loader-context=PCL[]{PCL[/system/framework/android.test.base.jar]#PCL[/system/framework/org.apache.http.legacy.jar]} --compact-dex-level=none --compiler-filter=speed-profile --compilation-reason=install --max-image-block-size=524288 --resolve-startup-const-strings=true --generate-mini-debug-info >11-08 00:01:22.578:
W/ctxmgr(5457): [PendingIntentCompat] Timed out delivering to pendingIntent=PendingIntent{92d2d94: android.os.BinderProxy@f0fa5ef}, package=com.google.android.settings.intelligence, permission=null [CONTEXT service_id=47 ] >11-08 00:01:22.881:
I/dex2oat64(8362): Large app, accepted running with swap. >11-08 00:01:23.340:
I/NearbyConnections(5457): Client 0p:com.google.android.gms.nearby.sharing disconnecting >11-08 00:01:23.340:
I/Nearby(5457): Successfully shutdown executor ClientBridge.alarmExecutor. [CONTEXT service_id=49 ] >11-08 00:01:23.340:
I/NearbyConnections(5457): Because they unbound from our service, all state for client 123736763 will now be cleaned up. >11-08 00:01:23.341:
I/Nearby(5457): Successfully shutdown executor AnalyticsRecorder.analyticsExecutor. [CONTEXT service_id=49 ] >11-08 00:01:23.342:
I/Nearby(5457): Successfully shutdown executor AnalyticsRecorder.analyticsExecutor. [CONTEXT service_id=49 ] >11-08 00:01:23.343:
I/Nearby(5457): Successfully shutdown executor AnalyticsRecorder.analyticsExecutor. [CONTEXT service_id=49 ] >11-08 00:01:23.343:
I/NearbyConnections(5457): Generated local endpoint id 37H1 for client 123736763 >11-08 00:01:23.343:
I/Nearby(5457): Successfully shutdown executor PayloadManager.streamPayloadExecutor. [CONTEXT service_id=49 ] >11-08 00:01:23.343:
I/Nearby(5457): Successfully shutdown executor PayloadManager.filePayloadExecutor. [CONTEXT service_id=49 ] >11-08 00:01:23.343:
I/Nearby(5457): Successfully shutdown executor PayloadManager.bytesPayloadExecutor. [CONTEXT service_id=49 ] >11-08 00:01:23.343:
I/Nearby(5457): Successfully shutdown executor AnalyticsRecorder.analyticsExecutor. [CONTEXT service_id=49 ] >11-08 00:01:23.435:
I/dex2oat64(8362): dex2oat took 910.962ms (1.865s cpu) (threads: 4) arena alloc=0B (0B) java alloc=30MB (32125968B) native alloc=7735KB (7921392B) free=2932KB (3003056B) swap=16MB (16777216B) >11-08 00:01:23.442:
V/installd(492): DexInv: --- END '/data/app/~~542Ld8rEOaafXYBxN0NfrQ==/com.google.android.apps.mtaas.deviceadmin-TB2mZ1p1SHgvFH6OcTe7vw==/base.apk' (success) --- >11-08 00:01:23.443:
V/BackupManagerService(577): [UserID:0] restoreAtInstall pkg=com.google.android.apps.mtaas.deviceadmin token=a restoreSet=0 >11-08 00:01:23.443:
V/BackupManagerService(577): [UserID:0] Finishing install immediately >11-08 00:01:23.444:
D/PackageInstallerSession(577): Marking session 259529484 as applied >11-08 00:01:23.446:
E/installd(492): Couldn't opendir /data/app/vmdl259529484.tmp: No such file or directory >11-08 00:01:23.446:
E/installd(492): Failed to delete /data/app/vmdl259529484.tmp: No such file or directory >11-08 00:01:23.447:
D/CompatibilityChangeReporter(577): Compat change id reported: 168419799; UID 10180; state: DISABLED >11-08 00:01:23.448:
D/CompatibilityChangeReporter(577): Compat change id reported: 218533173; UID 10180; state: DISABLED >11-08 00:01:23.448:
I/MediaProvider(1641): Invalidating LocalCallingIdentity cache for package com.google.android.apps.mtaas.deviceadmin. Reason: package android.intent.action.PACKAGE_ADDED >11-08 00:01:23.449:
I/PermissionControllerServiceImpl(878): Updating user sensitive for uid 10180 >11-08 00:01:23.450:
I/InputReader(577): Reconfiguring input devices, changes=KEYBOARD_LAYOUTS | >11-08 00:01:23.450:
I/RoleService(577): Granting default roles... >11-08 00:01:23.450:
I/GsaVoiceInteractionSrv(1539): (REDACTED) O received %s >11-08 00:01:23.453:
I/Telecom(577): DefaultDialerCache: Refreshing default dialer for user 0: now com.google.android.dialer: DDC.oR@AXU >11-08 00:01:23.453:
W/A(1539): Failed to notify listeners >11-08 00:01:23.453:
W/A(1539): java.util.concurrent.CancellationException >11-08 00:01:23.453:
W/A(1539): at java.util.concurrent.FutureTask.report(FutureTask.java:121) >11-08 00:01:23.453:
W/A(1539): at java.util.concurrent.FutureTask.get(FutureTask.java:191) >11-08 00:01:23.453:
W/A(1539): at com.google.common.util.concurrent.bv.get(PG:1) >11-08 00:01:23.453:
W/A(1539): at com.google.common.util.concurrent.ed.a(PG:1) >11-08 00:01:23.453:
W/A(1539): at com.google.common.util.concurrent.cj.r(PG:2) >11-08 00:01:23.453:
W/A(1539): at com.google.common.util.concurrent.cc.run(PG:4) >11-08 00:01:23.453:
W/A(1539): at com.google.common.util.concurrent.bg.execute(PG:1) >11-08 00:01:23.453:
W/A(1539): at com.google.common.util.concurrent.bj.c(PG:1) >11-08 00:01:23.453:
W/A(1539): at com.google.common.util.concurrent.bj.b(PG:3) >11-08 00:01:23.453:
W/A(1539): at com.google.common.util.concurrent.cy.done(PG:1) >11-08 00:01:23.453:
W/A(1539): at java.util.concurrent.FutureTask.finishCompletion(FutureTask.java:381) >11-08 00:01:23.453:
W/A(1539): at java.util.concurrent.FutureTask.cancel(FutureTask.java:179) >11-08 00:01:23.453:
W/A(1539): at com.google.common.util.concurrent.bv.cancel(PG:1) >11-08 00:01:23.453:
W/A(1539): at com.google.android.apps.search.assistant.platform.ondevice.fulfillment.server.k.r.run(PG:1) >11-08 00:01:23.453:
W/A(1539): at com.google.apps.tiktok.tracing.eh.run(PG:2) >11-08 00:01:23.453:
W/A(1539): at java.util.concurrent.Executors$RunnableAdapter.call(Executors.java:463) >11-08 00:01:23.453:
W/A(1539): at com.google.common.util.concurrent.ea.a(PG:1) >11-08 00:01:23.453:
W/A(1539): at com.google.common.util.concurrent.cw.run(PG:4) >11-08 00:01:23.453:
W/A(1539): at com.google.common.util.concurrent.eb.run(PG:1) >11-08 00:01:23.453:
W/A(1539): at com.google.android.libraries.i.af.run(PG:1) >11-08 00:01:23.453:
W/A(1539): at com.google.android.libraries.i.an.run(PG:23) >11-08 00:01:23.453:
W/A(1539): at com.google.android.libraries.i.l.run(PG:2) >11-08 00:01:23.453:
W/A(1539): at com.google.android.libraries.i.q.run(PG:4) >11-08 00:01:23.453:
W/A(1539): at java.lang.Thread.run(Thread.java:1012) >11-08 00:01:23.456:
D/CarrierSvcBindHelper(1083): onPackageAdded: com.google.android.apps.mtaas.deviceadmin >11-08 00:01:23.457:
D/CarrierSvcBindHelper(1083): No carrier app for: 0 >11-08 00:01:23.459:
W/Role(878): Default holder doesn't have required signing certificate: com.google.android.apps.work.clouddpc:23962F4B43B9857638EA66F4D419518EAE282491ACDA4B94707BD59003C45E58 >11-08 00:01:23.460:
D/ImsResolver(1083): maybeAddedImsService, packageName: com.google.android.apps.mtaas.deviceadmin >11-08 00:01:23.461:
I/PermissionControllerServiceImpl(878): Updating user sensitive for uid 10180 >11-08 00:01:23.461:
I/Telecom(577): DefaultDialerCache: Refreshing default dialer for user 0: now com.google.android.dialer: DDC.oR@AXg >11-08 00:01:23.461:
I/InputReader(577): Reconfiguring input devices, changes=KEYBOARD_LAYOUTS | >11-08 00:01:23.462:
W/BackupTransportManager(577): Package com.google.android.apps.mtaas.deviceadmin enabled setting: 0 >11-08 00:01:23.462:
W/A(1539): Failed to notify listeners >11-08 00:01:23.462:
W/A(1539): java.util.concurrent.CancellationException >11-08 00:01:23.462:
W/A(1539): at java.util.concurrent.FutureTask.report(FutureTask.java:121) >11-08 00:01:23.462:
W/A(1539): at java.util.concurrent.FutureTask.get(FutureTask.java:191) >11-08 00:01:23.462:
W/A(1539): at com.google.common.util.concurrent.bv.get(PG:1) >11-08 00:01:23.462:
W/A(1539): at com.google.common.util.concurrent.ed.a(PG:1) >11-08 00:01:23.462:
W/A(1539): at com.google.common.util.concurrent.cj.r(PG:2) >11-08 00:01:23.462:
W/A(1539): at com.google.common.util.concurrent.cc.run(PG:4) >11-08 00:01:23.462:
W/A(1539): at com.google.common.util.concurrent.bg.execute(PG:1) >11-08 00:01:23.462:
W/A(1539): at com.google.common.util.concurrent.bj.c(PG:1) >11-08 00:01:23.462:
W/A(1539): at com.google.common.util.concurrent.bj.b(PG:3) >11-08 00:01:23.462:
W/A(1539): at com.google.common.util.concurrent.cy.done(PG:1) >11-08 00:01:23.462:
W/A(1539): at java.util.concurrent.FutureTask.finishCompletion(FutureTask.java:381) >11-08 00:01:23.462:
W/A(1539): at java.util.concurrent.FutureTask.cancel(FutureTask.java:179) >11-08 00:01:23.462:
W/A(1539): at com.google.common.util.concurrent.bv.cancel(PG:1) >11-08 00:01:23.462:
W/A(1539): at com.google.android.apps.search.assistant.platform.ondevice.fulfillment.server.k.r.run(PG:1) >11-08 00:01:23.462:
W/A(1539): at com.google.apps.tiktok.tracing.eh.run(PG:2) >11-08 00:01:23.462:
W/A(1539): at java.util.concurrent.Executors$RunnableAdapter.call(Executors.java:463) >11-08 00:01:23.462:
W/A(1539): at com.google.common.util.concurrent.ea.a(PG:1) >11-08 00:01:23.462:
W/A(1539): at com.google.common.util.concurrent.cw.run(PG:4) >11-08 00:01:23.462:
W/A(1539): at com.google.common.util.concurrent.eb.run(PG:1) >11-08 00:01:23.462:
W/A(1539): at com.google.android.libraries.i.af.run(PG:1) >11-08 00:01:23.462:
W/A(1539): at com.google.android.libraries.i.an.run(PG:23) >11-08 00:01:23.462:
W/A(1539): at com.google.android.libraries.i.l.run(PG:2) >11-08 00:01:23.462:
W/A(1539): at com.google.android.libraries.i.q.run(PG:4) >11-08 00:01:23.462:
W/A(1539): at java.lang.Thread.run(Thread.java:1012) >11-08 00:01:23.468:
D/CarrierSvcBindHelper(1083): onPackageModified: com.google.android.apps.mtaas.deviceadmin >11-08 00:01:23.468:
D/CarrierSvcBindHelper(1083): No carrier app for: 0 >11-08 00:01:23.469:
D/ImsResolver(1083): maybeAddedImsService, packageName: com.google.android.apps.mtaas.deviceadmin >11-08 00:01:23.469:
I/ProvidersCache(3868): Provider returned no roots. Possibly naughty: com.google.android.apps.docs.storage >11-08 00:01:23.474:
E/VerityUtils(577): Failed to measure fs-verity, errno 1: /data/app/~~542Ld8rEOaafXYBxN0NfrQ==/com.google.android.apps.mtaas.deviceadmin-TB2mZ1p1SHgvFH6OcTe7vw==/base.apk >11-08 00:01:23.475:
I/ProximityAuth(5457): [RecentAppsMediator] Package added: (user=UserHandle{0}) com.google.android.apps.mtaas.deviceadmin >11-08 00:01:23.475:
W/GCM(5457): Unexpected forwarded intent: Intent { act=android.intent.action.PACKAGE_ADDED dat=package: flg=0x4000010 pkg=com.google.android.gms cmp=com.google.android.gms/.chimera.PersistentIntentOperationService (has extras) } >11-08 00:01:23.475:
I/FontLog(5457): Package com.google.android.apps.mtaas.deviceadmin has no metadata [CONTEXT service_id=132 ] >11-08 00:01:23.475:
W/GCM(5457): Unexpected forwarded intent: Intent { act=android.intent.action.PACKAGE_ADDED dat=package: flg=0x4000010 pkg=com.google.android.gms cmp=com.google.android.gms/.chimera.PersistentIntentOperationService (has extras) } >11-08 00:01:23.476:
I/Auth(5449): [SupervisedAccountIntentOperation] onHandleIntent(): android.intent.action.PACKAGE_ADDED >11-08 00:01:23.476:
I/PhenotypeResourceReader(5457): unable to find any Phenotype resource metadata for com.google.android.apps.mtaas.deviceadmin >11-08 00:01:23.477:
D/BoundBrokerSvc(5449): onBind: Intent { act=com.google.android.gms.common.BIND_SHARED_PREFS pkg=com.google.android.gms } >11-08 00:01:23.477:
D/BoundBrokerSvc(5449): Loading bound service for intent: Intent { act=com.google.android.gms.common.BIND_SHARED_PREFS pkg=com.google.android.gms } >11-08 00:01:23.479:
I/Blockstore(5449): [DataStoreImpl] Clearing Blockstore Data for package com.google.android.apps.mtaas.deviceadmin [CONTEXT service_id=258 ] >11-08 00:01:23.479:
I/Blockstore(5449): [DataStoreImpl] Keyless data not found or its IsLastInstallationData = false. [CONTEXT service_id=258 ] >11-08 00:01:23.479:
I/Dck(5449): doesDeviceHaveSupportedWirelessCapabilities: wccSysProp:0, wccMendel:3, deviceWccOverride:false [CONTEXT service_id=289 ] >11-08 00:01:23.479:
I/Dck(5449): isDckModuleEligible: isAtLeastR:true, hasWccSupport:false, downloadAllowed:false [CONTEXT service_id=289 ] >11-08 00:01:23.479:
W/Dck(5449): Dck module not eligible for asynchronous downloading [CONTEXT service_id=289 ] >11-08 00:01:23.480:
I/Fitness(5457): OnPackageChangedOperation got intent: Intent { act=android.intent.action.PACKAGE_CHANGED dat=package: flg=0x5000010 pkg=com.google.android.gms cmp=com.google.android.gms/.chimera.PersistentIntentOperationService (has extras) } [CONTEXT service_id=17 ] >11-08 00:01:23.481:
D/BoundBrokerSvc(5449): onUnbind: Intent { act=com.google.android.gms.common.BIND_SHARED_PREFS pkg=com.google.android.gms } >11-08 00:01:23.493:
I/Icing(5449): Indexing com.google.android.gms-apps from com.google.android.gms >11-08 00:01:23.493:
I/Icing(5449): Indexing done com.google.android.gms-apps >11-08 00:01:23.494:
W/ChimeraUtils(5457): Module com.google.android.gms.nearby_en missing resource null(0) >11-08 00:01:23.495:
W/PackageManager(577): Failed registering loading progress callback. Package is fully loaded. >11-08 00:01:23.498:
I/Icing(5449): Indexing com.google.android.gms-apps from com.google.android.gms >11-08 00:01:23.500:
I/AiAiEcho(1529): EchoSearch: AppFetcherImpl is initialized with [20] apps [time=4, reason=com.google.android.apps.mtaas.deviceadmin is added] >11-08 00:01:23.501:
I/Icing(5449): Indexing done com.google.android.gms-apps >11-08 00:01:23.512:
I/AiAiEcho(1529): EchoSearch: WidgetFetcherImpl is initialized with [23] widgets [reason=package added for userId: 0] >11-08 00:01:23.518:
I/Fitness(5457): FitCleanupIntentOperation received Intent android.intent.action.PACKAGE_CHANGED [CONTEXT service_id=17 ] >11-08 00:01:23.523:
W/ChimeraUtils(5457): Module com.google.android.gms.nearby_en missing resource null(0) >11-08 00:01:23.541:
W/ChimeraUtils(5457): Module com.google.android.gms.nearby_en missing resource null(0) >11-08 00:01:23.543:
W/ChimeraUtils(5457): Module com.google.android.gms.nearby_en missing resource null(0) >11-08 00:01:23.592:
W/native(1539): W0000 00:00:1699430483.592899 1868 input-utils.cc:95] Failed to get value for update inducing feature |longitude| due to INVALID_ARGUMENT: No feature generators for feature "longitude" >11-08 00:01:23.592:
W/native(1539): === Source Location Trace: === >11-08 00:01:23.592:
W/native(1539): ./speech/service/context/features/feature-dictionary-provider.h:99 >11-08 00:01:23.592:
W/native(1539): Subgraphs depending on this feature will not have a new revision. >11-08 00:01:23.592:
W/native(1539): W0000 00:00:1699430483.592932 1868 input-utils.cc:95] Failed to get value for update inducing feature |latitude| due to INVALID_ARGUMENT: No feature generators for feature "latitude" >11-08 00:01:23.592:
W/native(1539): === Source Location Trace: === >11-08 00:01:23.592:
W/native(1539): ./speech/service/context/features/feature-dictionary-provider.h:99 >11-08 00:01:23.592:
W/native(1539): Subgraphs depending on this feature will not have a new revision. >11-08 00:01:23.592:
I/native(1539): I0000 00:00:1699430483.592954 1868 context-module-impl.cc:593] Update recognition context for speaker: "". (Proto:MessageLite at 0xb400007475c9ab10) >09-25 18:34:55.463:
I/logd(226): logdr: UID=1000 GID=1000 PID=8410 n tail=127 logMask=19 pid=0 start=0ns deadline=0ns >11-08 00:01:23.625:
D/AndroidRuntime(8401): >>>>>> START com.android.internal.os.RuntimeInit uid 0 <<<<<< >11-08 00:01:23.632:
I/AndroidRuntime(8401): Using default boot image >11-08 00:01:23.632:
I/AndroidRuntime(8401): Leaving lock profiling enabled >11-08 00:01:23.633:
I/app_process(8401): Core platform API reporting enabled, enforcing=false >11-08 00:01:23.679:
D/app_process(8401): Time zone APEX ICU file found: /apex/com.android.tzdata/etc/icu/icu_tzdata.dat >11-08 00:01:23.679:
D/app_process(8401): I18n APEX ICU file found: /apex/com.android.i18n/etc/icu/icudt70l.dat >11-08 00:01:23.704:
D/AndroidRuntime(8401): Calling main entry com.android.commands.am.Am >11-08 00:01:23.707:
I/ActivityManager(577): Force stopping com.google.android.apps.mtaas.deviceadmin appid=10180 user=0: start instr >09-25 18:34:55.571:
I/logd(226): logdr: UID=1000 GID=1000 PID=8424 n tail=127 logMask=80 pid=0 start=0ns deadline=0ns >11-08 00:01:23.710:
D/CompatibilityChangeReporter(577): Compat change id reported: 135634846; UID 10180; state: DISABLED >11-08 00:01:23.710:
D/CompatibilityChangeReporter(577): Compat change id reported: 177438394; UID 10180; state: DISABLED >11-08 00:01:23.710:
D/CompatibilityChangeReporter(577): Compat change id reported: 135772972; UID 10180; state: DISABLED >11-08 00:01:23.710:
D/CompatibilityChangeReporter(577): Compat change id reported: 135754954; UID 10180; state: DISABLED >11-08 00:01:23.710:
D/CompatibilityChangeReporter(577): Compat change id reported: 143937733; UID 10180; state: DISABLED >11-08 00:01:23.713:
D/Zygote(373): Forked child process 8428 >11-08 00:01:23.713:
I/ActivityManager(577): Start proc 8428:com.google.android.apps.mtaas.deviceadmin/u0a180 for added application com.google.android.apps.mtaas.deviceadmin >11-08 00:01:23.716:
I/Zygote(8428): seccomp disabled by setenforce 0 >11-08 00:01:23.716:
I/libc(8428): SetHeapTaggingLevel: tag level set to 0 >11-08 00:01:23.720:
I/adbd(6382): jdwp connection from 8428 >11-08 00:01:23.725:
D/CompatibilityChangeReporter(8428): Compat change id reported: 171979766; UID 10180; state: DISABLED >11-08 00:01:23.758:
D/ApplicationLoaders(8428): Returning zygote-cached class loader: /system/framework/android.test.base.jar >11-08 00:01:23.759:
D/nativeloader(8428): Configuring classloader-namespace for other apk /system/framework/org.apache.http.legacy.jar. target_sdk_version=25, uses_libraries=ALL, library_path=/data/app/~~542Ld8rEOaafXYBxN0NfrQ==/com.google.android.apps.mtaas.deviceadmin-TB2mZ1p1SHgvFH6OcTe7vw==/lib/arm64, permitted_path=/data:/mnt/expand:/data/user/0/com.google.android.apps.mtaas.deviceadmin >11-08 00:01:23.761:
D/nativeloader(8428): Configuring classloader-namespace for other apk /data/app/~~542Ld8rEOaafXYBxN0NfrQ==/com.google.android.apps.mtaas.deviceadmin-TB2mZ1p1SHgvFH6OcTe7vw==/base.apk. target_sdk_version=25, uses_libraries=, library_path=/data/app/~~542Ld8rEOaafXYBxN0NfrQ==/com.google.android.apps.mtaas.deviceadmin-TB2mZ1p1SHgvFH6OcTe7vw==/lib/arm64, permitted_path=/data:/mnt/expand:/data/user/0/com.google.android.apps.mtaas.deviceadmin >11-08 00:01:23.763:
V/GraphicsEnvironment(8428): ANGLE Developer option for 'com.google.android.apps.mtaas.deviceadmin' set to: 'default' >11-08 00:01:23.763:
V/GraphicsEnvironment(8428): ANGLE GameManagerService for com.google.android.apps.mtaas.deviceadmin: false >11-08 00:01:23.763:
V/GraphicsEnvironment(8428): Neither updatable production driver nor prerelease driver is supported. >11-08 00:01:23.766:
D/NetworkSecurityConfig(8428): No Network Security Config specified, using platform default >11-08 00:01:23.766:
D/NetworkSecurityConfig(8428): No Network Security Config specified, using platform default >11-08 00:01:23.767:
E/CheckAdminStatus(8428): Instrumentation completed with failure: com.google.android.apps.mtaas.deviceadmin is not the device owner. >11-08 00:01:23.768:
I/ActivityManager(577): Force stopping com.google.android.apps.mtaas.deviceadmin appid=10180 user=0: finished inst >11-08 00:01:23.768:
I/ActivityManager(577): Killing 8428:com.google.android.apps.mtaas.deviceadmin/u0a180 (adj 0): stop com.google.android.apps.mtaas.deviceadmin due to finished inst >11-08 00:01:23.769:
I/app_process(8401): System.exit called, status: 0 >11-08 00:01:23.769:
I/AndroidRuntime(8401): VM exiting with result code 0. >09-25 18:34:55.636:
I/binder(41): undelivered TRANSACTION_COMPLETE >09-25 18:34:55.636:
W/binder_cleanup_transaction(41): 5 callbacks suppressed >09-25 18:34:55.636:
I/binder(41): undelivered transaction 734832, process died. >11-08 00:01:23.771:
V/ActivityManager(577): Got obituary of 8428:com.google.android.apps.mtaas.deviceadmin >11-08 00:01:23.772:
I/Zygote(373): Process 8428 exited due to signal 9 (Killed) >11-08 00:01:23.778:
I/libprocessgroup(577): Successfully killed process cgroup uid 10180 pid 8428 in 9ms >11-08 00:01:23.820:
W/LastMileLogger(577): Failed to read event trace: /sys/kernel/debug/tracing/instances/wifi/trace >11-08 00:01:23.820:
I/servicemanager(218): Found android.hardware.wifi.hostapd.IHostapd/default in device VINTF manifest. >11-08 00:01:23.822:
I/android_os_HwBinder(577): HwBinder: Starting thread pool for getting: android.hidl.manager@1.0::IServiceManager/default >11-08 00:01:23.822:
I/hwservicemanager(219): getTransport: Cannot find entry android.hardware.wifi.hostapd@1.0::IHostapd/default in either framework or device VINTF manifest. >11-08 00:01:23.911:
I/BackupManagerService(577): Making backup inactive >11-08 00:01:23.912:
I/BackupManagerService(577): Stopping service for user: 0 >11-08 00:01:23.912:
V/BackupManagerService(577): Stopping backup handler >11-08 00:01:23.914:
W/DevicePolicyManager(577): Cannot change existing ro.organization_owned to true >11-08 00:01:23.916:
I/DevicePolicyManager(577): Device owner set: ComponentInfo{com.google.android.apps.mtaas.deviceadmin/com.google.android.apps.mtaas.deviceadmin.DeviceAdminReceiver} on user 0 >11-08 00:01:23.916:
D/ContentCaptureManagerService(577): Restriction did not change for user 0 >11-08 00:01:23.916:
I/ContentSuggestionsManagerService(577): Updating for user 0: disabled=false >11-08 00:01:23.917:
D/AutofillManagerService(577): Restriction did not change for user 0 >11-08 00:01:23.917:
D/ContentCaptureManagerService(577): Restriction did not change for user 0 >11-08 00:01:23.917:
I/ContentSuggestionsManagerService(577): Updating for user 0: disabled=false >11-08 00:01:23.917:
D/AutofillManagerService(577): Restriction did not change for user 0 >11-08 00:01:23.917:
D/WifiService(577): user restrictions changed >11-08 00:01:23.917:
V/BluetoothManagerService(577): Searching package com.android.bluetooth >11-08 00:01:23.917:
V/BluetoothManagerService(577): Checking activity com.android.bluetooth.BluetoothPrefs >11-08 00:01:23.917:
