I/binder(41): undelivered transaction 766318, process died. >09-25 18:35:00.315:
I/binder(41): undelivered transaction 766317, process died. >11-08 00:01:28.452:
D/ConnectivityService(577): ConnectivityService NetworkRequestInfo binderDied(uid/pid:10117/5457, [NetworkRequest [ LISTEN id=145, [ Capabilities: INTERNET&NOT_RESTRICTED&TRUSTED&NOT_VCN_MANAGED Uid: 10117 RequestorUid: 10117 RequestorPkg: com.google.android.gms UnderlyingNetworks: Null] ]], android.os.BinderProxy@ee056b5) >11-08 00:01:28.452:
D/ConnectivityService(577): ConnectivityService NetworkRequestInfo binderDied(uid/pid:10117/5457, [NetworkRequest [ REQUEST id=144, [ Capabilities: INTERNET&NOT_RESTRICTED&TRUSTED&NOT_VCN_MANAGED Uid: 10117 RequestorUid: 10117 RequestorPkg: com.google.android.gms UnderlyingNetworks: Null] ]], android.os.BinderProxy@4ee414a) >11-08 00:01:28.453:
I/GoogleAuthUtil(6109): Error on service connection. >11-08 00:01:28.453:
I/GoogleAuthUtil(6109): android.os.DeadObjectException >11-08 00:01:28.453:
I/GoogleAuthUtil(6109): at android.os.BinderProxy.transactNative(Native Method) >11-08 00:01:28.453:
I/GoogleAuthUtil(6109): at android.os.BinderProxy.transact(BinderProxy.java:584) >11-08 00:01:28.453:
I/GoogleAuthUtil(6109): at Py.i(chromium-TrichromeChromeGoogle6432.aab-stable-506007134:45) >11-08 00:01:28.453:
I/GoogleAuthUtil(6109): at rb1.M1(chromium-TrichromeChromeGoogle6432.aab-stable-506007134:260) >11-08 00:01:28.453:
I/GoogleAuthUtil(6109): at u41.a(chromium-TrichromeChromeGoogle6432.aab-stable-506007134:517) >11-08 00:01:28.453:
I/GoogleAuthUtil(6109): at y41.a(chromium-TrichromeChromeGoogle6432.aab-stable-506007134:1166) >11-08 00:01:28.453:
I/GoogleAuthUtil(6109): at y41.e(chromium-TrichromeChromeGoogle6432.aab-stable-506007134:523) >11-08 00:01:28.453:
I/GoogleAuthUtil(6109): at r41.r(chromium-TrichromeChromeGoogle6432.aab-stable-506007134:668) >11-08 00:01:28.453:
I/GoogleAuthUtil(6109): at B21.g(chromium-TrichromeChromeGoogle6432.aab-stable-506007134:144) >11-08 00:01:28.453:
I/GoogleAuthUtil(6109): at N2.i(chromium-TrichromeChromeGoogle6432.aab-stable-506007134:129) >11-08 00:01:28.453:
I/GoogleAuthUtil(6109): at qy2.run(chromium-TrichromeChromeGoogle6432.aab-stable-506007134:124) >11-08 00:01:28.453:
I/GoogleAuthUtil(6109): at y70.b(chromium-TrichromeChromeGoogle6432.aab-stable-506007134:77) >11-08 00:01:28.453:
I/GoogleAuthUtil(6109): at ho.call(chromium-TrichromeChromeGoogle6432.aab-stable-506007134:119) >11-08 00:01:28.453:
I/GoogleAuthUtil(6109): at java.util.concurrent.FutureTask.run(FutureTask.java:264) >11-08 00:01:28.453:
I/GoogleAuthUtil(6109): at io.run(chromium-TrichromeChromeGoogle6432.aab-stable-506007134:473) >11-08 00:01:28.453:
W/cr_Auth(6109): Unable to get auth token using GoogleAuthUtil. >11-08 00:01:28.453:
W/cr_Auth(6109): java.io.IOException: Error on service connection. >11-08 00:01:28.453:
W/cr_Auth(6109): at y41.a(chromium-TrichromeChromeGoogle6432.aab-stable-506007134:1172) >11-08 00:01:28.453:
W/cr_Auth(6109): at y41.e(chromium-TrichromeChromeGoogle6432.aab-stable-506007134:523) >11-08 00:01:28.453:
W/cr_Auth(6109): at r41.r(chromium-TrichromeChromeGoogle6432.aab-stable-506007134:668) >11-08 00:01:28.453:
W/cr_Auth(6109): at B21.g(chromium-TrichromeChromeGoogle6432.aab-stable-506007134:144) >11-08 00:01:28.453:
W/cr_Auth(6109): at N2.i(chromium-TrichromeChromeGoogle6432.aab-stable-506007134:129) >11-08 00:01:28.453:
W/cr_Auth(6109): at qy2.run(chromium-TrichromeChromeGoogle6432.aab-stable-506007134:124) >11-08 00:01:28.453:
W/cr_Auth(6109): at y70.b(chromium-TrichromeChromeGoogle6432.aab-stable-506007134:77) >11-08 00:01:28.453:
W/cr_Auth(6109): at ho.call(chromium-TrichromeChromeGoogle6432.aab-stable-506007134:119) >11-08 00:01:28.453:
W/cr_Auth(6109): at java.util.concurrent.FutureTask.run(FutureTask.java:264) >11-08 00:01:28.453:
W/cr_Auth(6109): at io.run(chromium-TrichromeChromeGoogle6432.aab-stable-506007134:473) >11-08 00:01:28.453:
W/cr_Auth(6109): Caused by: android.os.DeadObjectException >11-08 00:01:28.453:
W/cr_Auth(6109): at android.os.BinderProxy.transactNative(Native Method) >11-08 00:01:28.453:
W/cr_Auth(6109): at android.os.BinderProxy.transact(BinderProxy.java:584) >11-08 00:01:28.453:
W/cr_Auth(6109): at Py.i(chromium-TrichromeChromeGoogle6432.aab-stable-506007134:45) >11-08 00:01:28.453:
W/cr_Auth(6109): at rb1.M1(chromium-TrichromeChromeGoogle6432.aab-stable-506007134:260) >11-08 00:01:28.453:
W/cr_Auth(6109): at u41.a(chromium-TrichromeChromeGoogle6432.aab-stable-506007134:517) >11-08 00:01:28.453:
W/cr_Auth(6109): at y41.a(chromium-TrichromeChromeGoogle6432.aab-stable-506007134:1166) >11-08 00:01:28.453:
W/cr_Auth(6109): ... 9 more >11-08 00:01:28.453:
D/ConnectivityService(577): ConnectivityService NetworkRequestInfo binderDied(uid/pid:10117/5457, [NetworkRequest [ LISTEN id=146, [ Capabilities: INTERNET&NOT_RESTRICTED&TRUSTED&NOT_VCN_MANAGED Uid: 10117 RequestorUid: 10117 RequestorPkg: com.google.android.gms UnderlyingNetworks: Null] ]], android.os.BinderProxy@a56f597) >11-08 00:01:28.453:
D/ConnectivityService(577): ConnectivityService NetworkRequestInfo binderDied(uid/pid:10117/5457, [NetworkRequest [ REQUEST id=147, [ Capabilities: INTERNET&NOT_RESTRICTED&TRUSTED&NOT_VCN_MANAGED Uid: 10117 RequestorUid: 10117 RequestorPkg: com.google.android.gms UnderlyingNetworks: Null] ]], android.os.BinderProxy@fa4c384) >11-08 00:01:28.454:
I/ServiceWatcher(577): [GeocoderProxy] disconnected from 10117/com.google.android.gms/.location.geocode.GeocodeService@2 >11-08 00:01:28.456:
I/Zygote(373): Process 5457 exited due to signal 9 (Killed) >11-08 00:01:28.456:
I/ServiceWatcher(577): [RealLocationTimeZoneProviderProxy] disconnected from 10117/com.google.android.gms/.geotimezone.GeoTimeZoneService@1 >11-08 00:01:28.456:
I/ServiceWatcher(577): [fused] disconnected from 10117/com.google.android.gms/com.google.android.location.fused.FusedLocationService@1 >11-08 00:01:28.456:
I/ServiceWatcher(577): [network] disconnected from 10117/com.google.android.gms/com.google.android.location.network.NetworkLocationService@2 >11-08 00:01:28.456:
I/ServiceWatcher(577): [GeofenceProxy] disconnected from 10117/com.google.android.gms/com.google.android.location.internal.GoogleLocationManagerService@1 >11-08 00:01:28.456:
I/ServiceWatcher(577): [HardwareActivityRecognitionProxy] disconnected from 10117/com.google.android.gms/com.google.android.location.internal.server.HardwareArProviderService@1 >11-08 00:01:28.456:
I/libprocessgroup(577): Successfully killed process cgroup uid 10117 pid 5457 in 0ms >11-08 00:01:28.456:
D/ConnectivityService(577): releasing NetworkRequest [ REQUEST id=144, [ Capabilities: INTERNET&NOT_RESTRICTED&TRUSTED&NOT_VCN_MANAGED Uid: 10117 RequestorUid: 10117 RequestorPkg: com.google.android.gms UnderlyingNetworks: Null] ] (release request) >11-08 00:01:28.456:
D/ConnectivityService(577): releasing NetworkRequest [ REQUEST id=147, [ Capabilities: INTERNET&NOT_RESTRICTED&TRUSTED&NOT_VCN_MANAGED Uid: 10117 RequestorUid: 10117 RequestorPkg: com.google.android.gms UnderlyingNetworks: Null] ] (release request) >11-08 00:01:28.457:
E/gbl(8915): Got more than one input Future failure. Logging failures after the first >11-08 00:01:28.457:
E/gbl(8915): dnq: 20: 20: The connection to Google Play services was lost due to service disconnection. >11-08 00:01:28.457:
E/gbl(8915): at bsv.a(PG:18) >11-08 00:01:28.457:
E/gbl(8915): at gal.c(PG:2) >11-08 00:01:28.457:
E/gbl(8915): at gan.run(PG:12) >11-08 00:01:28.457:
E/gbl(8915): at gcd.execute(PG:1) >11-08 00:01:28.457:
E/gbl(8915): at gbd.q(PG:1) >11-08 00:01:28.457:
E/gbl(8915): at gbd.j(PG:12) >11-08 00:01:28.457:
E/gbl(8915): at gbd.m(PG:3) >11-08 00:01:28.457:
E/gbl(8915): at clw.a(PG:5) >11-08 00:01:28.457:
E/gbl(8915): at bpz.run(PG:43) >11-08 00:01:28.457:
E/gbl(8915): at gcd.execute(PG:1) >11-08 00:01:28.457:
E/gbl(8915): at cgc.a(PG:3) >11-08 00:01:28.457:
E/gbl(8915): at hqb.f(PG:5) >11-08 00:01:28.457:
E/gbl(8915): at crf.i(PG:4) >11-08 00:01:28.457:
E/gbl(8915): at crg.a(PG:12) >11-08 00:01:28.457:
E/gbl(8915): at cbb.k(PG:7) >11-08 00:01:28.457:
E/gbl(8915): at cbb.a(PG:2) >11-08 00:01:28.457:
E/gbl(8915): at cbr.handleMessage(PG:28) >11-08 00:01:28.457:
E/gbl(8915): at android.os.Handler.dispatchMessage(Handler.java:106) >11-08 00:01:28.457:
E/gbl(8915): at android.os.Looper.loopOnce(Looper.java:201) >11-08 00:01:28.457:
E/gbl(8915): at android.os.Looper.loop(Looper.java:288) >11-08 00:01:28.457:
E/gbl(8915): at android.os.HandlerThread.run(HandlerThread.java:67) >11-08 00:01:28.457:
E/gbl(8915): Caused by: bzy: 20: The connection to Google Play services was lost due to service disconnection. >11-08 00:01:28.457:
E/gbl(8915): ... 8 more >11-08 00:01:28.457:
E/AndroidFutures(8915): Failed to obtain initial snapshot >11-08 00:01:28.457:
E/AndroidFutures(8915): dnq: 20: 20: The connection to Google Play services was lost due to service disconnection. >11-08 00:01:28.457:
E/AndroidFutures(8915): at bsv.a(PG:18) >11-08 00:01:28.457:
E/AndroidFutures(8915): at gal.c(PG:2) >11-08 00:01:28.457:
E/AndroidFutures(8915): at gan.run(PG:12) >11-08 00:01:28.457:
E/AndroidFutures(8915): at gcd.execute(PG:1) >11-08 00:01:28.457:
E/AndroidFutures(8915): at gbd.q(PG:1) >11-08 00:01:28.457:
E/AndroidFutures(8915): at gbd.j(PG:12) >11-08 00:01:28.457:
E/AndroidFutures(8915): at gbd.m(PG:3) >11-08 00:01:28.457:
E/AndroidFutures(8915): at clw.a(PG:5) >11-08 00:01:28.457:
E/AndroidFutures(8915): at bpz.run(PG:43) >11-08 00:01:28.457:
E/AndroidFutures(8915): at gcd.execute(PG:1) >11-08 00:01:28.457:
E/AndroidFutures(8915): at cgc.a(PG:3) >11-08 00:01:28.457:
E/AndroidFutures(8915): at hqb.f(PG:5) >11-08 00:01:28.457:
E/AndroidFutures(8915): at crf.i(PG:4) >11-08 00:01:28.457:
E/AndroidFutures(8915): at crg.a(PG:12) >11-08 00:01:28.457:
E/AndroidFutures(8915): at cbb.k(PG:7) >11-08 00:01:28.457:
E/AndroidFutures(8915): at cbb.a(PG:2) >11-08 00:01:28.457:
E/AndroidFutures(8915): at cbr.handleMessage(PG:28) >11-08 00:01:28.457:
E/AndroidFutures(8915): at android.os.Handler.dispatchMessage(Handler.java:106) >11-08 00:01:28.457:
E/AndroidFutures(8915): at android.os.Looper.loopOnce(Looper.java:201) >11-08 00:01:28.457:
E/AndroidFutures(8915): at android.os.Looper.loop(Looper.java:288) >11-08 00:01:28.457:
E/AndroidFutures(8915): at android.os.HandlerThread.run(HandlerThread.java:67) >11-08 00:01:28.457:
E/AndroidFutures(8915): Caused by: bzy: 20: The connection to Google Play services was lost due to service disconnection. >11-08 00:01:28.457:
E/AndroidFutures(8915): ... 8 more >11-08 00:01:28.458:
E/MendelPackageState(8915): Failed to fetch after encountering old config >11-08 00:01:28.458:
E/MendelPackageState(8915): dnq: 20: 20: The connection to Google Play services was lost due to service disconnection. >11-08 00:01:28.458:
E/MendelPackageState(8915): at bsv.a(PG:18) >11-08 00:01:28.458:
E/MendelPackageState(8915): at gal.c(PG:2) >11-08 00:01:28.458:
E/MendelPackageState(8915): at gan.run(PG:12) >11-08 00:01:28.458:
E/MendelPackageState(8915): at gcd.execute(PG:1) >11-08 00:01:28.458:
E/MendelPackageState(8915): at gbd.q(PG:1) >11-08 00:01:28.458:
E/MendelPackageState(8915): at gbd.j(PG:12) >11-08 00:01:28.458:
E/MendelPackageState(8915): at gbd.m(PG:3) >11-08 00:01:28.458:
E/MendelPackageState(8915): at clw.a(PG:5) >11-08 00:01:28.458:
E/MendelPackageState(8915): at bpz.run(PG:43) >11-08 00:01:28.458:
E/MendelPackageState(8915): at gcd.execute(PG:1) >11-08 00:01:28.458:
E/MendelPackageState(8915): at cgc.a(PG:3) >11-08 00:01:28.458:
E/MendelPackageState(8915): at hqb.f(PG:5) >11-08 00:01:28.458:
E/MendelPackageState(8915): at cgj.g(PG:4) >11-08 00:01:28.458:
E/MendelPackageState(8915): at cfy.run(PG:72) >11-08 00:01:28.458:
E/MendelPackageState(8915): at gcd.execute(PG:1) >11-08 00:01:28.458:
E/MendelPackageState(8915): at cfz.a(PG:1) >11-08 00:01:28.458:
E/MendelPackageState(8915): at hqb.f(PG:5) >11-08 00:01:28.458:
E/MendelPackageState(8915): at crf.i(PG:4) >11-08 00:01:28.458:
E/MendelPackageState(8915): at crg.a(PG:12) >11-08 00:01:28.458:
E/MendelPackageState(8915): at cbb.k(PG:7) >11-08 00:01:28.458:
E/MendelPackageState(8915): at cbb.a(PG:2) >11-08 00:01:28.458:
E/MendelPackageState(8915): at cbr.handleMessage(PG:28) >11-08 00:01:28.458:
E/MendelPackageState(8915): at android.os.Handler.dispatchMessage(Handler.java:106) >11-08 00:01:28.458:
E/MendelPackageState(8915): at android.os.Looper.loopOnce(Looper.java:201) >11-08 00:01:28.458:
E/MendelPackageState(8915): at android.os.Looper.loop(Looper.java:288) >11-08 00:01:28.458:
E/MendelPackageState(8915): at android.os.HandlerThread.run(HandlerThread.java:67) >11-08 00:01:28.458:
E/MendelPackageState(8915): Caused by: bzy: 20: The connection to Google Play services was lost due to service disconnection. >11-08 00:01:28.458:
E/MendelPackageState(8915): ... 8 more >11-08 00:01:28.462:
I/SP(8915): Successfully got manifest for ttsvoices-manifest: manifests:ttsvoices-1538 >09-25 18:35:00.329:
I/binder(41): undelivered TRANSACTION_COMPLETE >09-25 18:35:00.329:
I/binder(41): undelivered TRANSACTION_ERROR: 29189 >09-25 18:35:00.329:
I/binder(41): undelivered TRANSACTION_COMPLETE >09-25 18:35:00.329:
I/binder(41): undelivered TRANSACTION_ERROR: 29189 >11-08 00:01:28.464:
I/Zygote(373): Process 5449 exited due to signal 9 (Killed) >11-08 00:01:28.467:
E/OneGoogle(4836): Failed to load profile data >11-08 00:01:28.467:
E/OneGoogle(4836): com.google.android.libraries.onegoogle.owners.mdi.MdiOwnersLoader$MdiException: lny: 20: The connection to Google Play services was lost due to service disconnection. >11-08 00:01:28.467:
E/OneGoogle(4836): at java.lang.reflect.Constructor.newInstance0(Native Method) >11-08 00:01:28.467:
E/OneGoogle(4836): at java.lang.reflect.Constructor.newInstance(Constructor.java:343) >11-08 00:01:28.467:
E/OneGoogle(4836): at amgi.d(PG:2) >11-08 00:01:28.467:
E/OneGoogle(4836): at amgi.c(PG:3) >11-08 00:01:28.467:
E/OneGoogle(4836): at amgi.a(PG:14) >11-08 00:01:28.467:
E/OneGoogle(4836): at vno.c(PG:2) >11-08 00:01:28.467:
E/OneGoogle(4836): at vke.call(PG:87) >11-08 00:01:28.467:
E/OneGoogle(4836): at amey.call(PG:5) >11-08 00:01:28.467:
E/OneGoogle(4836): at amfi.a(Unknown Source:2) >11-08 00:01:28.467:
E/OneGoogle(4836): at amgo.run(PG:3) >11-08 00:01:28.467:
E/OneGoogle(4836): at amfl.execute(Unknown Source:0) >11-08 00:01:28.467:
E/OneGoogle(4836): at amfj.f(PG:1) >11-08 00:01:28.467:
E/OneGoogle(4836): at amfk.m(Unknown Source:4) >11-08 00:01:28.467:
E/OneGoogle(4836): at amep.f(PG:5) >11-08 00:01:28.467:
E/OneGoogle(4836): at ameo.run(Unknown Source:4) >11-08 00:01:28.467:
E/OneGoogle(4836): at amfl.execute(Unknown Source:0) >11-08 00:01:28.467:
E/OneGoogle(4836): at amei.m(PG:1) >11-08 00:01:28.467:
E/OneGoogle(4836): at amei.i(PG:10) >11-08 00:01:28.467:
E/OneGoogle(4836): at amei.setException(PG:3) >11-08 00:01:28.467:
E/OneGoogle(4836): at amem.run(PG:7) >11-08 00:01:28.467:
E/OneGoogle(4836): at amfl.execute(Unknown Source:0) >11-08 00:01:28.467:
E/OneGoogle(4836): at amei.m(PG:1) >11-08 00:01:28.467:
E/OneGoogle(4836): at amei.i(PG:10) >11-08 00:01:28.467:
E/OneGoogle(4836): at amei.setException(PG:3) >11-08 00:01:28.467:
E/OneGoogle(4836): at amds.run(PG:12) >11-08 00:01:28.467:
E/OneGoogle(4836): at amfl.execute(Unknown Source:0) >11-08 00:01:28.467:
E/OneGoogle(4836): at amei.m(PG:1) >11-08 00:01:28.467:
E/OneGoogle(4836): at amei.i(PG:10) >11-08 00:01:28.467:
E/OneGoogle(4836): at amei.setException(PG:3) >11-08 00:01:28.467:
E/OneGoogle(4836): at amem.run(PG:7) >11-08 00:01:28.467:
E/OneGoogle(4836): at amfl.execute(Unknown Source:0) >11-08 00:01:28.467:
E/OneGoogle(4836): at amei.m(PG:1) >11-08 00:01:28.467:
E/OneGoogle(4836): at amei.i(PG:10) >11-08 00:01:28.467:
E/OneGoogle(4836): at amei.setException(PG:3) >11-08 00:01:28.467:
E/OneGoogle(4836): at amem.run(PG:7) >11-08 00:01:28.467:
E/OneGoogle(4836): at amfl.execute(Unknown Source:0) >11-08 00:01:28.467:
E/OneGoogle(4836): at amei.m(PG:1) >11-08 00:01:28.467:
E/OneGoogle(4836): at amei.i(PG:10) >11-08 00:01:28.467:
E/OneGoogle(4836): at amei.setException(PG:3) >11-08 00:01:28.467:
E/OneGoogle(4836): at amem.run(PG:7) >11-08 00:01:28.467:
E/OneGoogle(4836): at amfl.execute(Unknown Source:0) >11-08 00:01:28.467:
E/OneGoogle(4836): at amei.m(PG:1) >11-08 00:01:28.467:
E/OneGoogle(4836): at amei.i(PG:10) >11-08 00:01:28.467:
E/OneGoogle(4836): at amei.setException(PG:3) >11-08 00:01:28.467:
E/OneGoogle(4836): at wnj.a(PG:7) >11-08 00:01:28.467:
E/OneGoogle(4836): at lej.run(PG:28) >11-08 00:01:28.467:
E/OneGoogle(4836): at amfl.execute(Unknown Source:0) >11-08 00:01:28.467:
E/OneGoogle(4836): at mfa.a(PG:6) >11-08 00:01:28.467:
E/OneGoogle(4836): at aqdf.f(PG:5) >11-08 00:01:28.467:
E/OneGoogle(4836): at ked.h(PG:5) >11-08 00:01:28.467:
E/OneGoogle(4836): at kmn.i(PG:3) >11-08 00:01:28.467:
E/OneGoogle(4836): at lqk.k(PG:7) >11-08 00:01:28.467:
E/OneGoogle(4836): at lqk.qo(PG:1) >11-08 00:01:28.467:
E/OneGoogle(4836): at lru.handleMessage(PG:17) >11-08 00:01:28.467:
E/OneGoogle(4836): at android.os.Handler.dispatchMessage(Handler.java:106) >11-08 00:01:28.467:
E/OneGoogle(4836): at android.os.Looper.loopOnce(Looper.java:201) >11-08 00:01:28.467:
E/OneGoogle(4836): at android.os.Looper.loop(Looper.java:288) >11-08 00:01:28.467:
E/OneGoogle(4836): at android.os.HandlerThread.run(HandlerThread.java:67) >11-08 00:01:28.467:
E/OneGoogle(4836): Caused by: lny: 20: The connection to Google Play services was lost due to service disconnection. >11-08 00:01:28.467:
E/OneGoogle(4836): ... 8 more >11-08 00:01:28.468:
E/OneGoogle(4836): Failed to load profile data >11-08 00:01:28.468:
E/OneGoogle(4836): com.google.android.libraries.onegoogle.owners.mdi.MdiOwnersLoader$MdiException: lny: 20: The connection to Google Play services was lost due to service disconnection. >11-08 00:01:28.468:
E/OneGoogle(4836): at java.lang.reflect.Constructor.newInstance0(Native Method) >11-08 00:01:28.468:
E/OneGoogle(4836): at java.lang.reflect.Constructor.newInstance(Constructor.java:343) >11-08 00:01:28.468:
E/OneGoogle(4836): at amgi.d(PG:2) >11-08 00:01:28.468:
E/OneGoogle(4836): at amgi.c(PG:3) >11-08 00:01:28.468:
E/OneGoogle(4836): at amgi.a(PG:14) >11-08 00:01:28.468:
E/OneGoogle(4836): at vno.c(PG:2) >11-08 00:01:28.468:
E/OneGoogle(4836): at vke.call(PG:87) >11-08 00:01:28.468:
E/OneGoogle(4836): at amey.call(PG:5) >11-08 00:01:28.468:
E/OneGoogle(4836): at amfi.a(Unknown Source:2) >11-08 00:01:28.468:
E/OneGoogle(4836): at amgo.run(PG:3) >11-08 00:01:28.468:
E/OneGoogle(4836): at amfl.execute(Unknown Source:0) >11-08 00:01:28.468:
E/OneGoogle(4836): at amfj.f(PG:1) >11-08 00:01:28.468:
E/OneGoogle(4836): at amfk.m(Unknown Source:4) >11-08 00:01:28.468:
E/OneGoogle(4836): at amep.f(PG:5) >11-08 00:01:28.468:
E/OneGoogle(4836): at ameo.run(Unknown Source:4) >11-08 00:01:28.468:
E/OneGoogle(4836): at amfl.execute(Unknown Source:0) >11-08 00:01:28.468:
E/OneGoogle(4836): at amei.m(PG:1) >11-08 00:01:28.468:
E/OneGoogle(4836): at amei.i(PG:10) >11-08 00:01:28.468:
E/OneGoogle(4836): at amei.setException(PG:3) >11-08 00:01:28.468:
E/OneGoogle(4836): at amem.run(PG:7) >11-08 00:01:28.468:
E/OneGoogle(4836): at amfl.execute(Unknown Source:0) >11-08 00:01:28.468:
E/OneGoogle(4836): at amei.m(PG:1) >11-08 00:01:28.468:
E/OneGoogle(4836): at amei.i(PG:10) >11-08 00:01:28.468:
E/OneGoogle(4836): at amei.setException(PG:3) >11-08 00:01:28.468:
E/OneGoogle(4836): at amds.run(PG:12) >11-08 00:01:28.468:
E/OneGoogle(4836): at amfl.execute(Unknown Source:0) >11-08 00:01:28.468:
E/OneGoogle(4836): at amei.m(PG:1) >11-08 00:01:28.468:
E/OneGoogle(4836): at amei.i(PG:10) >11-08 00:01:28.468:
E/OneGoogle(4836): at amei.setException(PG:3) >11-08 00:01:28.468:
E/OneGoogle(4836): at amem.run(PG:7) >11-08 00:01:28.468:
E/OneGoogle(4836): at amfl.execute(Unknown Source:0) >11-08 00:01:28.468:
E/OneGoogle(4836): at amei.m(PG:1) >11-08 00:01:28.468:
E/OneGoogle(4836): at amei.i(PG:10) >11-08 00:01:28.468:
E/OneGoogle(4836): at amei.setException(PG:3) >11-08 00:01:28.468:
E/OneGoogle(4836): at amem.run(PG:7) >11-08 00:01:28.468:
E/OneGoogle(4836): at amfl.execute(Unknown Source:0) >11-08 00:01:28.468:
E/OneGoogle(4836): at amei.m(PG:1) >11-08 00:01:28.468:
E/OneGoogle(4836): at amei.i(PG:10) >11-08 00:01:28.468:
E/OneGoogle(4836): at amei.setException(PG:3) >11-08 00:01:28.468:
E/OneGoogle(4836): at amem.run(PG:7) >11-08 00:01:28.468:
E/OneGoogle(4836): at amfl.execute(Unknown Source:0) >11-08 00:01:28.468:
E/OneGoogle(4836): at amei.m(PG:1) >11-08 00:01:28.468:
E/OneGoogle(4836): at amei.i(PG:10) >11-08 00:01:28.468:
E/OneGoogle(4836): at amei.setException(PG:3) >11-08 00:01:28.468:
E/OneGoogle(4836): at wnj.a(PG:7) >11-08 00:01:28.468:
E/OneGoogle(4836): at lej.run(PG:28) >11-08 00:01:28.468:
E/OneGoogle(4836): at amfl.execute(Unknown Source:0) >11-08 00:01:28.468:
E/OneGoogle(4836): at mfa.a(PG:6) >11-08 00:01:28.468:
E/OneGoogle(4836): at aqdf.f(PG:5) >11-08 00:01:28.468:
E/OneGoogle(4836): at ked.h(PG:5) >11-08 00:01:28.468:
E/OneGoogle(4836): at kmn.i(PG:3) >11-08 00:01:28.468:
E/OneGoogle(4836): at lqk.k(PG:7) >11-08 00:01:28.468:
E/OneGoogle(4836): at lqk.qo(PG:1) >11-08 00:01:28.468:
E/OneGoogle(4836): at lru.handleMessage(PG:17) >11-08 00:01:28.468:
E/OneGoogle(4836): at android.os.Handler.dispatchMessage(Handler.java:106) >11-08 00:01:28.468:
E/OneGoogle(4836): at android.os.Looper.loopOnce(Looper.java:201) >11-08 00:01:28.468:
E/OneGoogle(4836): at android.os.Looper.loop(Looper.java:288) >11-08 00:01:28.468:
E/OneGoogle(4836): at android.os.HandlerThread.run(HandlerThread.java:67) >11-08 00:01:28.468:
E/OneGoogle(4836): Caused by: lny: 20: The connection to Google Play services was lost due to service disconnection. >11-08 00:01:28.468:
E/OneGoogle(4836): ... 8 more >11-08 00:01:28.469:
I/ActivityThread(4836): Removing dead content provider:android.content.ContentProviderProxy@295095c >11-08 00:01:28.469:
I/ActivityThread(4836): Removing dead content provider:android.content.ContentProviderProxy@295095c >11-08 00:01:28.469:
I/ActivityThread(4836): Removing dead content provider:android.content.ContentProviderProxy@b773465 >11-08 00:01:28.469:
I/ActivityThread(6109): Removing dead content provider:android.content.ContentProviderProxy@29a16fc >11-08 00:01:28.469:
E/OneGoogle(4836): Failed to load profile data >11-08 00:01:28.469:
E/OneGoogle(4836): com.google.android.libraries.onegoogle.owners.mdi.MdiOwnersLoader$MdiException: lny: 20: The connection to Google Play services was lost due to service disconnection. >11-08 00:01:28.469:
E/OneGoogle(4836): at java.lang.reflect.Constructor.newInstance0(Native Method) >11-08 00:01:28.469:
E/OneGoogle(4836): at java.lang.reflect.Constructor.newInstance(Constructor.java:343) >11-08 00:01:28.469:
E/OneGoogle(4836): at amgi.d(PG:2) >11-08 00:01:28.469:
E/OneGoogle(4836): at amgi.c(PG:3) >11-08 00:01:28.469:
E/OneGoogle(4836): at amgi.a(PG:14) >11-08 00:01:28.469:
E/OneGoogle(4836): at vno.c(PG:2) >11-08 00:01:28.469:
E/OneGoogle(4836): at vke.call(PG:87) >11-08 00:01:28.469:
E/OneGoogle(4836): at amey.call(PG:5) >11-08 00:01:28.469:
E/OneGoogle(4836): at amfi.a(Unknown Source:2) >11-08 00:01:28.469:
E/OneGoogle(4836): at amgo.run(PG:3) >11-08 00:01:28.469:
E/OneGoogle(4836): at amfl.execute(Unknown Source:0) >11-08 00:01:28.469:
E/OneGoogle(4836): at amfj.f(PG:1) >11-08 00:01:28.469:
E/OneGoogle(4836): at amfk.m(Unknown Source:4) >11-08 00:01:28.469:
E/OneGoogle(4836): at amep.f(PG:5) >11-08 00:01:28.469:
E/OneGoogle(4836): at ameo.run(Unknown Source:4) >11-08 00:01:28.469:
E/OneGoogle(4836): at amfl.execute(Unknown Source:0) >11-08 00:01:28.469:
E/OneGoogle(4836): at amei.m(PG:1) >11-08 00:01:28.469:
E/OneGoogle(4836): at amei.i(PG:10) >11-08 00:01:28.469:
E/OneGoogle(4836): at amei.setException(PG:3) >11-08 00:01:28.469:
E/OneGoogle(4836): at amem.run(PG:7) >11-08 00:01:28.469:
E/OneGoogle(4836): at amfl.execute(Unknown Source:0) >11-08 00:01:28.469:
E/OneGoogle(4836): at amei.m(PG:1) >11-08 00:01:28.469:
E/OneGoogle(4836): at amei.i(PG:10) >11-08 00:01:28.469:
E/OneGoogle(4836): at amei.setException(PG:3) >11-08 00:01:28.469:
E/OneGoogle(4836): at amds.run(PG:12) >11-08 00:01:28.469:
E/OneGoogle(4836): at amfl.execute(Unknown Source:0) >11-08 00:01:28.469:
E/OneGoogle(4836): at amei.m(PG:1) >11-08 00:01:28.469:
E/OneGoogle(4836): at amei.i(PG:10) >11-08 00:01:28.469:
E/OneGoogle(4836): at amei.setException(PG:3) >11-08 00:01:28.469:
E/OneGoogle(4836): at amem.run(PG:7) >11-08 00:01:28.469:
E/OneGoogle(4836): at amfl.execute(Unknown Source:0) >11-08 00:01:28.469:
E/OneGoogle(4836): at amei.m(PG:1) >11-08 00:01:28.469:
E/OneGoogle(4836): at amei.i(PG:10) >11-08 00:01:28.469:
E/OneGoogle(4836): at amei.setException(PG:3) >11-08 00:01:28.469:
E/OneGoogle(4836): at amem.run(PG:7) >11-08 00:01:28.469:
E/OneGoogle(4836): at amfl.execute(Unknown Source:0) >11-08 00:01:28.469:
E/OneGoogle(4836): at amei.m(PG:1) >11-08 00:01:28.469:
E/OneGoogle(4836): at amei.i(PG:10) >11-08 00:01:28.469:
E/OneGoogle(4836): at amei.setException(PG:3) >11-08 00:01:28.469:
E/OneGoogle(4836): at amem.run(PG:7) >11-08 00:01:28.469:
E/OneGoogle(4836): at amfl.execute(Unknown Source:0) >11-08 00:01:28.469:
E/OneGoogle(4836): at amei.m(PG:1) >11-08 00:01:28.469:
E/OneGoogle(4836): at amei.i(PG:10) >11-08 00:01:28.469:
E/OneGoogle(4836): at amei.setException(PG:3) >11-08 00:01:28.469:
E/OneGoogle(4836): at wnj.a(PG:7) >11-08 00:01:28.469:
E/OneGoogle(4836): at lej.run(PG:28) >11-08 00:01:28.469:
E/OneGoogle(4836): at amfl.execute(Unknown Source:0) >11-08 00:01:28.469:
E/OneGoogle(4836): at mfa.a(PG:6) >11-08 00:01:28.469:
E/OneGoogle(4836): at aqdf.f(PG:5) >11-08 00:01:28.469:
E/OneGoogle(4836): at ked.h(PG:5) >11-08 00:01:28.469:
E/OneGoogle(4836): at kmn.i(PG:3) >11-08 00:01:28.469:
E/OneGoogle(4836): at lqk.k(PG:7) >11-08 00:01:28.469:
E/OneGoogle(4836): at lqk.qo(PG:1) >11-08 00:01:28.469:
E/OneGoogle(4836): at lru.handleMessage(PG:17) >11-08 00:01:28.469:
E/OneGoogle(4836): at android.os.Handler.dispatchMessage(Handler.java:106) >11-08 00:01:28.469:
E/OneGoogle(4836): at android.os.Looper.loopOnce(Looper.java:201) >11-08 00:01:28.469:
E/OneGoogle(4836): at android.os.Looper.loop(Looper.java:288) >11-08 00:01:28.469:
E/OneGoogle(4836): at android.os.HandlerThread.run(HandlerThread.java:67) >11-08 00:01:28.469:
E/OneGoogle(4836): Caused by: lny: 20: The connection to Google Play services was lost due to service disconnection. >11-08 00:01:28.469:
E/OneGoogle(4836): ... 8 more >11-08 00:01:28.469:
I/ActivityThread(6109): Removing dead content provider:android.content.ContentProviderProxy@184c185 >11-08 00:01:28.469:
I/ActivityThread(8915): Removing dead content provider:android.content.ContentProviderProxy@eabe938 >11-08 00:01:28.469:
I/ActivityThread(5950): Removing dead content provider:android.content.ContentProviderProxy@76d2381 >11-08 00:01:28.469:
I/ActivityThread(4836): Removing dead content provider:android.content.ContentProviderProxy@2175f48 >11-08 00:01:28.469:
W/fwv(4836): [TikTok] GmsAccounts: GoogleOwnersProvider had 1 missing ids. >11-08 00:01:28.469:
I/ActivityThread(5902): Removing dead content provider:android.content.ContentProviderProxy@ed39b85 >11-08 00:01:28.469:
I/VoiceDataDownloader(8915): Superpacks created and default voices checked. >11-08 00:01:28.469:
I/VoiceDataDownloader(8915): Download of en-us started. >11-08 00:01:28.469:
I/VoiceDataDownloader(8915): Registered slicing strategy for en-us >11-08 00:01:28.469:
I/VoiceDataDownloader(8915): Getting pack name en-us-x-multi-r47 >11-08 00:01:28.470:
I/VoiceDataDownloader(8915): Adding pack en-us-x-multi-r47 to superpack. >11-08 00:01:28.470:
I/VoiceDataDownloader(8915): Getting pack name en-us-x-multi-seanet-r47 >11-08 00:01:28.470:
I/VoiceDataDownloader(8915): Adding pack en-us-x-multi-seanet-r47 to superpack. >11-08 00:01:28.470:
I/ActivityThread(5440): Removing dead content provider:android.content.ContentProviderProxy@d8cdc20 >11-08 00:01:28.470:
W/ActivityManager(577): Scheduling restart of crashed service com.google.android.gms/.cast.media.CastMediaRoute2ProviderService_Persistent in 1000ms for connection >11-08 00:01:28.470:
W/ActivityManager(577): Scheduling restart of crashed service com.google.android.gms/.auth.setup.devicesignals.LockScreenService in 11000ms for start-requested >11-08 00:01:28.470:
W/ActivityManager(577): Scheduling restart of crashed service com.google.android.gms/com.google.android.location.internal.server.HardwareArProviderService in 21000ms for connection >11-08 00:01:28.470:
W/ActivityManager(577): Scheduling restart of crashed service com.google.android.gms/.chimera.PersistentApiServiceNoInstantApps in 31000ms for connection >11-08 00:01:28.470:
W/ActivityManager(577): Scheduling restart of crashed service com.google.android.gms/.common.stats.GmsCoreStatsService in 41000ms for start-requested >11-08 00:01:28.470:
I/VoiceDataDownloader(8915): Getting pack name en-us-x-afh-r47 >11-08 00:01:28.470:
W/ActivityManager(577): Scheduling restart of crashed service com.google.android.gms/.chimera.PersistentDirectBootAwareApiService in 51000ms for connection >11-08 00:01:28.470:
W/ActivityManager(577): Scheduling restart of crashed service com.google.android.gms/.chimera.PersistentIntentOperationService in 61000ms for start-requested >11-08 00:01:28.470:
W/ActivityManager(577): Scheduling restart of crashed service com.google.android.gms/com.google.android.contextmanager.service.ContextManagerService in 71000ms for start-requested >11-08 00:01:28.470:
I/VoiceDataDownloader(8915): Adding pack en-us-x-afh-r47 to superpack. >11-08 00:01:28.470:
W/ActivityManager(577): Scheduling restart of crashed service com.google.android.gms/.clearcut.debug.ClearcutDebugDumpService in 81000ms for start-requested >11-08 00:01:28.470:
I/VoiceDataDownloader(8915): Getting pack name en-us-x-fis-r47 >11-08 00:01:28.470:
W/ActivityManager(577): Scheduling restart of crashed service com.google.android.gms/.deviceconnection.service.DeviceConnectionWatcherService in 91000ms for start-requested >11-08 00:01:28.470:
W/ActivityManager(577): Scheduling restart of crashed service com.google.android.gms/.geotimezone.GeoTimeZoneService in 101000ms for connection >11-08 00:01:28.470:
I/VoiceDataDownloader(8915): Adding pack en-us-x-fis-r47 to superpack. >11-08 00:01:28.470:
W/ActivityManager(577): Scheduling restart of crashed service com.google.android.gms/com.google.android.location.reporting.service.ReportingSyncService in 111000ms for connection >11-08 00:01:28.470:
W/ActivityManager(577): Scheduling restart of crashed service com.google.android.gms/com.google.android.location.fused.FusedLocationService in 121000ms for connection >11-08 00:01:28.470:
I/VoiceDataDownloader(8915): Getting pack name en-us-x-multi-wavernn-r47 >11-08 00:01:28.470:
W/ActivityManager(577): Scheduling restart of crashed service com.google.android.gms/.fido.fido2.pollux.CableAuthenticatorService in 131000ms for start-requested >11-08 00:01:28.470:
W/ActivityManager(577): Scheduling restart of crashed service com.google.android.gms/com.google.android.location.network.NetworkLocationService in 141000ms for connection >11-08 00:01:28.470:
I/VoiceDataDownloader(8915): Adding pack en-us-x-multi-wavernn-r47 to superpack. >11-08 00:01:28.470:
W/ActivityManager(577): Scheduling restart of crashed service com.google.android.gms/com.google.android.location.reporting.service.ReportingAndroidService in 151000ms for connection >11-08 00:01:28.470:
W/ActivityManager(577): Scheduling restart of crashed service com.google.android.gms/.gcm.nts.SchedulerService in 161000ms for start-requested >11-08 00:01:28.470:
I/VoiceDataDownloader(8915): Getting pack name en-us-x-multi-darwinn-wavernn-r47 >11-08 00:01:28.470:
W/ActivityManager(577): Scheduling restart of crashed service com.google.android.gms/.presencemanager.service.PresenceManagerPresenceReportService in 171000ms for start-requested >11-08 00:01:28.470:
W/ActivityManager(577): Scheduling restart of crashed service com.google.android.gms/.thunderbird.EmergencyPersistentService in 181000ms for start-requested >11-08 00:01:28.470:
I/VoiceDataDownloader(8915): Adding pack en-us-x-multi-darwinn-wavernn-r47 to superpack. >11-08 00:01:28.470:
W/ActivityManager(577): Scheduling restart of crashed service com.google.android.gms/.fitness.sync.FitnessSyncAdapterService in 191000ms for connection >11-08 00:01:28.470:
I/VoiceDataDownloader(8915): Syncing superpack en-us >11-08 00:01:28.470:
W/ActivityManager(577): Scheduling restart of crashed service com.google.android.gms/.chimera.PersistentBoundBrokerService in 201000ms for connection >11-08 00:01:28.470:
W/ActivityManager(577): Scheduling restart of crashed service com.google.android.gms/.nearby.sharing.ReceiveSurfaceService in 211000ms for start-requested >11-08 00:01:28.470:
W/ActivityManager(577): Scheduling restart of crashed service com.google.android.gms/.location.geocode.GeocodeService in 221000ms for connection >11-08 00:01:28.470:
W/ActivityManager(577): Scheduling restart of crashed service com.google.android.gms/.auth.GetToken in 231000ms for connection >11-08 00:01:28.470:
W/ActivityManager(577): Scheduling restart of crashed service com.google.android.gms/com.google.android.location.internal.server.GoogleLocationService in 241000ms for start-requested >11-08 00:01:28.470:
W/ActivityManager(577): Scheduling restart of crashed service com.google.android.gms/.location.persistent.LocationPersistentService in 251000ms for start-requested >11-08 00:01:28.470:
W/ActivityManager(577): Scheduling restart of crashed service com.google.android.gms/.chimera.PersistentApiService in 261000ms for connection >11-08 00:01:28.470:
W/ActivityManager(577): Scheduling restart of crashed service com.google.android.gms/com.google.android.location.internal.GoogleLocationManagerService in 271000ms for start-requested >11-08 00:01:28.470:
W/ActivityManager(577): Scheduling restart of crashed service com.google.android.gms/.nearby.exposurenotification.service.ExposureMatchingService in 281000ms for start-requested >11-08 00:01:28.470:
W/ActivityManager(577): Scheduling restart of crashed service com.google.android.gms/.gcm.GcmService in 291000ms for start-requested >11-08 00:01:28.470:
I/SP(8915): Registering en-us.47, url: null, constraints: *:*:*:*, flags: *, requested: 47, current: -1 >11-08 00:01:28.472:
D/CompatibilityChangeReporter(577): Compat change id reported: 135634846; UID 10117; state: DISABLED >11-08 00:01:28.472:
D/CompatibilityChangeReporter(577): Compat change id reported: 177438394; UID 10117; state: DISABLED >11-08 00:01:28.472:
D/CompatibilityChangeReporter(577): Compat change id reported: 135772972; UID 10117; state: DISABLED >11-08 00:01:28.472:
D/CompatibilityChangeReporter(577): Compat change id reported: 135754954; UID 10117; state: ENABLED >11-08 00:01:28.472:
I/ActivityManager(577): Process com.google.android.gms (pid 5449) has died: fg BTOP >11-08 00:01:28.472:
D/CompatibilityChangeReporter(577): Compat change id reported: 143937733; UID 10117; state: ENABLED >11-08 00:01:28.475:
D/Zygote(373): Forked child process 9002 >11-08 00:01:28.475:
W/ActivityManager(577): Scheduling restart of crashed service com.google.android.gms/.people.sync.PeopleSyncService in 300995ms for connection >11-08 00:01:28.475:
W/ActivityManager(577): Scheduling restart of crashed service com.google.android.gms/.nearby.sharing.SharingTileService in 310995ms for connection >11-08 00:01:28.475:
W/ActivityManager(577): Scheduling restart of crashed service com.google.android.gms/.subscribedfeeds.SyncService in 320995ms for connection >11-08 00:01:28.475:
W/ActivityManager(577): Scheduling restart of crashed service com.google.android.gms/.reminders.sync.RemindersSyncService in 330995ms for connection >11-08 00:01:28.475:
W/ActivityManager(577): Scheduling restart of crashed service com.google.android.gms/.games.chimera.GamesSyncServiceMainProxy in 340995ms for connection >11-08 00:01:28.475:
W/ActivityManager(577): Scheduling restart of crashed service com.google.android.gms/.chromesync.sync.SyncService in 350995ms for connection >11-08 00:01:28.475:
I/ActivityThread(1819): Removing dead content provider:android.content.ContentProviderProxy@b54f101 >11-08 00:01:28.476:
W/ActivityManager(577): Scheduling restart of crashed service com.google.android.gms/.chimera.GmsBoundBrokerService in 360994ms for connection >11-08 00:01:28.476:
W/ActivityManager(577): Scheduling restart of crashed service com.google.android.gms/.icing.service.IndexService in 370994ms for connection >11-08 00:01:28.476:
W/ActivityManager(577): Scheduling restart of crashed service com.google.android.gms/.chimera.GmsIntentOperationService in 380994ms for start-requested >11-08 00:01:28.476:
W/ActivityManager(577): Scheduling restart of crashed service com.google.android.gms/.people.sync.focus.ContactsSyncAdapterService in 390994ms for connection >11-08 00:01:28.476:
W/ActivityManager(577): Scheduling restart of crashed service com.google.android.gms/.icing.service.AppIndexingService in 400994ms for connection >11-08 00:01:28.476:
W/ActivityManager(577): Scheduling restart of crashed service com.google.android.gms/.icing.service.IndexWorkerService in 410994ms for start-requested >11-08 00:01:28.476:
W/ActivityManager(577): Scheduling restart of crashed service com.google.android.gms/.plus.service.OfflineActionSyncAdapterService in 420994ms for connection >11-08 00:01:28.476:
W/ActivityManager(577): Scheduling restart of crashed service com.google.android.gms/.games.chimera.GamesSyncServiceNotificationProxy in 430994ms for connection >11-08 00:01:28.476:
W/ActivityManager(577): Scheduling restart of crashed service com.google.android.gms/.chimera.GmsApiService in 440994ms for connection >11-08 00:01:28.477:
I/libprocessgroup(577): Successfully killed process cgroup uid 10117 pid 5449 in 0ms >11-08 00:01:28.478:
I/ActivityManager(577): Start proc 9002:com.google.android.gms.persistent/u0a117 for service {com.google.android.gms/com.google.android.gms.auth.GetToken} >11-08 00:01:28.479:
I/A(5854): getLocaleToModelSpecsMap >11-08 00:01:28.480:
I/A(5854): Using proto config with mendel >11-08 00:01:28.480:
W/A(5854): com.google.android.gms.common.api.n: 20: The connection to Google Play services was lost due to service disconnection. >11-08 00:01:28.480:
W/A(5854): at com.google.android.gms.common.api.internal.ad.a(PG:12) >11-08 00:01:28.480:
W/A(5854): at com.google.android.gms.common.api.internal.bk.k(PG:7) >11-08 00:01:28.480:
W/A(5854): at com.google.android.gms.common.api.internal.bk.kB(PG:2) >11-08 00:01:28.480:
W/A(5854): at com.google.android.gms.common.internal.aa.b(PG:1) >11-08 00:01:28.480:
W/A(5854): at com.google.android.gms.common.internal.f.handleMessage(PG:27) >11-08 00:01:28.480:
W/A(5854): at android.os.Handler.dispatchMessage(Handler.java:106) >11-08 00:01:28.480:
W/A(5854): at android.os.Looper.loopOnce(Looper.java:201) >11-08 00:01:28.480:
W/A(5854): at android.os.Looper.loop(Looper.java:288) >11-08 00:01:28.480:
W/A(5854): at android.os.HandlerThread.run(HandlerThread.java:67) >11-08 00:01:28.480:
W/A(5854): com.google.android.gms.common.api.n: 20: The connection to Google Play services was lost due to service disconnection. >11-08 00:01:28.480:
W/A(5854): at com.google.android.gms.common.api.internal.ad.a(PG:12) >11-08 00:01:28.480:
W/A(5854): at com.google.android.gms.common.api.internal.bk.k(PG:7) >11-08 00:01:28.480:
W/A(5854): at com.google.android.gms.common.api.internal.bk.kB(PG:2) >11-08 00:01:28.480:
W/A(5854): at com.google.android.gms.common.internal.aa.b(PG:1) >11-08 00:01:28.480:
W/A(5854): at com.google.android.gms.common.internal.f.handleMessage(PG:27) >11-08 00:01:28.480:
W/A(5854): at android.os.Handler.dispatchMessage(Handler.java:106) >11-08 00:01:28.480:
W/A(5854): at android.os.Looper.loopOnce(Looper.java:201) >11-08 00:01:28.480:
W/A(5854): at android.os.Looper.loop(Looper.java:288) >11-08 00:01:28.480:
W/A(5854): at android.os.HandlerThread.run(HandlerThread.java:67) >11-08 00:01:28.480:
I/Zygote(9002): seccomp disabled by setenforce 0 >11-08 00:01:28.481:
I/MicroDataManager(5854): (REDACTED) Created a new hotword model for: >11-08 00:01:28.481:
I/MicroDataManager(5854): %s >11-08 00:01:28.481:
I/A(5854): getLocaleToModelSpecsMap >11-08 00:01:28.481:
I/A(5854): Using proto config with mendel >11-08 00:01:28.481:
I/A(5854): (REDACTED) Skipping. Expected model: %s Found: %s >11-08 00:01:28.481:
I/A(5854): (REDACTED) Skipping. Expected model: %s Found: %s >11-08 00:01:28.481:
I/A(5854): (REDACTED) Skipping. Expected model: %s Found: %s >11-08 00:01:28.481:
I/A(5854): (REDACTED) Adding from config to map. Locale: %s modelPrefix: %s Location:%s isSpeakerIdSupported: %b >11-08 00:01:28.481:
I/A(5854): (REDACTED) Skipping. Expected model: %s Found: %s >11-08 00:01:28.481:
I/A(5854): getLocaleToModelSpecsMap >11-08 00:01:28.481:
I/A(5854): Using proto config with mendel >11-08 00:01:28.482:
W/TransactionTracing(411): Could not find layer handle 0xb400007781f65230 >11-08 00:01:28.482:
W/TransactionTracing(411): Could not find layer handle 0xb400007781f65b90 >11-08 00:01:28.482:
W/TransactionTracing(411): Could not find layer handle 0xb400007781f65b90 >11-08 00:01:28.482:
W/TransactionTracing(411): Could not find layer handle 0xb400007781f65230 >11-08 00:01:28.482:
W/TransactionTracing(411): Could not find layer handle 0xb400007781f65230 >11-08 00:01:28.482:
W/TransactionTracing(411): Could not find layer handle 0xb400007781f65230 >11-08 00:01:28.482:
W/TransactionTracing(411): Could not find layer handle 0xb400007781f65b90 >11-08 00:01:28.482:
W/TransactionTracing(411): Could not find layer handle 0xb400007781f65b90 >11-08 00:01:28.483:
I/A(5854): getLocaleToModelSpecsMap >11-08 00:01:28.483:
I/A(5854): Using proto config with mendel >11-08 00:01:28.483:
I/A(5854): (REDACTED) Skipping. Expected model: %s Found: %s >11-08 00:01:28.483:
I/A(5854): (REDACTED) Skipping. Expected model: %s Found: %s >11-08 00:01:28.483:
I/A(5854): (REDACTED) Skipping. Expected model: %s Found: %s >11-08 00:01:28.483:
I/A(5854): (REDACTED) Adding from config to map. Locale: %s modelPrefix: %s Location:%s isSpeakerIdSupported: %b >11-08 00:01:28.483:
I/A(5854): (REDACTED) Skipping. Expected model: %s Found: %s >11-08 00:01:28.492:
I/adbd(6382): jdwp connection from 9002 >11-08 00:01:28.493:
I/A(5854): (REDACTED) hasHotwordEverywhere-%b >11-08 00:01:28.493:
I/A(5854): getLocaleToModelSpecsMap >11-08 00:01:28.493:
I/A(5854): Using proto config with mendel >11-08 00:01:28.493:
I/A(5854): getLocaleToModelSpecsMap >11-08 00:01:28.493:
I/A(5854): Using proto config with mendel >11-08 00:01:28.493:
I/A(5854): (REDACTED) Skipping. Expected model: %s Found: %s >11-08 00:01:28.493:
I/A(5854): (REDACTED) Skipping. Expected model: %s Found: %s >11-08 00:01:28.493:
I/A(5854): (REDACTED) Skipping. Expected model: %s Found: %s >11-08 00:01:28.493:
I/A(5854): (REDACTED) Adding from config to map. Locale: %s modelPrefix: %s Location:%s isSpeakerIdSupported: %b >11-08 00:01:28.493:
I/A(5854): (REDACTED) Skipping. Expected model: %s Found: %s >11-08 00:01:28.493:
I/A(5854): getLocaleToModelSpecsMap >11-08 00:01:28.493:
I/A(5854): Using proto config with mendel >11-08 00:01:28.495:
I/A(5854): getLocaleToModelSpecsMap >11-08 00:01:28.495:
I/A(5854): Using proto config with mendel >11-08 00:01:28.495:
I/MicroModelsUtil(5854): (REDACTED) #getHotwordModelFromMobstore [mobstoreUri: %s] >11-08 00:01:28.495:
I/Telecom(577): PhoneAccountRegistrar: getSimCallManager: SimCallManager for subId 1 queried, returning: null: TSI.gSCM@AYM >11-08 00:01:28.496:
I/system_server(577): Background concurrent copying GC freed 521499(25MB) AllocSpace objects, 33(1320KB) LOS objects, 49% free, 24MB/48MB, paused 1.455ms,22us total 201.164ms >11-08 00:01:28.496:
W/JavaBinder(577): BinderProxy is being destroyed but the application did not call unlinkToDeath to unlink all of its death recipients beforehand. Releasing leaked death recipient: com.android.server.wm.ActivityRecord$$ExternalSyntheticLambda0 >11-08 00:01:28.496:
I/BpBinder(577): onLastStrongRef automatically unlinking death recipients: <uncached descriptor> >11-08 00:01:28.502:
I/HotwordService(5854): (REDACTED) Model ID: %s >11-08 00:01:28.502:
I/HotwordService(5854): (REDACTED) hotwordModelLocation is null %b, locale is %s, re-mapped Chinese locale %s >11-08 00:01:28.502:
I/A(5854): getLocaleToModelSpecsMap >11-08 00:01:28.502:
I/A(5854): Using proto config with mendel >11-08 00:01:28.502:
I/A(5854): getLocaleToModelSpecsMap >11-08 00:01:28.502:
I/A(5854): Using proto config with mendel >11-08 00:01:28.502:
I/A(5854): (REDACTED) Skipping. Expected model: %s Found: %s >11-08 00:01:28.502:
I/A(5854): (REDACTED) Skipping. Expected model: %s Found: %s >11-08 00:01:28.502:
I/A(5854): (REDACTED) Skipping. Expected model: %s Found: %s >11-08 00:01:28.504:
D/MainContentCaptureSession(1147): Flushing 2 event(s) for act:com.google.android.apps.nexuslauncher/.NexusLauncherActivity [state=2 (ACTIVE), disabled=false], reason=FULL >11-08 00:01:28.504:
D/MainContentCaptureSession(1147): Flushing 2 event(s) for act:com.google.android.apps.nexuslauncher/.NexusLauncherActivity [state=2 (ACTIVE), disabled=false], reason=FULL >11-08 00:01:28.502:
I/A(5854): (REDACTED) Adding from config to map. Locale: %s modelPrefix: %s Location:%s isSpeakerIdSupported: %b >11-08 00:01:28.504:
I/A(5854): (REDACTED) Skipping. Expected model: %s Found: %s >11-08 00:01:28.505:
I/SP(8915): Successfully got manifest for en-us-manifest: manifests:en-us-47 >11-08 00:01:28.507:
I/A(5854): getLocaleToModelSpecsMap >11-08 00:01:28.507:
I/A(5854): Using proto config with mendel >11-08 00:01:28.508:
I/A(5854): getLocaleToModelSpecsMap >11-08 00:01:28.508:
I/A(5854): Using proto config with mendel >11-08 00:01:28.508:
I/A(5854): (REDACTED) Skipping. Expected model: %s Found: %s >11-08 00:01:28.508:
I/A(5854): (REDACTED) Skipping. Expected model: %s Found: %s >11-08 00:01:28.508:
I/A(5854): (REDACTED) Skipping. Expected model: %s Found: %s >11-08 00:01:28.508:
I/A(5854): (REDACTED) Adding from config to map. Locale: %s modelPrefix: %s Location:%s isSpeakerIdSupported: %b >11-08 00:01:28.508:
I/A(5854): (REDACTED) Skipping. Expected model: %s Found: %s >11-08 00:01:28.509:
I/MicroModelsUtil(1539): (REDACTED) #getHotwordModelFromMobstore [mobstoreUri: %s] >11-08 00:01:28.509:
I/GsaVoiceInteractionSrv(1539): (REDACTED) hotwordModel is null : %b >11-08 00:01:28.509:
I/BistoHotwordHelper(1539): (REDACTED) getHotwordActive::active query: %s, watch: %s, devices connected: %s >11-08 00:01:28.510:
I/GsaVoiceInteractionSrv(1539): #checkDspStatus >11-08 00:01:28.510:
I/BistoHotwordHelper(1539): (REDACTED) setting speaker id present: %b >11-08 00:01:28.510:
I/BistoHotwordHelper(1539): (REDACTED) setting hotword model of size: %d bytes >11-08 00:01:28.510:
I/BistoHotwordHelper(1539): (REDACTED) setting modeltype: %s >11-08 00:01:28.510:
I/BistoHotwordHelper(1539): (REDACTED) setHotwordVoiceLocale: prev: %s, new: %s >11-08 00:01:28.510:
I/BistoHotwordHelper(1539): (REDACTED) setSodaUsed: prev: %b, new: %b >11-08 00:01:28.511:
W/SearchServiceCore(5854): Abort, client detached. >11-08 00:01:28.511:
W/SearchServiceCore(5854): Abort, client detached. >11-08 00:01:28.511:
W/SearchServiceCore(5854): Abort, client detached. >11-08 00:01:28.511:
W/SearchServiceCore(5854): Abort, client detached. >11-08 00:01:28.511:
I/SP(8915): Syncing en-us (47) with slices: [{en-us-x-multi-r47, m:*:*:*}], metadata: false >11-08 00:01:28.512:
W/SearchServiceCore(5854): Abort, client detached. >11-08 00:01:28.512:
W/SearchServiceCore(5854): Abort, client detached. >11-08 00:01:28.512:
W/SearchServiceCore(5854): Abort, client detached. >11-08 00:01:28.518:
W/JobScheduler(577): Job didn't exist in JobStore: 4d0e324 #u0a119/-163 com.google.android.googlequicksearchbox/com.google.android.apps.gsa.tasks.BackgroundTasksJobService >11-08 00:01:28.518:
W/SessionLifecycleManager(5854): (REDACTED) Client : %s has no associated SessionController >11-08 00:01:28.518:
W/SearchServiceCore(5854): Abort, client detached. >11-08 00:01:28.518:
W/SearchServiceCore(5854): Abort, client detached. >11-08 00:01:28.519:
D/CompatibilityChangeReporter(9002): Compat change id reported: 171979766; UID 10117; state: ENABLED >11-08 00:01:28.520:
I/adbd(6382): jdwp connection from 8975 >11-08 00:01:28.521:
W/ActivityManager(577): Rescheduling restart of crashed service com.google.android.gms/.people.sync.PeopleSyncService in 954ms for other >11-08 00:01:28.521:
W/ActivityManager(577): Rescheduling restart of crashed service com.google.android.gms/.nearby.sharing.SharingTileService in 10954ms for other >11-08 00:01:28.521:
W/ActivityManager(577): Rescheduling restart of crashed service com.google.android.gms/.subscribedfeeds.SyncService in 20954ms for other >11-08 00:01:28.521:
W/ActivityManager(577): Rescheduling restart of crashed service com.google.android.gms/.reminders.sync.RemindersSyncService in 30954ms for other >11-08 00:01:28.521:
W/ActivityManager(577): Rescheduling restart of crashed service com.google.android.gms/.games.chimera.GamesSyncServiceMainProxy in 40954ms for other >11-08 00:01:28.521:
W/ActivityManager(577): Rescheduling restart of crashed service com.google.android.gms/.chromesync.sync.SyncService in 50954ms for other >11-08 00:01:28.521:
W/ActivityManager(577): Rescheduling restart of crashed service com.google.android.gms/.chimera.GmsBoundBrokerService in 60954ms for other >11-08 00:01:28.521:
W/ActivityManager(577): Rescheduling restart of crashed service com.google.android.gms/.icing.service.IndexService in 70954ms for other >11-08 00:01:28.521:
W/ActivityManager(577): Rescheduling restart of crashed service com.google.android.gms/.chimera.GmsIntentOperationService in 80954ms for other >11-08 00:01:28.521:
