W/GmsStrictMode(9130): at com.android.internal.os.RuntimeInit$MethodAndArgsCaller.run(RuntimeInit.java:548) >11-08 00:01:30.318:
W/GmsStrictMode(9130): at com.android.internal.os.ZygoteInit.main(ZygoteInit.java:936) >11-08 00:01:30.318:
W/GmsStrictMode(9130): DISK_READ [CONTEXT service_id=256 ] >11-08 00:01:30.318:
W/GmsStrictMode(9130): android.os.strictmode.DiskReadViolation >11-08 00:01:30.318:
W/GmsStrictMode(9130): at android.os.StrictMode$AndroidBlockGuardPolicy.onReadFromDisk(StrictMode.java:1658) >11-08 00:01:30.318:
W/GmsStrictMode(9130): at libcore.io.BlockGuardOs.access(BlockGuardOs.java:74) >11-08 00:01:30.318:
W/GmsStrictMode(9130): at libcore.io.ForwardingOs.access(ForwardingOs.java:128) >11-08 00:01:30.318:
W/GmsStrictMode(9130): at android.app.ActivityThread$AndroidOs.access(ActivityThread.java:7749) >11-08 00:01:30.318:
W/GmsStrictMode(9130): at java.io.UnixFileSystem.checkAccess(UnixFileSystem.java:281) >11-08 00:01:30.318:
W/GmsStrictMode(9130): at java.io.File.exists(File.java:813) >11-08 00:01:30.318:
W/GmsStrictMode(9130): at android.app.ContextImpl.ensurePrivateDirExists(ContextImpl.java:759) >11-08 00:01:30.318:
W/GmsStrictMode(9130): at android.app.ContextImpl.ensurePrivateDirExists(ContextImpl.java:750) >11-08 00:01:30.318:
W/GmsStrictMode(9130): at android.app.ContextImpl.getFilesDir(ContextImpl.java:795) >11-08 00:01:30.318:
W/GmsStrictMode(9130): at android.content.ContextWrapper.getFilesDir(ContextWrapper.java:282) >11-08 00:01:30.318:
W/GmsStrictMode(9130): at android.content.ContextWrapper.getFilesDir(ContextWrapper.java:282) >11-08 00:01:30.318:
W/GmsStrictMode(9130): at dmmu.<init>(:com.google.android.gms@233316044@23.33.16 (190400-560149061):11) >11-08 00:01:30.318:
W/GmsStrictMode(9130): at dmmu.b(:com.google.android.gms@233316044@23.33.16 (190400-560149061):37) >11-08 00:01:30.318:
W/GmsStrictMode(9130): at dmmu.a(:com.google.android.gms@233316044@23.33.16 (190400-560149061):5) >11-08 00:01:30.318:
W/GmsStrictMode(9130): at com.google.android.gms.smartdevice.logging.CleanBufferedLogsService.onCreate(:com.google.android.gms@233316044@23.33.16 (190400-560149061):8) >11-08 00:01:30.318:
W/GmsStrictMode(9130): at lds.onCreate(:com.google.android.gms@233316044@23.33.16 (190400-560149061):8) >11-08 00:01:30.318:
W/GmsStrictMode(9130): at adpp.onCreate(:com.google.android.gms@233316044@23.33.16 (190400-560149061):27) >11-08 00:01:30.318:
W/GmsStrictMode(9130): at ldr.onCreate(:com.google.android.gms@233316044@23.33.16 (190400-560149061):5) >11-08 00:01:30.318:
W/GmsStrictMode(9130): at ldb.onBind(:com.google.android.gms@233316044@23.33.16 (190400-560149061):131) >11-08 00:01:30.318:
W/GmsStrictMode(9130): at lde.onBind(:com.google.android.gms@233316044@23.33.16 (190400-560149061):10) >11-08 00:01:30.318:
W/GmsStrictMode(9130): at adlm.onBind(:com.google.android.gms@233316044@23.33.16 (190400-560149061):30) >11-08 00:01:30.318:
W/GmsStrictMode(9130): at android.app.ActivityThread.handleBindService(ActivityThread.java:4515) >11-08 00:01:30.318:
W/GmsStrictMode(9130): at android.app.ActivityThread.-$$Nest$mhandleBindService(Unknown Source:0) >11-08 00:01:30.318:
W/GmsStrictMode(9130): at android.app.ActivityThread$H.handleMessage(ActivityThread.java:2166) >11-08 00:01:30.318:
W/GmsStrictMode(9130): at android.os.Handler.dispatchMessage(Handler.java:106) >11-08 00:01:30.318:
W/GmsStrictMode(9130): at android.os.Looper.loopOnce(Looper.java:201) >11-08 00:01:30.318:
W/GmsStrictMode(9130): at android.os.Looper.loop(Looper.java:288) >11-08 00:01:30.318:
W/GmsStrictMode(9130): at android.app.ActivityThread.main(ActivityThread.java:7872) >11-08 00:01:30.318:
W/GmsStrictMode(9130): at java.lang.reflect.Method.invoke(Native Method) >11-08 00:01:30.318:
W/GmsStrictMode(9130): at com.android.internal.os.RuntimeInit$MethodAndArgsCaller.run(RuntimeInit.java:548) >11-08 00:01:30.318:
W/GmsStrictMode(9130): at com.android.internal.os.ZygoteInit.main(ZygoteInit.java:936) >11-08 00:01:30.318:
W/GmsStrictMode(9130): DISK_READ [CONTEXT service_id=256 ] >11-08 00:01:30.318:
W/GmsStrictMode(9130): android.os.strictmode.DiskReadViolation >11-08 00:01:30.318:
W/GmsStrictMode(9130): at android.os.StrictMode$AndroidBlockGuardPolicy.onReadFromDisk(StrictMode.java:1658) >11-08 00:01:30.318:
W/GmsStrictMode(9130): at libcore.io.BlockGuardOs.access(BlockGuardOs.java:74) >11-08 00:01:30.318:
W/GmsStrictMode(9130): at libcore.io.ForwardingOs.access(ForwardingOs.java:128) >11-08 00:01:30.318:
W/GmsStrictMode(9130): at android.app.ActivityThread$AndroidOs.access(ActivityThread.java:7749) >11-08 00:01:30.318:
W/GmsStrictMode(9130): at java.io.UnixFileSystem.checkAccess(UnixFileSystem.java:281) >11-08 00:01:30.318:
W/GmsStrictMode(9130): at java.io.File.exists(File.java:813) >11-08 00:01:30.318:
W/GmsStrictMode(9130): at dmmu.f(:com.google.android.gms@233316044@23.33.16 (190400-560149061):1) >11-08 00:01:30.318:
W/GmsStrictMode(9130): at dmmu.<init>(:com.google.android.gms@233316044@23.33.16 (190400-560149061):28) >11-08 00:01:30.318:
W/GmsStrictMode(9130): at dmmu.b(:com.google.android.gms@233316044@23.33.16 (190400-560149061):37) >11-08 00:01:30.318:
W/GmsStrictMode(9130): at dmmu.a(:com.google.android.gms@233316044@23.33.16 (190400-560149061):5) >11-08 00:01:30.318:
W/GmsStrictMode(9130): at com.google.android.gms.smartdevice.logging.CleanBufferedLogsService.onCreate(:com.google.android.gms@233316044@23.33.16 (190400-560149061):8) >11-08 00:01:30.318:
W/GmsStrictMode(9130): at lds.onCreate(:com.google.android.gms@233316044@23.33.16 (190400-560149061):8) >11-08 00:01:30.318:
W/GmsStrictMode(9130): at adpp.onCreate(:com.google.android.gms@233316044@23.33.16 (190400-560149061):27) >11-08 00:01:30.318:
W/GmsStrictMode(9130): at ldr.onCreate(:com.google.android.gms@233316044@23.33.16 (190400-560149061):5) >11-08 00:01:30.318:
W/GmsStrictMode(9130): at ldb.onBind(:com.google.android.gms@233316044@23.33.16 (190400-560149061):131) >11-08 00:01:30.318:
W/GmsStrictMode(9130): at lde.onBind(:com.google.android.gms@233316044@23.33.16 (190400-560149061):10) >11-08 00:01:30.318:
W/GmsStrictMode(9130): at adlm.onBind(:com.google.android.gms@233316044@23.33.16 (190400-560149061):30) >11-08 00:01:30.318:
W/GmsStrictMode(9130): at android.app.ActivityThread.handleBindService(ActivityThread.java:4515) >11-08 00:01:30.318:
W/GmsStrictMode(9130): at android.app.ActivityThread.-$$Nest$mhandleBindService(Unknown Source:0) >11-08 00:01:30.318:
W/GmsStrictMode(9130): at android.app.ActivityThread$H.handleMessage(ActivityThread.java:2166) >11-08 00:01:30.318:
W/GmsStrictMode(9130): at android.os.Handler.dispatchMessage(Handler.java:106) >11-08 00:01:30.318:
W/GmsStrictMode(9130): at android.os.Looper.loopOnce(Looper.java:201) >11-08 00:01:30.318:
W/GmsStrictMode(9130): at android.os.Looper.loop(Looper.java:288) >11-08 00:01:30.318:
W/GmsStrictMode(9130): at android.app.ActivityThread.main(ActivityThread.java:7872) >11-08 00:01:30.318:
W/GmsStrictMode(9130): at java.lang.reflect.Method.invoke(Native Method) >11-08 00:01:30.318:
W/GmsStrictMode(9130): at com.android.internal.os.RuntimeInit$MethodAndArgsCaller.run(RuntimeInit.java:548) >11-08 00:01:30.318:
W/GmsStrictMode(9130): at com.android.internal.os.ZygoteInit.main(ZygoteInit.java:936) >11-08 00:01:30.319:
W/GmsStrictMode(9130): DISK_READ [CONTEXT service_id=256 ] >11-08 00:01:30.319:
W/GmsStrictMode(9130): android.os.strictmode.DiskReadViolation >11-08 00:01:30.319:
W/GmsStrictMode(9130): at android.os.StrictMode$AndroidBlockGuardPolicy.onReadFromDisk(StrictMode.java:1658) >11-08 00:01:30.319:
W/GmsStrictMode(9130): at libcore.io.BlockGuardOs.access(BlockGuardOs.java:74) >11-08 00:01:30.319:
W/GmsStrictMode(9130): at libcore.io.ForwardingOs.access(ForwardingOs.java:128) >11-08 00:01:30.319:
W/GmsStrictMode(9130): at android.app.ActivityThread$AndroidOs.access(ActivityThread.java:7749) >11-08 00:01:30.319:
W/GmsStrictMode(9130): at java.io.UnixFileSystem.checkAccess(UnixFileSystem.java:281) >11-08 00:01:30.319:
W/GmsStrictMode(9130): at java.io.File.exists(File.java:813) >11-08 00:01:30.319:
W/GmsStrictMode(9130): at java.io.File.mkdirs(File.java:1347) >11-08 00:01:30.319:
W/GmsStrictMode(9130): at dmmu.f(:com.google.android.gms@233316044@23.33.16 (190400-560149061):7) >11-08 00:01:30.319:
W/GmsStrictMode(9130): at dmmu.<init>(:com.google.android.gms@233316044@23.33.16 (190400-560149061):28) >11-08 00:01:30.319:
W/GmsStrictMode(9130): at dmmu.b(:com.google.android.gms@233316044@23.33.16 (190400-560149061):37) >11-08 00:01:30.319:
W/GmsStrictMode(9130): at dmmu.a(:com.google.android.gms@233316044@23.33.16 (190400-560149061):5) >11-08 00:01:30.319:
W/GmsStrictMode(9130): at com.google.android.gms.smartdevice.logging.CleanBufferedLogsService.onCreate(:com.google.android.gms@233316044@23.33.16 (190400-560149061):8) >11-08 00:01:30.319:
W/GmsStrictMode(9130): at lds.onCreate(:com.google.android.gms@233316044@23.33.16 (190400-560149061):8) >11-08 00:01:30.319:
W/GmsStrictMode(9130): at adpp.onCreate(:com.google.android.gms@233316044@23.33.16 (190400-560149061):27) >11-08 00:01:30.319:
W/GmsStrictMode(9130): at ldr.onCreate(:com.google.android.gms@233316044@23.33.16 (190400-560149061):5) >11-08 00:01:30.319:
W/GmsStrictMode(9130): at ldb.onBind(:com.google.android.gms@233316044@23.33.16 (190400-560149061):131) >11-08 00:01:30.319:
W/GmsStrictMode(9130): at lde.onBind(:com.google.android.gms@233316044@23.33.16 (190400-560149061):10) >11-08 00:01:30.319:
W/GmsStrictMode(9130): at adlm.onBind(:com.google.android.gms@233316044@23.33.16 (190400-560149061):30) >11-08 00:01:30.319:
W/GmsStrictMode(9130): at android.app.ActivityThread.handleBindService(ActivityThread.java:4515) >11-08 00:01:30.319:
W/GmsStrictMode(9130): at android.app.ActivityThread.-$$Nest$mhandleBindService(Unknown Source:0) >11-08 00:01:30.319:
W/GmsStrictMode(9130): at android.app.ActivityThread$H.handleMessage(ActivityThread.java:2166) >11-08 00:01:30.319:
W/GmsStrictMode(9130): at android.os.Handler.dispatchMessage(Handler.java:106) >11-08 00:01:30.319:
W/GmsStrictMode(9130): at android.os.Looper.loopOnce(Looper.java:201) >11-08 00:01:30.319:
W/GmsStrictMode(9130): at android.os.Looper.loop(Looper.java:288) >11-08 00:01:30.319:
W/GmsStrictMode(9130): at android.app.ActivityThread.main(ActivityThread.java:7872) >11-08 00:01:30.319:
W/GmsStrictMode(9130): at java.lang.reflect.Method.invoke(Native Method) >11-08 00:01:30.319:
W/GmsStrictMode(9130): at com.android.internal.os.RuntimeInit$MethodAndArgsCaller.run(RuntimeInit.java:548) >11-08 00:01:30.319:
W/GmsStrictMode(9130): at com.android.internal.os.ZygoteInit.main(ZygoteInit.java:936) >11-08 00:01:30.319:
W/GmsStrictMode(9130): DISK_WRITE [CONTEXT service_id=256 ] >11-08 00:01:30.319:
W/GmsStrictMode(9130): android.os.strictmode.DiskWriteViolation >11-08 00:01:30.319:
W/GmsStrictMode(9130): at android.os.StrictMode$AndroidBlockGuardPolicy.onWriteToDisk(StrictMode.java:1614) >11-08 00:01:30.319:
W/GmsStrictMode(9130): at java.io.UnixFileSystem.createDirectory(UnixFileSystem.java:352) >11-08 00:01:30.319:
W/GmsStrictMode(9130): at java.io.File.mkdir(File.java:1323) >11-08 00:01:30.319:
W/GmsStrictMode(9130): at java.io.File.mkdirs(File.java:1350) >11-08 00:01:30.319:
W/GmsStrictMode(9130): at dmmu.f(:com.google.android.gms@233316044@23.33.16 (190400-560149061):7) >11-08 00:01:30.319:
W/GmsStrictMode(9130): at dmmu.<init>(:com.google.android.gms@233316044@23.33.16 (190400-560149061):28) >11-08 00:01:30.319:
W/GmsStrictMode(9130): at dmmu.b(:com.google.android.gms@233316044@23.33.16 (190400-560149061):37) >11-08 00:01:30.319:
W/GmsStrictMode(9130): at dmmu.a(:com.google.android.gms@233316044@23.33.16 (190400-560149061):5) >11-08 00:01:30.319:
W/GmsStrictMode(9130): at com.google.android.gms.smartdevice.logging.CleanBufferedLogsService.onCreate(:com.google.android.gms@233316044@23.33.16 (190400-560149061):8) >11-08 00:01:30.319:
W/GmsStrictMode(9130): at lds.onCreate(:com.google.android.gms@233316044@23.33.16 (190400-560149061):8) >11-08 00:01:30.319:
W/GmsStrictMode(9130): at adpp.onCreate(:com.google.android.gms@233316044@23.33.16 (190400-560149061):27) >11-08 00:01:30.319:
W/GmsStrictMode(9130): at ldr.onCreate(:com.google.android.gms@233316044@23.33.16 (190400-560149061):5) >11-08 00:01:30.319:
W/GmsStrictMode(9130): at ldb.onBind(:com.google.android.gms@233316044@23.33.16 (190400-560149061):131) >11-08 00:01:30.319:
W/GmsStrictMode(9130): at lde.onBind(:com.google.android.gms@233316044@23.33.16 (190400-560149061):10) >11-08 00:01:30.319:
W/GmsStrictMode(9130): at adlm.onBind(:com.google.android.gms@233316044@23.33.16 (190400-560149061):30) >11-08 00:01:30.319:
W/GmsStrictMode(9130): at android.app.ActivityThread.handleBindService(ActivityThread.java:4515) >11-08 00:01:30.319:
W/GmsStrictMode(9130): at android.app.ActivityThread.-$$Nest$mhandleBindService(Unknown Source:0) >11-08 00:01:30.319:
W/GmsStrictMode(9130): at android.app.ActivityThread$H.handleMessage(ActivityThread.java:2166) >11-08 00:01:30.319:
W/GmsStrictMode(9130): at android.os.Handler.dispatchMessage(Handler.java:106) >11-08 00:01:30.319:
W/GmsStrictMode(9130): at android.os.Looper.loopOnce(Looper.java:201) >11-08 00:01:30.319:
W/GmsStrictMode(9130): at android.os.Looper.loop(Looper.java:288) >11-08 00:01:30.319:
W/GmsStrictMode(9130): at android.app.ActivityThread.main(ActivityThread.java:7872) >11-08 00:01:30.319:
W/GmsStrictMode(9130): at java.lang.reflect.Method.invoke(Native Method) >11-08 00:01:30.319:
W/GmsStrictMode(9130): at com.android.internal.os.RuntimeInit$MethodAndArgsCaller.run(RuntimeInit.java:548) >11-08 00:01:30.319:
W/GmsStrictMode(9130): at com.android.internal.os.ZygoteInit.main(ZygoteInit.java:936) >11-08 00:01:30.321:
I/SmartDevice(9130): [CleanBufferedLogsService] Running task upload_buffered_logs_periodic >11-08 00:01:30.322:
I/ConsentLogging(9130): [LoggingStore] No events available for subdirectory >11-08 00:01:30.322:
W/SmartDevice(9130): [SmartDeviceBufferedLogs] No buffered logs for source SMART_SETUP after SUW is complete >11-08 00:01:30.322:
I/ConsentLogging(9130): [LoggingStore] No events available for subdirectory >11-08 00:01:30.322:
W/SmartDevice(9130): [SmartDeviceBufferedLogs] No buffered logs for source ANDROID_AUTH after SUW is complete >11-08 00:01:30.323:
I/NetworkScheduler.Stats(9002): Task com.google.android.gms/com.google.android.gms.smartdevice.logging.CleanBufferedLogsService finished executing. cause:5 result: 1 elapsed_millis: 8 uptime_millis: 8 exec_start_elapsed_seconds: 196 [CONTEXT service_id=218 ] >11-08 00:01:30.323:
D/BoundBrokerSvc(9130): onUnbind: Intent { act=com.google.android.gms.smartdevice.logging.CleanBufferedLogsService.ACTION_TASK_READY dat=chimera-action:/... cmp=com.google.android.gms/.chimera.GmsInternalBoundBrokerService } >11-08 00:01:30.331:
D/TrafficStats(9130): tagSocket(121) with statsTag=0x4600, statsUid=-1 >11-08 00:01:30.339:
I/NetworkScheduler.Stats(9002): Task com.google.android.gms/com.google.android.gms.auth.account.be.accountstate.GcmTaskService started execution. cause:5 exec_start_elapsed_seconds: 196 [CONTEXT service_id=218 ] >11-08 00:01:30.343:
I/MediaProvider(1641): Invalidating LocalCallingIdentity cache for package com.google.android.apps.mtaas.deviceadmin. Reason: op android:read_external_storage >11-08 00:01:30.388:
D/TrafficStats(9130): tagSocket(122) with statsTag=0x4600, statsUid=-1 >11-08 00:01:30.390:
W/NotificationHistory(577): Attempted to add notif for locked/gone/disabled user 0 >11-08 00:01:30.395:
W/AiAiEcho(1529): SmartspaceNotificationPredictor no parser can handle this notification or notification is invalid >11-08 00:01:30.431:
I/Auth(9002): [GcmTaskChimeraService] Sync reported at ACCOUNT_SYNC has status of SUCCESS. [CONTEXT service_id=153 ] >11-08 00:01:30.433:
I/NetworkScheduler.Stats(9002): Task com.google.android.gms/com.google.android.gms.auth.account.be.accountstate.GcmTaskService finished executing. cause:5 result: 1 elapsed_millis: 97 uptime_millis: 97 exec_start_elapsed_seconds: 196 [CONTEXT service_id=218 ] >11-08 00:01:30.433:
D/LocalImageResolver(876): Couldn't use ImageDecoder for drawable, falling back to non-resized load. >11-08 00:01:30.441:
D/LocalImageResolver(876): Couldn't use ImageDecoder for drawable, falling back to non-resized load. >11-08 00:01:30.443:
D/LocalImageResolver(876): Couldn't use ImageDecoder for drawable, falling back to non-resized load. >11-08 00:01:30.447:
W/TouchableRegionManager(876): onHeadsUpPinnedModeChanged >11-08 00:01:30.448:
W/OnBackInvokedCallback(876): OnBackInvokedCallback is not enabled for the application. >11-08 00:01:30.448:
W/OnBackInvokedCallback(876): Set 'android:enableOnBackInvokedCallback="true"' in the application manifest. >11-08 00:01:30.448:
D/CentralSurfaces(876): Received new disable state: enaihbcrso.qingr (unchanged) >11-08 00:01:30.458:
I/NetworkScheduler.Stats(9002): Task com.google.android.gms/com.google.android.gms.auth.account.be.accountstate.GcmTaskService started execution. cause:5 exec_start_elapsed_seconds: 196 [CONTEXT service_id=218 ] >11-08 00:01:30.459:
E/AccountsChangedIntentOp(9130): Exception while subscribing [CONTEXT service_id=167 ] >11-08 00:01:30.459:
E/AccountsChangedIntentOp(9130): java.util.concurrent.ExecutionException: org.json.JSONException: No value for privateTopicName >11-08 00:01:30.459:
E/AccountsChangedIntentOp(9130): at ewm.n(:com.google.android.gms@233316044@23.33.16 (190400-560149061):21) >11-08 00:01:30.459:
E/AccountsChangedIntentOp(9130): at ewm.get(:com.google.android.gms@233316044@23.33.16 (190400-560149061):38) >11-08 00:01:30.459:
E/AccountsChangedIntentOp(9130): at ewr.get(:com.google.android.gms@233316044@23.33.16 (190400-560149061):2) >11-08 00:01:30.459:
E/AccountsChangedIntentOp(9130): at com.google.android.gms.languageprofile.service.AccountsChangedIntentOperation.onHandleIntent(:com.google.android.gms@233316044@23.33.16 (190400-560149061):57) >11-08 00:01:30.459:
E/AccountsChangedIntentOp(9130): at com.google.android.chimera.IntentOperation.onHandleIntent(:com.google.android.gms@233316044@23.33.16 (190400-560149061):2) >11-08 00:01:30.459:
E/AccountsChangedIntentOp(9130): at adqc.onHandleIntent(:com.google.android.gms@233316044@23.33.16 (190400-560149061):10) >11-08 00:01:30.459:
E/AccountsChangedIntentOp(9130): at lep.run(:com.google.android.gms@233316044@23.33.16 (190400-560149061):70) >11-08 00:01:30.459:
E/AccountsChangedIntentOp(9130): at leo.run(:com.google.android.gms@233316044@23.33.16 (190400-560149061):152) >11-08 00:01:30.459:
E/AccountsChangedIntentOp(9130): at dpie.run(:com.google.android.gms@233316044@23.33.16 (190400-560149061):13) >11-08 00:01:30.459:
E/AccountsChangedIntentOp(9130): at java.util.concurrent.ThreadPoolExecutor.runWorker(ThreadPoolExecutor.java:1137) >11-08 00:01:30.459:
E/AccountsChangedIntentOp(9130): at java.util.concurrent.ThreadPoolExecutor$Worker.run(ThreadPoolExecutor.java:637) >11-08 00:01:30.459:
E/AccountsChangedIntentOp(9130): at java.lang.Thread.run(Thread.java:1012) >11-08 00:01:30.459:
E/AccountsChangedIntentOp(9130): Caused by: org.json.JSONException: No value for privateTopicName >11-08 00:01:30.459:
E/AccountsChangedIntentOp(9130): at org.json.JSONObject.get(JSONObject.java:398) >11-08 00:01:30.459:
E/AccountsChangedIntentOp(9130): at org.json.JSONObject.getString(JSONObject.java:559) >11-08 00:01:30.459:
E/AccountsChangedIntentOp(9130): at azeu.d(:com.google.android.gms@233316044@23.33.16 (190400-560149061):24) >11-08 00:01:30.459:
E/AccountsChangedIntentOp(9130): at bbnm.b(:com.google.android.gms@233316044@23.33.16 (190400-560149061):15) >11-08 00:01:30.459:
E/AccountsChangedIntentOp(9130): at bbrh.onSucceeded(:com.google.android.gms@233316044@23.33.16 (190400-560149061):23) >11-08 00:01:30.459:
E/AccountsChangedIntentOp(9130): at m.jf.onSucceeded(:com.google.android.gms.dynamite_cronetdynamite@233316044@23.33.16 (190400-0):3) >11-08 00:01:30.459:
E/AccountsChangedIntentOp(9130): at m.ie.run(:com.google.android.gms.dynamite_cronetdynamite@233316044@23.33.16 (190400-0):25) >11-08 00:01:30.459:
E/AccountsChangedIntentOp(9130): at agny.c(:com.google.android.gms@233316044@23.33.16 (190400-560149061):50) >11-08 00:01:30.459:
E/AccountsChangedIntentOp(9130): at agny.run(:com.google.android.gms@233316044@23.33.16 (190400-560149061):76) >11-08 00:01:30.459:
E/AccountsChangedIntentOp(9130): at java.util.concurrent.ThreadPoolExecutor.runWorker(ThreadPoolExecutor.java:1137) >11-08 00:01:30.459:
E/AccountsChangedIntentOp(9130): at java.util.concurrent.ThreadPoolExecutor$Worker.run(ThreadPoolExecutor.java:637) >11-08 00:01:30.459:
E/AccountsChangedIntentOp(9130): at agtg.run(:com.google.android.gms@233316044@23.33.16 (190400-560149061):8) >11-08 00:01:30.459:
E/AccountsChangedIntentOp(9130): ... 1 more >11-08 00:01:30.461:
I/NetworkScheduler.Stats(9002): Task com.google.android.gms/com.google.android.gms.auth.account.be.accountstate.GcmTaskService finished executing. cause:5 result: 2 elapsed_millis: 7 uptime_millis: 7 exec_start_elapsed_seconds: 196 [CONTEXT service_id=218 ] >11-08 00:01:30.468:
D/TrafficStats(9130): tagSocket(123) with statsTag=0x4600, statsUid=-1 >11-08 00:01:30.472:
D/QSPanelControllerBase(876): onConfigurationChange: mShouldUseSplitNotificationShade=false, newConfig.windowConfiguration={ mBounds=Rect(0, 0 - 1080, 1920) mAppBounds=Rect(0, 0 - 1080, 1857) mMaxBounds=Rect(0, 0 - 1080, 1920) mDisplayRotation=ROTATION_0 mWindowingMode=fullscreen mDisplayWindowingMode=fullscreen mActivityType=undefined mAlwaysOnTop=undefined mRotation=ROTATION_0} >11-08 00:01:30.473:
D/QSPanelControllerBase(876): onConfigurationChange: mShouldUseSplitNotificationShade=false, newConfig.windowConfiguration={ mBounds=Rect(0, 0 - 1080, 1920) mAppBounds=Rect(0, 0 - 1080, 1857) mMaxBounds=Rect(0, 0 - 1080, 1920) mDisplayRotation=ROTATION_0 mWindowingMode=fullscreen mDisplayWindowingMode=fullscreen mActivityType=undefined mAlwaysOnTop=undefined mRotation=ROTATION_0} >11-08 00:01:30.476:
D/BoundBrokerSvc(9130): onBind: Intent { act=com.google.android.gms.common.stats.NotificationLoggingTask.ACTION_TASK_READY dat=chimera-action:/... cmp=com.google.android.gms/.chimera.GmsInternalBoundBrokerService } >11-08 00:01:30.476:
D/BoundBrokerSvc(9130): Loading bound service for intent: Intent { act=com.google.android.gms.common.stats.NotificationLoggingTask.ACTION_TASK_READY dat=chimera-action:/... cmp=com.google.android.gms/.chimera.GmsInternalBoundBrokerService } >11-08 00:01:30.483:
W/ChimeraUtils(9130): Module com.google.android.gms.core missing resource null(0) >11-08 00:01:30.491:
D/BoundBrokerSvc(9130): onUnbind: Intent { act=com.google.android.gms.common.stats.NotificationLoggingTask.ACTION_TASK_READY dat=chimera-action:/... cmp=com.google.android.gms/.chimera.GmsInternalBoundBrokerService } >11-08 00:01:30.493:
I/NetworkScheduler.Stats(9002): Task com.google.android.gms/com.google.android.gms.common.stats.NotificationLoggingTask started execution. cause:5 exec_start_elapsed_seconds: 196 [CONTEXT service_id=218 ] >11-08 00:01:30.494:
I/NetworkScheduler.Stats(9002): Task com.google.android.gms/com.google.android.gms.common.stats.NotificationLoggingTask finished executing. cause:5 result: 1 elapsed_millis: 16 uptime_millis: 16 exec_start_elapsed_seconds: 196 [CONTEXT service_id=218 ] >11-08 00:01:30.509:
D/BoundBrokerSvc(9130): onBind: Intent { act=com.google.android.gms.common.stats.permissions.PermissionStateLoggingTask.ACTION_TASK_READY dat=chimera-action:/... cmp=com.google.android.gms/.chimera.GmsInternalBoundBrokerService } >11-08 00:01:30.509:
D/BoundBrokerSvc(9130): Loading bound service for intent: Intent { act=com.google.android.gms.common.stats.permissions.PermissionStateLoggingTask.ACTION_TASK_READY dat=chimera-action:/... cmp=com.google.android.gms/.chimera.GmsInternalBoundBrokerService } >11-08 00:01:30.512:
I/NetworkScheduler.Stats(9002): Task com.google.android.gms/com.google.android.gms.common.stats.permissions.PermissionStateLoggingTask started execution. cause:5 exec_start_elapsed_seconds: 196 [CONTEXT service_id=218 ] >11-08 00:01:30.529:
E/AccountsChangedIntentOp(9130): Exception while subscribing [CONTEXT service_id=167 ] >11-08 00:01:30.529:
E/AccountsChangedIntentOp(9130): java.util.concurrent.ExecutionException: org.json.JSONException: No value for privateTopicName >11-08 00:01:30.529:
E/AccountsChangedIntentOp(9130): at ewm.n(:com.google.android.gms@233316044@23.33.16 (190400-560149061):21) >11-08 00:01:30.529:
E/AccountsChangedIntentOp(9130): at ewm.get(:com.google.android.gms@233316044@23.33.16 (190400-560149061):38) >11-08 00:01:30.529:
E/AccountsChangedIntentOp(9130): at ewr.get(:com.google.android.gms@233316044@23.33.16 (190400-560149061):2) >11-08 00:01:30.529:
E/AccountsChangedIntentOp(9130): at com.google.android.gms.languageprofile.service.AccountsChangedIntentOperation.onHandleIntent(:com.google.android.gms@233316044@23.33.16 (190400-560149061):57) >11-08 00:01:30.529:
E/AccountsChangedIntentOp(9130): at com.google.android.chimera.IntentOperation.onHandleIntent(:com.google.android.gms@233316044@23.33.16 (190400-560149061):2) >11-08 00:01:30.529:
E/AccountsChangedIntentOp(9130): at adqc.onHandleIntent(:com.google.android.gms@233316044@23.33.16 (190400-560149061):10) >11-08 00:01:30.529:
E/AccountsChangedIntentOp(9130): at lep.run(:com.google.android.gms@233316044@23.33.16 (190400-560149061):70) >11-08 00:01:30.529:
E/AccountsChangedIntentOp(9130): at leo.run(:com.google.android.gms@233316044@23.33.16 (190400-560149061):152) >11-08 00:01:30.529:
E/AccountsChangedIntentOp(9130): at dpie.run(:com.google.android.gms@233316044@23.33.16 (190400-560149061):13) >11-08 00:01:30.529:
E/AccountsChangedIntentOp(9130): at java.util.concurrent.ThreadPoolExecutor.runWorker(ThreadPoolExecutor.java:1137) >11-08 00:01:30.529:
E/AccountsChangedIntentOp(9130): at java.util.concurrent.ThreadPoolExecutor$Worker.run(ThreadPoolExecutor.java:637) >11-08 00:01:30.529:
E/AccountsChangedIntentOp(9130): at java.lang.Thread.run(Thread.java:1012) >11-08 00:01:30.529:
E/AccountsChangedIntentOp(9130): Caused by: org.json.JSONException: No value for privateTopicName >11-08 00:01:30.529:
E/AccountsChangedIntentOp(9130): at org.json.JSONObject.get(JSONObject.java:398) >11-08 00:01:30.529:
E/AccountsChangedIntentOp(9130): at org.json.JSONObject.getString(JSONObject.java:559) >11-08 00:01:30.529:
E/AccountsChangedIntentOp(9130): at azeu.d(:com.google.android.gms@233316044@23.33.16 (190400-560149061):24) >11-08 00:01:30.529:
E/AccountsChangedIntentOp(9130): at bbnm.b(:com.google.android.gms@233316044@23.33.16 (190400-560149061):15) >11-08 00:01:30.529:
E/AccountsChangedIntentOp(9130): at bbrh.onSucceeded(:com.google.android.gms@233316044@23.33.16 (190400-560149061):23) >11-08 00:01:30.529:
E/AccountsChangedIntentOp(9130): at m.jf.onSucceeded(:com.google.android.gms.dynamite_cronetdynamite@233316044@23.33.16 (190400-0):3) >11-08 00:01:30.529:
E/AccountsChangedIntentOp(9130): at m.ie.run(:com.google.android.gms.dynamite_cronetdynamite@233316044@23.33.16 (190400-0):25) >11-08 00:01:30.529:
E/AccountsChangedIntentOp(9130): at agny.c(:com.google.android.gms@233316044@23.33.16 (190400-560149061):50) >11-08 00:01:30.529:
E/AccountsChangedIntentOp(9130): at agny.run(:com.google.android.gms@233316044@23.33.16 (190400-560149061):76) >11-08 00:01:30.529:
E/AccountsChangedIntentOp(9130): at java.util.concurrent.ThreadPoolExecutor.runWorker(ThreadPoolExecutor.java:1137) >11-08 00:01:30.529:
E/AccountsChangedIntentOp(9130): at java.util.concurrent.ThreadPoolExecutor$Worker.run(ThreadPoolExecutor.java:637) >11-08 00:01:30.529:
E/AccountsChangedIntentOp(9130): at agtg.run(:com.google.android.gms@233316044@23.33.16 (190400-560149061):8) >11-08 00:01:30.529:
E/AccountsChangedIntentOp(9130): ... 1 more >11-08 00:01:30.544:
W/Parcel(876): Expecting binder but got null! >11-08 00:01:30.546:
W/System(9002): A resource failed to call close. >11-08 00:01:30.546:
W/inertial-anchor(9002): NdkSensorDataProvider is not started before calling Stop(). >11-08 00:01:30.546:
W/inertial-anchor(9002): NdkSensorDataProvider is not started before calling Stop(). >11-08 00:01:30.550:
I/NetworkScheduler.Stats(9002): Task com.google.android.gms/com.google.android.gms.common.stats.permissions.PermissionStateLoggingTask finished executing. cause:5 result: 1 elapsed_millis: 37 uptime_millis: 37 exec_start_elapsed_seconds: 196 [CONTEXT service_id=218 ] >11-08 00:01:30.553:
D/BoundBrokerSvc(9130): onUnbind: Intent { act=com.google.android.gms.common.stats.permissions.PermissionStateLoggingTask.ACTION_TASK_READY dat=chimera-action:/... cmp=com.google.android.gms/.chimera.GmsInternalBoundBrokerService } >11-08 00:01:30.572: E/QuickAccessWalletKeyguardQuickAffordanceConfig(876): Wallet card retrieval error, message: "null" >11-08 00:01:30.572:
D/ControlsListingControllerImpl(876): Subscribing callback, service count: 0 >11-08 00:01:30.575: E/QuickAccessWalletKeyguardQuickAffordanceConfig(876): Wallet card retrieval error, message: "null" >11-08 00:01:30.575:
D/ControlsListingControllerImpl(876): Subscribing callback, service count: 0 >11-08 00:01:30.580:
D/BoundBrokerSvc(9130): onBind: Intent { act=.people.service.wipeout.PeopleAndroidUriWipeoutTask.ACTION_TASK_READY dat=chimera-action:/... cmp=com.google.android.gms/.chimera.GmsInternalBoundBrokerService } >11-08 00:01:30.580:
D/BoundBrokerSvc(9130): Loading bound service for intent: Intent { act=.people.service.wipeout.PeopleAndroidUriWipeoutTask.ACTION_TASK_READY dat=chimera-action:/... cmp=com.google.android.gms/.chimera.GmsInternalBoundBrokerService } >11-08 00:01:30.582:
I/NetworkScheduler.Stats(9002): Task com.google.android.gms/.people.service.wipeout.PeopleAndroidUriWipeoutTask started execution. cause:5 exec_start_elapsed_seconds: 196 [CONTEXT service_id=218 ] >11-08 00:01:30.583:
I/AndroidUriWipeoutSvc(9130): Running AndroidUriWipeout [CONTEXT service_id=5 ] >11-08 00:01:30.584:
D/BoundBrokerSvc(9130): onUnbind: Intent { act=.people.service.wipeout.PeopleAndroidUriWipeoutTask.ACTION_TASK_READY dat=chimera-action:/... cmp=com.google.android.gms/.chimera.GmsInternalBoundBrokerService } >11-08 00:01:30.584:
I/NetworkScheduler.Stats(9002): Task com.google.android.gms/.people.service.wipeout.PeopleAndroidUriWipeoutTask finished executing. cause:5 result: 1 elapsed_millis: 11 uptime_millis: 11 exec_start_elapsed_seconds: 196 [CONTEXT service_id=218 ] >11-08 00:01:30.591:
D/BoundBrokerSvc(9130): onBind: Intent { act=com.google.android.gms.semanticlocation.mdd.MddDownloadScheduleService.ACTION_TASK_READY dat=chimera-action:/... cmp=com.google.android.gms/.chimera.GmsInternalBoundBrokerService } >11-08 00:01:30.591:
D/BoundBrokerSvc(9130): Loading bound service for intent: Intent { act=com.google.android.gms.semanticlocation.mdd.MddDownloadScheduleService.ACTION_TASK_READY dat=chimera-action:/... cmp=com.google.android.gms/.chimera.GmsInternalBoundBrokerService } >11-08 00:01:30.593:
I/NetworkScheduler.Stats(9002): Task com.google.android.gms/com.google.android.gms.semanticlocation.mdd.MddDownloadScheduleService started execution. cause:5 exec_start_elapsed_seconds: 196 [CONTEXT service_id=218 ] >11-08 00:01:30.613:
I/NetworkScheduler.Stats(9002): Task com.google.android.gms/com.google.android.gms.semanticlocation.mdd.MddDownloadScheduleService finished executing. cause:5 result: 1 elapsed_millis: 23 uptime_millis: 23 exec_start_elapsed_seconds: 196 [CONTEXT service_id=218 ] >11-08 00:01:30.613:
D/BoundBrokerSvc(9130): onUnbind: Intent { act=com.google.android.gms.semanticlocation.mdd.MddDownloadScheduleService.ACTION_TASK_READY dat=chimera-action:/... cmp=com.google.android.gms/.chimera.GmsInternalBoundBrokerService } >11-08 00:01:30.624:
D/BoundBrokerSvc(9130): onBind: Intent { act=com.google.android.gms.semanticlocation.service.SemanticLocationCleanupJob.ACTION_TASK_READY dat=chimera-action:/... cmp=com.google.android.gms/.chimera.GmsInternalBoundBrokerService } >11-08 00:01:30.624:
D/BoundBrokerSvc(9130): Loading bound service for intent: Intent { act=com.google.android.gms.semanticlocation.service.SemanticLocationCleanupJob.ACTION_TASK_READY dat=chimera-action:/... cmp=com.google.android.gms/.chimera.GmsInternalBoundBrokerService } >11-08 00:01:30.625:
I/NetworkScheduler.Stats(9002): Task com.google.android.gms/com.google.android.gms.semanticlocation.service.SemanticLocationCleanupJob started execution. cause:5 exec_start_elapsed_seconds: 196 [CONTEXT service_id=218 ] >11-08 00:01:30.631:
I/NetworkScheduler.Stats(9002): Task com.google.android.gms/com.google.android.gms.semanticlocation.service.SemanticLocationCleanupJob finished executing. cause:5 result: 1 elapsed_millis: 7 uptime_millis: 7 exec_start_elapsed_seconds: 196 [CONTEXT service_id=218 ] >11-08 00:01:30.631:
D/BoundBrokerSvc(9130): onUnbind: Intent { act=com.google.android.gms.semanticlocation.service.SemanticLocationCleanupJob.ACTION_TASK_READY dat=chimera-action:/... cmp=com.google.android.gms/.chimera.GmsInternalBoundBrokerService } >11-08 00:01:30.633:
D/TrafficStats(9130): tagSocket(129) with statsTag=0x4600, statsUid=-1 >11-08 00:01:30.639:
D/BoundBrokerSvc(9130): onBind: Intent { act=com.google.android.gms.auth.blockstore.service.cloudsync.CloudSyncBackupTaskService.ACTION_TASK_READY dat=chimera-action:/... cmp=com.google.android.gms/.chimera.GmsInternalBoundBrokerService } >11-08 00:01:30.639:
D/BoundBrokerSvc(9130): Loading bound service for intent: Intent { act=com.google.android.gms.auth.blockstore.service.cloudsync.CloudSyncBackupTaskService.ACTION_TASK_READY dat=chimera-action:/... cmp=com.google.android.gms/.chimera.GmsInternalBoundBrokerService } >11-08 00:01:30.640:
I/NetworkScheduler.Stats(9002): Task com.google.android.gms/com.google.android.gms.auth.blockstore.service.cloudsync.CloudSyncBackupTaskService started execution. cause:5 exec_start_elapsed_seconds: 196 [CONTEXT service_id=218 ] >11-08 00:01:30.641:
I/Blockstore(9130): [CloudSyncBackupTaskService] triggering a cloud sync back up. [CONTEXT service_id=258 ] >11-08 00:01:30.643:
I/Blockstore(9130): [EncryptedCloudSyncManager] User is not opted into Cloud backup. Should skip cloud sync. [CONTEXT service_id=258 ] >11-08 00:01:30.643:
I/Blockstore(9130): [EncryptedCloudSyncManager] Should not back up to cloud. Skipping. [CONTEXT service_id=258 ] >11-08 00:01:30.643:
I/Blockstore(9130): [CloudSyncBackupTaskService] sync result: SYNC_SKIPPED_NOT_ELIGIBLE, upload attempted: false, encryption type: UNKNOWN, uploaded size: 0 bytes [CONTEXT service_id=258 ] >11-08 00:01:30.645:
I/Blockstore(9130): [CloudSyncBackupTaskService] No app uses Blockstore cloud backup. Skip logging. [CONTEXT service_id=258 ] >11-08 00:01:30.647:
I/NetworkScheduler.Stats(9002): Task com.google.android.gms/com.google.android.gms.auth.blockstore.service.cloudsync.CloudSyncBackupTaskService finished executing. cause:5 result: 1 elapsed_millis: 8 uptime_millis: 8 exec_start_elapsed_seconds: 196 [CONTEXT service_id=218 ] >11-08 00:01:30.647:
D/BoundBrokerSvc(9130): onUnbind: Intent { act=com.google.android.gms.auth.blockstore.service.cloudsync.CloudSyncBackupTaskService.ACTION_TASK_READY dat=chimera-action:/... cmp=com.google.android.gms/.chimera.GmsInternalBoundBrokerService } >11-08 00:01:30.660:
D/BoundBrokerSvc(9002): onBind: Intent { act=com.google.android.gms.nearby.fastpair.service.TaskSchedulerChimeraService.ACTION_TASK_READY dat=chimera-action:/... cmp=com.google.android.gms/.chimera.PersistentInternalBoundBrokerService } >11-08 00:01:30.660:
D/BoundBrokerSvc(9002): Loading bound service for intent: Intent { act=com.google.android.gms.nearby.fastpair.service.TaskSchedulerChimeraService.ACTION_TASK_READY dat=chimera-action:/... cmp=com.google.android.gms/.chimera.PersistentInternalBoundBrokerService } >11-08 00:01:30.662:
I/NetworkScheduler.Stats(9002): Task com.google.android.gms/com.google.android.gms.nearby.fastpair.service.TaskSchedulerChimeraService started execution. cause:5 exec_start_elapsed_seconds: 196 [CONTEXT service_id=218 ] >11-08 00:01:30.662:
I/NearbyFastPair(9002): TSS onRunTask: tag = TAG_FOOTPRINTS_RECON_SYNC_SCHEDULE [CONTEXT service_id=265 ] >11-08 00:01:30.663:
I/NearbyDiscovery(9002): FastPair: the geller recon sync is disabled [CONTEXT service_id=265 ] >11-08 00:01:30.665:
I/NetworkScheduler.Stats(9002): Task com.google.android.gms/com.google.android.gms.nearby.fastpair.service.TaskSchedulerChimeraService finished executing. cause:5 result: 1 elapsed_millis: 5 uptime_millis: 5 exec_start_elapsed_seconds: 196 [CONTEXT service_id=218 ] >11-08 00:01:30.668:
D/BoundBrokerSvc(9002): onUnbind: Intent { act=com.google.android.gms.nearby.fastpair.service.TaskSchedulerChimeraService.ACTION_TASK_READY dat=chimera-action:/... cmp=com.google.android.gms/.chimera.PersistentInternalBoundBrokerService } >11-08 00:01:30.669:
I/NearbyFastPair(9002): TSS destroyed [CONTEXT service_id=265 ] >11-08 00:01:30.679:
D/BoundBrokerSvc(9130): onBind: Intent { act=com.google.android.gms.adsidentity.service.AdservicesStatusService.ACTION_TASK_READY dat=chimera-action:/... cmp=com.google.android.gms/.chimera.GmsInternalBoundBrokerService } >11-08 00:01:30.679:
D/BoundBrokerSvc(9130): Loading bound service for intent: Intent { act=com.google.android.gms.adsidentity.service.AdservicesStatusService.ACTION_TASK_READY dat=chimera-action:/... cmp=com.google.android.gms/.chimera.GmsInternalBoundBrokerService } >11-08 00:01:30.703:
W/GmsStrictMode(9130): DISK_READ [CONTEXT service_id=256 ] >11-08 00:01:30.703:
W/GmsStrictMode(9130): android.os.strictmode.DiskReadViolation >11-08 00:01:30.703:
W/GmsStrictMode(9130): at android.os.StrictMode$AndroidBlockGuardPolicy.onReadFromDisk(StrictMode.java:1658) >11-08 00:01:30.703:
W/GmsStrictMode(9130): at libcore.io.BlockGuardOs.access(BlockGuardOs.java:74) >11-08 00:01:30.703:
W/GmsStrictMode(9130): at libcore.io.ForwardingOs.access(ForwardingOs.java:128) >11-08 00:01:30.703:
W/GmsStrictMode(9130): at android.app.ActivityThread$AndroidOs.access(ActivityThread.java:7749) >11-08 00:01:30.703:
W/GmsStrictMode(9130): at java.io.UnixFileSystem.checkAccess(UnixFileSystem.java:281) >11-08 00:01:30.703:
W/GmsStrictMode(9130): at java.io.File.exists(File.java:813) >11-08 00:01:30.703:
W/GmsStrictMode(9130): at android.app.ContextImpl.getDataDir(ContextImpl.java:2962) >11-08 00:01:30.703:
W/GmsStrictMode(9130): at android.app.ContextImpl.getPreferencesDir(ContextImpl.java:704) >11-08 00:01:30.703:
W/GmsStrictMode(9130): at android.app.ContextImpl.getSharedPreferencesPath(ContextImpl.java:931) >11-08 00:01:30.703:
W/GmsStrictMode(9130): at android.app.ContextImpl.getSharedPreferences(ContextImpl.java:553) >11-08 00:01:30.703:
W/GmsStrictMode(9130): at android.content.ContextWrapper.getSharedPreferences(ContextWrapper.java:217) >11-08 00:01:30.703:
W/GmsStrictMode(9130): at android.content.ContextWrapper.getSharedPreferences(ContextWrapper.java:217) >11-08 00:01:30.703:
W/GmsStrictMode(9130): at android.content.ContextWrapper.getSharedPreferences(ContextWrapper.java:217) >11-08 00:01:30.703:
W/GmsStrictMode(9130): at bbja.a(:com.google.android.gms@233316044@23.33.16 (190400-560149061):1) >11-08 00:01:30.703:
W/GmsStrictMode(9130): at bbjd.a(:com.google.android.gms@233316044@23.33.16 (190400-560149061):144) >11-08 00:01:30.703:
W/GmsStrictMode(9130): at oqx.b(:com.google.android.gms@233316044@23.33.16 (190400-560149061):19) >11-08 00:01:30.703:
W/GmsStrictMode(9130): at com.google.android.gms.adsidentity.service.AdservicesStatusService.<init>(:com.google.android.gms@233316044@23.33.16 (190400-560149061):5) >11-08 00:01:30.703:
W/GmsStrictMode(9130): at java.lang.Class.newInstance(Native Method) >11-08 00:01:30.703:
W/GmsStrictMode(9130): at lax.a(:com.google.android.gms@233316044@23.33.16 (190400-560149061):8) >11-08 00:01:30.703:
W/GmsStrictMode(9130): at ldt.a(:com.google.android.gms@233316044@23.33.16 (190400-560149061):12) >11-08 00:01:30.703:
W/GmsStrictMode(9130): at adpq.a(:com.google.android.gms@233316044@23.33.16 (190400-560149061):42) >11-08 00:01:30.703:
W/GmsStrictMode(9130): at ldt.b(:com.google.android.gms@233316044@23.33.16 (190400-560149061):5) >11-08 00:01:30.703:
W/GmsStrictMode(9130): at lde.f(:com.google.android.gms@233316044@23.33.16 (190400-560149061):11) >11-08 00:01:30.703:
W/GmsStrictMode(9130): at lde.a(:com.google.android.gms@233316044@23.33.16 (190400-560149061):2) >11-08 00:01:30.703:
W/GmsStrictMode(9130): at adpm.a(:com.google.android.gms@233316044@23.33.16 (190400-560149061):1) >11-08 00:01:30.703:
W/GmsStrictMode(9130): at ldb.onBind(:com.google.android.gms@233316044@23.33.16 (190400-560149061):125) >11-08 00:01:30.703:
W/GmsStrictMode(9130): at lde.onBind(:com.google.android.gms@233316044@23.33.16 (190400-560149061):10) >11-08 00:01:30.703:
W/GmsStrictMode(9130): at adlm.onBind(:com.google.android.gms@233316044@23.33.16 (190400-560149061):30) >11-08 00:01:30.703:
W/GmsStrictMode(9130): at android.app.ActivityThread.handleBindService(ActivityThread.java:4515) >11-08 00:01:30.703:
W/GmsStrictMode(9130): at android.app.ActivityThread.-$$Nest$mhandleBindService(Unknown Source:0) >11-08 00:01:30.703:
W/GmsStrictMode(9130): at android.app.ActivityThread$H.handleMessage(ActivityThread.java:2166) >11-08 00:01:30.703:
W/GmsStrictMode(9130): at android.os.Handler.dispatchMessage(Handler.java:106) >11-08 00:01:30.703:
W/GmsStrictMode(9130): at android.os.Looper.loopOnce(Looper.java:201) >11-08 00:01:30.703:
W/GmsStrictMode(9130): at android.os.Looper.loop(Looper.java:288) >11-08 00:01:30.703:
W/GmsStrictMode(9130): at android.app.ActivityThread.main(ActivityThread.java:7872) >11-08 00:01:30.703:
W/GmsStrictMode(9130): at java.lang.reflect.Method.invoke(Native Method) >11-08 00:01:30.703:
W/GmsStrictMode(9130): at com.android.internal.os.RuntimeInit$MethodAndArgsCaller.run(RuntimeInit.java:548) >11-08 00:01:30.703:
W/GmsStrictMode(9130): at com.android.internal.os.ZygoteInit.main(ZygoteInit.java:936) >11-08 00:01:30.703:
W/GmsStrictMode(9130): DISK_READ [CONTEXT service_id=256 ] >11-08 00:01:30.703:
W/GmsStrictMode(9130): android.os.strictmode.DiskReadViolation >11-08 00:01:30.703:
W/GmsStrictMode(9130): at android.os.StrictMode$AndroidBlockGuardPolicy.onReadFromDisk(StrictMode.java:1658) >11-08 00:01:30.703:
W/GmsStrictMode(9130): at libcore.io.BlockGuardOs.access(BlockGuardOs.java:74) >11-08 00:01:30.703:
W/GmsStrictMode(9130): at libcore.io.ForwardingOs.access(ForwardingOs.java:128) >11-08 00:01:30.703:
W/GmsStrictMode(9130): at android.app.ActivityThread$AndroidOs.access(ActivityThread.java:7749) >11-08 00:01:30.703:
W/GmsStrictMode(9130): at java.io.UnixFileSystem.checkAccess(UnixFileSystem.java:281) >11-08 00:01:30.703:
W/GmsStrictMode(9130): at java.io.File.exists(File.java:813) >11-08 00:01:30.703:
W/GmsStrictMode(9130): at android.app.ContextImpl.ensurePrivateDirExists(ContextImpl.java:759) >11-08 00:01:30.703:
W/GmsStrictMode(9130): at android.app.ContextImpl.ensurePrivateDirExists(ContextImpl.java:750) >11-08 00:01:30.703:
W/GmsStrictMode(9130): at android.app.ContextImpl.getPreferencesDir(ContextImpl.java:706) >11-08 00:01:30.703:
W/GmsStrictMode(9130): at android.app.ContextImpl.getSharedPreferencesPath(ContextImpl.java:931) >11-08 00:01:30.703:
W/GmsStrictMode(9130): at android.app.ContextImpl.getSharedPreferences(ContextImpl.java:553) >11-08 00:01:30.703:
W/GmsStrictMode(9130): at android.content.ContextWrapper.getSharedPreferences(ContextWrapper.java:217) >11-08 00:01:30.703:
W/GmsStrictMode(9130): at android.content.ContextWrapper.getSharedPreferences(ContextWrapper.java:217) >11-08 00:01:30.703:
W/GmsStrictMode(9130): at android.content.ContextWrapper.getSharedPreferences(ContextWrapper.java:217) >11-08 00:01:30.703:
W/GmsStrictMode(9130): at bbja.a(:com.google.android.gms@233316044@23.33.16 (190400-560149061):1) >11-08 00:01:30.703:
W/GmsStrictMode(9130): at bbjd.a(:com.google.android.gms@233316044@23.33.16 (190400-560149061):144) >11-08 00:01:30.703:
W/GmsStrictMode(9130): at oqx.b(:com.google.android.gms@233316044@23.33.16 (190400-560149061):19) >11-08 00:01:30.703:
W/GmsStrictMode(9130): at com.google.android.gms.adsidentity.service.AdservicesStatusService.<init>(:com.google.android.gms@233316044@23.33.16 (190400-560149061):5) >11-08 00:01:30.703:
W/GmsStrictMode(9130): at java.lang.Class.newInstance(Native Method) >11-08 00:01:30.703:
W/GmsStrictMode(9130): at lax.a(:com.google.android.gms@233316044@23.33.16 (190400-560149061):8) >11-08 00:01:30.703:
W/GmsStrictMode(9130): at ldt.a(:com.google.android.gms@233316044@23.33.16 (190400-560149061):12) >11-08 00:01:30.703:
W/GmsStrictMode(9130): at adpq.a(:com.google.android.gms@233316044@23.33.16 (190400-560149061):42) >11-08 00:01:30.703:
W/GmsStrictMode(9130): at ldt.b(:com.google.android.gms@233316044@23.33.16 (190400-560149061):5) >11-08 00:01:30.703:
W/GmsStrictMode(9130): at lde.f(:com.google.android.gms@233316044@23.33.16 (190400-560149061):11) >11-08 00:01:30.703:
W/GmsStrictMode(9130): at lde.a(:com.google.android.gms@233316044@23.33.16 (190400-560149061):2) >11-08 00:01:30.703:
W/GmsStrictMode(9130): at adpm.a(:com.google.android.gms@233316044@23.33.16 (190400-560149061):1) >11-08 00:01:30.703:
W/GmsStrictMode(9130): at ldb.onBind(:com.google.android.gms@233316044@23.33.16 (190400-560149061):125) >11-08 00:01:30.703:
W/GmsStrictMode(9130): at lde.onBind(:com.google.android.gms@233316044@23.33.16 (190400-560149061):10) >11-08 00:01:30.703:
W/GmsStrictMode(9130): at adlm.onBind(:com.google.android.gms@233316044@23.33.16 (190400-560149061):30) >11-08 00:01:30.703:
W/GmsStrictMode(9130): at android.app.ActivityThread.handleBindService(ActivityThread.java:4515) >11-08 00:01:30.703:
W/GmsStrictMode(9130): at android.app.ActivityThread.-$$Nest$mhandleBindService(Unknown Source:0) >11-08 00:01:30.703:
W/GmsStrictMode(9130): at android.app.ActivityThread$H.handleMessage(ActivityThread.java:2166) >11-08 00:01:30.703:
W/GmsStrictMode(9130): at android.os.Handler.dispatchMessage(Handler.java:106) >11-08 00:01:30.703:
W/GmsStrictMode(9130): at android.os.Looper.loopOnce(Looper.java:201) >11-08 00:01:30.703:
W/GmsStrictMode(9130): at android.os.Looper.loop(Looper.java:288) >11-08 00:01:30.703:
W/GmsStrictMode(9130): at android.app.ActivityThread.main(ActivityThread.java:7872) >11-08 00:01:30.703:
W/GmsStrictMode(9130): at java.lang.reflect.Method.invoke(Native Method) >11-08 00:01:30.703:
W/GmsStrictMode(9130): at com.android.internal.os.RuntimeInit$MethodAndArgsCaller.run(RuntimeInit.java:548) >11-08 00:01:30.703:
W/GmsStrictMode(9130): at com.android.internal.os.ZygoteInit.main(ZygoteInit.java:936) >11-08 00:01:30.703:
E/AdservicesStatusTask(9130): Couldn't find Common Manager. >11-08 00:01:30.704:
I/NetworkScheduler.Stats(9002): Task com.google.android.gms/com.google.android.gms.adsidentity.service.AdservicesStatusService started execution. cause:5 exec_start_elapsed_seconds: 196 [CONTEXT service_id=218 ] >11-08 00:01:30.705:
I/BorderAgentScannerImpl(9130): Sent Border Agent mDNS service query (transactionId = 2) [CONTEXT service_id=305 ] >11-08 00:01:30.705:
D/BoundBrokerSvc(9130): onBind: Intent { act=com.google.android.gms.adsidentity.service.BIND dat=chimera-action:/... cmp=com.google.android.gms/.chimera.GmsApiService } >11-08 00:01:30.706:
D/BoundBrokerSvc(9130): Loading bound service for intent: Intent { act=com.google.android.gms.adsidentity.service.BIND dat=chimera-action:/... cmp=com.google.android.gms/.chimera.GmsApiService } >11-08 00:01:30.711:
D/BoundBrokerSvc(9130): onBind: Intent { act=com.google.android.gms.ads.identifier.service.EVENT_ATTESTATION dat=chimera-action:/... cmp=com.google.android.gms/.chimera.GmsBoundBrokerService } >11-08 00:01:30.711:
D/BoundBrokerSvc(9130): Loading bound service for intent: Intent { act=com.google.android.gms.ads.identifier.service.EVENT_ATTESTATION dat=chimera-action:/... cmp=com.google.android.gms/.chimera.GmsBoundBrokerService } >11-08 00:01:30.747:
D/BoundBrokerSvc(9130): onUnbind: Intent { act=com.google.android.gms.adsidentity.service.AdservicesStatusService.ACTION_TASK_READY dat=chimera-action:/... cmp=com.google.android.gms/.chimera.GmsInternalBoundBrokerService } >11-08 00:01:30.747:
I/NetworkScheduler.Stats(9002): Task com.google.android.gms/com.google.android.gms.adsidentity.service.AdservicesStatusService finished executing. cause:5 result: 1 elapsed_millis: 68 uptime_millis: 68 exec_start_elapsed_seconds: 196 [CONTEXT service_id=218 ] >11-08 00:01:30.764:
I/NetworkScheduler.Stats(9002): Task com.google.android.gms/com.google.android.gms.languageprofile.GcmTaskService started execution. cause:5 exec_start_elapsed_seconds: 196 [CONTEXT service_id=218 ] >11-08 00:01:30.775:
I/NetworkScheduler.Stats(9002): Task com.google.android.gms/com.google.android.gms.languageprofile.GcmTaskService finished executing. cause:5 result: 1 elapsed_millis: 15 uptime_millis: 15 exec_start_elapsed_seconds: 196 [CONTEXT service_id=218 ] >11-08 00:01:30.783:
I/system_server(577): Explicit concurrent copying GC freed 250201(11MB) AllocSpace objects, 11(220KB) LOS objects, 49% free, 21MB/43MB, paused 17us,25us total 35.332ms >11-08 00:01:30.789:
I/NetworkScheduler.Stats(9002): Task com.google.android.gms/com.google.android.gms.gcm.HeartbeatAlarm$ConnectionInfoPersistService started execution. cause:5 exec_start_elapsed_seconds: 196 [CONTEXT service_id=218 ] >11-08 00:01:30.790:
I/NetworkScheduler.Stats(9002): Task com.google.android.gms/com.google.android.gms.gcm.HeartbeatAlarm$ConnectionInfoPersistService finished executing. cause:5 result: 1 elapsed_millis: 5 uptime_millis: 5 exec_start_elapsed_seconds: 196 [CONTEXT service_id=218 ] >11-08 00:01:30.797:
W/TouchableRegionManager(876): onHeadsUpPinnedModeChanged >11-08 00:01:30.804:
I/NetworkScheduler.Stats(9002): Task com.google.android.gms/com.google.android.gms.ipa.base.IpaGcmTaskService started execution. cause:5 exec_start_elapsed_seconds: 196 [CONTEXT service_id=218 ] >11-08 00:01:30.807:
