I/PackageDexOptimizer(577): Running dexopt (dexoptNeeded=1) on: /data/app/~~V3E2qWifIOaVLKo0ioScAg==/com.google.android.apps.auth.test.support-dKSw7PghQ8lrPjE2PzKO-A==/base.apk pkg=com.google.android.apps.auth.test.support isa=arm64 dexoptFlags=boot_complete,profile_guided,public,enable_hidden_api_checks targetFilter=speed-profile oatDir=/data/app/~~V3E2qWifIOaVLKo0ioScAg==/com.google.android.apps.auth.test.support-dKSw7PghQ8lrPjE2PzKO-A==/oat classLoaderContext=PCL[]{PCL[/system/framework/android.test.base.jar]#PCL[/system/framework/org.apache.http.legacy.jar]} >11-08 00:01:17.723:
V/installd(492): DexInv: --- BEGIN '/data/app/~~V3E2qWifIOaVLKo0ioScAg==/com.google.android.apps.auth.test.support-dKSw7PghQ8lrPjE2PzKO-A==/base.apk' --- >11-08 00:01:17.723:
V/installd(492): Running /apex/com.android.art/bin/dex2oat64 in=base.apk out=/data/app/~~V3E2qWifIOaVLKo0ioScAg==/com.google.android.apps.auth.test.support-dKSw7PghQ8lrPjE2PzKO-A==/oat/arm64/base.odex >11-08 00:01:17.724:
I/A(5854): (REDACTED) Refusing EXCLUSIVE task %s, it is already pending. Try again in %d seconds. >11-08 00:01:17.726:
I/PhenotypeBackgroundRecv(3716): Skipping com.google.android.apps.search.soundsearch.device#com.google.android.googlequicksearchbox which doesn't use ProcessStable flags. >11-08 00:01:17.728:
I/A(5854): (REDACTED) Refusing EXCLUSIVE task %s, it is already pending. Try again in %d seconds. >11-08 00:01:17.729:
I/OpaEligibilityChecker(5854): send OpaEligibilityChange broadcast to CommonBroadcastReceiver >11-08 00:01:17.730:
W/CorpusConfigHelper(5854): Invalid input from icing corpus JSON flag. >11-08 00:01:17.730:
W/CorpusConfigHelper(5854): android.util.MalformedJsonException: Use JsonReader.setLenient(true) to accept malformed JSON at line 123 column 2 >11-08 00:01:17.730:
W/CorpusConfigHelper(5854): at android.util.JsonReader.syntaxError(JsonReader.java:1162) >11-08 00:01:17.730:
W/CorpusConfigHelper(5854): at android.util.JsonReader.checkLenient(JsonReader.java:840) >11-08 00:01:17.730:
W/CorpusConfigHelper(5854): at android.util.JsonReader.nextInArray(JsonReader.java:615) >11-08 00:01:17.730:
W/CorpusConfigHelper(5854): at android.util.JsonReader.peek(JsonReader.java:345) >11-08 00:01:17.730:
W/CorpusConfigHelper(5854): at android.util.JsonReader.hasNext(JsonReader.java:321) >11-08 00:01:17.730:
W/CorpusConfigHelper(5854): at com.google.android.apps.gsa.searchbox.c.b.b.k.c(PG:7) >11-08 00:01:17.730:
W/CorpusConfigHelper(5854): at com.google.android.apps.gsa.searchbox.c.b.b.j.a(Unknown Source:2) >11-08 00:01:17.730:
W/CorpusConfigHelper(5854): at com.google.android.apps.gsa.search.core.i.o.run(PG:5) >11-08 00:01:17.730:
W/CorpusConfigHelper(5854): at com.google.android.libraries.gsa.k.a.h.run(PG:2) >11-08 00:01:17.730:
W/CorpusConfigHelper(5854): at com.google.android.apps.gsa.shared.util.c.a.ce.b(PG:1) >11-08 00:01:17.730:
W/CorpusConfigHelper(5854): at com.google.android.apps.gsa.shared.util.c.a.ch.run(PG:1) >11-08 00:01:17.730:
W/CorpusConfigHelper(5854): at com.google.android.libraries.i.af.run(PG:1) >11-08 00:01:17.730:
W/CorpusConfigHelper(5854): at com.google.android.libraries.i.an.run(PG:23) >11-08 00:01:17.730:
W/CorpusConfigHelper(5854): at com.google.android.libraries.i.l.run(PG:2) >11-08 00:01:17.730:
W/CorpusConfigHelper(5854): at com.google.android.libraries.i.q.run(PG:4) >11-08 00:01:17.730:
W/CorpusConfigHelper(5854): at java.lang.Thread.run(Thread.java:1012) >11-08 00:01:17.730:
W/.gms.persistent(5457): Cleared Reference was only reachable from finalizer (only reported once) >11-08 00:01:17.731:
I/FedAssExpListener(5854): Fed-ass not supported for signed out users. >11-08 00:01:17.732:
I/Fitness(5457): FitCleanupIntentOperation received Intent android.intent.action.PACKAGE_CHANGED [CONTEXT service_id=17 ] >11-08 00:01:17.732:
I/FedAssExpListener(5854): Successfully processed experiments changed. >11-08 00:01:17.733:
I/A(5854): NGA enabled in interactor. >11-08 00:01:17.739:
W/dex2oat64(8002): Mismatch between dex2oat instruction set features to use (ISA: Arm64 Feature string: a53,crc,-lse,-fp16,-dotprod,-sve) and those from CPP defines (ISA: Arm64 Feature string: -a53,-crc,-lse,-fp16,-dotprod,-sve) for the command line: >11-08 00:01:17.739:
W/dex2oat64(8002): /apex/com.android.art/bin/dex2oat64 --zip-fd=7 --zip-location=base.apk --oat-fd=8 --oat-location=/data/app/~~V3E2qWifIOaVLKo0ioScAg==/com.google.android.apps.auth.test.support-dKSw7PghQ8lrPjE2PzKO-A==/oat/arm64/base.odex --input-vdex-fd=-1 --output-vdex-fd=9 --swap-fd=10 --classpath-dir=/data/app/~~V3E2qWifIOaVLKo0ioScAg==/com.google.android.apps.auth.test.support-dKSw7PghQ8lrPjE2PzKO-A== --class-loader-context=PCL[]{PCL[/system/framework/android.test.base.jar]#PCL[/system/framework/org.apache.http.legacy.jar]} --compact-dex-level=none --instruction-set=arm64 --instruction-set-features=default --instruction-set-variant=generic --compiler-filter=speed-profile --compilation-reason=install --max-image-block-size=524288 --resolve-startup-const-strings=true --generate-mini-debug-info --runtime-arg -Xtarget-sdk-version:23 --runtime-arg -Xhidden-api-policy:enabled --runtime-arg -Xms64m --runtime-arg -Xmx512m >11-08 00:01:17.740:
I/dex2oat64(8002): /apex/com.android.art/bin/dex2oat64 --input-vdex-fd=-1 --output-vdex-fd=9 --classpath-dir=/data/app/~~V3E2qWifIOaVLKo0ioScAg==/com.google.android.apps.auth.test.support-dKSw7PghQ8lrPjE2PzKO-A== --class-loader-context=PCL[]{PCL[/system/framework/android.test.base.jar]#PCL[/system/framework/org.apache.http.legacy.jar]} --compact-dex-level=none --compiler-filter=speed-profile --compilation-reason=install --max-image-block-size=524288 --resolve-startup-const-strings=true --generate-mini-debug-info >11-08 00:01:17.740:
I/Icing(5449): IndexChimeraService.getServiceInterface callingPackage=com.google.android.googlequicksearchbox componentName=agsa_icing_connection serviceId=32 >11-08 00:01:17.741:
I/Icing(5449): IndexChimeraService.getServiceInterface callingPackage=com.google.android.googlequicksearchbox componentName=agsa_icing_connection serviceId=33 >11-08 00:01:17.741:
I/Icing(5449): Indexing com.google.android.gms-apps from com.google.android.gms >11-08 00:01:17.743:
I/NamespaceManager(5457): Package com.android.refreshratecontrol name not found! Using module version. >11-08 00:01:17.743:
I/NamespaceManager(5457): Package com.google.oslo name not found! Using module version. >11-08 00:01:17.744:
I/NamespaceManager(5457): Package com.android.media name not found! Using module version. >11-08 00:01:17.744:
I/NamespaceManager(5457): Package com.android.media.swcodec name not found! Using module version. >11-08 00:01:17.746:
I/NamespaceManager(5457): Package com.android.neuralnetworks name not found! Using module version. >11-08 00:01:17.747:
W/ChimeraUtils(5457): Module com.google.android.gms.nearby_en missing resource null(0) >11-08 00:01:17.749:
W/ChimeraUtils(5457): Module com.google.android.gms.nearby_en missing resource null(0) >11-08 00:01:17.749:
I/NamespaceManager(5457): Package com.android.media name not found! Using module version. >11-08 00:01:17.750:
I/NamespaceManager(5457): Package 1 name not found! Using module version. >11-08 00:01:17.750:
I/Icing(5449): Usage reports ok 0, Failed Usage reports 0, indexed 0, rejected 0 >11-08 00:01:17.751:
I/NamespaceManager(5457): Package rkpd name not found! Using module version. >11-08 00:01:17.752:
I/NamespaceManager(5457): Package com.google.android.devicelockcontroller name not found! Using module version. >11-08 00:01:17.752:
I/NamespaceManager(5457): Package com.google.android.healthfitness name not found! Using module version. >11-08 00:01:17.752:
I/NamespaceManager(5457): Package android.companion name not found! Using module version. >11-08 00:01:17.752:
I/NamespaceManager(5457): Package com.google.android.healthfitness name not found! Using module version. >11-08 00:01:17.753:
I/NamespaceManager(5457): Package com.google.android.aicore name not found! Using module version. >11-08 00:01:17.753:
W/PhenotypeConfigurationU(5457): Update for unknown DeviceConfig package com.google.android.gms.auth_managed [CONTEXT service_id=204 ] >11-08 00:01:17.753:
W/PhenotypeConfigurationU(5457): cesr: No package exists for config package: com.google.android.gms.auth_managed >11-08 00:01:17.753:
W/PhenotypeConfigurationU(5457): at cess.a(:com.google.android.gms@233316044@23.33.16 (190400-560149061):70) >11-08 00:01:17.753:
W/PhenotypeConfigurationU(5457): at com.google.android.gms.platformconfigurator.PhenotypeConfigurationUpdateListener.b(:com.google.android.gms@233316044@23.33.16 (190400-560149061):6) >11-08 00:01:17.753:
W/PhenotypeConfigurationU(5457): at com.google.android.gms.platformconfigurator.PhenotypeConfigurationUpdateListener.a(:com.google.android.gms@233316044@23.33.16 (190400-560149061):167) >11-08 00:01:17.753:
W/PhenotypeConfigurationU(5457): at com.google.android.gms.platformconfigurator.PhenotypeConfigurationUpdateListener.onHandleIntent(:com.google.android.gms@233316044@23.33.16 (190400-560149061):278) >11-08 00:01:17.753:
W/PhenotypeConfigurationU(5457): at com.google.android.chimera.IntentOperation.onHandleIntent(:com.google.android.gms@233316044@23.33.16 (190400-560149061):2) >11-08 00:01:17.753:
W/PhenotypeConfigurationU(5457): at adqc.onHandleIntent(:com.google.android.gms@233316044@23.33.16 (190400-560149061):10) >11-08 00:01:17.753:
W/PhenotypeConfigurationU(5457): at lep.run(:com.google.android.gms@233316044@23.33.16 (190400-560149061):70) >11-08 00:01:17.753:
W/PhenotypeConfigurationU(5457): at leo.run(:com.google.android.gms@233316044@23.33.16 (190400-560149061):152) >11-08 00:01:17.753:
W/PhenotypeConfigurationU(5457): at dpie.run(:com.google.android.gms@233316044@23.33.16 (190400-560149061):13) >11-08 00:01:17.753:
W/PhenotypeConfigurationU(5457): at java.util.concurrent.ThreadPoolExecutor.runWorker(ThreadPoolExecutor.java:1137) >11-08 00:01:17.753:
W/PhenotypeConfigurationU(5457): at java.util.concurrent.ThreadPoolExecutor$Worker.run(ThreadPoolExecutor.java:637) >11-08 00:01:17.753:
W/PhenotypeConfigurationU(5457): at java.lang.Thread.run(Thread.java:1012) >11-08 00:01:17.754:
I/Icing(5449): Usage reports ok 0, Failed Usage reports 0, indexed 0, rejected 0 >11-08 00:01:17.758:
I/.gms.persistent(5457): Background concurrent copying GC freed 453669(22MB) AllocSpace objects, 9(252KB) LOS objects, 49% free, 16MB/33MB, paused 18us,9us total 294.896ms >11-08 00:01:17.761:
I/Icing(5449): Indexing done com.google.android.gms-apps >11-08 00:01:17.762:
I/Icing(5449): Indexing com.google.android.gms-apps from com.google.android.gms >11-08 00:01:17.762:
I/Icing(5449): Indexing done com.google.android.gms-apps >11-08 00:01:17.763:
I/Telecom(577): PhoneAccountRegistrar: getSimCallManager: SimCallManager for subId 1 queried, returning: null: TSI.gSCM@AVs >11-08 00:01:17.774:
W/native(1539): W0000 00:00:1699430477.774604 1915 input-utils.cc:95] Failed to get value for update inducing feature |longitude| due to INVALID_ARGUMENT: No feature generators for feature "longitude" >11-08 00:01:17.774:
W/native(1539): === Source Location Trace: === >11-08 00:01:17.774:
W/native(1539): ./speech/service/context/features/feature-dictionary-provider.h:99 >11-08 00:01:17.774:
W/native(1539): Subgraphs depending on this feature will not have a new revision. >11-08 00:01:17.774:
W/native(1539): W0000 00:00:1699430477.774690 1915 input-utils.cc:95] Failed to get value for update inducing feature |latitude| due to INVALID_ARGUMENT: No feature generators for feature "latitude" >11-08 00:01:17.774:
W/native(1539): === Source Location Trace: === >11-08 00:01:17.774:
W/native(1539): ./speech/service/context/features/feature-dictionary-provider.h:99 >11-08 00:01:17.774:
W/native(1539): Subgraphs depending on this feature will not have a new revision. >11-08 00:01:17.774:
I/native(1539): I0000 00:00:1699430477.774719 1915 context-module-impl.cc:593] Update recognition context for speaker: "". (Proto:MessageLite at 0xb400007475c9ab10) >11-08 00:01:17.797:
W/SearchServiceCore(5854): Abort, client detached. >11-08 00:01:17.798:
I/BgTaskExecutorImpl(5854): (REDACTED) Starting %s background task %s. >11-08 00:01:17.802:
I/PhenotypeBackgroundRecv(3716): Skipping com.google.android.apps.gsa.pcp.user#com.google.android.googlequicksearchbox which doesn't use ProcessStable flags. >11-08 00:01:17.804:
I/NamespaceManager(5457): Package com.android.refreshratecontrol name not found! Using module version. >11-08 00:01:17.806:
W/JobScheduler(577): Job didn't exist in JobStore: 9873f76 #u0a119/-43 com.google.android.googlequicksearchbox/com.google.android.apps.gsa.tasks.BackgroundTasksJobService >11-08 00:01:17.806:
I/NamespaceManager(5457): Package com.google.oslo name not found! Using module version. >11-08 00:01:17.807:
W/JobScheduler(577): Job didn't exist in JobStore: bfe7df5 #u0a119/-43 com.google.android.googlequicksearchbox/com.google.android.apps.gsa.tasks.BackgroundTasksJobService >11-08 00:01:17.807:
I/NamespaceManager(5457): Package com.android.media name not found! Using module version. >11-08 00:01:17.807:
I/NamespaceManager(5457): Package com.android.media.swcodec name not found! Using module version. >11-08 00:01:17.808:
I/NamespaceManager(5457): Package com.android.neuralnetworks name not found! Using module version. >11-08 00:01:17.809:
I/NamespaceManager(5457): Package com.android.media name not found! Using module version. >11-08 00:01:17.809:
I/NamespaceManager(5457): Package 1 name not found! Using module version. >11-08 00:01:17.809:
I/NamespaceManager(5457): Package rkpd name not found! Using module version. >11-08 00:01:17.809:
I/NamespaceManager(5457): Package com.google.android.devicelockcontroller name not found! Using module version. >11-08 00:01:17.809:
I/NamespaceManager(5457): Package com.google.android.healthfitness name not found! Using module version. >11-08 00:01:17.809:
I/NamespaceManager(5457): Package android.companion name not found! Using module version. >11-08 00:01:17.809:
I/NamespaceManager(5457): Package com.google.android.healthfitness name not found! Using module version. >11-08 00:01:17.810:
I/NamespaceManager(5457): Package com.google.android.aicore name not found! Using module version. >11-08 00:01:17.810:
W/PhenotypeConfigurationU(5457): Update for unknown DeviceConfig package com.google.android.gms.measurement [CONTEXT service_id=204 ] >11-08 00:01:17.810:
W/PhenotypeConfigurationU(5457): cesr: No package exists for config package: com.google.android.gms.measurement >11-08 00:01:17.810:
W/PhenotypeConfigurationU(5457): at cess.a(:com.google.android.gms@233316044@23.33.16 (190400-560149061):70) >11-08 00:01:17.810:
W/PhenotypeConfigurationU(5457): at com.google.android.gms.platformconfigurator.PhenotypeConfigurationUpdateListener.b(:com.google.android.gms@233316044@23.33.16 (190400-560149061):6) >11-08 00:01:17.810:
W/PhenotypeConfigurationU(5457): at com.google.android.gms.platformconfigurator.PhenotypeConfigurationUpdateListener.a(:com.google.android.gms@233316044@23.33.16 (190400-560149061):167) >11-08 00:01:17.810:
W/PhenotypeConfigurationU(5457): at com.google.android.gms.platformconfigurator.PhenotypeConfigurationUpdateListener.onHandleIntent(:com.google.android.gms@233316044@23.33.16 (190400-560149061):278) >11-08 00:01:17.810:
W/PhenotypeConfigurationU(5457): at com.google.android.chimera.IntentOperation.onHandleIntent(:com.google.android.gms@233316044@23.33.16 (190400-560149061):2) >11-08 00:01:17.810:
W/PhenotypeConfigurationU(5457): at adqc.onHandleIntent(:com.google.android.gms@233316044@23.33.16 (190400-560149061):10) >11-08 00:01:17.810:
W/PhenotypeConfigurationU(5457): at lep.run(:com.google.android.gms@233316044@23.33.16 (190400-560149061):70) >11-08 00:01:17.810:
W/PhenotypeConfigurationU(5457): at leo.run(:com.google.android.gms@233316044@23.33.16 (190400-560149061):152) >11-08 00:01:17.810:
W/PhenotypeConfigurationU(5457): at dpie.run(:com.google.android.gms@233316044@23.33.16 (190400-560149061):13) >11-08 00:01:17.810:
W/PhenotypeConfigurationU(5457): at java.util.concurrent.ThreadPoolExecutor.runWorker(ThreadPoolExecutor.java:1137) >11-08 00:01:17.810:
W/PhenotypeConfigurationU(5457): at java.util.concurrent.ThreadPoolExecutor$Worker.run(ThreadPoolExecutor.java:637) >11-08 00:01:17.810:
W/PhenotypeConfigurationU(5457): at java.lang.Thread.run(Thread.java:1012) >11-08 00:01:17.812:
I/PhenotypeBackgroundRecv(3716): Skipping com.google.android.libraries.search.googleapp.uiuser#com.google.android.googlequicksearchbox which doesn't use ProcessStable flags. >11-08 00:01:17.815:
W/JobScheduler(577): Job didn't exist in JobStore: edfe3b6 #u0a119/-43 com.google.android.googlequicksearchbox/com.google.android.apps.gsa.tasks.BackgroundTasksJobService >11-08 00:01:17.829:
W/A(5854): (REDACTED) Can't format flag %s to integer. >11-08 00:01:17.829:
W/A(5854): (REDACTED) Can't format flag %s to integer. >11-08 00:01:17.829:
W/A(5854): (REDACTED) Can't format flag %s to integer. >11-08 00:01:17.829:
W/A(5854): (REDACTED) Can't format flag %s to integer. >11-08 00:01:17.829:
W/A(5854): (REDACTED) Can't format flag %s to integer. >11-08 00:01:17.829:
W/A(5854): (REDACTED) Can't format flag %s to integer. >11-08 00:01:17.829:
W/A(5854): (REDACTED) Can't format flag %s to integer. >11-08 00:01:17.829:
W/A(5854): (REDACTED) Can't format flag %s to integer. >11-08 00:01:17.829:
W/A(5854): (REDACTED) Can't format flag %s to integer. >11-08 00:01:17.829:
W/A(5854): (REDACTED) Can't format flag %s to integer. >11-08 00:01:17.829:
W/A(5854): (REDACTED) Can't format flag %s to integer. >11-08 00:01:17.829:
W/A(5854): (REDACTED) Can't format flag %s to integer. >11-08 00:01:17.829:
W/A(5854): (REDACTED) Can't format flag %s to integer. >11-08 00:01:17.829:
W/A(5854): (REDACTED) Can't format flag %s to integer. >11-08 00:01:17.829:
W/A(5854): (REDACTED) Can't format flag %s to integer. >11-08 00:01:17.829:
W/A(5854): (REDACTED) Can't format flag %s to integer. >11-08 00:01:17.829:
W/A(5854): (REDACTED) Can't format flag %s to integer. >11-08 00:01:17.829:
W/A(5854): (REDACTED) Can't format flag %s to integer. >11-08 00:01:17.829:
W/A(5854): (REDACTED) Can't format flag %s to integer. >11-08 00:01:17.829:
W/A(5854): (REDACTED) Can't format flag %s to integer. >11-08 00:01:17.829:
W/A(5854): (REDACTED) Can't format flag %s to integer. >11-08 00:01:17.829:
W/A(5854): (REDACTED) Can't format flag %s to integer. >11-08 00:01:17.829:
W/A(5854): (REDACTED) Can't format flag %s to integer. >11-08 00:01:17.829:
W/A(5854): (REDACTED) Can't format flag %s to integer. >11-08 00:01:17.830:
W/BpBinder(5457): Large outgoing transaction of 338692 bytes, interface descriptor <uncached descriptor>, code 4 >11-08 00:01:17.833:
I/A(5854): (REDACTED) Refusing EXCLUSIVE task %s, it is already pending. Try again in %d seconds. >11-08 00:01:17.833:
D/CompatibilityChangeReporter(577): Compat change id reported: 135634846; UID 10118; state: DISABLED >11-08 00:01:17.833:
D/CompatibilityChangeReporter(577): Compat change id reported: 177438394; UID 10118; state: DISABLED >11-08 00:01:17.833:
D/CompatibilityChangeReporter(577): Compat change id reported: 135772972; UID 10118; state: DISABLED >11-08 00:01:17.833:
D/CompatibilityChangeReporter(577): Compat change id reported: 135754954; UID 10118; state: ENABLED >11-08 00:01:17.834:
I/FedAssExpListener(5854): Fed-ass not supported for signed out users. >11-08 00:01:17.834:
I/FedAssExpListener(5854): Successfully processed experiments changed. >11-08 00:01:17.834:
I/A(5854): NGA enabled in interactor. >11-08 00:01:17.835:
I/OpaEligibilityChecker(5854): send OpaEligibilityChange broadcast to CommonBroadcastReceiver >11-08 00:01:17.835:
D/CompatibilityChangeReporter(577): Compat change id reported: 143937733; UID 10118; state: ENABLED >11-08 00:01:17.837:
D/AppWidgetServiceImpl(577): Provider info from ComponentInfo{com.google.android.settings.intelligence/com.google.android.settings.intelligence.modules.batterywidget.impl.BatteryAppWidgetProvider} won't be persisted. >11-08 00:01:17.838:
D/Zygote(373): Forked child process 8010 >11-08 00:01:17.838:
I/NamespaceManager(5457): Package com.android.refreshratecontrol name not found! Using module version. >11-08 00:01:17.838:
I/NamespaceManager(5457): Package com.google.oslo name not found! Using module version. >11-08 00:01:17.838:
I/NamespaceManager(5457): Package com.android.media name not found! Using module version. >11-08 00:01:17.838:
I/NamespaceManager(5457): Package com.android.media.swcodec name not found! Using module version. >11-08 00:01:17.838:
I/NamespaceManager(5457): Package com.android.neuralnetworks name not found! Using module version. >11-08 00:01:17.838:
I/NamespaceManager(5457): Package com.android.media name not found! Using module version. >11-08 00:01:17.838:
I/NamespaceManager(5457): Package 1 name not found! Using module version. >11-08 00:01:17.838:
I/NamespaceManager(5457): Package rkpd name not found! Using module version. >11-08 00:01:17.838:
I/NamespaceManager(5457): Package com.google.android.devicelockcontroller name not found! Using module version. >11-08 00:01:17.838:
I/NamespaceManager(5457): Package com.google.android.healthfitness name not found! Using module version. >11-08 00:01:17.838:
I/NamespaceManager(5457): Package android.companion name not found! Using module version. >11-08 00:01:17.838:
I/NamespaceManager(5457): Package com.google.android.healthfitness name not found! Using module version. >11-08 00:01:17.838:
I/NamespaceManager(5457): Package com.google.android.aicore name not found! Using module version. >11-08 00:01:17.839:
W/PhenotypeConfigurationU(5457): Update for unknown DeviceConfig package com.google.android.gms [CONTEXT service_id=204 ] >11-08 00:01:17.839:
W/PhenotypeConfigurationU(5457): cesr: No package exists for config package: com.google.android.gms >11-08 00:01:17.839:
W/PhenotypeConfigurationU(5457): at cess.a(:com.google.android.gms@233316044@23.33.16 (190400-560149061):70) >11-08 00:01:17.839:
W/PhenotypeConfigurationU(5457): at com.google.android.gms.platformconfigurator.PhenotypeConfigurationUpdateListener.b(:com.google.android.gms@233316044@23.33.16 (190400-560149061):6) >11-08 00:01:17.839:
W/PhenotypeConfigurationU(5457): at com.google.android.gms.platformconfigurator.PhenotypeConfigurationUpdateListener.a(:com.google.android.gms@233316044@23.33.16 (190400-560149061):167) >11-08 00:01:17.839:
W/PhenotypeConfigurationU(5457): at com.google.android.gms.platformconfigurator.PhenotypeConfigurationUpdateListener.onHandleIntent(:com.google.android.gms@233316044@23.33.16 (190400-560149061):278) >11-08 00:01:17.839:
W/PhenotypeConfigurationU(5457): at com.google.android.chimera.IntentOperation.onHandleIntent(:com.google.android.gms@233316044@23.33.16 (190400-560149061):2) >11-08 00:01:17.839:
W/PhenotypeConfigurationU(5457): at adqc.onHandleIntent(:com.google.android.gms@233316044@23.33.16 (190400-560149061):10) >11-08 00:01:17.839:
W/PhenotypeConfigurationU(5457): at lep.run(:com.google.android.gms@233316044@23.33.16 (190400-560149061):70) >11-08 00:01:17.839:
W/PhenotypeConfigurationU(5457): at leo.run(:com.google.android.gms@233316044@23.33.16 (190400-560149061):152) >11-08 00:01:17.839:
W/PhenotypeConfigurationU(5457): at dpie.run(:com.google.android.gms@233316044@23.33.16 (190400-560149061):13) >11-08 00:01:17.839:
W/PhenotypeConfigurationU(5457): at java.util.concurrent.ThreadPoolExecutor.runWorker(ThreadPoolExecutor.java:1137) >11-08 00:01:17.839:
W/PhenotypeConfigurationU(5457): at java.util.concurrent.ThreadPoolExecutor$Worker.run(ThreadPoolExecutor.java:637) >11-08 00:01:17.839:
W/PhenotypeConfigurationU(5457): at java.lang.Thread.run(Thread.java:1012) >11-08 00:01:17.840:
W/CorpusConfigHelper(5854): Invalid input from icing corpus JSON flag. >11-08 00:01:17.840:
W/CorpusConfigHelper(5854): android.util.MalformedJsonException: Use JsonReader.setLenient(true) to accept malformed JSON at line 123 column 2 >11-08 00:01:17.840:
W/CorpusConfigHelper(5854): at android.util.JsonReader.syntaxError(JsonReader.java:1162) >11-08 00:01:17.840:
W/CorpusConfigHelper(5854): at android.util.JsonReader.checkLenient(JsonReader.java:840) >11-08 00:01:17.840:
W/CorpusConfigHelper(5854): at android.util.JsonReader.nextInArray(JsonReader.java:615) >11-08 00:01:17.840:
W/CorpusConfigHelper(5854): at android.util.JsonReader.peek(JsonReader.java:345) >11-08 00:01:17.840:
W/CorpusConfigHelper(5854): at android.util.JsonReader.hasNext(JsonReader.java:321) >11-08 00:01:17.840:
W/CorpusConfigHelper(5854): at com.google.android.apps.gsa.searchbox.c.b.b.k.c(PG:7) >11-08 00:01:17.840:
W/CorpusConfigHelper(5854): at com.google.android.apps.gsa.searchbox.c.b.b.j.a(Unknown Source:2) >11-08 00:01:17.840:
W/CorpusConfigHelper(5854): at com.google.android.apps.gsa.search.core.i.o.run(PG:5) >11-08 00:01:17.840:
W/CorpusConfigHelper(5854): at com.google.android.libraries.gsa.k.a.h.run(PG:2) >11-08 00:01:17.840:
W/CorpusConfigHelper(5854): at com.google.android.apps.gsa.shared.util.c.a.ce.b(PG:1) >11-08 00:01:17.840:
W/CorpusConfigHelper(5854): at com.google.android.apps.gsa.shared.util.c.a.ch.run(PG:1) >11-08 00:01:17.840:
W/CorpusConfigHelper(5854): at com.google.android.libraries.i.af.run(PG:1) >11-08 00:01:17.840:
W/CorpusConfigHelper(5854): at com.google.android.libraries.i.an.run(PG:23) >11-08 00:01:17.840:
W/CorpusConfigHelper(5854): at com.google.android.libraries.i.l.run(PG:2) >11-08 00:01:17.840:
W/CorpusConfigHelper(5854): at com.google.android.libraries.i.q.run(PG:4) >11-08 00:01:17.840:
W/CorpusConfigHelper(5854): at java.lang.Thread.run(Thread.java:1012) >11-08 00:01:17.842:
I/NamespaceManager(5457): Package com.android.refreshratecontrol name not found! Using module version. >11-08 00:01:17.842:
I/NamespaceManager(5457): Package com.google.oslo name not found! Using module version. >11-08 00:01:17.842:
I/NamespaceManager(5457): Package com.android.media name not found! Using module version. >11-08 00:01:17.842:
I/NamespaceManager(5457): Package com.android.media.swcodec name not found! Using module version. >11-08 00:01:17.842:
I/ActivityManager(577): Start proc 8010:com.google.android.apps.messaging:rcs/u0a118 for service {com.google.android.apps.messaging/com.google.android.ims.binding.SystemBindingService} >11-08 00:01:17.843:
I/NamespaceManager(5457): Package com.android.neuralnetworks name not found! Using module version. >11-08 00:01:17.843:
I/NamespaceManager(5457): Package com.android.media name not found! Using module version. >11-08 00:01:17.843:
I/NamespaceManager(5457): Package 1 name not found! Using module version. >11-08 00:01:17.843:
I/NamespaceManager(5457): Package rkpd name not found! Using module version. >11-08 00:01:17.843:
I/NamespaceManager(5457): Package com.google.android.devicelockcontroller name not found! Using module version. >11-08 00:01:17.843:
I/NamespaceManager(5457): Package com.google.android.healthfitness name not found! Using module version. >11-08 00:01:17.843:
I/NamespaceManager(5457): Package android.companion name not found! Using module version. >11-08 00:01:17.843:
I/NamespaceManager(5457): Package com.google.android.healthfitness name not found! Using module version. >11-08 00:01:17.843:
I/NamespaceManager(5457): Package com.google.android.aicore name not found! Using module version. >11-08 00:01:17.843:
W/PhenotypeConfigurationU(5457): Update for unknown DeviceConfig package com.google.android.gms.esim#com.google.android.gms [CONTEXT service_id=204 ] >11-08 00:01:17.843:
W/PhenotypeConfigurationU(5457): cesr: No package exists for config package: com.google.android.gms.esim#com.google.android.gms >11-08 00:01:17.843:
W/PhenotypeConfigurationU(5457): at cess.a(:com.google.android.gms@233316044@23.33.16 (190400-560149061):70) >11-08 00:01:17.843:
W/PhenotypeConfigurationU(5457): at com.google.android.gms.platformconfigurator.PhenotypeConfigurationUpdateListener.b(:com.google.android.gms@233316044@23.33.16 (190400-560149061):6) >11-08 00:01:17.843:
W/PhenotypeConfigurationU(5457): at com.google.android.gms.platformconfigurator.PhenotypeConfigurationUpdateListener.a(:com.google.android.gms@233316044@23.33.16 (190400-560149061):167) >11-08 00:01:17.843:
W/PhenotypeConfigurationU(5457): at com.google.android.gms.platformconfigurator.PhenotypeConfigurationUpdateListener.onHandleIntent(:com.google.android.gms@233316044@23.33.16 (190400-560149061):278) >11-08 00:01:17.843:
W/PhenotypeConfigurationU(5457): at com.google.android.chimera.IntentOperation.onHandleIntent(:com.google.android.gms@233316044@23.33.16 (190400-560149061):2) >11-08 00:01:17.843:
W/PhenotypeConfigurationU(5457): at adqc.onHandleIntent(:com.google.android.gms@233316044@23.33.16 (190400-560149061):10) >11-08 00:01:17.843:
W/PhenotypeConfigurationU(5457): at lep.run(:com.google.android.gms@233316044@23.33.16 (190400-560149061):70) >11-08 00:01:17.843:
W/PhenotypeConfigurationU(5457): at leo.run(:com.google.android.gms@233316044@23.33.16 (190400-560149061):152) >11-08 00:01:17.843:
W/PhenotypeConfigurationU(5457): at dpie.run(:com.google.android.gms@233316044@23.33.16 (190400-560149061):13) >11-08 00:01:17.843:
W/PhenotypeConfigurationU(5457): at java.util.concurrent.ThreadPoolExecutor.runWorker(ThreadPoolExecutor.java:1137) >11-08 00:01:17.843:
W/PhenotypeConfigurationU(5457): at java.util.concurrent.ThreadPoolExecutor$Worker.run(ThreadPoolExecutor.java:637) >11-08 00:01:17.843:
W/PhenotypeConfigurationU(5457): at java.lang.Thread.run(Thread.java:1012) >11-08 00:01:17.852:
I/PhenotypeBackgroundRecv(3716): Skipping com.google.android.apps.search.assistant.user#com.google.android.googlequicksearchbox which doesn't use ProcessStable flags. >11-08 00:01:17.852:
W/JobScheduler(577): Job didn't exist in JobStore: a787093 #u0a119/-43 com.google.android.googlequicksearchbox/com.google.android.apps.gsa.tasks.BackgroundTasksJobService >11-08 00:01:17.852:
I/Zygote(8010): seccomp disabled by setenforce 0 >11-08 00:01:17.856:
I/NamespaceManager(5457): Package com.android.refreshratecontrol name not found! Using module version. >11-08 00:01:17.856:
I/NamespaceManager(5457): Package com.google.oslo name not found! Using module version. >11-08 00:01:17.856:
I/NamespaceManager(5457): Package com.android.media name not found! Using module version. >11-08 00:01:17.856:
I/NamespaceManager(5457): Package com.android.media.swcodec name not found! Using module version. >11-08 00:01:17.856:
I/NamespaceManager(5457): Package com.android.neuralnetworks name not found! Using module version. >11-08 00:01:17.856:
I/NamespaceManager(5457): Package com.android.media name not found! Using module version. >11-08 00:01:17.857:
I/NamespaceManager(5457): Package 1 name not found! Using module version. >11-08 00:01:17.857:
I/NamespaceManager(5457): Package rkpd name not found! Using module version. >11-08 00:01:17.857:
I/NamespaceManager(5457): Package com.google.android.devicelockcontroller name not found! Using module version. >11-08 00:01:17.857:
I/NamespaceManager(5457): Package com.google.android.healthfitness name not found! Using module version. >11-08 00:01:17.857:
I/NamespaceManager(5457): Package android.companion name not found! Using module version. >11-08 00:01:17.857:
I/NamespaceManager(5457): Package com.google.android.healthfitness name not found! Using module version. >11-08 00:01:17.858:
I/NamespaceManager(5457): Package com.google.android.aicore name not found! Using module version. >11-08 00:01:17.859:
W/PhenotypeConfigurationU(5457): Update for unknown DeviceConfig package com.google.android.gms.common.download [CONTEXT service_id=204 ] >11-08 00:01:17.859:
W/PhenotypeConfigurationU(5457): cesr: No package exists for config package: com.google.android.gms.common.download >11-08 00:01:17.859:
W/PhenotypeConfigurationU(5457): at cess.a(:com.google.android.gms@233316044@23.33.16 (190400-560149061):70) >11-08 00:01:17.859:
W/PhenotypeConfigurationU(5457): at com.google.android.gms.platformconfigurator.PhenotypeConfigurationUpdateListener.b(:com.google.android.gms@233316044@23.33.16 (190400-560149061):6) >11-08 00:01:17.859:
W/PhenotypeConfigurationU(5457): at com.google.android.gms.platformconfigurator.PhenotypeConfigurationUpdateListener.a(:com.google.android.gms@233316044@23.33.16 (190400-560149061):167) >11-08 00:01:17.859:
W/PhenotypeConfigurationU(5457): at com.google.android.gms.platformconfigurator.PhenotypeConfigurationUpdateListener.onHandleIntent(:com.google.android.gms@233316044@23.33.16 (190400-560149061):278) >11-08 00:01:17.859:
W/PhenotypeConfigurationU(5457): at com.google.android.chimera.IntentOperation.onHandleIntent(:com.google.android.gms@233316044@23.33.16 (190400-560149061):2) >11-08 00:01:17.859:
W/PhenotypeConfigurationU(5457): at adqc.onHandleIntent(:com.google.android.gms@233316044@23.33.16 (190400-560149061):10) >11-08 00:01:17.859:
W/PhenotypeConfigurationU(5457): at lep.run(:com.google.android.gms@233316044@23.33.16 (190400-560149061):70) >11-08 00:01:17.859:
W/PhenotypeConfigurationU(5457): at leo.run(:com.google.android.gms@233316044@23.33.16 (190400-560149061):152) >11-08 00:01:17.859:
W/PhenotypeConfigurationU(5457): at dpie.run(:com.google.android.gms@233316044@23.33.16 (190400-560149061):13) >11-08 00:01:17.859:
W/PhenotypeConfigurationU(5457): at java.util.concurrent.ThreadPoolExecutor.runWorker(ThreadPoolExecutor.java:1137) >11-08 00:01:17.859:
W/PhenotypeConfigurationU(5457): at java.util.concurrent.ThreadPoolExecutor$Worker.run(ThreadPoolExecutor.java:637) >11-08 00:01:17.859:
W/PhenotypeConfigurationU(5457): at java.lang.Thread.run(Thread.java:1012) >11-08 00:01:17.862:
W/JobScheduler(577): Job didn't exist in JobStore: 979c1fc #u0a119/-43 com.google.android.googlequicksearchbox/com.google.android.apps.gsa.tasks.BackgroundTasksJobService >11-08 00:01:17.865:
I/Icing(5449): IndexChimeraService.getServiceInterface callingPackage=com.google.android.googlequicksearchbox componentName=agsa_icing_connection serviceId=32 >11-08 00:01:17.865:
I/Icing(5449): IndexChimeraService.getServiceInterface callingPackage=com.google.android.googlequicksearchbox componentName=agsa_icing_connection serviceId=33 >11-08 00:01:17.868:
I/dex2oat64(8002): dex2oat took 130.485ms (79.649ms cpu) (threads: 4) arena alloc=0B (0B) java alloc=665KB (681248B) native alloc=1180KB (1209328B) free=1094KB (1120528B) >11-08 00:01:17.869:
V/installd(492): DexInv: --- END '/data/app/~~V3E2qWifIOaVLKo0ioScAg==/com.google.android.apps.auth.test.support-dKSw7PghQ8lrPjE2PzKO-A==/base.apk' (success) --- >11-08 00:01:17.871:
V/BackupManagerService(577): [UserID:0] restoreAtInstall pkg=com.google.android.apps.auth.test.support token=5 restoreSet=0 >11-08 00:01:17.871:
V/BackupManagerService(577): [UserID:0] Finishing install immediately >11-08 00:01:17.872:
D/PackageInstallerSession(577): Marking session 67458584 as applied >11-08 00:01:17.872:
E/installd(492): Couldn't opendir /data/app/vmdl67458584.tmp: No such file or directory >11-08 00:01:17.872:
E/installd(492): Failed to delete /data/app/vmdl67458584.tmp: No such file or directory >11-08 00:01:17.875:
D/CompatibilityChangeReporter(8010): Compat change id reported: 171979766; UID 10118; state: ENABLED >11-08 00:01:17.876:
D/CompatibilityChangeReporter(577): Compat change id reported: 168419799; UID 10175; state: DISABLED >11-08 00:01:17.878:
I/MediaProvider(1641): Invalidating LocalCallingIdentity cache for package com.google.android.apps.auth.test.support. Reason: package android.intent.action.PACKAGE_ADDED >11-08 00:01:17.879:
D/CompatibilityChangeReporter(577): Compat change id reported: 218533173; UID 10175; state: DISABLED >11-08 00:01:17.881:
I/GsaVoiceInteractionSrv(1539): (REDACTED) O received %s >11-08 00:01:17.882:
W/A(1539): Failed to notify listeners >11-08 00:01:17.882:
W/A(1539): java.util.concurrent.CancellationException >11-08 00:01:17.882:
W/A(1539): at java.util.concurrent.FutureTask.report(FutureTask.java:121) >11-08 00:01:17.882:
W/A(1539): at java.util.concurrent.FutureTask.get(FutureTask.java:191) >11-08 00:01:17.882:
W/A(1539): at com.google.common.util.concurrent.bv.get(PG:1) >11-08 00:01:17.882:
W/A(1539): at com.google.common.util.concurrent.ed.a(PG:1) >11-08 00:01:17.882:
W/A(1539): at com.google.common.util.concurrent.cj.r(PG:2) >11-08 00:01:17.882:
W/A(1539): at com.google.common.util.concurrent.cc.run(PG:4) >11-08 00:01:17.882:
W/A(1539): at com.google.common.util.concurrent.bg.execute(PG:1) >11-08 00:01:17.882:
W/A(1539): at com.google.common.util.concurrent.bj.c(PG:1) >11-08 00:01:17.882:
W/A(1539): at com.google.common.util.concurrent.bj.b(PG:3) >11-08 00:01:17.882:
W/A(1539): at com.google.common.util.concurrent.cy.done(PG:1) >11-08 00:01:17.882:
W/A(1539): at java.util.concurrent.FutureTask.finishCompletion(FutureTask.java:381) >11-08 00:01:17.882:
W/A(1539): at java.util.concurrent.FutureTask.cancel(FutureTask.java:179) >11-08 00:01:17.882:
W/A(1539): at com.google.common.util.concurrent.bv.cancel(PG:1) >11-08 00:01:17.882:
W/A(1539): at com.google.android.apps.search.assistant.platform.ondevice.fulfillment.server.k.r.run(PG:1) >11-08 00:01:17.882:
W/A(1539): at com.google.apps.tiktok.tracing.eh.run(PG:2) >11-08 00:01:17.882:
W/A(1539): at java.util.concurrent.Executors$RunnableAdapter.call(Executors.java:463) >11-08 00:01:17.882:
W/A(1539): at com.google.common.util.concurrent.ea.a(PG:1) >11-08 00:01:17.882:
W/A(1539): at com.google.common.util.concurrent.cw.run(PG:4) >11-08 00:01:17.882:
W/A(1539): at com.google.common.util.concurrent.eb.run(PG:1) >11-08 00:01:17.882:
W/A(1539): at com.google.android.libraries.i.af.run(PG:1) >11-08 00:01:17.882:
W/A(1539): at com.google.android.libraries.i.an.run(PG:23) >11-08 00:01:17.882:
W/A(1539): at com.google.android.libraries.i.l.run(PG:2) >11-08 00:01:17.882:
W/A(1539): at com.google.android.libraries.i.q.run(PG:4) >11-08 00:01:17.882:
W/A(1539): at java.lang.Thread.run(Thread.java:1012) >11-08 00:01:17.882:
I/InputReader(577): Reconfiguring input devices, changes=KEYBOARD_LAYOUTS | >11-08 00:01:17.883:
I/PermissionControllerServiceImpl(878): Updating user sensitive for uid 10175 >11-08 00:01:17.883:
I/Telecom(577): DefaultDialerCache: Refreshing default dialer for user 0: now com.google.android.dialer: DDC.oR@AVw >11-08 00:01:17.884:
V/BackupManagerConstants(577): getFullBackupIntervalMilliseconds(...) returns 86400000 >11-08 00:01:17.885:
V/BackupManagerConstants(577): getFullBackupRequiredNetworkType(...) returns 2 >11-08 00:01:17.885:
V/BackupManagerConstants(577): getFullBackupRequireCharging(...) returns true >11-08 00:01:17.887:
I/ProvidersCache(3868): Provider returned no roots. Possibly naughty: com.google.android.apps.docs.storage >11-08 00:01:17.888:
D/nativeloader(8010): Configuring classloader-namespace for other apk /system/framework/org.apache.http.legacy.jar. target_sdk_version=33, uses_libraries=ALL, library_path=/product/priv-app/PrebuiltBugle/lib/arm64:/product/priv-app/PrebuiltBugle/PrebuiltBugle.apk!/lib/arm64-v8a, permitted_path=/data:/mnt/expand:/data/user/0/com.google.android.apps.messaging >11-08 00:01:17.889:
D/nativeloader(8010): Configuring classloader-namespace for other apk /system_ext/framework/androidx.window.extensions.jar. target_sdk_version=33, uses_libraries=ALL, library_path=/product/priv-app/PrebuiltBugle/lib/arm64:/product/priv-app/PrebuiltBugle/PrebuiltBugle.apk!/lib/arm64-v8a, permitted_path=/data:/mnt/expand:/data/user/0/com.google.android.apps.messaging >11-08 00:01:17.889:
D/nativeloader(8010): Configuring classloader-namespace for other apk /system_ext/framework/androidx.window.sidecar.jar. target_sdk_version=33, uses_libraries=ALL, library_path=/product/priv-app/PrebuiltBugle/lib/arm64:/product/priv-app/PrebuiltBugle/PrebuiltBugle.apk!/lib/arm64-v8a, permitted_path=/data:/mnt/expand:/data/user/0/com.google.android.apps.messaging >11-08 00:01:17.892:
I/adbd(6382): jdwp connection from 8010 >11-08 00:01:17.892:
D/nativeloader(8010): Configuring vendor-classloader-namespace for unbundled product apk /product/priv-app/PrebuiltBugle/PrebuiltBugle.apk. target_sdk_version=33, uses_libraries=, library_path=/product/priv-app/PrebuiltBugle/lib/arm64:/product/priv-app/PrebuiltBugle/PrebuiltBugle.apk!/lib/arm64-v8a:/product/lib64:/system/product/lib64, permitted_path=/data:/mnt/expand:/data/user/0/com.google.android.apps.messaging:/product/lib64:/system/product/lib64 >11-08 00:01:17.894:
W/SearchServiceCore(5854): Abort, client detached. >11-08 00:01:17.894:
W/SearchServiceCore(5854): Abort, client detached. >11-08 00:01:17.902:
I/WM-WorkerWrapper(5744): Worker result SUCCESS for Work [ id=0a00b1a7-c2b4-4f7e-b847-e5e4e5a75469, tags={ com.google.android.libraries.mdi.download.workmanager.workers.PeriodicWorker, MDD.MAINTENANCE.PERIODIC.GCM.TASK } ] >11-08 00:01:17.908:
V/GraphicsEnvironment(8010): ANGLE Developer option for 'com.google.android.apps.messaging' set to: 'default' >11-08 00:01:17.908:
V/GraphicsEnvironment(8010): ANGLE GameManagerService for com.google.android.apps.messaging: false >11-08 00:01:17.908:
V/GraphicsEnvironment(8010): Neither updatable production driver nor prerelease driver is supported. >11-08 00:01:17.910:
D/NetworkSecurityConfig(8010): No Network Security Config specified, using platform default >11-08 00:01:17.911:
D/NetworkSecurityConfig(8010): No Network Security Config specified, using platform default >11-08 00:01:17.914:
I/MultiDex(8010): VM with version 2.1.0 has multidex support >11-08 00:01:17.915:
I/MultiDex(8010): Installing application >11-08 00:01:17.915:
I/MultiDex(8010): VM has multidex support, MultiDex support library is disabled. >11-08 00:01:17.915:
I/Icing(5449): Usage reports ok 0, Failed Usage reports 0, indexed 0, rejected 0 >11-08 00:01:17.915:
D/CompatibilityChangeReporter(577): Compat change id reported: 194532703; UID 10118; state: ENABLED >11-08 00:01:17.915:
D/CarrierSvcBindHelper(1083): onPackageAdded: com.google.android.apps.auth.test.support >11-08 00:01:17.915:
D/CarrierSvcBindHelper(1083): No carrier app for: 0 >11-08 00:01:17.930:
D/PhFileGroupPop(5744): Added file groups webref-model-local-index >11-08 00:01:17.938:
D/PhFileGroupPop(5744): Added file groups smart_actions_grammars >11-08 00:01:17.939:
I/InputReader(577): Reconfiguring input devices, changes=KEYBOARD_LAYOUTS | >11-08 00:01:17.939:
W/A(1539): Failed to notify listeners >11-08 00:01:17.939:
W/A(1539): java.util.concurrent.CancellationException >11-08 00:01:17.939:
W/A(1539): at java.util.concurrent.FutureTask.report(FutureTask.java:121) >11-08 00:01:17.939:
W/A(1539): at java.util.concurrent.FutureTask.get(FutureTask.java:191) >11-08 00:01:17.939:
W/A(1539): at com.google.common.util.concurrent.bv.get(PG:1) >11-08 00:01:17.939:
W/A(1539): at com.google.common.util.concurrent.ed.a(PG:1) >11-08 00:01:17.939:
W/A(1539): at com.google.common.util.concurrent.cj.r(PG:2) >11-08 00:01:17.939:
W/A(1539): at com.google.common.util.concurrent.cc.run(PG:4) >11-08 00:01:17.939:
W/A(1539): at com.google.common.util.concurrent.bg.execute(PG:1) >11-08 00:01:17.939:
W/A(1539): at com.google.common.util.concurrent.bj.c(PG:1) >11-08 00:01:17.939:
W/A(1539): at com.google.common.util.concurrent.bj.b(PG:3) >11-08 00:01:17.939:
W/A(1539): at com.google.common.util.concurrent.cy.done(PG:1) >11-08 00:01:17.939:
W/A(1539): at java.util.concurrent.FutureTask.finishCompletion(FutureTask.java:381) >11-08 00:01:17.939:
W/A(1539): at java.util.concurrent.FutureTask.cancel(FutureTask.java:179) >11-08 00:01:17.939:
W/A(1539): at com.google.common.util.concurrent.bv.cancel(PG:1) >11-08 00:01:17.939:
W/A(1539): at com.google.android.apps.search.assistant.platform.ondevice.fulfillment.server.k.r.run(PG:1) >11-08 00:01:17.939:
W/A(1539): at com.google.apps.tiktok.tracing.eh.run(PG:2) >11-08 00:01:17.939:
W/A(1539): at java.util.concurrent.Executors$RunnableAdapter.call(Executors.java:463) >11-08 00:01:17.939:
W/A(1539): at com.google.common.util.concurrent.ea.a(PG:1) >11-08 00:01:17.939:
W/A(1539): at com.google.common.util.concurrent.cw.run(PG:4) >11-08 00:01:17.939:
W/A(1539): at com.google.common.util.concurrent.eb.run(PG:1) >11-08 00:01:17.939:
W/A(1539): at com.google.android.libraries.i.af.run(PG:1) >11-08 00:01:17.939:
W/A(1539): at com.google.android.libraries.i.an.run(PG:23) >11-08 00:01:17.939:
W/A(1539): at com.google.android.libraries.i.l.run(PG:2) >11-08 00:01:17.939:
W/A(1539): at com.google.android.libraries.i.q.run(PG:4) >11-08 00:01:17.939:
W/A(1539): at java.lang.Thread.run(Thread.java:1012) >11-08 00:01:17.940:
I/Telecom(577): DefaultDialerCache: Refreshing default dialer for user 0: now com.google.android.dialer: DDC.oR@AV8 >11-08 00:01:17.940:
D/ImsResolver(1083): maybeAddedImsService, packageName: com.google.android.apps.auth.test.support >11-08 00:01:17.940:
I/PermissionControllerServiceImpl(878): Updating user sensitive for uid 10175 >11-08 00:01:17.941:
W/BackupTransportManager(577): Package com.google.android.apps.auth.test.support enabled setting: 0 >11-08 00:01:17.942:
E/VerityUtils(577): Failed to measure fs-verity, errno 1: /data/app/~~V3E2qWifIOaVLKo0ioScAg==/com.google.android.apps.auth.test.support-dKSw7PghQ8lrPjE2PzKO-A==/base.apk >11-08 00:01:17.943:
D/PhFileGroupPop(5744): Added file groups smart_actions_ml_models >11-08 00:01:17.944:
D/PhFileGroupPop(5744): Added file groups text_classifier >11-08 00:01:17.945:
D/PhFileGroupPop(5744): Added file groups smart_actions_emotive_models >11-08 00:01:17.945:
D/PhFileGroupPop(5744): Added file groups webref-model-local-index >11-08 00:01:17.946:
I/Icing(5449): Usage reports ok 0, Failed Usage reports 0, indexed 0, rejected 0 >11-08 00:01:17.947:
D/CarrierSvcBindHelper(1083): onPackageModified: com.google.android.apps.auth.test.support >11-08 00:01:17.947:
I/ProvidersCache(3868): Provider returned no roots. Possibly naughty: com.google.android.apps.docs.storage >11-08 00:01:17.948:
D/CarrierSvcBindHelper(1083): No carrier app for: 0 >11-08 00:01:17.950:
D/ImsResolver(1083): maybeAddedImsService, packageName: com.google.android.apps.auth.test.support >11-08 00:01:17.962:
I/RcsProvisioning(5744): Failed to read config: no config found /data/user/0/com.google.android.apps.messaging/files/rcsconfig: open failed: ENOENT (No such file or directory) >11-08 00:01:17.963:
I/Auth(5449): [SupervisedAccountIntentOperation] onHandleIntent(): android.intent.action.PACKAGE_ADDED >11-08 00:01:17.964:
I/ProximityAuth(5457): [RecentAppsMediator] Package added: (user=UserHandle{0}) com.google.android.apps.auth.test.support >11-08 00:01:17.964:
W/GCM(5457): Unexpected forwarded intent: Intent { act=android.intent.action.PACKAGE_ADDED dat=package: flg=0x4000010 pkg=com.google.android.gms cmp=com.google.android.gms/.chimera.PersistentIntentOperationService (has extras) } >11-08 00:01:17.964:
W/GCM(5457): Unexpected forwarded intent: Intent { act=android.intent.action.PACKAGE_ADDED dat=package: flg=0x4000010 pkg=com.google.android.gms cmp=com.google.android.gms/.chimera.PersistentIntentOperationService (has extras) } >11-08 00:01:17.965:
I/PhenotypeResourceReader(5457): unable to find any Phenotype resource metadata for com.google.android.apps.auth.test.support >11-08 00:01:17.965:
I/Blockstore(5449): [DataStoreImpl] Clearing Blockstore Data for package com.google.android.apps.auth.test.support [CONTEXT service_id=258 ] >11-08 00:01:17.965:
I/Blockstore(5449): [DataStoreImpl] Keyless data not found or its IsLastInstallationData = false. [CONTEXT service_id=258 ] >11-08 00:01:17.965:
I/Dck(5449): doesDeviceHaveSupportedWirelessCapabilities: wccSysProp:0, wccMendel:3, deviceWccOverride:false [CONTEXT service_id=289 ] >11-08 00:01:17.966:
I/Dck(5449): isDckModuleEligible: isAtLeastR:true, hasWccSupport:false, downloadAllowed:false [CONTEXT service_id=289 ] >11-08 00:01:17.966:
W/Dck(5449): Dck module not eligible for asynchronous downloading [CONTEXT service_id=289 ] >11-08 00:01:17.968:
D/PhFileGroupPop(5744): Added file groups smarts_expressive_content_scoped_v1 >11-08 00:01:17.972:
D/PhFileGroupPop(5744): Added file groups smart_actions_sensitive_classifier_models >11-08 00:01:17.974:
D/PhFileGroupPop(5744): Added file groups smart_actions_grammars >11-08 00:01:17.975:
D/PhFileGroupPop(5744): Added file groups smart_actions_ml_models >11-08 00:01:17.977:
D/PhFileGroupPop(5744): Added file groups text_classifier >11-08 00:01:17.977:
W/PackageManager(577): Failed registering loading progress callback. Package is fully loaded. >11-08 00:01:17.977:
D/BoundBrokerSvc(5449): onBind: Intent { act=com.google.android.gms.common.BIND_SHARED_PREFS pkg=com.google.android.gms } >11-08 00:01:17.977:
D/BoundBrokerSvc(5449): Loading bound service for intent: Intent { act=com.google.android.gms.common.BIND_SHARED_PREFS pkg=com.google.android.gms } >11-08 00:01:17.980:
W/SearchServiceCore(5854): Abort, client detached. >11-08 00:01:17.984:
D/BoundBrokerSvc(5449): onUnbind: Intent { act=com.google.android.gms.common.BIND_SHARED_PREFS pkg=com.google.android.gms } >11-08 00:01:17.984:
I/NamespaceManager(5457): Package com.android.refreshratecontrol name not found! Using module version. >11-08 00:01:17.985:
I/PhenotypeBackgroundRecv(3716): Successfully updated snapshot for readaloud#com.google.android.googlequicksearchbox >11-08 00:01:17.986:
D/PhFileGroupPop(5744): Added file groups smart_actions_emotive_models >11-08 00:01:17.987:
D/PhFileGroupPop(5744): Added file groups scripted_reply >11-08 00:01:17.987:
D/PhFileGroupPop(5744): Added file groups multitask_experiment >11-08 00:01:17.988:
D/PhFileGroupPop(5744): Added file groups spam_verdict_enforcement_policy_config >11-08 00:01:17.989:
D/PhFileGroupPop(5744): Added file groups smart_suggestion_reranker_models >11-08 00:01:17.989:
D/PhFileGroupPop(5744): Added file groups supersort_us_grammars >11-08 00:01:17.989:
D/PhFileGroupPop(5744): Added file groups nudge >11-08 00:01:17.992:
I/NamespaceManager(5457): Package com.google.oslo name not found! Using module version. >11-08 00:01:17.993:
