I/InputReader(577): Reconfiguring input devices, changes=KEYBOARD_LAYOUTS | >11-08 00:01:15.212:
I/Zygote(7783): seccomp disabled by setenforce 0 >11-08 00:01:15.214:
I/libprocessgroup(577): Successfully killed process cgroup uid 10124 pid 7727 in 0ms >11-08 00:01:15.217:
I/Telecom(577): DefaultDialerCache: Refreshing default dialer for user 0: now com.google.android.dialer: DDC.oR@AUw >11-08 00:01:15.217:
I/SuperDelight(5950): SuperDelightDownloadMetadataParser.parse():185 SuperDelightDownloadMetadataParser#parse(delight): Manifest parsed with 885 packs >11-08 00:01:15.218:
I/SuperDelight(5950): SuperDelightManager.lambda$registerAndUpgradeSuperpacks$5():482 SuperDelightManager#registerAndUpgradeSuperpacks(delight): current 2022052600, required 2022082521 >11-08 00:01:15.221:
D/CarrierSvcBindHelper(1083): onPackageAdded: com.google.android.apps.mtaas.labtestsupport >11-08 00:01:15.221:
D/CarrierSvcBindHelper(1083): No carrier app for: 0 >11-08 00:01:15.222:
I/SuperDelight(5950): SuperDelightBundledMetadataParser.addSystemLms():199 system lm dir /system/usr/share/ime/google/d3_lms does not exist or is not readable >11-08 00:01:15.223:
I/SuperDelight(5950): SuperDelightBundledMetadataParser.parse():189 SuperDelightBundledMetadataParser#parse(): manifest parsed with 1 packs >11-08 00:01:15.224:
W/SP(5950): Manifest for delight is not available, version: 2022082521 >11-08 00:01:15.224:
I/SP(5950): Registering dynamic_art.20220108, url: https://www.gstatic.com/android/keyboard/dynamic_art/20220108002302/manifest.json, constraints: *:*:*:*, flags: *, requested: 20220108, current: -1 >11-08 00:01:15.225:
I/PermissionControllerServiceImpl(878): Updating user sensitive for uid 10172 >11-08 00:01:15.228:
I/SP(5950): Registering transformer_concept.2022062501, url: https://www.gstatic.com/android/keyboard/modelpack/transformer_concept/2022062501/superpacks_manifest.json, constraints: *:*:*:*, flags: *, requested: 2022062501, current: -1 >11-08 00:01:15.228:
I/SP(5950): Registering emoji.2022021121, url: https://www.gstatic.com/android/keyboard/modelpack/emoji/20220211213920/superpacks_manifest.zip, constraints: m:*:*:*, flags: fg, requested: 2022021121, current: -1 >11-08 00:01:15.228:
I/ProvidersCache(3868): Provider returned no roots. Possibly naughty: com.google.android.apps.docs.storage >11-08 00:01:15.230:
V/BackupManagerConstants(577): getFullBackupIntervalMilliseconds(...) returns 86400000 >11-08 00:01:15.231:
V/BackupManagerConstants(577): getFullBackupRequiredNetworkType(...) returns 2 >11-08 00:01:15.231:
V/BackupManagerConstants(577): getFullBackupRequireCharging(...) returns true >11-08 00:01:15.233:
D/ImsResolver(1083): maybeAddedImsService, packageName: com.google.android.apps.mtaas.labtestsupport >11-08 00:01:15.235:
I/InputReader(577): Reconfiguring input devices, changes=KEYBOARD_LAYOUTS | >11-08 00:01:15.236:
I/Telecom(577): DefaultDialerCache: Refreshing default dialer for user 0: now com.google.android.dialer: DDC.oR@AU8 >11-08 00:01:15.237:
W/BackupTransportManager(577): Package com.google.android.apps.mtaas.labtestsupport enabled setting: 0 >11-08 00:01:15.238:
E/VerityUtils(577): Failed to measure fs-verity, errno 1: /data/app/~~7_rdNfAku9srXoH7dNd5SQ==/com.google.android.apps.mtaas.labtestsupport-NeqHBXZaSDq_dYkIkS-waQ==/base.apk >11-08 00:01:15.238:
W/A(1539): Failed to notify listeners >11-08 00:01:15.238:
W/A(1539): java.util.concurrent.CancellationException >11-08 00:01:15.238:
W/A(1539): at java.util.concurrent.FutureTask.report(FutureTask.java:121) >11-08 00:01:15.238:
W/A(1539): at java.util.concurrent.FutureTask.get(FutureTask.java:191) >11-08 00:01:15.238:
W/A(1539): at com.google.common.util.concurrent.bv.get(PG:1) >11-08 00:01:15.238:
W/A(1539): at com.google.common.util.concurrent.ed.a(PG:1) >11-08 00:01:15.238:
W/A(1539): at com.google.common.util.concurrent.cj.r(PG:2) >11-08 00:01:15.238:
W/A(1539): at com.google.common.util.concurrent.cc.run(PG:4) >11-08 00:01:15.238:
W/A(1539): at com.google.common.util.concurrent.bg.execute(PG:1) >11-08 00:01:15.238:
W/A(1539): at com.google.common.util.concurrent.bj.c(PG:1) >11-08 00:01:15.238:
W/A(1539): at com.google.common.util.concurrent.bj.b(PG:3) >11-08 00:01:15.238:
W/A(1539): at com.google.common.util.concurrent.cy.done(PG:1) >11-08 00:01:15.238:
W/A(1539): at java.util.concurrent.FutureTask.finishCompletion(FutureTask.java:381) >11-08 00:01:15.238:
W/A(1539): at java.util.concurrent.FutureTask.cancel(FutureTask.java:179) >11-08 00:01:15.238:
W/A(1539): at com.google.common.util.concurrent.bv.cancel(PG:1) >11-08 00:01:15.238:
W/A(1539): at com.google.android.apps.search.assistant.platform.ondevice.fulfillment.server.k.r.run(PG:1) >11-08 00:01:15.238:
W/A(1539): at com.google.apps.tiktok.tracing.eh.run(PG:2) >11-08 00:01:15.238:
W/A(1539): at java.util.concurrent.Executors$RunnableAdapter.call(Executors.java:463) >11-08 00:01:15.238:
W/A(1539): at com.google.common.util.concurrent.ea.a(PG:1) >11-08 00:01:15.238:
W/A(1539): at com.google.common.util.concurrent.cw.run(PG:4) >11-08 00:01:15.238:
W/A(1539): at com.google.common.util.concurrent.eb.run(PG:1) >11-08 00:01:15.238:
W/A(1539): at com.google.android.libraries.i.af.run(PG:1) >11-08 00:01:15.238:
W/A(1539): at com.google.android.libraries.i.an.run(PG:23) >11-08 00:01:15.238:
W/A(1539): at com.google.android.libraries.i.l.run(PG:2) >11-08 00:01:15.238:
W/A(1539): at com.google.android.libraries.i.q.run(PG:4) >11-08 00:01:15.238:
W/A(1539): at java.lang.Thread.run(Thread.java:1012) >11-08 00:01:15.243:
I/SP(5950): Registering gboard-small-speech-packs.1327534105, url: https://dl.google.com/android/voice/gboard/terse/superpacks-manifest-20210519.json, constraints: m:b:*:*, flags: *, requested: 1327534105, current: 758538843 >11-08 00:01:15.243:
I/SP(5950): Registering delight.2022082521, url: https://www.gstatic.com/android/keyboard/dictionarypack/Jinzhou-normal/metadata.json, constraints: m:*:*:*, flags: *, requested: 2022082521, current: 2022052600 >11-08 00:01:15.243:
I/PermissionControllerServiceImpl(878): Updating user sensitive for uid 10172 >11-08 00:01:15.247:
I/SP(5950): Requesting download of URL https://www.gstatic.com/android/keyboard/dynamic_art/20220108002302/manifest.json to dynamic_art-20220108.fetched (constraints: m:b:u:l) >11-08 00:01:15.247:
I/SP(5950): Requesting download of URL https://www.gstatic.com/android/keyboard/modelpack/transformer_concept/2022062501/superpacks_manifest.json to transformer_concept-2022062501.fetched (constraints: m:b:u:l) >11-08 00:01:15.256:
D/CarrierSvcBindHelper(1083): onPackageModified: com.google.android.apps.mtaas.labtestsupport >11-08 00:01:15.256:
I/SuperpacksManagerImpl(5950): SuperpacksManagerImpl$3$1.onFailure():578 emoji.registerManifest() cancelled >11-08 00:01:15.256:
D/CarrierSvcBindHelper(1083): No carrier app for: 0 >11-08 00:01:15.256:
I/SP(5950): Requesting download of URL https://www.gstatic.com/android/keyboard/modelpack/emoji/20220211213920/superpacks_manifest.zip to emoji-2022021121.zip.fetched (constraints: m:b:u:l) >11-08 00:01:15.257:
D/ImsResolver(1083): maybeAddedImsService, packageName: com.google.android.apps.mtaas.labtestsupport >11-08 00:01:15.259:
W/Role(878): Default holder doesn't have required signing certificate: com.google.android.apps.work.clouddpc:23962F4B43B9857638EA66F4D419518EAE282491ACDA4B94707BD59003C45E58 >11-08 00:01:15.268:
I/ProximityAuth(5457): [RecentAppsMediator] Package added: (user=UserHandle{0}) com.google.android.apps.mtaas.labtestsupport >11-08 00:01:15.273:
I/resolv(371): GetAddrInfoHandler::run: {102 786534 102 983142 10117 0} >11-08 00:01:15.273:
I/resolv(371): res_nmkquery: (QUERY, IN, AAAA) >11-08 00:01:15.274:
I/Fitness(5457): OnPackageChangedOperation got intent: Intent { act=android.intent.action.PACKAGE_CHANGED dat=package: flg=0x5000010 pkg=com.google.android.gms cmp=com.google.android.gms/.chimera.PersistentIntentOperationService (has extras) } [CONTEXT service_id=17 ] >11-08 00:01:15.275:
I/resolv(371): res_nsend: used send_dg 160 terrno: 0 >11-08 00:01:15.275:
I/Auth(5449): [SupervisedAccountIntentOperation] onHandleIntent(): android.intent.action.PACKAGE_ADDED >11-08 00:01:15.275:
I/resolv(371): doQuery: rcode=0, ancount=4, return value=160 >11-08 00:01:15.276:
E/jyc(5950): Non-success http response code 416 for: https://www.gstatic.com/android/keyboard/modelpack/emoji/20220211213920/superpacks_manifest.zip >11-08 00:01:15.277:
D/BoundBrokerSvc(5449): onBind: Intent { act=com.google.android.gms.common.BIND_SHARED_PREFS pkg=com.google.android.gms } >11-08 00:01:15.277:
D/BoundBrokerSvc(5449): Loading bound service for intent: Intent { act=com.google.android.gms.common.BIND_SHARED_PREFS pkg=com.google.android.gms } >11-08 00:01:15.279:
I/resolv(371): res_nmkquery: (QUERY, IN, A) >11-08 00:01:15.279:
I/adbd(6382): jdwp connection from 7783 >11-08 00:01:15.282:
I/SP(5950): Requesting download of URL https://dl.google.com/android/voice/gboard/terse/superpacks-manifest-20210519.json to gboard-small-speech-packs-1327534105.fetched (constraints: m:b:u:l) >11-08 00:01:15.282:
I/SP(5950): Requesting download of URL https://www.gstatic.com/android/keyboard/dictionarypack/Jinzhou-normal/metadata.json to delight-2022082521.fetched (constraints: m:b:u:l) >11-08 00:01:15.282:
W/GCM(5457): Unexpected forwarded intent: Intent { act=android.intent.action.PACKAGE_ADDED dat=package: flg=0x4000010 pkg=com.google.android.gms cmp=com.google.android.gms/.chimera.PersistentIntentOperationService (has extras) } >11-08 00:01:15.282:
I/resolv(371): res_nsend: used send_dg 192 terrno: 0 >11-08 00:01:15.282:
I/resolv(371): doQuery: rcode=0, ancount=9, return value=192 >11-08 00:01:15.286:
I/Blockstore(5449): [DataStoreImpl] Clearing Blockstore Data for package com.google.android.apps.mtaas.labtestsupport [CONTEXT service_id=258 ] >11-08 00:01:15.286:
I/Blockstore(5449): [DataStoreImpl] Keyless data not found or its IsLastInstallationData = false. [CONTEXT service_id=258 ] >11-08 00:01:15.286:
I/PhenotypeResourceReader(5457): unable to find any Phenotype resource metadata for com.google.android.apps.mtaas.labtestsupport >11-08 00:01:15.287:
W/GCM(5457): Unexpected forwarded intent: Intent { act=android.intent.action.PACKAGE_ADDED dat=package: flg=0x4000010 pkg=com.google.android.gms cmp=com.google.android.gms/.chimera.PersistentIntentOperationService (has extras) } >11-08 00:01:15.288:
I/Dck(5449): doesDeviceHaveSupportedWirelessCapabilities: wccSysProp:0, wccMendel:3, deviceWccOverride:false [CONTEXT service_id=289 ] >11-08 00:01:15.288:
I/Fitness(5457): FitCleanupIntentOperation received Intent android.intent.action.PACKAGE_CHANGED [CONTEXT service_id=17 ] >11-08 00:01:15.288:
I/Dck(5449): isDckModuleEligible: isAtLeastR:true, hasWccSupport:false, downloadAllowed:false [CONTEXT service_id=289 ] >11-08 00:01:15.288:
W/Dck(5449): Dck module not eligible for asynchronous downloading [CONTEXT service_id=289 ] >11-08 00:01:15.289:
I/resolv(371): GetAddrInfoHandler::run: {102 102 102 983142 10122 0} >11-08 00:01:15.290:
I/resolv(371): res_nmkquery: (QUERY, IN, AAAA) >11-08 00:01:15.291:
D/TrafficStats(5449): tagSocket(81) with statsTag=0x20004901, statsUid=10117 >11-08 00:01:15.292:
I/resolv(371): res_nsend: used send_dg 143 terrno: 0 >11-08 00:01:15.292:
I/resolv(371): doQuery: rcode=0, ancount=4, return value=143 >11-08 00:01:15.292:
I/resolv(371): res_nmkquery: (QUERY, IN, A) >11-08 00:01:15.296:
I/resolv(371): res_nsend: used send_dg 95 terrno: 0 >11-08 00:01:15.296:
I/resolv(371): doQuery: rcode=0, ancount=4, return value=95 >11-08 00:01:15.296:
D/TrafficStats(5950): tagSocket(112) with statsTag=0xffffffff, statsUid=-1 >11-08 00:01:15.299:
W/putmethod.latin(5950): Accessing hidden method Lcom/android/org/conscrypt/ConscryptEngineSocket;->setUseSessionTickets(Z)V (max-target-q,core-platform-api, reflection, denied) >11-08 00:01:15.299:
W/putmethod.latin(5950): Accessing hidden method Lcom/android/org/conscrypt/OpenSSLSocketImpl;->setUseSessionTickets(Z)V (max-target-q,core-platform-api, reflection, denied) >11-08 00:01:15.299:
W/putmethod.latin(5950): Accessing hidden method Lcom/android/org/conscrypt/AbstractConscryptSocket;->setUseSessionTickets(Z)V (max-target-q, reflection, denied) >11-08 00:01:15.299:
W/putmethod.latin(5950): Accessing hidden method Lcom/android/org/conscrypt/ConscryptEngineSocket;->setHostname(Ljava/lang/String;)V (max-target-q,core-platform-api, reflection, denied) >11-08 00:01:15.299:
W/putmethod.latin(5950): Accessing hidden method Lcom/android/org/conscrypt/OpenSSLSocketImpl;->setHostname(Ljava/lang/String;)V (max-target-q,core-platform-api, reflection, denied) >11-08 00:01:15.299:
W/putmethod.latin(5950): Accessing hidden method Lcom/android/org/conscrypt/AbstractConscryptSocket;->setHostname(Ljava/lang/String;)V (max-target-q, reflection, denied) >11-08 00:01:15.299:
W/putmethod.latin(5950): Accessing hidden method Lcom/android/org/conscrypt/OpenSSLSocketImpl;->setAlpnProtocols([B)V (max-target-q,core-platform-api, reflection, denied) >11-08 00:01:15.299:
W/putmethod.latin(5950): Accessing hidden method Lcom/android/org/conscrypt/AbstractConscryptSocket;->setAlpnProtocols([B)V (max-target-q, reflection, denied) >11-08 00:01:15.301:
D/CompatibilityChangeReporter(7783): Compat change id reported: 171979766; UID 10124; state: ENABLED >11-08 00:01:15.304:
D/BoundBrokerSvc(5449): onUnbind: Intent { act=com.google.android.gms.common.BIND_SHARED_PREFS pkg=com.google.android.gms } >11-08 00:01:15.305:
W/putmethod.latin(5950): Accessing hidden method Lcom/android/org/conscrypt/OpenSSLSocketImpl;->getAlpnSelectedProtocol()[B (max-target-q,core-platform-api, reflection, denied) >11-08 00:01:15.305:
W/putmethod.latin(5950): Accessing hidden method Lcom/android/org/conscrypt/AbstractConscryptSocket;->getAlpnSelectedProtocol()[B (max-target-q, reflection, denied) >11-08 00:01:15.310:
I/Icing(5449): IndexChimeraService.getServiceInterface callingPackage=com.google.android.gms componentName=AppsCorpus serviceId=36 >11-08 00:01:15.314:
D/BoundBrokerSvc(5457): onBind: Intent { act=com.google.android.gms.nearby.exposurenotification.START dat=chimera-action:/... cmp=com.google.android.gms/.chimera.PersistentApiServiceNoInstantApps } >11-08 00:01:15.314:
D/BoundBrokerSvc(5457): Loading bound service for intent: Intent { act=com.google.android.gms.nearby.exposurenotification.START dat=chimera-action:/... cmp=com.google.android.gms/.chimera.PersistentApiServiceNoInstantApps } >11-08 00:01:15.322:
E/BackupHelper(878): Could not parse delayed permissions >11-08 00:01:15.322:
E/BackupHelper(878): java.io.FileNotFoundException: /data/user_de/0/com.google.android.permissioncontroller/files/delayed_restore_permissions.xml: open failed: ENOENT (No such file or directory) >11-08 00:01:15.322:
E/BackupHelper(878): at libcore.io.IoBridge.open(IoBridge.java:574) >11-08 00:01:15.322:
E/BackupHelper(878): at java.io.FileInputStream.<init>(FileInputStream.java:160) >11-08 00:01:15.322:
E/BackupHelper(878): at android.app.ContextImpl.openFileInput(ContextImpl.java:714) >11-08 00:01:15.322:
E/BackupHelper(878): at com.android.permissioncontroller.permission.service.BackupHelper.restoreDelayedState(BackupHelper.java:339) >11-08 00:01:15.322:
E/BackupHelper(878): at com.android.permissioncontroller.permission.service.PermissionControllerServiceImpl.onRestoreDelayedRuntimePermissionsBackup(PermissionControllerServiceImpl.java:421) >11-08 00:01:15.322:
E/BackupHelper(878): at com.android.permissioncontroller.permission.service.PermissionControllerServiceImpl.lambda$onApplyStagedRuntimePermissionBackup$4(PermissionControllerServiceImpl.java:415) >11-08 00:01:15.322:
E/BackupHelper(878): at com.android.permissioncontroller.permission.service.PermissionControllerServiceImpl.$r8$lambda$d0Nn-xRapZQvoyXU4vSZgmIHAHQ(Unknown Source:0) >11-08 00:01:15.322:
E/BackupHelper(878): at com.android.permissioncontroller.permission.service.PermissionControllerServiceImpl$$ExternalSyntheticLambda10.run(Unknown Source:8) >11-08 00:01:15.322:
E/BackupHelper(878): at android.os.AsyncTask$SerialExecutor$1.run(AsyncTask.java:305) >11-08 00:01:15.322:
E/BackupHelper(878): at java.util.concurrent.ThreadPoolExecutor.runWorker(ThreadPoolExecutor.java:1137) >11-08 00:01:15.322:
E/BackupHelper(878): at java.util.concurrent.ThreadPoolExecutor$Worker.run(ThreadPoolExecutor.java:637) >11-08 00:01:15.322:
E/BackupHelper(878): at java.lang.Thread.run(Thread.java:1012) >11-08 00:01:15.322:
E/BackupHelper(878): Caused by: android.system.ErrnoException: open failed: ENOENT (No such file or directory) >11-08 00:01:15.322:
E/BackupHelper(878): at libcore.io.Linux.open(Native Method) >11-08 00:01:15.322:
E/BackupHelper(878): at libcore.io.ForwardingOs.open(ForwardingOs.java:563) >11-08 00:01:15.322:
E/BackupHelper(878): at libcore.io.BlockGuardOs.open(BlockGuardOs.java:274) >11-08 00:01:15.322:
E/BackupHelper(878): at libcore.io.ForwardingOs.open(ForwardingOs.java:563) >11-08 00:01:15.322:
E/BackupHelper(878): at android.app.ActivityThread$AndroidOs.open(ActivityThread.java:7758) >11-08 00:01:15.322:
E/BackupHelper(878): at libcore.io.IoBridge.open(IoBridge.java:560) >11-08 00:01:15.322:
E/BackupHelper(878): ... 11 more >11-08 00:01:15.324:
W/ChimeraUtils(5457): Module com.google.android.gms.nearby_en missing resource null(0) >11-08 00:01:15.327:
D/nativeloader(7783): Configuring classloader-namespace for other apk /system/framework/org.apache.http.legacy.jar. target_sdk_version=33, uses_libraries=ALL, library_path=/product/app/Maps/lib/arm64:/product/app/Maps/Maps.apk!/lib/arm64-v8a, permitted_path=/data:/mnt/expand:/data/user/0/com.google.android.apps.maps >11-08 00:01:15.327:
D/nativeloader(7783): Configuring classloader-namespace for other apk /system_ext/framework/androidx.window.extensions.jar. target_sdk_version=33, uses_libraries=ALL, library_path=/product/app/Maps/lib/arm64:/product/app/Maps/Maps.apk!/lib/arm64-v8a, permitted_path=/data:/mnt/expand:/data/user/0/com.google.android.apps.maps >11-08 00:01:15.330:
D/nativeloader(7783): Configuring classloader-namespace for other apk /system_ext/framework/androidx.window.sidecar.jar. target_sdk_version=33, uses_libraries=ALL, library_path=/product/app/Maps/lib/arm64:/product/app/Maps/Maps.apk!/lib/arm64-v8a, permitted_path=/data:/mnt/expand:/data/user/0/com.google.android.apps.maps >11-08 00:01:15.334:
D/nativeloader(7783): Configuring vendor-classloader-namespace for unbundled product apk /product/app/Maps/Maps.apk. target_sdk_version=33, uses_libraries=, library_path=/product/app/Maps/lib/arm64:/product/app/Maps/Maps.apk!/lib/arm64-v8a:/product/lib64:/system/product/lib64, permitted_path=/data:/mnt/expand:/data/user/0/com.google.android.apps.maps:/product/lib64:/system/product/lib64 >11-08 00:01:15.340:
I/Icing(5449): Usage reports ok 0, Failed Usage reports 0, indexed 0, rejected 0 >11-08 00:01:15.341:
W/ChimeraUtils(5457): Module com.google.android.gms.nearby_en missing resource null(0) >11-08 00:01:15.342:
W/ChimeraUtils(5457): Module com.google.android.gms.nearby_en missing resource null(0) >11-08 00:01:15.343:
I/Icing(5449): Indexing com.google.android.gms-apps from com.google.android.gms >11-08 00:01:15.347:
V/GraphicsEnvironment(7783): ANGLE Developer option for 'com.google.android.apps.maps' set to: 'default' >11-08 00:01:15.347:
V/GraphicsEnvironment(7783): ANGLE GameManagerService for com.google.android.apps.maps: false >11-08 00:01:15.347:
V/GraphicsEnvironment(7783): Neither updatable production driver nor prerelease driver is supported. >11-08 00:01:15.349:
W/jyc(5950): Request failed for unknown reason, see exception: >11-08 00:01:15.349:
W/jyc(5950): java.net.ProtocolException: Unexpected status line: PK������������!��t�s�������[����������superpacks_manifest.json�\�n;�~����VEּ�b����H�=���d0���Ã+PcA ��!+N��W�ֿ��x�sy��rz�e~���������v��ׯ߿����o����z�_���P���/�k=�����(ÿ�6ÚQ_�L_>~�[�����|���\�G�<���r|��������o�z��2_?Y�u�� �D�����o�_��������9O� ��s������g�����6�[l�Hï¿½ì¨ Lj���K\�i��g� >11-08 00:01:15.349:
W/jyc(5950): at onc.a(PG:16) >11-08 00:01:15.349:
W/jyc(5950): at onk.a(PG:1) >11-08 00:01:15.349:
W/jyc(5950): at omu.a(PG:22) >11-08 00:01:15.349:
W/jyc(5950): at omz.b(PG:4) >11-08 00:01:15.349:
W/jyc(5950): at omz.a(PG:1) >11-08 00:01:15.349:
W/jyc(5950): at opn.a(PG:7) >11-08 00:01:15.349:
W/jyc(5950): at omz.b(PG:4) >11-08 00:01:15.349:
W/jyc(5950): at oml.a(PG:131) >11-08 00:01:15.349:
W/jyc(5950): at omz.b(PG:4) >11-08 00:01:15.349:
W/jyc(5950): at omz.a(PG:1) >11-08 00:01:15.349:
W/jyc(5950): at omc.a(PG:67) >11-08 00:01:15.349:
W/jyc(5950): at omz.b(PG:4) >11-08 00:01:15.349:
W/jyc(5950): at omz.a(PG:1) >11-08 00:01:15.349:
W/jyc(5950): at oms.a(PG:22) >11-08 00:01:15.349:
W/jyc(5950): at omz.b(PG:4) >11-08 00:01:15.349:
W/jyc(5950): at onb.a(PG:2) >11-08 00:01:15.349:
W/jyc(5950): at omz.b(PG:4) >11-08 00:01:15.349:
W/jyc(5950): at omz.a(PG:1) >11-08 00:01:15.349:
W/jyc(5950): at ops.a(PG:1) >11-08 00:01:15.349:
W/jyc(5950): at omu.a(PG:40) >11-08 00:01:15.349:
W/jyc(5950): at omz.b(PG:4) >11-08 00:01:15.349:
W/jyc(5950): at omz.a(PG:1) >11-08 00:01:15.349:
W/jyc(5950): at olp.f(PG:9) >11-08 00:01:15.349:
W/jyc(5950): at olo.b(PG:2) >11-08 00:01:15.349:
W/jyc(5950): at oly.run(PG:3) >11-08 00:01:15.349:
W/jyc(5950): at java.util.concurrent.ThreadPoolExecutor.runWorker(ThreadPoolExecutor.java:1137) >11-08 00:01:15.349:
W/jyc(5950): at java.util.concurrent.ThreadPoolExecutor$Worker.run(ThreadPoolExecutor.java:637) >11-08 00:01:15.349:
W/jyc(5950): at java.lang.Thread.run(Thread.java:1012) >11-08 00:01:15.350:
D/NetworkSecurityConfig(7783): No Network Security Config specified, using platform default >11-08 00:01:15.350:
D/NetworkSecurityConfig(7783): No Network Security Config specified, using platform default >11-08 00:01:15.354:
I/Icing(5449): Indexing done com.google.android.gms-apps >11-08 00:01:15.369:
I/Icing(5449): Indexing com.google.android.gms-apps from com.google.android.gms >11-08 00:01:15.370:
I/Icing(5449): Indexing done com.google.android.gms-apps >11-08 00:01:15.374:
W/ChimeraUtils(5457): Module com.google.android.gms.nearby_en missing resource null(0) >11-08 00:01:15.378:
W/ChimeraUtils(5457): Module com.google.android.gms.nearby_en missing resource null(0) >11-08 00:01:15.382:
W/ChimeraUtils(5457): Module com.google.android.gms.nearby_en missing resource null(0) >11-08 00:01:15.383:
I/Icing(5449): IndexChimeraService.getServiceInterface callingPackage=com.google.android.gms componentName=null serviceId=30 >11-08 00:01:15.385:
I/SP(5950): Successfully got manifest for content_cache-manifest: manifests:content_cache-2022052320 >11-08 00:01:15.390:
I/Icing(5449): Usage reports ok 0, Failed Usage reports 0, indexed 0, rejected 0 >11-08 00:01:15.397:
I/system_server(577): Background concurrent copying GC freed 548608(26MB) AllocSpace objects, 27(512KB) LOS objects, 47% free, 27MB/51MB, paused 1.619ms,26us total 207.345ms >11-08 00:01:15.398:
W/JHwRemoteBinder(577): BinderProxy is being destroyed but the application did not call unlinkToDeath to unlink all of its death recipients beforehand. Releasing leaked death recipient: com.android.server.wifi.HalDeviceManager$WifiDeathRecipient >11-08 00:01:15.407:
I/PhenotypeResourceReader(5457): unable to find any Phenotype resource metadata for com.google.android.modulemetadata >11-08 00:01:15.441:
W/native(1539): W0000 00:00:1699430475.441170 1905 input-utils.cc:95] Failed to get value for update inducing feature |longitude| due to INVALID_ARGUMENT: No feature generators for feature "longitude" >11-08 00:01:15.441:
W/native(1539): === Source Location Trace: === >11-08 00:01:15.441:
W/native(1539): ./speech/service/context/features/feature-dictionary-provider.h:99 >11-08 00:01:15.441:
W/native(1539): Subgraphs depending on this feature will not have a new revision. >11-08 00:01:15.441:
W/native(1539): W0000 00:00:1699430475.441359 1905 input-utils.cc:95] Failed to get value for update inducing feature |latitude| due to INVALID_ARGUMENT: No feature generators for feature "latitude" >11-08 00:01:15.441:
W/native(1539): === Source Location Trace: === >11-08 00:01:15.441:
W/native(1539): ./speech/service/context/features/feature-dictionary-provider.h:99 >11-08 00:01:15.441:
W/native(1539): Subgraphs depending on this feature will not have a new revision. >11-08 00:01:15.441:
I/native(1539): I0000 00:00:1699430475.441396 1905 context-module-impl.cc:593] Update recognition context for speaker: "". (Proto:MessageLite at 0xb400007475c9ab10) >11-08 00:01:15.444:
W/PackageManager(577): Failed registering loading progress callback. Package is fully loaded. >11-08 00:01:15.449:
I/AiAiEcho(1529): EchoSearch: AppFetcherImpl is initialized with [18] apps [time=4, reason=com.google.android.apps.mtaas.labtestsupport is added] >11-08 00:01:15.463:
I/PhenotypeBackgroundRecv(5902): Skipping com.google.android.apps.wellbeing.device#com.google.android.apps.wellbeing which doesn't use ProcessStable flags. >11-08 00:01:15.471:
I/SP(5950): Successfully got manifest for dynamic_art-manifest: manifests:dynamic_art-20220108 >11-08 00:01:15.473:
I/PhenotypeResourceReader(5457): unable to find any Phenotype resource metadata for com.google.android.gsf >11-08 00:01:15.475:
I/PhenotypeResourceReader(5457): unable to find any Phenotype resource metadata for com.google.android.tag >11-08 00:01:15.477:
W/TimedProcessReaper(5902): Scheduling killing of process to refresh configuration >11-08 00:01:15.478:
I/SP(5950): Successfully got manifest for transformer_concept-manifest: manifests:transformer_concept-2022062501 >11-08 00:01:15.484:
I/SP(5950): Syncing content_cache (2022052320) with slices: [146938679d8a79c40dfa474830396eab, 8722425f4121ffdea802b1066df73991, fa1da98da1212aad6fb9a8efaff48148], metadata: true >11-08 00:01:15.485:
I/PhenotypeResourceReader(5457): unable to find any Phenotype resource metadata for com.google.android.apps.nexuslauncher >11-08 00:01:15.488:
I/PhenotypeResourceReader(5457): unable to find any Phenotype resource metadata for com.google.android.feedback >11-08 00:01:15.492:
I/PhenotypeBackgroundRecv(5902): Successfully updated snapshot for com.google.android.libraries.surveys#com.google.android.apps.wellbeing >11-08 00:01:15.493:
I/AiAiEcho(1529): EchoSearch: WidgetFetcherImpl is initialized with [23] widgets [reason=package added for userId: 0] >11-08 00:01:15.496:
I/SP(5950): Syncing dynamic_art (20220108) with slices: [b1f6f47a53f7820be91b9fe247728980, 305f81355a729e382ea9f374dd286d9f], metadata: false >11-08 00:01:15.498:
I/PhenotypeBackgroundRecv(5902): Skipping com.google.android.libraries.mdi.sync#com.google.android.apps.wellbeing which doesn't use ProcessStable flags. >11-08 00:01:15.509:
I/PhenotypeResourceReader(5457): unable to find any Phenotype resource metadata for com.google.android.gms.supervision >11-08 00:01:15.513:
I/PhenotypeResourceReader(5457): unable to find any Phenotype resource metadata for com.android.settings >11-08 00:01:15.514:
I/PhenotypeBackgroundRecv(5902): Successfully updated snapshot for com.google.android.gms.clearcut_client#com.google.android.apps.wellbeing >11-08 00:01:15.521:
I/PhenotypeBackgroundRecv(5902): Successfully updated snapshot for com.google.android.libraries.performance.primes#com.google.android.apps.wellbeing >11-08 00:01:15.525:
I/PhenotypeResourceReader(5457): unable to find any Phenotype resource metadata for com.google.android.apps.wallpaper >11-08 00:01:15.528:
I/PhenotypeBackgroundRecv(5902): Skipping com.google.android.gms.kids#com.google.android.apps.wellbeing which doesn't use ProcessStable flags. >11-08 00:01:15.530:
I/PhenotypeResourceReader(5457): unable to find any Phenotype resource metadata for com.android.systemui >11-08 00:01:15.536:
I/PhenotypeBackgroundRecv(5902): Skipping com.google.android.apps.kids.libraries.android#com.google.android.apps.wellbeing which doesn't use ProcessStable flags. >11-08 00:01:15.554:
I/SP(5950): Scheduling job with delay of 0s for {m:b:u:l, bg}, 1 candidates >11-08 00:01:15.557:
I/SpBackgroundTask(5950): SuperpacksBackgroundJobService.onStartJob():23 onStartJob: android.app.job.JobParameters@421d454 >11-08 00:01:15.557:
I/SP(5950): ====> Starting job {m:b:u:l, bg} >11-08 00:01:15.562:
I/SP(5950): Scheduling: download registered, 0 started, 0 paused, 1 scheduled, 1 pending: content_cache:146938679d8a79c40dfa474830396eab * {m:b:u:l, bg} >11-08 00:01:15.566:
I/SP(5950): Scheduling job with delay of 0s for {m:b:u:l, bg}, 2 candidates >11-08 00:01:15.572:
I/SP(5950): Scheduling: download registered, 0 started, 0 paused, 2 scheduled, 2 pending: content_cache:146938679d8a79c40dfa474830396eab * {m:b:u:l, bg}, content_cache:8722425f4121ffdea802b1066df73991 * {m:b:u:l, bg} >11-08 00:01:15.575:
I/SP(5950): Scheduling job with delay of 0s for {m:b:u:l, bg}, 3 candidates >11-08 00:01:15.584:
I/SP(5950): Scheduling: download registered, 0 started, 0 paused, 3 scheduled, 3 pending: content_cache:146938679d8a79c40dfa474830396eab * {m:b:u:l, bg}, content_cache:8722425f4121ffdea802b1066df73991 * {m:b:u:l, bg}, content_cache:fa1da98da1212aad6fb9a8efaff48148 * {m:b:u:l, bg} >11-08 00:01:15.586:
E/SuperDelight(5950): DelightSyncResultCallback.onSyncFailure():120 DelightSyncResultCallback#onSyncFailure() >11-08 00:01:15.586:
E/SuperDelight(5950): jos: Request of 1 packs for delight-manifest failed >11-08 00:01:15.586:
E/SuperDelight(5950): at ckf.call(PG:228) >11-08 00:01:15.586:
E/SuperDelight(5950): at mga.a(PG:1) >11-08 00:01:15.586:
E/SuperDelight(5950): at mhe.run(PG:4) >11-08 00:01:15.586:
E/SuperDelight(5950): at java.util.concurrent.Executors$RunnableAdapter.call(Executors.java:463) >11-08 00:01:15.586:
E/SuperDelight(5950): at java.util.concurrent.FutureTask.run(FutureTask.java:264) >11-08 00:01:15.586:
E/SuperDelight(5950): at gwk.run(PG:2) >11-08 00:01:15.586:
E/SuperDelight(5950): at java.util.concurrent.ThreadPoolExecutor.runWorker(ThreadPoolExecutor.java:1137) >11-08 00:01:15.586:
E/SuperDelight(5950): at java.util.concurrent.ThreadPoolExecutor$Worker.run(ThreadPoolExecutor.java:637) >11-08 00:01:15.586:
E/SuperDelight(5950): at java.lang.Thread.run(Thread.java:1012) >11-08 00:01:15.586:
E/SuperDelight(5950): at gvx.run(PG:2) >11-08 00:01:15.586:
E/SuperDelight(5950): Caused by: juj: UNKNOWN_IO_ERROR: Unexpected status line: PK������������!��t�s�������[����������superpacks_manifest.json�\�n;�~����VEּ�b����H�=���d0���Ã+PcA ��!+N��W�ֿ��x�sy��rz�e~���������v��ׯ߿����o����z�_���P���/�k=�����(ÿ�6ÚQ_�L_>~�[�����|���\�G�<���r|��������o�z��2_?Y�u�� �D�����o�_��������9O� ��s������g�����6�[l�Hï¿½ì¨ Lj���K\�i��g�, url: https://www.gstatic.com/android/keyboard/dictionarypack/Jinzhou-normal/metadata.json >11-08 00:01:15.586:
E/SuperDelight(5950): at juh.a(PG:1) >11-08 00:01:15.586:
E/SuperDelight(5950): at jyc.n(PG:10) >11-08 00:01:15.586:
E/SuperDelight(5950): at jxz.run(PG:11) >11-08 00:01:15.586:
E/SuperDelight(5950): ... 7 more >11-08 00:01:15.588:
I/SP(5950): Scheduling: job start ({m:b:u:l, bg}), 3 started, 0 paused, 0 scheduled, 3 pending: content_cache:146938679d8a79c40dfa474830396eab @ * {m:b:u:l, bg}, content_cache:8722425f4121ffdea802b1066df73991 @ * {m:b:u:l, bg}, content_cache:fa1da98da1212aad6fb9a8efaff48148 @ * {m:b:u:l, bg} >11-08 00:01:15.588:
I/SP(5950): Successfully got manifest for gboard-small-speech-packs-manifest: manifests:gboard-small-speech-packs-1327534105 >11-08 00:01:15.592:
I/SpeechPackManager(5950): SpeechPackManager$2.onSuccess():362 refreshManifest() : Refreshed URL = https://dl.google.com/android/voice/gboard/terse/superpacks-manifest-20210519.json >11-08 00:01:15.592:
E/SuperpacksManagerImpl(5950): SuperpacksManagerImpl$3$1.onFailure():580 delight.registerManifest() failed >11-08 00:01:15.592:
E/SuperpacksManagerImpl(5950): jos: Request of 1 packs for delight-manifest failed >11-08 00:01:15.592:
E/SuperpacksManagerImpl(5950): at ckf.call(PG:228) >11-08 00:01:15.592:
E/SuperpacksManagerImpl(5950): at mga.a(PG:1) >11-08 00:01:15.592:
E/SuperpacksManagerImpl(5950): at mhe.run(PG:4) >11-08 00:01:15.592:
E/SuperpacksManagerImpl(5950): at java.util.concurrent.Executors$RunnableAdapter.call(Executors.java:463) >11-08 00:01:15.592:
E/SuperpacksManagerImpl(5950): at java.util.concurrent.FutureTask.run(FutureTask.java:264) >11-08 00:01:15.592:
E/SuperpacksManagerImpl(5950): at gwk.run(PG:2) >11-08 00:01:15.592:
E/SuperpacksManagerImpl(5950): at java.util.concurrent.ThreadPoolExecutor.runWorker(ThreadPoolExecutor.java:1137) >11-08 00:01:15.592:
E/SuperpacksManagerImpl(5950): at java.util.concurrent.ThreadPoolExecutor$Worker.run(ThreadPoolExecutor.java:637) >11-08 00:01:15.592:
E/SuperpacksManagerImpl(5950): at java.lang.Thread.run(Thread.java:1012) >11-08 00:01:15.592:
E/SuperpacksManagerImpl(5950): at gvx.run(PG:2) >11-08 00:01:15.592:
E/SuperpacksManagerImpl(5950): Caused by: juj: UNKNOWN_IO_ERROR: Unexpected status line: PK������������!��t�s�������[����������superpacks_manifest.json�\�n;�~����VEּ�b����H�=���d0���Ã+PcA ��!+N��W�ֿ��x�sy��rz�e~���������v��ׯ߿����o����z�_���P���/�k=�����(ÿ�6ÚQ_�L_>~�[�����|���\�G�<���r|��������o�z��2_?Y�u�� �D�����o�_��������9O� ��s������g�����6�[l�Hï¿½ì¨ Lj���K\�i��g�, url: https://www.gstatic.com/android/keyboard/dictionarypack/Jinzhou-normal/metadata.json >11-08 00:01:15.592:
E/SuperpacksManagerImpl(5950): at juh.a(PG:1) >11-08 00:01:15.592:
E/SuperpacksManagerImpl(5950): at jyc.n(PG:10) >11-08 00:01:15.592:
E/SuperpacksManagerImpl(5950): at jxz.run(PG:11) >11-08 00:01:15.592:
E/SuperpacksManagerImpl(5950): ... 7 more >11-08 00:01:15.617:
I/SP(5950): Scheduling: download registered, 1 started, 0 paused, 0 scheduled, 4 pending: content_cache:146938679d8a79c40dfa474830396eab @ {m:b:u:l, bg}, content_cache:8722425f4121ffdea802b1066df73991 @ {m:b:u:l, bg}, content_cache:fa1da98da1212aad6fb9a8efaff48148 @ {m:b:u:l, bg}, dynamic_art:b1f6f47a53f7820be91b9fe247728980 @ * {m:b:u:l, bg} >11-08 00:01:15.624:
I/SP(5950): Scheduling: download registered, 1 started, 0 paused, 0 scheduled, 5 pending: content_cache:146938679d8a79c40dfa474830396eab @ {m:b:u:l, bg}, content_cache:8722425f4121ffdea802b1066df73991 @ {m:b:u:l, bg}, content_cache:fa1da98da1212aad6fb9a8efaff48148 @ {m:b:u:l, bg}, dynamic_art:b1f6f47a53f7820be91b9fe247728980 @ {m:b:u:l, bg}, dynamic_art:305f81355a729e382ea9f374dd286d9f @ * {m:b:u:l, bg} >11-08 00:01:15.625:
I/SP(5950): Successfully got manifest for emoji-manifest: manifests:emoji-2022021121 >11-08 00:01:15.628:
I/HeterodyneSyncer(5457): Removed 0 invalid users [CONTEXT service_id=51 ] >11-08 00:01:15.630:
I/PhenotypeBackgroundRecv(2660): Skipping com.google.android.ims#com.google.android.ims which doesn't use ProcessStable flags. >11-08 00:01:15.631:
I/SP(5950): Requesting download of URL https://www.gstatic.com/android/keyboard/modelpack/contentcache/202205232034/emoji2expr.pb to 146938679d8a79c40dfa474830396eab.fetched (constraints: m:b:u:l) >11-08 00:01:15.631:
I/SP(5950): Requesting download of URL https://www.gstatic.com/android/keyboard/modelpack/contentcache/202205232034/text2expr.pb to 8722425f4121ffdea802b1066df73991.fetched (constraints: m:b:u:l) >11-08 00:01:15.631:
I/SP(5950): Requesting download of URL https://www.gstatic.com/android/keyboard/modelpack/contentcache/202205232034/contextual_ek.pb to fa1da98da1212aad6fb9a8efaff48148.fetched (constraints: m:b:u:l) >11-08 00:01:15.631:
I/SP(5950): Requesting download of URL https://www.gstatic.com/android/keyboard/dynamic_art/20220108002302/animation.zip to b1f6f47a53f7820be91b9fe247728980.zip.fetched (constraints: m:b:u:l) >11-08 00:01:15.632:
I/SP(5950): Requesting download of URL https://www.gstatic.com/android/keyboard/dynamic_art/20220108002302/fonts.zip to 305f81355a729e382ea9f374dd286d9f.zip.fetched (constraints: m:b:u:l) >11-08 00:01:15.633:
I/SP(5950): Syncing transformer_concept (2022062501) with slices: [2022042917_en], metadata: false >11-08 00:01:15.633:
I/SuperDelight(5950): SuperDelightManager$2.onSuccess():641 delight sync success, adding to data file manager >11-08 00:01:15.634:
I/DataFileManager(5950): DataFileManager.addDataWithoutNotify():163 data en-US already exists >11-08 00:01:15.635:
D/TrafficStats(5950): tagSocket(108) with statsTag=0xffffffff, statsUid=-1 >11-08 00:01:15.637:
W/putmethod.latin(5950): Accessing hidden method Lcom/android/org/conscrypt/ConscryptEngineSocket;->setUseSessionTickets(Z)V (max-target-q,core-platform-api, reflection, denied) >11-08 00:01:15.637:
W/putmethod.latin(5950): Accessing hidden method Lcom/android/org/conscrypt/OpenSSLSocketImpl;->setUseSessionTickets(Z)V (max-target-q,core-platform-api, reflection, denied) >11-08 00:01:15.637:
W/putmethod.latin(5950): Accessing hidden method Lcom/android/org/conscrypt/AbstractConscryptSocket;->setUseSessionTickets(Z)V (max-target-q, reflection, denied) >11-08 00:01:15.637:
W/putmethod.latin(5950): Accessing hidden method Lcom/android/org/conscrypt/ConscryptEngineSocket;->setHostname(Ljava/lang/String;)V (max-target-q,core-platform-api, reflection, denied) >11-08 00:01:15.637:
W/putmethod.latin(5950): Accessing hidden method Lcom/android/org/conscrypt/OpenSSLSocketImpl;->setHostname(Ljava/lang/String;)V (max-target-q,core-platform-api, reflection, denied) >11-08 00:01:15.637:
W/putmethod.latin(5950): Accessing hidden method Lcom/android/org/conscrypt/AbstractConscryptSocket;->setHostname(Ljava/lang/String;)V (max-target-q, reflection, denied) >11-08 00:01:15.637:
W/putmethod.latin(5950): Accessing hidden method Lcom/android/org/conscrypt/OpenSSLSocketImpl;->setAlpnProtocols([B)V (max-target-q,core-platform-api, reflection, denied) >11-08 00:01:15.637:
W/putmethod.latin(5950): Accessing hidden method Lcom/android/org/conscrypt/AbstractConscryptSocket;->setAlpnProtocols([B)V (max-target-q, reflection, denied) >11-08 00:01:15.640:
I/PhenotypeBackgroundRecv(2660): Successfully updated snapshot for com.google.android.gms.clearcut_client#com.google.android.ims >11-08 00:01:15.641:
I/PhenotypeBackgroundRecv(2660): Successfully updated snapshot for com.google.android.libraries.performance.primes#com.google.android.ims >11-08 00:01:15.643:
W/putmethod.latin(5950): Accessing hidden method Lcom/android/org/conscrypt/OpenSSLSocketImpl;->getAlpnSelectedProtocol()[B (max-target-q,core-platform-api, reflection, denied) >11-08 00:01:15.643:
W/putmethod.latin(5950): Accessing hidden method Lcom/android/org/conscrypt/AbstractConscryptSocket;->getAlpnSelectedProtocol()[B (max-target-q, reflection, denied) >11-08 00:01:15.646:
I/resolv(371): GetAddrInfoHandler::run: {102 786534 102 983142 10117 0} >11-08 00:01:15.646:
I/resolv(371): res_nmkquery: (QUERY, IN, AAAA) >11-08 00:01:15.646:
I/resolv(371): res_nmkquery: (QUERY, IN, A) >11-08 00:01:15.646:
I/resolv(371): resolv_cache_lookup: FOUND IN CACHE entry=0xb400006e71a59710 >11-08 00:01:15.646:
I/resolv(371): doQuery: rcode=0, ancount=10, return value=196 >11-08 00:01:15.647:
I/PhenotypeBackgroundRecv(2660): Successfully updated snapshot for com.google.android.libraries.consentverifier#com.google.android.ims >11-08 00:01:15.647:
I/resolv(371): res_nsend: used send_dg 148 terrno: 0 >11-08 00:01:15.647:
I/resolv(371): doQuery: rcode=0, ancount=4, return value=148 >11-08 00:01:15.648:
I/PhenotypeBackgroundRecv(2660): Skipping com.google.android.apps.messaging.auto#com.google.android.ims which doesn't use ProcessStable flags. >11-08 00:01:15.648:
D/TrafficStats(5457): tagSocket(70) with statsTag=0x1203, statsUid=10117 >11-08 00:01:15.649:
W/SP(5950): File ref is being finalized but wasn't closed, file: main_en_us_2022051700_1[2] >11-08 00:01:15.649:
W/SP(5950): File ref is being finalized but wasn't closed, file: main_en_us_2022051700_1[2] >11-08 00:01:15.655:
I/PhenotypeBackgroundRecv(2660): Successfully updated snapshot for com.google.android.libraries.mobileconfiguration#com.google.android.ims >11-08 00:01:15.656:
D/CompatibilityChangeReporter(577): Compat change id reported: 168419799; UID 10136; state: DISABLED >11-08 00:01:15.662:
I/SP(5950): Scheduling: download registered, 1 started, 0 paused, 0 scheduled, 6 pending: content_cache:146938679d8a79c40dfa474830396eab @ {m:b:u:l, bg}, content_cache:8722425f4121ffdea802b1066df73991 @ {m:b:u:l, bg}, content_cache:fa1da98da1212aad6fb9a8efaff48148 @ {m:b:u:l, bg}, dynamic_art:b1f6f47a53f7820be91b9fe247728980 @ {m:b:u:l, bg}, dynamic_art:305f81355a729e382ea9f374dd286d9f @ {m:b:u:l, bg}, transformer_concept:2022042917_en @ * {m:b:u:l, bg} >11-08 00:01:15.662:
I/SP(5950): Requesting download of URL https://www.gstatic.com/android/keyboard/modelpack/transformer_concept/2022042917/en.zip to 2022042917_en.zip.fetched (constraints: m:b:u:l) >11-08 00:01:15.663:
I/EmojiSlicingStrategy(5950): EmojiSlicingStrategy.matchEnabledLocalesWithPackLocales():127 matchEnabledLocalesWithPackLocales() : User enabled 1 locales; returning 1 slices >11-08 00:01:15.663:
I/SP(5950): Syncing emoji (2022021121) with slices: [{c86a9e8a7b3936086b2baba21d5615a7, m:*:*:*}], metadata: false >11-08 00:01:15.663:
I/SP(5950): Download stopped: content_cache:146938679d8a79c40dfa474830396eab, succeeded, size: 11076 >11-08 00:01:15.670:
I/SP(5950): Scheduling: download stopped, 0 started, 0 paused, 0 scheduled, 5 pending: content_cache:8722425f4121ffdea802b1066df73991 @ {m:b:u:l, bg}, content_cache:fa1da98da1212aad6fb9a8efaff48148 @ {m:b:u:l, bg}, dynamic_art:b1f6f47a53f7820be91b9fe247728980 @ {m:b:u:l, bg}, dynamic_art:305f81355a729e382ea9f374dd286d9f @ {m:b:u:l, bg}, transformer_concept:2022042917_en @ {m:b:u:l, bg} >11-08 00:01:15.707:
I/PackageManager(577): Integrity check passed for file:///data/app/vmdl617885910.tmp >11-08 00:01:15.707:
I/SP(5950): Scheduling: download registered, 1 started, 0 paused, 0 scheduled, 6 pending: content_cache:8722425f4121ffdea802b1066df73991 @ {m:b:u:l, bg}, content_cache:fa1da98da1212aad6fb9a8efaff48148 @ {m:b:u:l, bg}, dynamic_art:b1f6f47a53f7820be91b9fe247728980 @ {m:b:u:l, bg}, dynamic_art:305f81355a729e382ea9f374dd286d9f @ {m:b:u:l, bg}, transformer_concept:2022042917_en @ {m:b:u:l, bg}, emoji:c86a9e8a7b3936086b2baba21d5615a7 @ * {m:b:u:l, bg} >11-08 00:01:15.710:
I/PhenotypeBackgroundRecv(1086): Successfully updated snapshot for com.google.android.libraries.mdi.sync#com.google.android.setupwizard >11-08 00:01:15.711:
D/CompatibilityChangeReporter(577): Compat change id reported: 133396946; UID -1; state: DISABLED >11-08 00:01:15.713:
I/PhenotypeBackgroundRecv(1086): Skipping com.google.android.setupwizard which doesn't use ProcessStable flags. >11-08 00:01:15.731:
I/SP(5950): Requesting download of URL https://www.gstatic.com/android/keyboard/emoji/20220211213920/en_us.zip to c86a9e8a7b3936086b2baba21d5615a7.zip.fetched (constraints: m:b:u:l) >09-25 18:34:47.596:
I/logd(2595): start watching /data/system/packages.list ... >09-25 18:34:47.596:
I/logd(2595): ReadPackageList, total packages: 181 >11-08 00:01:15.734:
D/PackageManager(577): Instant App installer not found with android.intent.action.INSTALL_INSTANT_APP_PACKAGE >11-08 00:01:15.734:
D/PackageManager(577): Clear ephemeral installer activity >11-08 00:01:15.741:
W/ziparchive(577): Unable to open '/data/app/~~w2LM_A5jEc6tMox46imeuw==/com.google.android.apps.mtaas.loginutil-xNnCyh0ss5X_NM7-XS4rdA==/base.dm': No such file or directory >11-08 00:01:15.741:
I/PackageDexOptimizer(577): Running dexopt (dexoptNeeded=1) on: /data/app/~~w2LM_A5jEc6tMox46imeuw==/com.google.android.apps.mtaas.loginutil-xNnCyh0ss5X_NM7-XS4rdA==/base.apk pkg=com.google.android.apps.mtaas.loginutil isa=arm64 dexoptFlags=boot_complete,profile_guided,public,enable_hidden_api_checks targetFilter=speed-profile oatDir=/data/app/~~w2LM_A5jEc6tMox46imeuw==/com.google.android.apps.mtaas.loginutil-xNnCyh0ss5X_NM7-XS4rdA==/oat classLoaderContext=PCL[]{PCL[/system/framework/android.test.base.jar]#PCL[/system/framework/org.apache.http.legacy.jar]} >11-08 00:01:15.741:
V/installd(492): DexInv: --- BEGIN '/data/app/~~w2LM_A5jEc6tMox46imeuw==/com.google.android.apps.mtaas.loginutil-xNnCyh0ss5X_NM7-XS4rdA==/base.apk' --- >11-08 00:01:15.741:
V/installd(492): Running /apex/com.android.art/bin/dex2oat64 in=base.apk out=/data/app/~~w2LM_A5jEc6tMox46imeuw==/com.google.android.apps.mtaas.loginutil-xNnCyh0ss5X_NM7-XS4rdA==/oat/arm64/base.odex >11-08 00:01:15.742:
I/SP(5950): Download stopped: content_cache:8722425f4121ffdea802b1066df73991, succeeded, size: 5017 >11-08 00:01:15.743:
I/PhenotypeBackgroundRecv(1086): Successfully updated snapshot for com.google.android.gms.clearcut_client#com.google.android.setupwizard >11-08 00:01:15.744:
I/PhenotypeBackgroundRecv(1086): Successfully updated snapshot for com.google.android.libraries.performance.primes#com.google.android.setupwizard >11-08 00:01:15.750:
I/PhenotypeBackgroundRecv(1086): Successfully updated snapshot for com.google.android.libraries.consentverifier#com.google.android.setupwizard >11-08 00:01:15.751:
W/dex2oat64(7871): Mismatch between dex2oat instruction set features to use (ISA: Arm64 Feature string: a53,crc,-lse,-fp16,-dotprod,-sve) and those from CPP defines (ISA: Arm64 Feature string: -a53,-crc,-lse,-fp16,-dotprod,-sve) for the command line: >11-08 00:01:15.751:
W/dex2oat64(7871): /apex/com.android.art/bin/dex2oat64 --zip-fd=7 --zip-location=base.apk --oat-fd=8 --oat-location=/data/app/~~w2LM_A5jEc6tMox46imeuw==/com.google.android.apps.mtaas.loginutil-xNnCyh0ss5X_NM7-XS4rdA==/oat/arm64/base.odex --input-vdex-fd=-1 --output-vdex-fd=9 --swap-fd=10 --classpath-dir=/data/app/~~w2LM_A5jEc6tMox46imeuw==/com.google.android.apps.mtaas.loginutil-xNnCyh0ss5X_NM7-XS4rdA== --class-loader-context=PCL[]{PCL[/system/framework/android.test.base.jar]#PCL[/system/framework/org.apache.http.legacy.jar]} --compact-dex-level=none --instruction-set=arm64 --instruction-set-features=default --instruction-set-variant=generic --compiler-filter=speed-profile --compilation-reason=install --max-image-block-size=524288 --resolve-startup-const-strings=true --generate-mini-debug-info --runtime-arg -Xtarget-sdk-version:23 --runtime-arg -Xhidden-api-policy:enabled --runtime-arg -Xms64m --runtime-arg -Xmx512m >11-08 00:01:15.752:
I/SP(5950): Scheduling: download stopped, 0 started, 0 paused, 0 scheduled, 5 pending: content_cache:fa1da98da1212aad6fb9a8efaff48148 @ {m:b:u:l, bg}, dynamic_art:b1f6f47a53f7820be91b9fe247728980 @ {m:b:u:l, bg}, dynamic_art:305f81355a729e382ea9f374dd286d9f @ {m:b:u:l, bg}, transformer_concept:2022042917_en @ {m:b:u:l, bg}, emoji:c86a9e8a7b3936086b2baba21d5615a7 @ {m:b:u:l, bg} >11-08 00:01:15.752:
I/dex2oat64(7871): /apex/com.android.art/bin/dex2oat64 --input-vdex-fd=-1 --output-vdex-fd=9 --classpath-dir=/data/app/~~w2LM_A5jEc6tMox46imeuw==/com.google.android.apps.mtaas.loginutil-xNnCyh0ss5X_NM7-XS4rdA== --class-loader-context=PCL[]{PCL[/system/framework/android.test.base.jar]#PCL[/system/framework/org.apache.http.legacy.jar]} --compact-dex-level=none --compiler-filter=speed-profile --compilation-reason=install --max-image-block-size=524288 --resolve-startup-const-strings=true --generate-mini-debug-info >11-08 00:01:15.757:
I/PhenotypeBackgroundRecv(1086): Successfully updated snapshot for com.google.android.libraries.onegoogle#com.google.android.setupwizard >11-08 00:01:15.759:
I/SP(5950): Download stopped: content_cache:fa1da98da1212aad6fb9a8efaff48148, succeeded, size: 1065 >11-08 00:01:15.763:
I/NamespaceManager(5457): Package com.android.refreshratecontrol name not found! Using module version. >11-08 00:01:15.765:
I/NamespaceManager(5457): Package com.google.oslo name not found! Using module version. >11-08 00:01:15.766:
I/SP(5950): Scheduling: download stopped, 0 started, 0 paused, 0 scheduled, 4 pending: dynamic_art:b1f6f47a53f7820be91b9fe247728980 @ {m:b:u:l, bg}, dynamic_art:305f81355a729e382ea9f374dd286d9f @ {m:b:u:l, bg}, transformer_concept:2022042917_en @ {m:b:u:l, bg}, emoji:c86a9e8a7b3936086b2baba21d5615a7 @ {m:b:u:l, bg} >11-08 00:01:15.767:
I/NamespaceManager(5457): Package com.android.media name not found! Using module version. >11-08 00:01:15.768:
I/NamespaceManager(5457): Package com.android.media.swcodec name not found! Using module version. >11-08 00:01:15.771:
I/NamespaceManager(5457): Package com.android.neuralnetworks name not found! Using module version. >11-08 00:01:15.771:
I/NamespaceManager(5457): Package com.android.media name not found! Using module version. >11-08 00:01:15.773:
I/SP(5950): Download stopped: dynamic_art:b1f6f47a53f7820be91b9fe247728980, succeeded, size: 557904 >11-08 00:01:15.773:
I/NamespaceManager(5457): Package 1 name not found! Using module version. >11-08 00:01:15.773:
I/NamespaceManager(5457): Package rkpd name not found! Using module version. >11-08 00:01:15.774:
I/NamespaceManager(5457): Package com.google.android.devicelockcontroller name not found! Using module version. >11-08 00:01:15.774:
I/NamespaceManager(5457): Package com.google.android.healthfitness name not found! Using module version. >11-08 00:01:15.774:
I/NamespaceManager(5457): Package android.companion name not found! Using module version. >11-08 00:01:15.775:
I/NamespaceManager(5457): Package com.google.android.healthfitness name not found! Using module version. >11-08 00:01:15.776:
I/NamespaceManager(5457): Package com.google.android.apps.aicore name not found! Using module version. >11-08 00:01:15.778:
W/PhenotypeConfigurationU(5457): Update for unknown DeviceConfig package com.google.android.gms.wallet_dynamite#com.google.android.gms [CONTEXT service_id=204 ] >11-08 00:01:15.778:
W/PhenotypeConfigurationU(5457): cesr: No package exists for config package: com.google.android.gms.wallet_dynamite#com.google.android.gms >11-08 00:01:15.778:
W/PhenotypeConfigurationU(5457): at cess.a(:com.google.android.gms@233316044@23.33.16 (190400-560149061):70) >11-08 00:01:15.778:
W/PhenotypeConfigurationU(5457): at com.google.android.gms.platformconfigurator.PhenotypeConfigurationUpdateListener.b(:com.google.android.gms@233316044@23.33.16 (190400-560149061):6) >11-08 00:01:15.778:
