W/ActivityManager(577): Rescheduling restart of crashed service com.google.android.gms/.people.sync.focus.ContactsSyncAdapterService in 90954ms for other >11-08 00:01:28.521:
W/ActivityManager(577): Rescheduling restart of crashed service com.google.android.gms/.icing.service.AppIndexingService in 100954ms for other >11-08 00:01:28.521:
W/ActivityManager(577): Rescheduling restart of crashed service com.google.android.gms/.icing.service.IndexWorkerService in 110954ms for other >11-08 00:01:28.521:
W/ActivityManager(577): Rescheduling restart of crashed service com.google.android.gms/.plus.service.OfflineActionSyncAdapterService in 120954ms for other >11-08 00:01:28.521:
W/ActivityManager(577): Rescheduling restart of crashed service com.google.android.gms/.games.chimera.GamesSyncServiceNotificationProxy in 130954ms for other >11-08 00:01:28.521:
W/ActivityManager(577): Rescheduling restart of crashed service com.google.android.gms/.chimera.GmsApiService in 140954ms for other >11-08 00:01:28.521:
W/ActivityManager(577): Rescheduling restart of crashed service com.android.bluetooth/.btservice.AdapterService in 10638089ms for other >11-08 00:01:28.528:
I/SP(8915): Fetching en-us:en-us-x-multi-r47 from assets with params: {m:*:*:*, *, p {absolute:0}} >11-08 00:01:28.557:
D/CompatibilityChangeReporter(8975): Compat change id reported: 171979766; UID 10174; state: DISABLED >11-08 00:01:28.568:
D/nativeloader(9002): Configuring classloader-namespace for other apk /system/framework/org.apache.http.legacy.jar. target_sdk_version=34, uses_libraries=ALL, library_path=/data/app/~~BqzihIaO2gOobnL2947CsQ==/com.google.android.gms-YJJ0FGi3EITqzVki5COiqA==/lib/arm64:/data/app/~~BqzihIaO2gOobnL2947CsQ==/com.google.android.gms-YJJ0FGi3EITqzVki5COiqA==/base.apk!/lib/arm64-v8a, permitted_path=/data:/mnt/expand:/data/user/0/com.google.android.gms >11-08 00:01:28.568:
D/nativeloader(9002): Configuring classloader-namespace for other apk /system/framework/com.android.media.remotedisplay.jar. target_sdk_version=34, uses_libraries=ALL, library_path=/data/app/~~BqzihIaO2gOobnL2947CsQ==/com.google.android.gms-YJJ0FGi3EITqzVki5COiqA==/lib/arm64:/data/app/~~BqzihIaO2gOobnL2947CsQ==/com.google.android.gms-YJJ0FGi3EITqzVki5COiqA==/base.apk!/lib/arm64-v8a, permitted_path=/data:/mnt/expand:/data/user/0/com.google.android.gms >11-08 00:01:28.568:
D/nativeloader(9002): Configuring classloader-namespace for other apk /system/framework/com.android.location.provider.jar. target_sdk_version=34, uses_libraries=ALL, library_path=/data/app/~~BqzihIaO2gOobnL2947CsQ==/com.google.android.gms-YJJ0FGi3EITqzVki5COiqA==/lib/arm64:/data/app/~~BqzihIaO2gOobnL2947CsQ==/com.google.android.gms-YJJ0FGi3EITqzVki5COiqA==/base.apk!/lib/arm64-v8a, permitted_path=/data:/mnt/expand:/data/user/0/com.google.android.gms >11-08 00:01:28.569:
D/nativeloader(9002): Configuring classloader-namespace for other apk /system_ext/framework/androidx.window.extensions.jar. target_sdk_version=34, uses_libraries=ALL, library_path=/data/app/~~BqzihIaO2gOobnL2947CsQ==/com.google.android.gms-YJJ0FGi3EITqzVki5COiqA==/lib/arm64:/data/app/~~BqzihIaO2gOobnL2947CsQ==/com.google.android.gms-YJJ0FGi3EITqzVki5COiqA==/base.apk!/lib/arm64-v8a, permitted_path=/data:/mnt/expand:/data/user/0/com.google.android.gms >11-08 00:01:28.569:
D/nativeloader(9002): Configuring classloader-namespace for other apk /system_ext/framework/androidx.window.sidecar.jar. target_sdk_version=34, uses_libraries=ALL, library_path=/data/app/~~BqzihIaO2gOobnL2947CsQ==/com.google.android.gms-YJJ0FGi3EITqzVki5COiqA==/lib/arm64:/data/app/~~BqzihIaO2gOobnL2947CsQ==/com.google.android.gms-YJJ0FGi3EITqzVki5COiqA==/base.apk!/lib/arm64-v8a, permitted_path=/data:/mnt/expand:/data/user/0/com.google.android.gms >11-08 00:01:28.572:
D/nativeloader(9002): Configuring classloader-namespace for other apk /data/app/~~BqzihIaO2gOobnL2947CsQ==/com.google.android.gms-YJJ0FGi3EITqzVki5COiqA==/base.apk. target_sdk_version=34, uses_libraries=, library_path=/data/app/~~BqzihIaO2gOobnL2947CsQ==/com.google.android.gms-YJJ0FGi3EITqzVki5COiqA==/lib/arm64:/data/app/~~BqzihIaO2gOobnL2947CsQ==/com.google.android.gms-YJJ0FGi3EITqzVki5COiqA==/base.apk!/lib/arm64-v8a, permitted_path=/data:/mnt/expand:/data/user/0/com.google.android.gms >11-08 00:01:28.578:
V/GraphicsEnvironment(9002): ANGLE Developer option for 'com.google.android.gms' set to: 'default' >11-08 00:01:28.578:
V/GraphicsEnvironment(9002): ANGLE GameManagerService for com.google.android.gms: false >11-08 00:01:28.578:
V/GraphicsEnvironment(9002): Neither updatable production driver nor prerelease driver is supported. >11-08 00:01:28.579:
D/NetworkSecurityConfig(9002): Using Network Security Config from resource network_security_config debugBuild: false >11-08 00:01:28.580:
D/NetworkSecurityConfig(9002): Using Network Security Config from resource network_security_config debugBuild: false >11-08 00:01:28.583:
W/NotificationHistory(577): Attempted to add notif for locked/gone/disabled user 0 >11-08 00:01:28.583:
W/AiAiEcho(1529): SmartspaceNotificationPredictor no parser can handle this notification or notification is invalid >11-08 00:01:28.587:
D/ApplicationLoaders(8975): Returning zygote-cached class loader: /system/framework/android.test.base.jar >11-08 00:01:28.588:
D/nativeloader(8975): Configuring classloader-namespace for other apk /data/app/~~tpXZJuWUQuyDpxgbwn752g==/com.google.android.apps.mtaas.backdrop-jrhDyVgGxA8-Q0tEJNa_Bg==/base.apk. target_sdk_version=28, uses_libraries=, library_path=/data/app/~~tpXZJuWUQuyDpxgbwn752g==/com.google.android.apps.mtaas.backdrop-jrhDyVgGxA8-Q0tEJNa_Bg==/lib/arm64, permitted_path=/data:/mnt/expand:/data/user/0/com.google.android.apps.mtaas.backdrop >11-08 00:01:28.592:
V/GraphicsEnvironment(8975): ANGLE Developer option for 'com.google.android.apps.mtaas.backdrop' set to: 'default' >11-08 00:01:28.593:
V/GraphicsEnvironment(8975): ANGLE GameManagerService for com.google.android.apps.mtaas.backdrop: false >11-08 00:01:28.593:
V/GraphicsEnvironment(8975): Neither updatable production driver nor prerelease driver is supported. >11-08 00:01:28.593:
D/NetworkSecurityConfig(8975): No Network Security Config specified, using platform default >11-08 00:01:28.594:
D/NetworkSecurityConfig(8975): No Network Security Config specified, using platform default >11-08 00:01:28.594:
I/MultiDex(8975): VM with version 2.1.0 has multidex support >11-08 00:01:28.594:
I/MultiDex(8975): Installing application >11-08 00:01:28.594:
I/MultiDex(8975): VM has multidex support, MultiDex support library is disabled. >11-08 00:01:28.595:
I/Safeboot(9002): Checking safeboot... >11-08 00:01:28.598:
D/libEGL(8975): loaded /vendor/lib64/egl/libEGL_emulation.so >11-08 00:01:28.599:
D/libEGL(8975): loaded /vendor/lib64/egl/libGLESv1_CM_emulation.so >11-08 00:01:28.600:
D/libEGL(8975): loaded /vendor/lib64/egl/libGLESv2_emulation.so >11-08 00:01:28.602:
D/AppCompatDelegate(8975): Checking for metadata for AppLocalesMetadataHolderService : Service not found >11-08 00:01:28.605:
D/LocalImageResolver(876): Couldn't use ImageDecoder for drawable, falling back to non-resized load. >11-08 00:01:28.608:
D/LocalImageResolver(876): Couldn't use ImageDecoder for drawable, falling back to non-resized load. >11-08 00:01:28.609:
I/BackdropActivity(8975): onCreate() >11-08 00:01:28.609:
D/CompatibilityChangeReporter(577): Compat change id reported: 161145287; UID 10117; state: DISABLED >11-08 00:01:28.613:
W/ProviderHelper(9002): Unknown dynamite feature providerinstaller.dynamite >11-08 00:01:28.614:
I/DynamiteModule(9002): Considering local module com.google.android.gms.providerinstaller.dynamite:1 and remote module com.google.android.gms.providerinstaller.dynamite:0 >11-08 00:01:28.614:
I/DynamiteModule(9002): Selected local version of com.google.android.gms.providerinstaller.dynamite >11-08 00:01:28.614:
I/ActivityTaskManager(577): Activity requesting to dismiss Keyguard: ActivityRecord{c39992e u0 com.google.android.apps.mtaas.backdrop/.BackdropActivity} t9} >11-08 00:01:28.616:
V/NativeCrypto(9002): Registering com/google/android/gms/org/conscrypt/NativeCrypto's 295 native methods... >11-08 00:01:28.620:
I/ProviderInstaller(9002): Installed default security provider GmsCore_OpenSSL >11-08 00:01:28.626:
D/CompatibilityChangeReporter(8975): Compat change id reported: 210923482; UID 10174; state: DISABLED >11-08 00:01:28.626:
D/CompatibilityChangeReporter(8975): Compat change id reported: 37756858; UID 10174; state: ENABLED >11-08 00:01:28.628:
W/FontsContract(8975): Platform version of downloadable fonts is deprecated. Please use androidx version instead. >11-08 00:01:28.632:
W/TransactionTracing(411): Could not find layer handle 0xb400007781f62830 >11-08 00:01:28.632:
W/TransactionTracing(411): Could not find layer handle 0xb400007781f62830 >11-08 00:01:28.632:
W/TransactionTracing(411): Could not find layer handle 0xb400007781f62830 >11-08 00:01:28.641:
D/CompatibilityChangeReporter(9002): Compat change id reported: 183155436; UID 10117; state: ENABLED >11-08 00:01:28.641:
I/GmsApplication(9002): [gms_startup_benchmark] Static start time (ms): 194709, Startup latency (ms): 60, Is system user: true >11-08 00:01:28.641:
D/EGL_emulation(876): app_time_stats: avg=98.09ms min=2.38ms max=463.34ms count=10 >11-08 00:01:28.642:
W/deca(9002): Primes not initialized, returning default (no-op) Primes instance which will ignore all calls. Please call Primes.initialize(...) before using any Primes API. >11-08 00:01:28.642:
W/deca(9002): dryf: FULL >11-08 00:01:28.642:
W/deca(9002): at a.L(:com.google.android.gms@233316044@23.33.16 (190400-560149061):9) >11-08 00:01:28.642:
W/deca(9002): at deca.a(:com.google.android.gms@233316044@23.33.16 (190400-560149061):32) >11-08 00:01:28.642:
W/deca(9002): at com.google.android.gms.common.app.GmsApplication.onCreate(:com.google.android.gms@233316044@23.33.16 (190400-560149061):493) >11-08 00:01:28.642:
W/deca(9002): at android.app.Instrumentation.callApplicationOnCreate(Instrumentation.java:1277) >11-08 00:01:28.642:
W/deca(9002): at android.app.ActivityThread.handleBindApplication(ActivityThread.java:6759) >11-08 00:01:28.642:
W/deca(9002): at android.app.ActivityThread.-$$Nest$mhandleBindApplication(Unknown Source:0) >11-08 00:01:28.642:
W/deca(9002): at android.app.ActivityThread$H.handleMessage(ActivityThread.java:2133) >11-08 00:01:28.642:
W/deca(9002): at android.os.Handler.dispatchMessage(Handler.java:106) >11-08 00:01:28.642:
W/deca(9002): at android.os.Looper.loopOnce(Looper.java:201) >11-08 00:01:28.642:
W/deca(9002): at android.os.Looper.loop(Looper.java:288) >11-08 00:01:28.642:
W/deca(9002): at android.app.ActivityThread.main(ActivityThread.java:7872) >11-08 00:01:28.642:
W/deca(9002): at java.lang.reflect.Method.invoke(Native Method) >11-08 00:01:28.642:
W/deca(9002): at com.android.internal.os.RuntimeInit$MethodAndArgsCaller.run(RuntimeInit.java:548) >11-08 00:01:28.642:
W/deca(9002): at com.android.internal.os.ZygoteInit.main(ZygoteInit.java:936) >11-08 00:01:28.644:
I/ProcessStableCheckInFix(9002): Running fixer! >11-08 00:01:28.651:
I/dezb(9002): Unable to retrieve flag snapshot for com.google.android.gms.gaia_experiments#com.google.android.gms, using defaults. >11-08 00:01:28.664:
I/dezb(9002): Unable to retrieve flag snapshot for com.google.android.gms.phenotype, using defaults. >11-08 00:01:28.668:
I/DynamiteModule(9002): Considering local module com.google.android.gms.googlecertificates:7 and remote module com.google.android.gms.googlecertificates:7 >11-08 00:01:28.668:
I/DynamiteModule(9002): Selected local version of com.google.android.gms.googlecertificates >11-08 00:01:28.682:
I/FontLog(9002): Updating from directory version 0 to 24 from disk [CONTEXT service_id=132 ] >11-08 00:01:28.683:
I/FontLog(9002): Using directory in FlatBuffer format [CONTEXT service_id=132 ] >11-08 00:01:28.684:
D/BoundBrokerSvc(9002): onBind: Intent { act=com.google.android.contextmanager.service.ContextManagerService.START pkg=com.google.android.gms } >11-08 00:01:28.684:
D/BoundBrokerSvc(9002): Loading bound service for intent: Intent { act=com.google.android.contextmanager.service.ContextManagerService.START pkg=com.google.android.gms } >11-08 00:01:28.685:
I/FontLog(9002): Received query Google Sans, URI content://com.google.android.gms.fonts [CONTEXT service_id=132 ] >11-08 00:01:28.685:
I/FontLog(9002): Query [Google Sans] resolved to {Google Sans, wdth 100.0, wght 400, ital 0.0, bestEffort false} [CONTEXT service_id=132 ] >11-08 00:01:28.705:
I/FontLog(9002): Font PFD returned from cache for {Google Sans, wdth 100.0, wght 400, ital 0.0, bestEffort false} [CONTEXT service_id=132 ] >11-08 00:01:28.705:
I/FontLog(9002): Fetch {Google Sans, wdth 100.0, wght 400, ital 0.0, bestEffort false} end status Status{statusCode=SUCCESS, resolution=null} [CONTEXT service_id=132 ] >11-08 00:01:28.707:
I/FontLog(9002): Pulling font file for id = 1, cache size = 1 [CONTEXT service_id=132 ] >11-08 00:01:28.707:
D/BoundBrokerSvc(9002): onBind: Intent { act=com.google.android.gms.phenotype.service.START pkg=com.google.android.gms } >11-08 00:01:28.707:
D/BoundBrokerSvc(9002): Loading bound service for intent: Intent { act=com.google.android.gms.phenotype.service.START pkg=com.google.android.gms } >11-08 00:01:28.710:
I/FontLog(9002): Received query Google Sans, URI content://com.google.android.gms.fonts [CONTEXT service_id=132 ] >11-08 00:01:28.710:
I/FontLog(9002): Query [Google Sans] resolved to {Google Sans, wdth 100.0, wght 400, ital 0.0, bestEffort false} [CONTEXT service_id=132 ] >11-08 00:01:28.710:
I/FontLog(9002): Font PFD returned from cache for {Google Sans, wdth 100.0, wght 400, ital 0.0, bestEffort false} [CONTEXT service_id=132 ] >11-08 00:01:28.710:
I/FontLog(9002): Fetch {Google Sans, wdth 100.0, wght 400, ital 0.0, bestEffort false} end status Status{statusCode=SUCCESS, resolution=null} [CONTEXT service_id=132 ] >11-08 00:01:28.711:
I/FontLog(9002): Pulling font file for id = 2, cache size = 2 [CONTEXT service_id=132 ] >11-08 00:01:28.711:
D/BackupCallingPrefCtrl(1237): Not supported by framework. subId = 1 >11-08 00:01:28.711:
D/CompatibilityChangeReporter(8975): Compat change id reported: 171228096; UID 10174; state: ENABLED >11-08 00:01:28.714:
I/BackdropActivity(8975): android_id: 4252139944544587151 >11-08 00:01:28.717:
I/BackdropActivity(8975): onResume() >11-08 00:01:28.717:
I/ActivityTaskManager(577): Activity requesting to dismiss Keyguard: ActivityRecord{c39992e u0 com.google.android.apps.mtaas.backdrop/.BackdropActivity} t9} >11-08 00:01:28.726:
D/ConnectivityService(577): NetReassign [no changes] [c 0] [a 0] [i 1] >11-08 00:01:28.729:
I/DynamiteModule(9002): Considering local module com.google.android.gms.cronet_dynamite:0 and remote module com.google.android.gms.cronet_dynamite:2411 >11-08 00:01:28.729:
I/DynamiteModule(9002): Selected remote version of com.google.android.gms.cronet_dynamite, version >= 2411 >11-08 00:01:28.729:
I/CastDatabase(9002): Opening the database >11-08 00:01:28.730:
I/FTLNetworkMonitor(8975): NetworkMonitoringService was created >11-08 00:01:28.730:
D/CoreBackPreview(577): Window{ffbf0d5 u0 com.google.android.apps.mtaas.backdrop/com.google.android.apps.mtaas.backdrop.BackdropActivity}: Setting back callback OnBackInvokedCallbackInfo{mCallback=android.window.IOnBackInvokedCallback$Stub$Proxy@102da78, mPriority=0} >11-08 00:01:28.730:
D/CompatibilityChangeReporter(577): Compat change id reported: 161145287; UID 10174; state: DISABLED >11-08 00:01:28.734:
W/ziparchive(9002): Unable to open '/data/user_de/0/com.google.android.gms/app_chimera/m/00000009/CronetDynamite.dm': No such file or directory >11-08 00:01:28.737:
W/ServiceManager(411): Permission failure: android.permission.ACCESS_SURFACE_FLINGER from uid=10174 pid=0 >11-08 00:01:28.737:
D/PermissionCache(411): checking android.permission.ACCESS_SURFACE_FLINGER for uid=10174 => denied (62 us) >11-08 00:01:28.737:
W/ServiceManager(411): Permission failure: android.permission.ROTATE_SURFACE_FLINGER from uid=10174 pid=8975 >11-08 00:01:28.737:
W/ServiceManager(411): Permission failure: android.permission.ROTATE_SURFACE_FLINGER from uid=10174 pid=0 >11-08 00:01:28.737:
D/PermissionCache(411): checking android.permission.ROTATE_SURFACE_FLINGER for uid=10174 => denied (122 us) >11-08 00:01:28.737:
D/PermissionCache(411): checking android.permission.ROTATE_SURFACE_FLINGER for uid=10174 => denied (123 us) >11-08 00:01:28.737:
W/ServiceManager(411): Permission failure: android.permission.INTERNAL_SYSTEM_WINDOW from uid=10174 pid=0 >11-08 00:01:28.737:
D/PermissionCache(411): checking android.permission.INTERNAL_SYSTEM_WINDOW for uid=10174 => denied (172 us) >11-08 00:01:28.737:
W/ServiceManager(411): Permission failure: android.permission.INTERNAL_SYSTEM_WINDOW from uid=10174 pid=8975 >11-08 00:01:28.737:
D/PermissionCache(411): checking android.permission.INTERNAL_SYSTEM_WINDOW for uid=10174 => denied (191 us) >11-08 00:01:28.739:
D/HostConnection(8975): HostComposition ext ANDROID_EMU_CHECKSUM_HELPER_v1 ANDROID_EMU_native_sync_v2 ANDROID_EMU_dma_v1 ANDROID_EMU_host_composition_v1 ANDROID_EMU_host_composition_v2 ANDROID_EMU_YUV_Cache ANDROID_EMU_has_shared_slots_host_memory_allocator ANDROID_EMU_sync_buffer_data ANDROID_EMU_hwc_multi_configs GL_OES_EGL_image_external_essl3 GL_OES_vertex_array_object GL_KHR_texture_compression_astc_ldr ANDROID_EMU_host_side_tracing ANDROID_EMU_gles_max_version_3_0 >11-08 00:01:28.739:
I/RegisterSyncOperation(9002): Register sync called by com.google.android.googlequicksearchbox, syncing since something changed [CONTEXT service_id=51 ] >11-08 00:01:28.740:
W/OpenGLRenderer(8975): Failed to choose config with EGL_SWAP_BEHAVIOR_PRESERVED, retrying without... >11-08 00:01:28.740:
W/OpenGLRenderer(8975): Failed to initialize 101010-2 format, error = EGL_SUCCESS >11-08 00:01:28.740:
D/EGL_emulation(8975): eglCreateContext: 0x7425c81dd0: maj 3 min 0 rcv 3 >11-08 00:01:28.741:
D/EGL_emulation(8975): eglMakeCurrent: 0x7425c81dd0: ver 3 0 (tinfo 0x7640de3080) (first time) >11-08 00:01:28.748:
I/hwservicemanager(219): getTransport: Cannot find entry android.hardware.graphics.mapper@4.0::IMapper/default in either framework or device VINTF manifest. >11-08 00:01:28.748:
I/Gralloc4(8975): mapper 4.x is not supported >11-08 00:01:28.750:
I/hwservicemanager(219): getTransport: Cannot find entry android.hardware.graphics.allocator@4.0::IAllocator/default in either framework or device VINTF manifest. >11-08 00:01:28.750:
I/servicemanager(218): Could not find android.hardware.graphics.allocator.IAllocator/default in the VINTF manifest. >11-08 00:01:28.750:
W/Gralloc4(8975): allocator 4.x is not supported >11-08 00:01:28.753:
D/HostConnection(8975): HostComposition ext ANDROID_EMU_CHECKSUM_HELPER_v1 ANDROID_EMU_native_sync_v2 ANDROID_EMU_dma_v1 ANDROID_EMU_host_composition_v1 ANDROID_EMU_host_composition_v2 ANDROID_EMU_YUV_Cache ANDROID_EMU_has_shared_slots_host_memory_allocator ANDROID_EMU_sync_buffer_data ANDROID_EMU_hwc_multi_configs GL_OES_EGL_image_external_essl3 GL_OES_vertex_array_object GL_KHR_texture_compression_astc_ldr ANDROID_EMU_host_side_tracing ANDROID_EMU_gles_max_version_3_0 >11-08 00:01:28.762:
D/BackupCallingPrefCtrl(1237): Not supported by framework. subId = 1 >11-08 00:01:28.763:
I/CastSocket(9002): Adding new CastClientAuthKeyManager. [CONTEXT service_id=161 ] >11-08 00:01:28.764:
W/Enable2gPreferenceController(1237): Telephony manager not yet initialized >11-08 00:01:28.764:
D/VoNrSettings(1237): init: >11-08 00:01:28.764:
D/VoNrSettings(1237): mHas5gCapability: true,mIsNrEnabledFromCarrierConfig: true,mIsVonrEnabledFromCarrierConfig: false,mIsVonrVisibleFromCarrierConfig: true >11-08 00:01:28.764:
D/VoNrSettings(1237): init: >11-08 00:01:28.764:
D/VoNrSettings(1237): mHas5gCapability: true,mIsNrEnabledFromCarrierConfig: true,mIsVonrEnabledFromCarrierConfig: false,mIsVonrVisibleFromCarrierConfig: true >11-08 00:01:28.768:
W/SettingsPrefController(1237): Skipping updateNonIndexableKeys, key already in list. com.android.settings.network.telephony.DisableSimFooterPreferenceController@238297d >11-08 00:01:28.768:
W/SettingsPrefController(1237): Skipping updateNonIndexableKeys, key already in list. com.android.settings.network.telephony.NrDisabledInDsdsFooterPreferenceController@23bf072 >11-08 00:01:28.768:
D/PrefCtrlListHelper(1237): Could not find Context-only controller for pref: com.android.settings.applications.specialaccess.pictureinpicture.PictureInPictureScreenPreferenceController >11-08 00:01:28.769:
V/SettingsSearchProvider(1237): com.google.android.settings.aware.AwareDisplaySettings$1@29760d1 tried to add an empty non-indexable key >11-08 00:01:28.769:
D/PrefCtrlListHelper(1237): Could not find Context-only controller for pref: com.android.settings.accessibility.DaltonizerPreferenceController >11-08 00:01:28.769:
D/PrefCtrlListHelper(1237): Could not find Context-only controller for pref: com.android.settings.accessibility.ColorInversionPreferenceController >11-08 00:01:28.769:
D/PrefCtrlListHelper(1237): Could not find Context-only controller for pref: com.android.settings.display.DarkUIPreferenceController >11-08 00:01:28.769:
D/PrefCtrlListHelper(1237): Could not find Context-only controller for pref: com.android.settings.accessibility.DisableAnimationsPreferenceController >11-08 00:01:28.769:
D/PrefCtrlListHelper(1237): Could not find Context-only controller for pref: com.android.settings.accessibility.LargePointerIconPreferenceController >11-08 00:01:28.774:
I/ServiceWatcher(577): [HardwareActivityRecognitionProxy] connected to {com.google.android.gms/com.google.android.location.internal.server.HardwareArProviderService} >11-08 00:01:28.774:
I/SP(8915): Sync for en-us succeeded in 265 ms: {added: [en-us-x-multi-r47], metadata: false >11-08 00:01:28.778:
D/BoundBrokerSvc(9002): onBind: Intent { act=com.google.android.gms.usagereporting.service.START pkg=com.google.android.gms } >11-08 00:01:28.778:
D/BoundBrokerSvc(9002): Loading bound service for intent: Intent { act=com.google.android.gms.usagereporting.service.START pkg=com.google.android.gms } >11-08 00:01:28.782:
D/BoundBrokerSvc(9002): onBind: Intent { act=com.google.android.gms.clearcut.service.START pkg=com.google.android.gms } >11-08 00:01:28.782:
D/BoundBrokerSvc(9002): Loading bound service for intent: Intent { act=com.google.android.gms.clearcut.service.START pkg=com.google.android.gms } >11-08 00:01:28.782:
I/SP(8915): GC for 'en-us' (10) with ttl of 0 ms took 0 ms (0/0/0) >11-08 00:01:28.784:
I/VoiceDataDownloader(8915): Superpack download completed. >11-08 00:01:28.784:
I/VoiceDataDownloader(8915): Download default Success true >11-08 00:01:28.787:
W/Parcel(8975): Expecting binder but got null! >11-08 00:01:28.788:
I/FTLNetworkMonitor(8975): Network Info: [type: WIFI[], state: CONNECTED/CONNECTED, reason: (unspecified), extra: , failover: false, available: true, roaming: false] >11-08 00:01:28.788:
I/FTLNetworkMonitor(8975): Network Info: [type: WIFI[], state: CONNECTED/CONNECTED, reason: (unspecified), extra: , failover: false, available: true, roaming: false] >11-08 00:01:28.791:
D/nativeloader(9002): Configuring classloader-namespace for other apk . target_sdk_version=34, uses_libraries=ALL, library_path=/data/user_de/0/com.google.android.gms/app_chimera/m/00000009/CronetDynamite.apk!/lib/arm64-v8a, permitted_path=/data:/mnt/expand >11-08 00:01:28.794:
I/ActivityTaskManager(577): Displayed com.google.android.apps.mtaas.backdrop/.BackdropActivity: +495ms >11-08 00:01:28.796:
I/cr_CronetLibraryLoader(9002): Cronet version: 114.0.5735.33, arch: aarch64 >11-08 00:01:28.807:
D/CoreBackPreview(577): Window{8fd4ae1 u0 Splash Screen com.google.android.apps.mtaas.backdrop EXITING}: Setting back callback null >11-08 00:01:28.809:
W/InputManager-JNI(577): Input channel object '8fd4ae1 Splash Screen com.google.android.apps.mtaas.backdrop (client)' was disposed without first being removed with the input manager! >11-08 00:01:28.813:
W/ctxmgr(9002): [ContextManagerPersistentService]Received null intent [CONTEXT service_id=47 ] >11-08 00:01:28.814:
I/SQLiteCastDBHelper(9002): Creating cast database >11-08 00:01:28.815:
D/ConnectivityService(577): requestNetwork for uid/pid:10117/9002 activeRequest: null callbackRequest: 204 [NetworkRequest [ REQUEST id=205, [ Capabilities: INTERNET&NOT_RESTRICTED&TRUSTED&NOT_VCN_MANAGED Uid: 10117 RequestorUid: 10117 RequestorPkg: com.google.android.gms UnderlyingNetworks: Null] ]] callback flags: 0 order: 2147483647 >11-08 00:01:28.815:
D/CompatibilityChangeReporter(9002): Compat change id reported: 160794467; UID 10117; state: ENABLED >11-08 00:01:28.816:
D/WifiNetworkFactory(577): got request NetworkRequest [ REQUEST id=205, [ Capabilities: INTERNET&NOT_RESTRICTED&TRUSTED&NOT_VCN_MANAGED Uid: 10117 RequestorUid: 10117 RequestorPkg: com.google.android.gms UnderlyingNetworks: Null] ] >11-08 00:01:28.817:
D/UntrustedWifiNetworkFactory(577): got request NetworkRequest [ REQUEST id=205, [ Capabilities: INTERNET&NOT_RESTRICTED&TRUSTED&NOT_VCN_MANAGED Uid: 10117 RequestorUid: 10117 RequestorPkg: com.google.android.gms UnderlyingNetworks: Null] ] >11-08 00:01:28.817:
D/OemPaidWifiNetworkFactory(577): got request NetworkRequest [ REQUEST id=205, [ Capabilities: INTERNET&NOT_RESTRICTED&TRUSTED&NOT_VCN_MANAGED Uid: 10117 RequestorUid: 10117 RequestorPkg: com.google.android.gms UnderlyingNetworks: Null] ] >11-08 00:01:28.817:
D/MultiInternetWifiNetworkFactory(577): got request NetworkRequest [ REQUEST id=205, [ Capabilities: INTERNET&NOT_RESTRICTED&TRUSTED&NOT_VCN_MANAGED Uid: 10117 RequestorUid: 10117 RequestorPkg: com.google.android.gms UnderlyingNetworks: Null] ] >11-08 00:01:28.819:
D/ConnectivityService(577): NetReassign [205 : null â 102] [c 0] [a 0] [i 3] >11-08 00:01:28.821:
D/ConnectivityService(577): NetReassign [no changes] [c 0] [a 0] [i 1] >11-08 00:01:28.828:
I/AlarmManager(9002): set [name: SystemMemoryCache type: 2 triggerAtMillis: 315360194956 windowMillis: -1 intervalMillis: 0] >11-08 00:01:28.830:
D/CompatibilityChangeReporter(577): Compat change id reported: 171306433; UID 10117; state: ENABLED >11-08 00:01:28.830:
D/CompatibilityChangeReporter(577): Compat change id reported: 218533173; UID 10117; state: ENABLED >11-08 00:01:28.833:
W/TransactionTracing(411): Could not find layer handle 0xb400007781f65cb0 >11-08 00:01:28.833:
W/TransactionTracing(411): Could not find layer handle 0xb400007781f65dd0 >11-08 00:01:28.833:
W/TransactionTracing(411): Could not find layer handle 0xb400007781f649f0 >11-08 00:01:28.833:
W/TransactionTracing(411): Could not find layer handle 0xb400007781f64c30 >11-08 00:01:28.833:
W/TransactionTracing(411): Could not find layer handle 0xb400007781f64a50 >11-08 00:01:28.833:
W/TransactionTracing(411): Could not find layer handle 0xb400007781f64c30 >11-08 00:01:28.833:
W/TransactionTracing(411): Could not find layer handle 0xb400007781f64a50 >11-08 00:01:28.833:
W/TransactionTracing(411): Could not find layer handle 0xb400007781f64a50 >11-08 00:01:28.833:
W/TransactionTracing(411): Could not find layer handle 0xb400007781f64a50 >11-08 00:01:28.833:
W/TransactionTracing(411): Could not find layer handle 0xb400007781f649f0 >11-08 00:01:28.833:
W/TransactionTracing(411): Could not find layer handle 0xb400007781f64c30 >11-08 00:01:28.833:
W/TransactionTracing(411): Could not find layer handle 0xb400007781f649f0 >11-08 00:01:28.833:
W/TransactionTracing(411): Could not find layer handle 0xb400007781f64c30 >11-08 00:01:28.833:
W/TransactionTracing(411): Could not find layer handle 0xb400007781f649f0 >11-08 00:01:28.833:
W/TransactionTracing(411): Could not find layer handle 0xb400007781f649f0 >11-08 00:01:28.833:
W/TransactionTracing(411): Could not find layer handle 0xb400007781f649f0 >11-08 00:01:28.833:
W/TransactionTracing(411): Could not find layer handle 0xb400007781f649f0 >11-08 00:01:28.833:
W/TransactionTracing(411): Could not find layer handle 0xb400007781f64b10 >11-08 00:01:28.833:
W/TransactionTracing(411): Could not find layer handle 0xb400007781f65f50 >11-08 00:01:28.833:
W/TransactionTracing(411): Could not find layer handle 0xb400007781f649f0 >11-08 00:01:28.833:
W/TransactionTracing(411): Could not find layer handle 0xb400007781f649f0 >11-08 00:01:28.842:
D/CompatibilityChangeReporter(577): Compat change id reported: 214016041; UID 10174; state: DISABLED >11-08 00:01:28.844:
I/GoogleInputMethodService(5950): GoogleInputMethodService.onFinishInput():3220 >11-08 00:01:28.844:
I/resolv(371): GetAddrInfoHandler::run: {102 786534 102 983142 10117 0} >11-08 00:01:28.844:
I/resolv(371): res_nmkquery: (QUERY, IN, AAAA) >11-08 00:01:28.845:
I/resolv(371): resolv_cache_lookup: FOUND IN CACHE entry=0xb400006e61a56190 >11-08 00:01:28.845:
I/resolv(371): doQuery: rcode=0, ancount=4, return value=152 >11-08 00:01:28.845:
I/resolv(371): res_nmkquery: (QUERY, IN, A) >11-08 00:01:28.845:
I/resolv(371): resolv_cache_lookup: FOUND IN CACHE entry=0xb400006e71a583d0 >11-08 00:01:28.845:
I/resolv(371): doQuery: rcode=0, ancount=8, return value=168 >11-08 00:01:28.845:
I/GoogleInputMethodService(5950): GoogleInputMethodService.updateDeviceLockedStatus():2114 repeatCheckTimes = 0, unlocked = true >11-08 00:01:28.845:
I/GoogleInputMethodService(5950): GoogleInputMethodService.onStartInput():1919 onStartInput(EditorInfo{inputType=0x0(NULL) imeOptions=0x0 privateImeOptions=null actionName=UNSPECIFIED actionLabel=null actionId=0 initialSelStart=-1 initialSelEnd=-1 initialCapsMode=0x0 hintText=null label=null packageName=com.google.android.apps.mtaas.backdrop fieldId=-1 fieldName=null extras=null}, false) >11-08 00:01:28.846:
I/GoogleInputMethodService(5950): GoogleInputMethodService.updateDeviceLockedStatus():2114 repeatCheckTimes = 2, unlocked = true >11-08 00:01:28.847:
D/TrafficStats(9002): tagSocket(129) with statsTag=0x401, statsUid=10131 >11-08 00:01:28.849:
W/TransactionTracing(411): Could not find layer handle 0xb400007781f63370 >11-08 00:01:28.873:
I/ServiceWatcher(577): [RealLocationTimeZoneProviderProxy] connected to {com.google.android.gms/com.google.android.gms.geotimezone.GeoTimeZoneService} >11-08 00:01:28.877:
I/ServiceWatcher(577): [fused] connected to {com.google.android.gms/com.google.android.location.fused.FusedLocationService} >11-08 00:01:28.877:
I/LocationManagerService(577): fused provider loaded extra attribution tags: [activity_recognition_provider, awareness_provider, current_semantic_location, fused_location_provider, geofencer_provider, gnss_location_provider, network_location_calibration, network_location_provider, wearable_flp_shim] >11-08 00:01:28.879:
I/Fido(9002): [CableAuthenticatorChimeraService] Registering broadcast receiver. >11-08 00:01:28.883:
I/ServiceWatcher(577): [network] connected to {com.google.android.gms/com.google.android.location.network.NetworkLocationService} >11-08 00:01:28.883:
I/LocationManagerService(577): network provider loaded extra attribution tags: [activity_recognition_provider, awareness_provider, current_semantic_location, fused_location_provider, geofencer_provider, gnss_location_provider, network_location_calibration, network_location_provider, wearable_flp_shim] >11-08 00:01:28.886:
E/GCM(9002): Compat called without init >11-08 00:01:28.886:
W/.gms.persistent(9002): Accessing hidden method Landroid/net/ConnectivityManager;->isNetworkTypeMobile(I)Z (max-target-p, reflection, denied) >11-08 00:01:28.886:
W/.gms.persistent(9002): Accessing hidden method Landroid/os/PowerManager;->isLightDeviceIdleMode()Z (max-target-s, reflection, denied) >11-08 00:01:28.893:
I/Thunderbird(9002): starting outgoing sms listener [CONTEXT service_id=226 ] >11-08 00:01:28.897:
D/BoundBrokerSvc(9002): onBind: Intent { act=com.google.android.gms.auth.account.data.service.START pkg=com.google.android.gms } >11-08 00:01:28.897:
D/BoundBrokerSvc(9002): Loading bound service for intent: Intent { act=com.google.android.gms.auth.account.data.service.START pkg=com.google.android.gms } >11-08 00:01:28.898:
D/BoundBrokerSvc(9002): onBind: Intent { act=com.google.android.gms.gmscompliance.service.START dat=chimera-action:/... cmp=com.google.android.gms/.chimera.PersistentBoundBrokerService } >11-08 00:01:28.898:
D/BoundBrokerSvc(9002): Loading bound service for intent: Intent { act=com.google.android.gms.gmscompliance.service.START dat=chimera-action:/... cmp=com.google.android.gms/.chimera.PersistentBoundBrokerService } >11-08 00:01:28.899:
D/BoundBrokerSvc(9002): onBind: Intent { act=android.net.action.RECOMMEND_NETWORKS cmp=com.google.android.gms/.chimera.PersistentBoundBrokerService } >11-08 00:01:28.899:
D/BoundBrokerSvc(9002): Loading bound service for intent: Intent { act=android.net.action.RECOMMEND_NETWORKS cmp=com.google.android.gms/.chimera.PersistentBoundBrokerService } >11-08 00:01:28.899:
I/ChimeraSrvcProxy(9002): com.google.android.gms.chimera.PersistentBoundBrokerService returning NullBinder for action android.net.action.RECOMMEND_NETWORKS >11-08 00:01:28.903:
I/NetworkScheduler(9002): Using standalone scheduling engine [CONTEXT service_id=218 ] >11-08 00:01:28.904:
W/ChimeraUtils(9002): Module com.google.android.gms.nearby missing resource null(0) >11-08 00:01:28.905:
I/NearbySharing(9002): Create pesudo logger. [CONTEXT service_id=194 ] >11-08 00:01:28.906:
W/ChimeraUtils(9002): Module com.google.android.gms.nearby missing resource null(0) >11-08 00:01:28.908:
I/NearbySharing(9002): ReceiveSurfaceService created [CONTEXT service_id=194 ] >11-08 00:01:28.908:
I/NearbySharing(9002): ReceiveSurfaceService started [CONTEXT service_id=194 ] >11-08 00:01:28.910:
I/ServiceWatcher(577): [GeocoderProxy] connected to {com.google.android.gms/com.google.android.gms.location.geocode.GeocodeService} >11-08 00:01:28.912:
I/AlarmManager(9002): set [name: SystemMemoryCache type: 2 triggerAtMillis: 315360195039 windowMillis: -1 intervalMillis: 0] >11-08 00:01:28.913:
I/AlarmManager(9002): set [name: SystemMemoryCache type: 2 triggerAtMillis: 315360195041 windowMillis: -1 intervalMillis: 0] >11-08 00:01:28.914:
I/AlarmManager(9002): set [name: SystemMemoryCache type: 2 triggerAtMillis: 315360195042 windowMillis: -1 intervalMillis: 0] >11-08 00:01:28.915:
W/TransactionTracing(411): Could not find layer handle 0xb400007781f63c10 >11-08 00:01:28.915:
W/TransactionTracing(411): Could not find layer handle 0xb400007781f63c10 >11-08 00:01:28.922:
W/SystemServiceRegistry(9002): No service published for: contexthub >11-08 00:01:28.934:
E/JavaBinder(577): *** Uncaught remote exception! (Exceptions are not yet supported across processes.) >11-08 00:01:28.934:
E/JavaBinder(577): java.lang.RuntimeException: android.os.RemoteException: Couldn't get targetSdkVersion for package com.android.accelerometergraph >11-08 00:01:28.934:
E/JavaBinder(577): at android.os.Parcel.writeException(Parcel.java:2796) >11-08 00:01:28.934:
E/JavaBinder(577): at android.os.Binder.execTransactInternal(Binder.java:1304) >11-08 00:01:28.934:
E/JavaBinder(577): at android.os.Binder.execTransact(Binder.java:1244) >11-08 00:01:28.934:
E/JavaBinder(577): Caused by: android.os.RemoteException: Couldn't get targetSdkVersion for package com.android.accelerometergraph >11-08 00:01:28.934:
E/JavaBinder(577): at com.android.server.pm.PackageManagerNative.getTargetSdkVersionForPackage(PackageManagerNative.java:144) >11-08 00:01:28.934:
E/JavaBinder(577): at android.content.pm.IPackageManagerNative$Stub.onTransact(IPackageManagerNative.java:256) >11-08 00:01:28.934:
E/JavaBinder(577): at android.os.Binder.execTransactInternal(Binder.java:1285) >11-08 00:01:28.934:
E/JavaBinder(577): ... 1 more >11-08 00:01:28.935:
W/NotificationHistory(577): Attempted to add notif for locked/gone/disabled user 0 >11-08 00:01:28.937:
W/AiAiEcho(1529): SmartspaceNotificationPredictor no parser can handle this notification or notification is invalid >11-08 00:01:28.947:
D/CompatibilityChangeReporter(9002): Compat change id reported: 150935354; UID 10117; state: ENABLED >11-08 00:01:28.947:
D/CompatibilityChangeReporter(577): Compat change id reported: 168936375; UID 10117; state: ENABLED >11-08 00:01:28.948:
D/CompatibilityChangeReporter(577): Compat change id reported: 73144566; UID 10117; state: ENABLED >11-08 00:01:28.949:
I/AlarmManager(9002): set [name: SystemMemoryCache type: 2 triggerAtMillis: 315360195077 windowMillis: -1 intervalMillis: 0] >11-08 00:01:28.951:
W/Settings(9002): Setting airplane_mode_on has moved from android.provider.Settings.System to android.provider.Settings.Global, returning read-only value. >11-08 00:01:28.951:
W/SystemServiceRegistry(9002): No service published for: contexthub >11-08 00:01:28.956:
W/SystemServiceRegistry(9002): No service published for: wifirtt >11-08 00:01:28.958:
I/ServiceWatcher(577): [GeofenceProxy] connected to {com.google.android.gms/com.google.android.location.internal.GoogleLocationManagerService} >11-08 00:01:28.961:
D/HostConnection(876): HostComposition ext ANDROID_EMU_CHECKSUM_HELPER_v1 ANDROID_EMU_native_sync_v2 ANDROID_EMU_dma_v1 ANDROID_EMU_host_composition_v1 ANDROID_EMU_host_composition_v2 ANDROID_EMU_YUV_Cache ANDROID_EMU_has_shared_slots_host_memory_allocator ANDROID_EMU_sync_buffer_data ANDROID_EMU_hwc_multi_configs GL_OES_EGL_image_external_essl3 GL_OES_vertex_array_object GL_KHR_texture_compression_astc_ldr ANDROID_EMU_host_side_tracing ANDROID_EMU_gles_max_version_3_0 >11-08 00:01:28.961:
W/OpenGLRenderer(876): Failed to choose config with EGL_SWAP_BEHAVIOR_PRESERVED, retrying without... >11-08 00:01:28.962:
W/OpenGLRenderer(876): Failed to initialize 101010-2 format, error = EGL_SUCCESS >11-08 00:01:28.962:
D/EGL_emulation(876): eglCreateContext: 0xb400007425d1f090: maj 3 min 0 rcv 3 >11-08 00:01:28.963:
D/EGL_emulation(876): eglMakeCurrent: 0xb400007425d1f090: ver 3 0 (tinfo 0x763eddc200) (first time) >11-08 00:01:28.973:
D/HostConnection(876): HostComposition ext ANDROID_EMU_CHECKSUM_HELPER_v1 ANDROID_EMU_native_sync_v2 ANDROID_EMU_dma_v1 ANDROID_EMU_host_composition_v1 ANDROID_EMU_host_composition_v2 ANDROID_EMU_YUV_Cache ANDROID_EMU_has_shared_slots_host_memory_allocator ANDROID_EMU_sync_buffer_data ANDROID_EMU_hwc_multi_configs GL_OES_EGL_image_external_essl3 GL_OES_vertex_array_object GL_KHR_texture_compression_astc_ldr ANDROID_EMU_host_side_tracing ANDROID_EMU_gles_max_version_3_0 >11-08 00:01:28.977:
D/ConnectivityService(577): requestNetwork for uid/pid:10117/9002 activeRequest: null callbackRequest: 208 [NetworkRequest [ REQUEST id=208, [ Capabilities: INTERNET&NOT_RESTRICTED&TRUSTED&NOT_VCN_MANAGED Uid: 10117 RequestorUid: 10117 RequestorPkg: com.google.android.gms UnderlyingNetworks: Null] ]] callback flags: 0 order: 2147483647 >11-08 00:01:28.977:
D/ConnectivityService(577): NetReassign [no changes] [c 0] [a 0] [i 0] >11-08 00:01:28.978:
D/WifiNetworkFactory(577): got request NetworkRequest [ REQUEST id=208, [ Capabilities: INTERNET&NOT_RESTRICTED&TRUSTED&NOT_VCN_MANAGED Uid: 10117 RequestorUid: 10117 RequestorPkg: com.google.android.gms UnderlyingNetworks: Null] ] >11-08 00:01:28.978:
D/UntrustedWifiNetworkFactory(577): got request NetworkRequest [ REQUEST id=208, [ Capabilities: INTERNET&NOT_RESTRICTED&TRUSTED&NOT_VCN_MANAGED Uid: 10117 RequestorUid: 10117 RequestorPkg: com.google.android.gms UnderlyingNetworks: Null] ] >11-08 00:01:28.978:
D/ConnectivityService(577): NetReassign [208 : null â 102] [c 1] [a 0] [i 0] >11-08 00:01:28.979:
D/OemPaidWifiNetworkFactory(577): got request NetworkRequest [ REQUEST id=208, [ Capabilities: INTERNET&NOT_RESTRICTED&TRUSTED&NOT_VCN_MANAGED Uid: 10117 RequestorUid: 10117 RequestorPkg: com.google.android.gms UnderlyingNetworks: Null] ] >11-08 00:01:28.979:
D/MultiInternetWifiNetworkFactory(577): got request NetworkRequest [ REQUEST id=208, [ Capabilities: INTERNET&NOT_RESTRICTED&TRUSTED&NOT_VCN_MANAGED Uid: 10117 RequestorUid: 10117 RequestorPkg: com.google.android.gms UnderlyingNetworks: Null] ] >11-08 00:01:28.979:
I/AlarmManager(9002): set [name: SystemMemoryCache type: 2 triggerAtMillis: 315360195107 windowMillis: -1 intervalMillis: 0] >11-08 00:01:28.983:
W/AlarmManager(577): Alarms must either supply a PendingIntent or an AlarmReceiver >11-08 00:01:28.984:
W/AlarmManager(577): Alarms must either supply a PendingIntent or an AlarmReceiver >11-08 00:01:28.985:
W/JobScheduler(577): Job didn't exist in JobStore: 5714c2f #u0a132/7 com.google.android.contacts/com.google.android.apps.contacts.shortcut.ShortcutJobService >11-08 00:01:28.986:
W/Settings(9002): Setting airplane_mode_on has moved from android.provider.Settings.System to android.provider.Settings.Global, returning read-only value. >11-08 00:01:28.988:
E/NanoAppLogging(9002): Failed to begin contexthub communication >11-08 00:01:28.990:
W/AlarmManager(577): Alarms must either supply a PendingIntent or an AlarmReceiver >11-08 00:01:28.993:
W/AlarmManager(577): Window length 1383505805528160000ms too long; limiting to 1 day >11-08 00:01:28.993:
W/Settings(9002): Setting airplane_mode_on has moved from android.provider.Settings.System to android.provider.Settings.Global, returning read-only value. >11-08 00:01:28.996:
W/SystemServiceRegistry(9002): No service published for: wifirtt >11-08 00:01:28.997:
W/AlarmManager(577): Alarms must either supply a PendingIntent or an AlarmReceiver >11-08 00:01:29.009:
D/BoundBrokerSvc(9002): onBind: Intent { act=com.google.android.gms.clearcut.service.START dat=chimera-action:/... cmp=com.google.android.gms/.chimera.PersistentDirectBootAwareApiService } >11-08 00:01:29.010:
D/BoundBrokerSvc(9002): Loading bound service for intent: Intent { act=com.google.android.gms.clearcut.service.START dat=chimera-action:/... cmp=com.google.android.gms/.chimera.PersistentDirectBootAwareApiService } >11-08 00:01:29.010:
D/BoundBrokerSvc(9002): onBind: Intent { act=com.google.android.gms.usagereporting.service.START dat=chimera-action:/... cmp=com.google.android.gms/.chimera.PersistentDirectBootAwareApiService } >11-08 00:01:29.010:
D/BoundBrokerSvc(9002): Loading bound service for intent: Intent { act=com.google.android.gms.usagereporting.service.START dat=chimera-action:/... cmp=com.google.android.gms/.chimera.PersistentDirectBootAwareApiService } >11-08 00:01:29.010:
D/BoundBrokerSvc(9002): onBind: Intent { act=com.google.android.gms.phenotype.service.START dat=chimera-action:/... cmp=com.google.android.gms/.chimera.PersistentApiService } >11-08 00:01:29.010:
D/BoundBrokerSvc(9002): Loading bound service for intent: Intent { act=com.google.android.gms.phenotype.service.START dat=chimera-action:/... cmp=com.google.android.gms/.chimera.PersistentApiService } >11-08 00:01:29.010:
D/BoundBrokerSvc(9002): onBind: Intent { act=com.google.android.gms.auth.account.workaccount.START dat=chimera-action:/... cmp=com.google.android.gms/.chimera.PersistentApiService } >11-08 00:01:29.010:
D/BoundBrokerSvc(9002): Loading bound service for intent: Intent { act=com.google.android.gms.auth.account.workaccount.START dat=chimera-action:/... cmp=com.google.android.gms/.chimera.PersistentApiService } >11-08 00:01:29.012:
I/resolv(371): GetAddrInfoHandler::run: {102 786534 102 983142 10117 0} >11-08 00:01:29.012:
I/resolv(371): res_nmkquery: (QUERY, IN, AAAA) >11-08 00:01:29.012:
I/resolv(371): res_nmkquery: (QUERY, IN, A) >11-08 00:01:29.012:
I/resolv(371): resolv_cache_lookup: FOUND IN CACHE entry=0xb400006e51a5eeb0 >11-08 00:01:29.012:
I/resolv(371): doQuery: rcode=0, ancount=2, return value=79 >11-08 00:01:29.013:
D/CompatibilityChangeReporter(577): Compat change id reported: 135634846; UID 10117; state: DISABLED >11-08 00:01:29.014:
D/CompatibilityChangeReporter(577): Compat change id reported: 177438394; UID 10117; state: DISABLED >11-08 00:01:29.014:
D/CompatibilityChangeReporter(577): Compat change id reported: 135772972; UID 10117; state: DISABLED >11-08 00:01:29.014:
D/CompatibilityChangeReporter(577): Compat change id reported: 135754954; UID 10117; state: ENABLED >11-08 00:01:29.014:
D/CompatibilityChangeReporter(577): Compat change id reported: 143937733; UID 10117; state: ENABLED >11-08 00:01:29.014:
D/BoundBrokerSvc(9002): onBind: Intent { act=com.google.android.gms.scheduler.ACTION_PROXY_SCHEDULE dat=chimera-action:/... cmp=com.google.android.gms/.chimera.PersistentDirectBootAwareApiService } >11-08 00:01:29.014:
D/BoundBrokerSvc(9002): Loading bound service for intent: Intent { act=com.google.android.gms.scheduler.ACTION_PROXY_SCHEDULE dat=chimera-action:/... cmp=com.google.android.gms/.chimera.PersistentDirectBootAwareApiService } >11-08 00:01:29.016:
I/resolv(371): res_nsend: used send_dg 91 terrno: 0 >11-08 00:01:29.016:
I/resolv(371): doQuery: rcode=0, ancount=2, return value=91 >11-08 00:01:29.018:
W/ctxmgr(9002): [ContextManagerPersistentService]Unable to start system_memory_cache. [CONTEXT service_id=47 ] >11-08 00:01:29.023:
W/ProviderHelper(9002): Unknown dynamite feature providerinstaller.dynamite >11-08 00:01:29.023:
I/DynamiteModule(9002): Considering local module com.google.android.gms.providerinstaller.dynamite:1 and remote module com.google.android.gms.providerinstaller.dynamite:0 >11-08 00:01:29.023:
I/DynamiteModule(9002): Selected local version of com.google.android.gms.providerinstaller.dynamite >11-08 00:01:29.025:
D/BoundBrokerSvc(9002): onBind: Intent { act=com.google.android.gms.nearby.sharing.START_SERVICE dat=chimera-action:/... cmp=com.google.android.gms/.chimera.PersistentApiServiceNoInstantApps } >11-08 00:01:29.025:
D/BoundBrokerSvc(9002): Loading bound service for intent: Intent { act=com.google.android.gms.nearby.sharing.START_SERVICE dat=chimera-action:/... cmp=com.google.android.gms/.chimera.PersistentApiServiceNoInstantApps } >11-08 00:01:29.027:
I/NearbySharing(9002): NearbySharingService onCreate [CONTEXT service_id=194 ] >11-08 00:01:29.027:
D/TrafficStats(9002): tagSocket(155) with statsTag=0x401, statsUid=10117 >11-08 00:01:29.027:
I/NearbySharing(9002): Create pesudo logger. [CONTEXT service_id=194 ] >11-08 00:01:29.028:
I/NearbySharing(9002): Create pesudo logger. [CONTEXT service_id=194 ] >11-08 00:01:29.029:
D/TrafficStats(9002): tagSocket(-1) with statsTag=0x20000407, statsUid=-1 >11-08 00:01:29.029:
I/TrafficStats(9002): tagSocketFd(-1, 536871943, -1) failed with errno-9 >11-08 00:01:29.029:
D/TrafficStats(9002): tagSocket(158) with statsTag=0x20000407, statsUid=-1 >11-08 00:01:29.030:
D/Zygote(373): Forked child process 9130 >11-08 00:01:29.030:
I/ActivityManager(577): Start proc 9130:com.google.android.gms/u0a117 for service {com.google.android.gms/com.google.android.gms.checkin.CheckinApiService} >11-08 00:01:29.031:
I/NearbySharing(9002): NearbySharingService created [CONTEXT service_id=194 ] >11-08 00:01:29.033:
I/NearbySharing(9002): Create pesudo logger. [CONTEXT service_id=194 ] >11-08 00:01:29.033:
I/Zygote(9130): seccomp disabled by setenforce 0 >11-08 00:01:29.036:
I/GoogleLocationManager(9002): loading FLP PI cache [CONTEXT service_id=6 ] >11-08 00:01:29.038:
I/adbd(6382): jdwp connection from 9130 >11-08 00:01:29.044:
D/CompatibilityChangeReporter(9130): Compat change id reported: 171979766; UID 10117; state: ENABLED >11-08 00:01:29.046:
W/ActivityManager(577): Rescheduling restart of crashed service com.android.bluetooth/.btservice.AdapterService in 10637564ms for other >11-08 00:01:29.048:
I/Wear_Controller(9002): Wearable module requires a companion app to be installed. >11-08 00:01:29.048:
I/WearableService(9002): onCreate: Wearable Services not starting. Wear is not available on this device. >11-08 00:01:29.059:
D/CompatibilityChangeReporter(9002): Compat change id reported: 148180766; UID 10117; state: ENABLED >11-08 00:01:29.063:
W/GmsActivityDetector(9002): Unable to read activity state file [CONTEXT service_id=6 ] >11-08 00:01:29.063:
W/GmsActivityDetector(9002): java.io.FileNotFoundException: /data/user/0/com.google.android.gms/files/geofencer_ad_state: open failed: ENOENT (No such file or directory) >11-08 00:01:29.063:
W/GmsActivityDetector(9002): at libcore.io.IoBridge.open(IoBridge.java:574) >11-08 00:01:29.063:
W/GmsActivityDetector(9002): at java.io.FileInputStream.<init>(FileInputStream.java:160) >11-08 00:01:29.063:
W/GmsActivityDetector(9002): at dimb.a(:com.google.android.gms@233316044@23.33.16 (190400-560149061):74) >11-08 00:01:29.063:
W/GmsActivityDetector(9002): at djbn.d(:com.google.android.gms@233316044@23.33.16 (190400-560149061):34) >11-08 00:01:29.063:
W/GmsActivityDetector(9002): at djbc.t(:com.google.android.gms@233316044@23.33.16 (190400-560149061):156) >11-08 00:01:29.063:
W/GmsActivityDetector(9002): at djcn.c(:com.google.android.gms@233316044@23.33.16 (190400-560149061):88) >11-08 00:01:29.063:
W/GmsActivityDetector(9002): at djcn.c(:com.google.android.gms@233316044@23.33.16 (190400-560149061):29) >11-08 00:01:29.063:
W/GmsActivityDetector(9002): at djco.run(:com.google.android.gms@233316044@23.33.16 (190400-560149061):27) >11-08 00:01:29.063:
W/GmsActivityDetector(9002): at agny.c(:com.google.android.gms@233316044@23.33.16 (190400-560149061):50) >11-08 00:01:29.063:
W/GmsActivityDetector(9002): at agny.run(:com.google.android.gms@233316044@23.33.16 (190400-560149061):76) >11-08 00:01:29.063:
W/GmsActivityDetector(9002): at java.util.concurrent.ThreadPoolExecutor.runWorker(ThreadPoolExecutor.java:1137) >11-08 00:01:29.063:
W/GmsActivityDetector(9002): at java.util.concurrent.ThreadPoolExecutor$Worker.run(ThreadPoolExecutor.java:637) >11-08 00:01:29.063:
W/GmsActivityDetector(9002): at agtg.run(:com.google.android.gms@233316044@23.33.16 (190400-560149061):8) >11-08 00:01:29.063:
W/GmsActivityDetector(9002): at java.lang.Thread.run(Thread.java:1012) >11-08 00:01:29.063:
W/GmsActivityDetector(9002): Caused by: android.system.ErrnoException: open failed: ENOENT (No such file or directory) >11-08 00:01:29.063:
W/GmsActivityDetector(9002): at libcore.io.Linux.open(Native Method) >11-08 00:01:29.063:
W/GmsActivityDetector(9002): at libcore.io.ForwardingOs.open(ForwardingOs.java:563) >11-08 00:01:29.063:
