I/NamespaceManager(5457): Package com.android.media name not found! Using module version. >11-08 00:01:16.933:
I/NamespaceManager(5457): Package 1 name not found! Using module version. >11-08 00:01:16.933:
I/NamespaceManager(5457): Package rkpd name not found! Using module version. >11-08 00:01:16.933:
I/NamespaceManager(5457): Package com.google.android.devicelockcontroller name not found! Using module version. >11-08 00:01:16.933:
I/NamespaceManager(5457): Package com.google.android.healthfitness name not found! Using module version. >11-08 00:01:16.933:
I/NamespaceManager(5457): Package android.companion name not found! Using module version. >11-08 00:01:16.933:
I/NamespaceManager(5457): Package com.google.android.healthfitness name not found! Using module version. >11-08 00:01:16.933:
I/NamespaceManager(5457): Package com.google.android.aicore name not found! Using module version. >11-08 00:01:16.933:
W/PhenotypeConfigurationU(5457): Update for unknown DeviceConfig package com.google.android.gms.adsidentity [CONTEXT service_id=204 ] >11-08 00:01:16.933:
W/PhenotypeConfigurationU(5457): cesr: No package exists for config package: com.google.android.gms.adsidentity >11-08 00:01:16.933:
W/PhenotypeConfigurationU(5457): at cess.a(:com.google.android.gms@233316044@23.33.16 (190400-560149061):70) >11-08 00:01:16.933:
W/PhenotypeConfigurationU(5457): at com.google.android.gms.platformconfigurator.PhenotypeConfigurationUpdateListener.b(:com.google.android.gms@233316044@23.33.16 (190400-560149061):6) >11-08 00:01:16.933:
W/PhenotypeConfigurationU(5457): at com.google.android.gms.platformconfigurator.PhenotypeConfigurationUpdateListener.a(:com.google.android.gms@233316044@23.33.16 (190400-560149061):167) >11-08 00:01:16.933:
W/PhenotypeConfigurationU(5457): at com.google.android.gms.platformconfigurator.PhenotypeConfigurationUpdateListener.onHandleIntent(:com.google.android.gms@233316044@23.33.16 (190400-560149061):278) >11-08 00:01:16.933:
W/PhenotypeConfigurationU(5457): at com.google.android.chimera.IntentOperation.onHandleIntent(:com.google.android.gms@233316044@23.33.16 (190400-560149061):2) >11-08 00:01:16.933:
W/PhenotypeConfigurationU(5457): at adqc.onHandleIntent(:com.google.android.gms@233316044@23.33.16 (190400-560149061):10) >11-08 00:01:16.933:
W/PhenotypeConfigurationU(5457): at lep.run(:com.google.android.gms@233316044@23.33.16 (190400-560149061):70) >11-08 00:01:16.933:
W/PhenotypeConfigurationU(5457): at leo.run(:com.google.android.gms@233316044@23.33.16 (190400-560149061):152) >11-08 00:01:16.933:
W/PhenotypeConfigurationU(5457): at dpie.run(:com.google.android.gms@233316044@23.33.16 (190400-560149061):13) >11-08 00:01:16.933:
W/PhenotypeConfigurationU(5457): at java.util.concurrent.ThreadPoolExecutor.runWorker(ThreadPoolExecutor.java:1137) >11-08 00:01:16.933:
W/PhenotypeConfigurationU(5457): at java.util.concurrent.ThreadPoolExecutor$Worker.run(ThreadPoolExecutor.java:637) >11-08 00:01:16.933:
W/PhenotypeConfigurationU(5457): at java.lang.Thread.run(Thread.java:1012) >11-08 00:01:16.954:
I/NamespaceManager(5457): Package com.android.refreshratecontrol name not found! Using module version. >11-08 00:01:16.954:
I/NamespaceManager(5457): Package com.google.oslo name not found! Using module version. >11-08 00:01:16.954:
I/NamespaceManager(5457): Package com.android.media name not found! Using module version. >11-08 00:01:16.954:
I/NamespaceManager(5457): Package com.android.media.swcodec name not found! Using module version. >11-08 00:01:16.954:
I/NamespaceManager(5457): Package com.android.neuralnetworks name not found! Using module version. >11-08 00:01:16.954:
I/NamespaceManager(5457): Package com.android.media name not found! Using module version. >11-08 00:01:16.954:
I/NamespaceManager(5457): Package 1 name not found! Using module version. >11-08 00:01:16.954:
I/NamespaceManager(5457): Package rkpd name not found! Using module version. >11-08 00:01:16.954:
I/NamespaceManager(5457): Package com.google.android.devicelockcontroller name not found! Using module version. >11-08 00:01:16.954:
I/NamespaceManager(5457): Package com.google.android.healthfitness name not found! Using module version. >11-08 00:01:16.954:
I/NamespaceManager(5457): Package android.companion name not found! Using module version. >11-08 00:01:16.954:
I/NamespaceManager(5457): Package com.google.android.healthfitness name not found! Using module version. >11-08 00:01:16.954:
I/NamespaceManager(5457): Package com.google.android.aicore name not found! Using module version. >11-08 00:01:16.954:
W/PhenotypeConfigurationU(5457): Update for unknown DeviceConfig package com.google.android.gms.analytics [CONTEXT service_id=204 ] >11-08 00:01:16.954:
W/PhenotypeConfigurationU(5457): cesr: No package exists for config package: com.google.android.gms.analytics >11-08 00:01:16.954:
W/PhenotypeConfigurationU(5457): at cess.a(:com.google.android.gms@233316044@23.33.16 (190400-560149061):70) >11-08 00:01:16.954:
W/PhenotypeConfigurationU(5457): at com.google.android.gms.platformconfigurator.PhenotypeConfigurationUpdateListener.b(:com.google.android.gms@233316044@23.33.16 (190400-560149061):6) >11-08 00:01:16.954:
W/PhenotypeConfigurationU(5457): at com.google.android.gms.platformconfigurator.PhenotypeConfigurationUpdateListener.a(:com.google.android.gms@233316044@23.33.16 (190400-560149061):167) >11-08 00:01:16.954:
W/PhenotypeConfigurationU(5457): at com.google.android.gms.platformconfigurator.PhenotypeConfigurationUpdateListener.onHandleIntent(:com.google.android.gms@233316044@23.33.16 (190400-560149061):278) >11-08 00:01:16.954:
W/PhenotypeConfigurationU(5457): at com.google.android.chimera.IntentOperation.onHandleIntent(:com.google.android.gms@233316044@23.33.16 (190400-560149061):2) >11-08 00:01:16.954:
W/PhenotypeConfigurationU(5457): at adqc.onHandleIntent(:com.google.android.gms@233316044@23.33.16 (190400-560149061):10) >11-08 00:01:16.954:
W/PhenotypeConfigurationU(5457): at lep.run(:com.google.android.gms@233316044@23.33.16 (190400-560149061):70) >11-08 00:01:16.954:
W/PhenotypeConfigurationU(5457): at leo.run(:com.google.android.gms@233316044@23.33.16 (190400-560149061):152) >11-08 00:01:16.954:
W/PhenotypeConfigurationU(5457): at dpie.run(:com.google.android.gms@233316044@23.33.16 (190400-560149061):13) >11-08 00:01:16.954:
W/PhenotypeConfigurationU(5457): at java.util.concurrent.ThreadPoolExecutor.runWorker(ThreadPoolExecutor.java:1137) >11-08 00:01:16.954:
W/PhenotypeConfigurationU(5457): at java.util.concurrent.ThreadPoolExecutor$Worker.run(ThreadPoolExecutor.java:637) >11-08 00:01:16.954:
W/PhenotypeConfigurationU(5457): at java.lang.Thread.run(Thread.java:1012) >11-08 00:01:16.955:
I/NamespaceManager(5457): Package com.android.refreshratecontrol name not found! Using module version. >11-08 00:01:16.955:
I/NamespaceManager(5457): Package com.google.oslo name not found! Using module version. >11-08 00:01:16.955:
I/NamespaceManager(5457): Package com.android.media name not found! Using module version. >11-08 00:01:16.955:
I/NamespaceManager(5457): Package com.android.media.swcodec name not found! Using module version. >11-08 00:01:16.955:
I/NamespaceManager(5457): Package com.android.neuralnetworks name not found! Using module version. >11-08 00:01:16.955:
I/NamespaceManager(5457): Package com.android.media name not found! Using module version. >11-08 00:01:16.955:
I/NamespaceManager(5457): Package 1 name not found! Using module version. >11-08 00:01:16.955:
I/NamespaceManager(5457): Package rkpd name not found! Using module version. >11-08 00:01:16.955:
I/NamespaceManager(5457): Package com.google.android.devicelockcontroller name not found! Using module version. >11-08 00:01:16.955:
I/NamespaceManager(5457): Package com.google.android.healthfitness name not found! Using module version. >11-08 00:01:16.955:
I/NamespaceManager(5457): Package android.companion name not found! Using module version. >11-08 00:01:16.955:
I/NamespaceManager(5457): Package com.google.android.healthfitness name not found! Using module version. >11-08 00:01:16.955:
I/NamespaceManager(5457): Package com.google.android.aicore name not found! Using module version. >11-08 00:01:16.956:
W/PhenotypeConfigurationU(5457): Update for unknown DeviceConfig package com.google.android.gms.subscribedfeeds [CONTEXT service_id=204 ] >11-08 00:01:16.956:
W/PhenotypeConfigurationU(5457): cesr: No package exists for config package: com.google.android.gms.subscribedfeeds >11-08 00:01:16.956:
W/PhenotypeConfigurationU(5457): at cess.a(:com.google.android.gms@233316044@23.33.16 (190400-560149061):70) >11-08 00:01:16.956:
W/PhenotypeConfigurationU(5457): at com.google.android.gms.platformconfigurator.PhenotypeConfigurationUpdateListener.b(:com.google.android.gms@233316044@23.33.16 (190400-560149061):6) >11-08 00:01:16.956:
W/PhenotypeConfigurationU(5457): at com.google.android.gms.platformconfigurator.PhenotypeConfigurationUpdateListener.a(:com.google.android.gms@233316044@23.33.16 (190400-560149061):167) >11-08 00:01:16.956:
W/PhenotypeConfigurationU(5457): at com.google.android.gms.platformconfigurator.PhenotypeConfigurationUpdateListener.onHandleIntent(:com.google.android.gms@233316044@23.33.16 (190400-560149061):278) >11-08 00:01:16.956:
W/PhenotypeConfigurationU(5457): at com.google.android.chimera.IntentOperation.onHandleIntent(:com.google.android.gms@233316044@23.33.16 (190400-560149061):2) >11-08 00:01:16.956:
W/PhenotypeConfigurationU(5457): at adqc.onHandleIntent(:com.google.android.gms@233316044@23.33.16 (190400-560149061):10) >11-08 00:01:16.956:
W/PhenotypeConfigurationU(5457): at lep.run(:com.google.android.gms@233316044@23.33.16 (190400-560149061):70) >11-08 00:01:16.956:
W/PhenotypeConfigurationU(5457): at leo.run(:com.google.android.gms@233316044@23.33.16 (190400-560149061):152) >11-08 00:01:16.956:
W/PhenotypeConfigurationU(5457): at dpie.run(:com.google.android.gms@233316044@23.33.16 (190400-560149061):13) >11-08 00:01:16.956:
W/PhenotypeConfigurationU(5457): at java.util.concurrent.ThreadPoolExecutor.runWorker(ThreadPoolExecutor.java:1137) >11-08 00:01:16.956:
W/PhenotypeConfigurationU(5457): at java.util.concurrent.ThreadPoolExecutor$Worker.run(ThreadPoolExecutor.java:637) >11-08 00:01:16.956:
W/PhenotypeConfigurationU(5457): at java.lang.Thread.run(Thread.java:1012) >11-08 00:01:16.969:
D/CompatibilityChangeReporter(5054): Compat change id reported: 119147584; UID 10111; state: ENABLED >11-08 00:01:16.972:
I/NamespaceManager(5457): Package com.android.refreshratecontrol name not found! Using module version. >11-08 00:01:16.972:
I/NamespaceManager(5457): Package com.google.oslo name not found! Using module version. >11-08 00:01:16.972:
I/NamespaceManager(5457): Package com.android.media name not found! Using module version. >11-08 00:01:16.972:
I/NamespaceManager(5457): Package com.android.media.swcodec name not found! Using module version. >11-08 00:01:16.972:
I/NamespaceManager(5457): Package com.android.neuralnetworks name not found! Using module version. >11-08 00:01:16.972:
I/NamespaceManager(5457): Package com.android.media name not found! Using module version. >11-08 00:01:16.973:
I/NamespaceManager(5457): Package 1 name not found! Using module version. >11-08 00:01:16.973:
I/NamespaceManager(5457): Package rkpd name not found! Using module version. >11-08 00:01:16.973:
I/NamespaceManager(5457): Package com.google.android.devicelockcontroller name not found! Using module version. >11-08 00:01:16.973:
I/NamespaceManager(5457): Package com.google.android.healthfitness name not found! Using module version. >11-08 00:01:16.973:
I/NamespaceManager(5457): Package android.companion name not found! Using module version. >11-08 00:01:16.973:
I/NamespaceManager(5457): Package com.google.android.healthfitness name not found! Using module version. >11-08 00:01:16.973:
I/NamespaceManager(5457): Package com.google.android.aicore name not found! Using module version. >11-08 00:01:16.973:
W/PhenotypeConfigurationU(5457): Update for unknown DeviceConfig package com.google.android.gms.auth_cryptauth [CONTEXT service_id=204 ] >11-08 00:01:16.973:
W/PhenotypeConfigurationU(5457): cesr: No package exists for config package: com.google.android.gms.auth_cryptauth >11-08 00:01:16.973:
W/PhenotypeConfigurationU(5457): at cess.a(:com.google.android.gms@233316044@23.33.16 (190400-560149061):70) >11-08 00:01:16.973:
W/PhenotypeConfigurationU(5457): at com.google.android.gms.platformconfigurator.PhenotypeConfigurationUpdateListener.b(:com.google.android.gms@233316044@23.33.16 (190400-560149061):6) >11-08 00:01:16.973:
W/PhenotypeConfigurationU(5457): at com.google.android.gms.platformconfigurator.PhenotypeConfigurationUpdateListener.a(:com.google.android.gms@233316044@23.33.16 (190400-560149061):167) >11-08 00:01:16.973:
W/PhenotypeConfigurationU(5457): at com.google.android.gms.platformconfigurator.PhenotypeConfigurationUpdateListener.onHandleIntent(:com.google.android.gms@233316044@23.33.16 (190400-560149061):278) >11-08 00:01:16.973:
W/PhenotypeConfigurationU(5457): at com.google.android.chimera.IntentOperation.onHandleIntent(:com.google.android.gms@233316044@23.33.16 (190400-560149061):2) >11-08 00:01:16.973:
W/PhenotypeConfigurationU(5457): at adqc.onHandleIntent(:com.google.android.gms@233316044@23.33.16 (190400-560149061):10) >11-08 00:01:16.973:
W/PhenotypeConfigurationU(5457): at lep.run(:com.google.android.gms@233316044@23.33.16 (190400-560149061):70) >11-08 00:01:16.973:
W/PhenotypeConfigurationU(5457): at leo.run(:com.google.android.gms@233316044@23.33.16 (190400-560149061):152) >11-08 00:01:16.973:
W/PhenotypeConfigurationU(5457): at dpie.run(:com.google.android.gms@233316044@23.33.16 (190400-560149061):13) >11-08 00:01:16.973:
W/PhenotypeConfigurationU(5457): at java.util.concurrent.ThreadPoolExecutor.runWorker(ThreadPoolExecutor.java:1137) >11-08 00:01:16.973:
W/PhenotypeConfigurationU(5457): at java.util.concurrent.ThreadPoolExecutor$Worker.run(ThreadPoolExecutor.java:637) >11-08 00:01:16.973:
W/PhenotypeConfigurationU(5457): at java.lang.Thread.run(Thread.java:1012) >11-08 00:01:16.982:
I/NamespaceManager(5457): Package com.android.refreshratecontrol name not found! Using module version. >11-08 00:01:16.982:
I/NamespaceManager(5457): Package com.google.oslo name not found! Using module version. >11-08 00:01:16.982:
I/NamespaceManager(5457): Package com.android.media name not found! Using module version. >11-08 00:01:16.982:
I/NamespaceManager(5457): Package com.android.media.swcodec name not found! Using module version. >11-08 00:01:16.982:
I/NamespaceManager(5457): Package com.android.neuralnetworks name not found! Using module version. >11-08 00:01:16.982:
I/NamespaceManager(5457): Package com.android.media name not found! Using module version. >11-08 00:01:16.982:
I/NamespaceManager(5457): Package 1 name not found! Using module version. >11-08 00:01:16.982:
I/NamespaceManager(5457): Package rkpd name not found! Using module version. >11-08 00:01:16.982:
I/NamespaceManager(5457): Package com.google.android.devicelockcontroller name not found! Using module version. >11-08 00:01:16.982:
I/NamespaceManager(5457): Package com.google.android.healthfitness name not found! Using module version. >11-08 00:01:16.982:
I/NamespaceManager(5457): Package android.companion name not found! Using module version. >11-08 00:01:16.982:
I/NamespaceManager(5457): Package com.google.android.healthfitness name not found! Using module version. >11-08 00:01:16.982:
I/NamespaceManager(5457): Package com.google.android.aicore name not found! Using module version. >11-08 00:01:16.982:
W/PhenotypeConfigurationU(5457): Update for unknown DeviceConfig package com.google.android.gms.kidssettings#com.google.android.gms [CONTEXT service_id=204 ] >11-08 00:01:16.982:
W/PhenotypeConfigurationU(5457): cesr: No package exists for config package: com.google.android.gms.kidssettings#com.google.android.gms >11-08 00:01:16.982:
W/PhenotypeConfigurationU(5457): at cess.a(:com.google.android.gms@233316044@23.33.16 (190400-560149061):70) >11-08 00:01:16.982:
W/PhenotypeConfigurationU(5457): at com.google.android.gms.platformconfigurator.PhenotypeConfigurationUpdateListener.b(:com.google.android.gms@233316044@23.33.16 (190400-560149061):6) >11-08 00:01:16.982:
W/PhenotypeConfigurationU(5457): at com.google.android.gms.platformconfigurator.PhenotypeConfigurationUpdateListener.a(:com.google.android.gms@233316044@23.33.16 (190400-560149061):167) >11-08 00:01:16.982:
W/PhenotypeConfigurationU(5457): at com.google.android.gms.platformconfigurator.PhenotypeConfigurationUpdateListener.onHandleIntent(:com.google.android.gms@233316044@23.33.16 (190400-560149061):278) >11-08 00:01:16.982:
W/PhenotypeConfigurationU(5457): at com.google.android.chimera.IntentOperation.onHandleIntent(:com.google.android.gms@233316044@23.33.16 (190400-560149061):2) >11-08 00:01:16.982:
W/PhenotypeConfigurationU(5457): at adqc.onHandleIntent(:com.google.android.gms@233316044@23.33.16 (190400-560149061):10) >11-08 00:01:16.982:
W/PhenotypeConfigurationU(5457): at lep.run(:com.google.android.gms@233316044@23.33.16 (190400-560149061):70) >11-08 00:01:16.982:
W/PhenotypeConfigurationU(5457): at leo.run(:com.google.android.gms@233316044@23.33.16 (190400-560149061):152) >11-08 00:01:16.982:
W/PhenotypeConfigurationU(5457): at dpie.run(:com.google.android.gms@233316044@23.33.16 (190400-560149061):13) >11-08 00:01:16.982:
W/PhenotypeConfigurationU(5457): at java.util.concurrent.ThreadPoolExecutor.runWorker(ThreadPoolExecutor.java:1137) >11-08 00:01:16.982:
W/PhenotypeConfigurationU(5457): at java.util.concurrent.ThreadPoolExecutor$Worker.run(ThreadPoolExecutor.java:637) >11-08 00:01:16.982:
W/PhenotypeConfigurationU(5457): at java.lang.Thread.run(Thread.java:1012) >11-08 00:01:16.983:
I/NamespaceManager(5457): Package com.android.refreshratecontrol name not found! Using module version. >11-08 00:01:16.983:
I/NamespaceManager(5457): Package com.google.oslo name not found! Using module version. >11-08 00:01:16.983:
I/NamespaceManager(5457): Package com.android.media name not found! Using module version. >11-08 00:01:16.983:
I/NamespaceManager(5457): Package com.android.media.swcodec name not found! Using module version. >11-08 00:01:16.983:
I/NamespaceManager(5457): Package com.android.neuralnetworks name not found! Using module version. >11-08 00:01:16.983:
I/NamespaceManager(5457): Package com.android.media name not found! Using module version. >11-08 00:01:16.983:
I/NamespaceManager(5457): Package 1 name not found! Using module version. >11-08 00:01:16.983:
I/NamespaceManager(5457): Package rkpd name not found! Using module version. >11-08 00:01:16.983:
I/NamespaceManager(5457): Package com.google.android.devicelockcontroller name not found! Using module version. >11-08 00:01:16.983:
I/NamespaceManager(5457): Package com.google.android.healthfitness name not found! Using module version. >11-08 00:01:16.983:
I/NamespaceManager(5457): Package android.companion name not found! Using module version. >11-08 00:01:16.983:
I/NamespaceManager(5457): Package com.google.android.healthfitness name not found! Using module version. >11-08 00:01:16.983:
I/NamespaceManager(5457): Package com.google.android.aicore name not found! Using module version. >11-08 00:01:16.983:
W/PhenotypeConfigurationU(5457): Update for unknown DeviceConfig package com.google.android.gms.gaia_experiments#com.google.android.gms [CONTEXT service_id=204 ] >11-08 00:01:16.983:
W/PhenotypeConfigurationU(5457): cesr: No package exists for config package: com.google.android.gms.gaia_experiments#com.google.android.gms >11-08 00:01:16.983:
W/PhenotypeConfigurationU(5457): at cess.a(:com.google.android.gms@233316044@23.33.16 (190400-560149061):70) >11-08 00:01:16.983:
W/PhenotypeConfigurationU(5457): at com.google.android.gms.platformconfigurator.PhenotypeConfigurationUpdateListener.b(:com.google.android.gms@233316044@23.33.16 (190400-560149061):6) >11-08 00:01:16.983:
W/PhenotypeConfigurationU(5457): at com.google.android.gms.platformconfigurator.PhenotypeConfigurationUpdateListener.a(:com.google.android.gms@233316044@23.33.16 (190400-560149061):167) >11-08 00:01:16.983:
W/PhenotypeConfigurationU(5457): at com.google.android.gms.platformconfigurator.PhenotypeConfigurationUpdateListener.onHandleIntent(:com.google.android.gms@233316044@23.33.16 (190400-560149061):278) >11-08 00:01:16.983:
W/PhenotypeConfigurationU(5457): at com.google.android.chimera.IntentOperation.onHandleIntent(:com.google.android.gms@233316044@23.33.16 (190400-560149061):2) >11-08 00:01:16.983:
W/PhenotypeConfigurationU(5457): at adqc.onHandleIntent(:com.google.android.gms@233316044@23.33.16 (190400-560149061):10) >11-08 00:01:16.983:
W/PhenotypeConfigurationU(5457): at lep.run(:com.google.android.gms@233316044@23.33.16 (190400-560149061):70) >11-08 00:01:16.983:
W/PhenotypeConfigurationU(5457): at leo.run(:com.google.android.gms@233316044@23.33.16 (190400-560149061):152) >11-08 00:01:16.983:
W/PhenotypeConfigurationU(5457): at dpie.run(:com.google.android.gms@233316044@23.33.16 (190400-560149061):13) >11-08 00:01:16.983:
W/PhenotypeConfigurationU(5457): at java.util.concurrent.ThreadPoolExecutor.runWorker(ThreadPoolExecutor.java:1137) >11-08 00:01:16.983:
W/PhenotypeConfigurationU(5457): at java.util.concurrent.ThreadPoolExecutor$Worker.run(ThreadPoolExecutor.java:637) >11-08 00:01:16.983:
W/PhenotypeConfigurationU(5457): at java.lang.Thread.run(Thread.java:1012) >11-08 00:01:16.988:
D/PackageManager(577): Instant App installer not found with android.intent.action.INSTALL_INSTANT_APP_PACKAGE >11-08 00:01:16.988:
D/PackageManager(577): Clear ephemeral installer activity >11-08 00:01:16.990:
D/PackageManager(577): Instant App installer not found with android.intent.action.INSTALL_INSTANT_APP_PACKAGE >11-08 00:01:16.990:
D/PackageManager(577): Clear ephemeral installer activity >11-08 00:01:16.991:
D/PackageManager(577): Instant App installer not found with android.intent.action.INSTALL_INSTANT_APP_PACKAGE >11-08 00:01:16.991:
D/PackageManager(577): Clear ephemeral installer activity >11-08 00:01:16.993:
I/BgTaskExecutorImpl(5854): (REDACTED) Starting %s background task %s. >11-08 00:01:16.995:
I/PhenotypeBackgroundRecv(3716): Skipping assistant_auto_tng_libraries_user#com.google.android.googlequicksearchbox which doesn't use ProcessStable flags. >11-08 00:01:17.005:
W/BatteryPhenotypeCommitListener(5054): pheotype flag is update success=true >11-08 00:01:17.006:
W/BatteryPhenotypeCommitListener(5054): dump configurations: >11-08 00:01:17.006:
W/BatteryPhenotypeCommitListener(5054): isFeatureEnabled:true >11-08 00:01:17.006:
W/BatteryPhenotypeCommitListener(5054): timeSlotClickable:true >11-08 00:01:17.006:
W/BatteryPhenotypeCommitListener(5054): dataFetchInterval:60 >11-08 00:01:17.006:
W/BatteryPhenotypeCommitListener(5054): dataRetentionDays:9 >11-08 00:01:17.006:
W/BatteryPhenotypeCommitListener(5054): grantExactAlarmPermission:true >11-08 00:01:17.007:
W/BatteryPhenotypeCommitListener(5054): BHS enabled=false >11-08 00:01:17.010:
D/PackageManager(577): Instant App installer not found with android.intent.action.INSTALL_INSTANT_APP_PACKAGE >11-08 00:01:17.010:
D/PackageManager(577): Clear ephemeral installer activity >11-08 00:01:17.012:
W/BatteryWidgetPhenotypeCommitListener(5054): Phenotype flag updated = true >11-08 00:01:17.012:
V/SettingsSearchProvider(1237): com.android.settings.backup.PrivacySettings$1@c198998 tried to add an empty non-indexable key >11-08 00:01:17.014:
E/IndexablesProvider(1237): Provider querying exception: >11-08 00:01:17.014:
E/IndexablesProvider(1237): java.lang.NullPointerException: Attempt to invoke virtual method 'boolean android.os.Bundle.containsKey(java.lang.String)' on a null object reference >11-08 00:01:17.014:
E/IndexablesProvider(1237): at com.android.settingslib.drawer.Tile.getTitle(Tile.java:195) >11-08 00:01:17.014:
E/IndexablesProvider(1237): at com.android.settings.search.SettingsSearchIndexablesProvider.querySiteMapPairs(SettingsSearchIndexablesProvider.java:221) >11-08 00:01:17.014:
E/IndexablesProvider(1237): at android.provider.SearchIndexablesProvider.query(SearchIndexablesProvider.java:129) >11-08 00:01:17.014:
E/IndexablesProvider(1237): at android.content.ContentProvider.query(ContentProvider.java:1455) >11-08 00:01:17.014:
E/IndexablesProvider(1237): at android.content.ContentProvider.query(ContentProvider.java:1551) >11-08 00:01:17.014:
E/IndexablesProvider(1237): at android.content.ContentProvider$Transport.query(ContentProvider.java:285) >11-08 00:01:17.014:
E/IndexablesProvider(1237): at android.content.ContentProviderNative.onTransact(ContentProviderNative.java:107) >11-08 00:01:17.014:
E/IndexablesProvider(1237): at android.os.Binder.execTransactInternal(Binder.java:1280) >11-08 00:01:17.014:
E/IndexablesProvider(1237): at android.os.Binder.execTransact(Binder.java:1244) >11-08 00:01:17.017:
E/BrellaContextualCardRanker(5054): Failed to create in-app trainer >11-08 00:01:17.017:
E/BrellaContextualCardRanker(5054): bgd: 10: Cannot create in-app trainer: android.app.Application class has been subclassed (com.google.android.settings.intelligence.IntelligenceApplication) and BrellaInit.myAppCanHandleMultipleProcesses() was not called >11-08 00:01:17.017:
E/BrellaContextualCardRanker(5054): at bpf.run(PG:86) >11-08 00:01:17.017:
E/BrellaContextualCardRanker(5054): at java.util.concurrent.ThreadPoolExecutor.runWorker(ThreadPoolExecutor.java:1137) >11-08 00:01:17.017:
E/BrellaContextualCardRanker(5054): at java.util.concurrent.ThreadPoolExecutor$Worker.run(ThreadPoolExecutor.java:637) >11-08 00:01:17.017:
E/BrellaContextualCardRanker(5054): at java.lang.Thread.run(Thread.java:1012) >11-08 00:01:17.017:
E/BrellaContextualCardRanker(5054): Failed to create in-app trainer >11-08 00:01:17.017:
E/BrellaContextualCardRanker(5054): bgd: 10: Cannot create in-app trainer: android.app.Application class has been subclassed (com.google.android.settings.intelligence.IntelligenceApplication) and BrellaInit.myAppCanHandleMultipleProcesses() was not called >11-08 00:01:17.017:
E/BrellaContextualCardRanker(5054): at bpf.run(PG:86) >11-08 00:01:17.017:
E/BrellaContextualCardRanker(5054): at java.util.concurrent.ThreadPoolExecutor.runWorker(ThreadPoolExecutor.java:1137) >11-08 00:01:17.017:
E/BrellaContextualCardRanker(5054): at java.util.concurrent.ThreadPoolExecutor$Worker.run(ThreadPoolExecutor.java:637) >11-08 00:01:17.017:
E/BrellaContextualCardRanker(5054): at java.lang.Thread.run(Thread.java:1012) >11-08 00:01:17.018:
D/PrefCtrlListHelper(1237): Could not find Context-only controller for pref: com.android.settings.users.MultiUserTopIntroPreferenceController >11-08 00:01:17.019:
D/SlicesIndexer(1237): Slices already indexed - returning. >11-08 00:01:17.019:
D/PrefCtrlListHelper(1237): Could not find Context-only controller for pref: com.android.settings.users.TimeoutToUserZeroPreferenceController >11-08 00:01:17.020:
D/PrefCtrlListHelper(1237): Could not find Context-only controller for pref: com.google.android.settings.notification.ClearCallingTogglePreferenceController >11-08 00:01:17.020:
D/PrefCtrlListHelper(1237): Could not find Context-only controller for pref: com.google.android.settings.notification.ClearCallingFooterPreferenceController >11-08 00:01:17.020:
V/SettingsSearchProvider(1237): com.android.settings.search.BaseSearchIndexProvider@7914316 tried to add an empty non-indexable key >11-08 00:01:17.020:
D/PrefCtrlListHelper(1237): Could not find Context-only controller for pref: com.android.settings.gestures.DoubleTwistPreferenceController >11-08 00:01:17.020:
D/SettingsSliceProvider(1237): provide 47 non-public slices >11-08 00:01:17.020:
D/SlicesIndexer(1237): Slices already indexed - returning. >11-08 00:01:17.020:
D/SettingsSliceProvider(1237): Allowlisting 61 uris to 3 pkgs. >11-08 00:01:17.023:
W/BpBinder(5457): Large outgoing transaction of 338688 bytes, interface descriptor <uncached descriptor>, code 4 >11-08 00:01:17.031:
W/A(5854): (REDACTED) Can't format flag %s to integer. >11-08 00:01:17.031:
W/A(5854): (REDACTED) Can't format flag %s to integer. >11-08 00:01:17.031:
W/A(5854): (REDACTED) Can't format flag %s to integer. >11-08 00:01:17.033:
D/SlicesIndexer(1237): Slices already indexed - returning. >11-08 00:01:17.033:
W/WifiService(577): Permission violation - getConfiguredNetworks not allowed for uid=10111, packageName=com.google.android.settings.intelligence, reason=java.lang.SecurityException: UID 10111 has no location permission >11-08 00:01:17.033:
V/SettingsSearchProvider(1237): com.android.settings.development.graphicsdriver.GraphicsDriverDashboard$1@2c47f67 tried to add an empty non-indexable key >11-08 00:01:17.033:
D/PrefCtrlListHelper(1237): Could not find Context-only controller for pref: com.android.settings.applications.managedomainurls.WebActionCategoryController >11-08 00:01:17.033:
D/PrefCtrlListHelper(1237): Could not find Context-only controller for pref: com.android.settings.applications.managedomainurls.InstantAppWebActionPreferenceController >11-08 00:01:17.033:
D/PrefCtrlListHelper(1237): Could not find Context-only controller for pref: com.android.settings.applications.managedomainurls.InstantAppAccountPreferenceController >11-08 00:01:17.033:
D/SettingsSliceProvider(1237): Allowlisting 5 uris to 3 pkgs. >11-08 00:01:17.033:
D/PrefCtrlListHelper(1237): Could not find Context-only controller for pref: com.android.settings.applications.managedomainurls.DomainAppPreferenceController >11-08 00:01:17.035:
D/PrefCtrlListHelper(1237): Could not find Context-only controller for pref: com.android.settings.display.AutoRotateSwitchBarController >11-08 00:01:17.035:
D/PrefCtrlListHelper(1237): Could not find Context-only controller for pref: com.android.settings.display.AutoRotatePreferenceController >11-08 00:01:17.035:
D/PrefCtrlListHelper(1237): Could not find Context-only controller for pref: com.android.settings.display.SmartAutoRotatePermissionController >11-08 00:01:17.035:
D/PrefCtrlListHelper(1237): Could not find Context-only controller for pref: com.android.settings.display.SmartAutoRotateCameraStateController >11-08 00:01:17.035:
D/PrefCtrlListHelper(1237): Could not find Context-only controller for pref: com.android.settings.display.SmartAutoRotateBatterySaverController >11-08 00:01:17.035:
D/PrefCtrlListHelper(1237): Could not find Context-only controller for pref: com.android.settings.display.SmartAutoRotateController >11-08 00:01:17.038:
D/PrefCtrlListHelper(1237): Could not find Context-only controller for pref: com.android.settings.users.MultiUserTopIntroPreferenceController >11-08 00:01:17.039:
D/PrefCtrlListHelper(1237): Could not find Context-only controller for pref: com.android.settings.notification.SpatialAudioPreferenceController >11-08 00:01:17.039:
D/PrefCtrlListHelper(1237): Could not find Context-only controller for pref: com.android.settings.notification.SpatialAudioWiredHeadphonesController >11-08 00:01:17.040:
W/TimedProcessReaper(5854): Scheduling killing of process to refresh configuration >11-08 00:01:17.041:
D/PrefCtrlListHelper(1237): Could not find Context-only controller for pref: com.android.settings.users.TimeoutToUserZeroPreferenceController >11-08 00:01:17.041:
D/PrefCtrlListHelper(1237): Could not find Context-only controller for pref: com.google.android.settings.notification.ClearCallingTogglePreferenceController >11-08 00:01:17.041:
D/PrefCtrlListHelper(1237): Could not find Context-only controller for pref: com.google.android.settings.notification.ClearCallingFooterPreferenceController >11-08 00:01:17.042:
D/PrefCtrlListHelper(1237): Could not find Context-only controller for pref: com.android.settings.gestures.DoubleTwistPreferenceController >11-08 00:01:17.044:
D/PrefCtrlListHelper(1237): Could not find Context-only controller for pref: com.android.settings.applications.managedomainurls.WebActionCategoryController >11-08 00:01:17.044:
D/PrefCtrlListHelper(1237): Could not find Context-only controller for pref: com.android.settings.applications.managedomainurls.InstantAppWebActionPreferenceController >11-08 00:01:17.044:
D/PrefCtrlListHelper(1237): Could not find Context-only controller for pref: com.android.settings.applications.managedomainurls.InstantAppAccountPreferenceController >11-08 00:01:17.045:
D/PrefCtrlListHelper(1237): Could not find Context-only controller for pref: com.android.settings.applications.managedomainurls.DomainAppPreferenceController >11-08 00:01:17.046:
D/PrefCtrlListHelper(1237): Could not find Context-only controller for pref: com.android.settings.display.AutoRotateSwitchBarController >11-08 00:01:17.046:
D/PrefCtrlListHelper(1237): Could not find Context-only controller for pref: com.android.settings.display.AutoRotatePreferenceController >11-08 00:01:17.046:
D/PrefCtrlListHelper(1237): Could not find Context-only controller for pref: com.android.settings.display.SmartAutoRotatePermissionController >11-08 00:01:17.046:
I/NamespaceManager(5457): Package com.android.refreshratecontrol name not found! Using module version. >11-08 00:01:17.047:
D/PrefCtrlListHelper(1237): Could not find Context-only controller for pref: com.android.settings.display.SmartAutoRotateCameraStateController >11-08 00:01:17.047:
D/PrefCtrlListHelper(1237): Could not find Context-only controller for pref: com.android.settings.display.SmartAutoRotateBatterySaverController >11-08 00:01:17.047:
D/PrefCtrlListHelper(1237): Could not find Context-only controller for pref: com.android.settings.display.SmartAutoRotateController >11-08 00:01:17.047:
I/PhenotypeBackgroundRecv(3716): Skipping assistant_auto_tng_libraries_device#com.google.android.googlequicksearchbox which doesn't use ProcessStable flags. >11-08 00:01:17.048:
I/NamespaceManager(5457): Package com.google.oslo name not found! Using module version. >11-08 00:01:17.048:
D/PrefCtrlListHelper(1237): Could not find Context-only controller for pref: com.android.settings.notification.SpatialAudioPreferenceController >11-08 00:01:17.049:
D/PrefCtrlListHelper(1237): Could not find Context-only controller for pref: com.android.settings.notification.SpatialAudioWiredHeadphonesController >11-08 00:01:17.050:
I/FastPair(5449): FastPair: provider is called with method [getCardList] >11-08 00:01:17.050:
W/JobScheduler(577): Job didn't exist in JobStore: 90d8df1 #u0a119/-43 com.google.android.googlequicksearchbox/com.google.android.apps.gsa.tasks.BackgroundTasksJobService >11-08 00:01:17.051:
I/NamespaceManager(5457): Package com.android.media name not found! Using module version. >11-08 00:01:17.051:
I/NamespaceManager(5457): Package com.android.media.swcodec name not found! Using module version. >11-08 00:01:17.051:
D/PrefCtrlListHelper(1237): Could not find Context-only controller for pref: com.android.settings.enterprise.ManageDeviceAdminPreferenceController >11-08 00:01:17.051:
D/PrefCtrlListHelper(1237): Could not find Context-only controller for pref: com.android.settings.enterprise.EnterprisePrivacyPreferenceController >11-08 00:01:17.051:
D/PrefCtrlListHelper(1237): Could not find Context-only controller for pref: com.android.settings.enterprise.FinancedPrivacyPreferenceController >11-08 00:01:17.051:
D/PrefCtrlListHelper(1237): Could not find Context-only controller for pref: com.android.settings.security.SimLockPreferenceController >11-08 00:01:17.051:
D/PrefCtrlListHelper(1237): Could not find Context-only controller for pref: com.android.settings.security.EncryptionStatusPreferenceController >11-08 00:01:17.051:
D/PrefCtrlListHelper(1237): Could not find Context-only controller for pref: com.android.settings.security.trustagent.ManageTrustAgentsPreferenceController >11-08 00:01:17.051:
D/PrefCtrlListHelper(1237): Could not find Context-only controller for pref: com.android.settings.security.ScreenPinningPreferenceController >11-08 00:01:17.051:
D/PrefCtrlListHelper(1237): Could not find Context-only controller for pref: com.android.settings.security.ConfirmSimDeletionPreferenceController >11-08 00:01:17.052:
I/NamespaceManager(5457): Package com.android.neuralnetworks name not found! Using module version. >11-08 00:01:17.052:
D/PrefCtrlListHelper(1237): Could not find Context-only controller for pref: com.android.settings.enterprise.ManageDeviceAdminPreferenceController >11-08 00:01:17.052:
D/PrefCtrlListHelper(1237): Could not find Context-only controller for pref: com.android.settings.enterprise.EnterprisePrivacyPreferenceController >11-08 00:01:17.052:
D/PrefCtrlListHelper(1237): Could not find Context-only controller for pref: com.android.settings.enterprise.FinancedPrivacyPreferenceController >11-08 00:01:17.052:
I/NamespaceManager(5457): Package com.android.media name not found! Using module version. >11-08 00:01:17.052:
D/PrefCtrlListHelper(1237): Could not find Context-only controller for pref: com.android.settings.security.SimLockPreferenceController >11-08 00:01:17.052:
I/A(5854): (REDACTED) Refusing EXCLUSIVE task %s, it is already pending. Try again in %d seconds. >11-08 00:01:17.053:
D/PrefCtrlListHelper(1237): Could not find Context-only controller for pref: com.android.settings.security.EncryptionStatusPreferenceController >11-08 00:01:17.053:
D/PrefCtrlListHelper(1237): Could not find Context-only controller for pref: com.android.settings.security.trustagent.ManageTrustAgentsPreferenceController >11-08 00:01:17.053:
D/PrefCtrlListHelper(1237): Could not find Context-only controller for pref: com.android.settings.security.ScreenPinningPreferenceController >11-08 00:01:17.053:
D/PrefCtrlListHelper(1237): Could not find Context-only controller for pref: com.android.settings.security.ConfirmSimDeletionPreferenceController >11-08 00:01:17.054:
I/NamespaceManager(5457): Package 1 name not found! Using module version. >11-08 00:01:17.054:
I/dex2oat64(7906): dex2oat took 484.619ms (462.444ms cpu) (threads: 4) arena alloc=0B (0B) java alloc=9930KB (10168368B) native alloc=1940KB (1987056B) free=1308KB (1339472B) >11-08 00:01:17.054:
I/NamespaceManager(5457): Package rkpd name not found! Using module version. >11-08 00:01:17.054:
I/NamespaceManager(5457): Package com.google.android.devicelockcontroller name not found! Using module version. >11-08 00:01:17.055:
I/NamespaceManager(5457): Package com.google.android.healthfitness name not found! Using module version. >11-08 00:01:17.055:
I/NamespaceManager(5457): Package android.companion name not found! Using module version. >11-08 00:01:17.055:
I/NamespaceManager(5457): Package com.google.android.healthfitness name not found! Using module version. >11-08 00:01:17.055:
I/NamespaceManager(5457): Package com.google.android.aicore name not found! Using module version. >11-08 00:01:17.056:
I/PhenotypeBackgroundRecv(3716): Skipping com.google.android.googlequicksearchbox which doesn't use ProcessStable flags. >11-08 00:01:17.057:
W/PhenotypeConfigurationU(5457): Update for unknown DeviceConfig package com.google.android.gms.thunderbird [CONTEXT service_id=204 ] >11-08 00:01:17.057:
W/PhenotypeConfigurationU(5457): cesr: No package exists for config package: com.google.android.gms.thunderbird >11-08 00:01:17.057:
W/PhenotypeConfigurationU(5457): at cess.a(:com.google.android.gms@233316044@23.33.16 (190400-560149061):70) >11-08 00:01:17.057:
W/PhenotypeConfigurationU(5457): at com.google.android.gms.platformconfigurator.PhenotypeConfigurationUpdateListener.b(:com.google.android.gms@233316044@23.33.16 (190400-560149061):6) >11-08 00:01:17.057:
W/PhenotypeConfigurationU(5457): at com.google.android.gms.platformconfigurator.PhenotypeConfigurationUpdateListener.a(:com.google.android.gms@233316044@23.33.16 (190400-560149061):167) >11-08 00:01:17.057:
W/PhenotypeConfigurationU(5457): at com.google.android.gms.platformconfigurator.PhenotypeConfigurationUpdateListener.onHandleIntent(:com.google.android.gms@233316044@23.33.16 (190400-560149061):278) >11-08 00:01:17.057:
W/PhenotypeConfigurationU(5457): at com.google.android.chimera.IntentOperation.onHandleIntent(:com.google.android.gms@233316044@23.33.16 (190400-560149061):2) >11-08 00:01:17.057:
W/PhenotypeConfigurationU(5457): at adqc.onHandleIntent(:com.google.android.gms@233316044@23.33.16 (190400-560149061):10) >11-08 00:01:17.057:
W/PhenotypeConfigurationU(5457): at lep.run(:com.google.android.gms@233316044@23.33.16 (190400-560149061):70) >11-08 00:01:17.057:
W/PhenotypeConfigurationU(5457): at leo.run(:com.google.android.gms@233316044@23.33.16 (190400-560149061):152) >11-08 00:01:17.057:
W/PhenotypeConfigurationU(5457): at dpie.run(:com.google.android.gms@233316044@23.33.16 (190400-560149061):13) >11-08 00:01:17.057:
W/PhenotypeConfigurationU(5457): at java.util.concurrent.ThreadPoolExecutor.runWorker(ThreadPoolExecutor.java:1137) >11-08 00:01:17.057:
W/PhenotypeConfigurationU(5457): at java.util.concurrent.ThreadPoolExecutor$Worker.run(ThreadPoolExecutor.java:637) >11-08 00:01:17.057:
W/PhenotypeConfigurationU(5457): at java.lang.Thread.run(Thread.java:1012) >11-08 00:01:17.058:
I/NamespaceManager(5457): Package com.android.refreshratecontrol name not found! Using module version. >11-08 00:01:17.059:
W/A(5854): (REDACTED) Can't format flag %s to integer. >11-08 00:01:17.059:
W/A(5854): (REDACTED) Can't format flag %s to integer. >11-08 00:01:17.059:
W/A(5854): (REDACTED) Can't format flag %s to integer. >11-08 00:01:17.059:
W/A(5854): (REDACTED) Can't format flag %s to integer. >11-08 00:01:17.059:
W/A(5854): (REDACTED) Can't format flag %s to integer. >11-08 00:01:17.059:
W/A(5854): (REDACTED) Can't format flag %s to integer. >11-08 00:01:17.059:
W/A(5854): (REDACTED) Can't format flag %s to integer. >11-08 00:01:17.059:
W/A(5854): (REDACTED) Can't format flag %s to integer. >11-08 00:01:17.059:
I/A(5854): (REDACTED) Refusing EXCLUSIVE task %s, it is already pending. Try again in %d seconds. >11-08 00:01:17.060:
V/installd(492): DexInv: --- END '/data/app/~~tpXZJuWUQuyDpxgbwn752g==/com.google.android.apps.mtaas.backdrop-jrhDyVgGxA8-Q0tEJNa_Bg==/base.apk' (success) --- >11-08 00:01:17.061:
I/NamespaceManager(5457): Package com.google.oslo name not found! Using module version. >11-08 00:01:17.062:
I/NamespaceManager(5457): Package com.android.media name not found! Using module version. >11-08 00:01:17.062:
I/NamespaceManager(5457): Package com.android.media.swcodec name not found! Using module version. >11-08 00:01:17.063:
I/NamespaceManager(5457): Package com.android.neuralnetworks name not found! Using module version. >11-08 00:01:17.063:
I/NamespaceManager(5457): Package com.android.media name not found! Using module version. >11-08 00:01:17.063:
I/NamespaceManager(5457): Package 1 name not found! Using module version. >11-08 00:01:17.063:
I/NamespaceManager(5457): Package rkpd name not found! Using module version. >11-08 00:01:17.063:
I/NamespaceManager(5457): Package com.google.android.devicelockcontroller name not found! Using module version. >11-08 00:01:17.063:
I/NamespaceManager(5457): Package com.google.android.healthfitness name not found! Using module version. >11-08 00:01:17.063:
I/NamespaceManager(5457): Package android.companion name not found! Using module version. >11-08 00:01:17.063:
I/NamespaceManager(5457): Package com.google.android.healthfitness name not found! Using module version. >11-08 00:01:17.063:
I/NamespaceManager(5457): Package com.google.android.aicore name not found! Using module version. >11-08 00:01:17.064:
W/PhenotypeConfigurationU(5457): Update for unknown DeviceConfig package com.google.android.gms.magictether [CONTEXT service_id=204 ] >11-08 00:01:17.064:
W/PhenotypeConfigurationU(5457): cesr: No package exists for config package: com.google.android.gms.magictether >11-08 00:01:17.064:
W/PhenotypeConfigurationU(5457): at cess.a(:com.google.android.gms@233316044@23.33.16 (190400-560149061):70) >11-08 00:01:17.064:
W/PhenotypeConfigurationU(5457): at com.google.android.gms.platformconfigurator.PhenotypeConfigurationUpdateListener.b(:com.google.android.gms@233316044@23.33.16 (190400-560149061):6) >11-08 00:01:17.064:
W/PhenotypeConfigurationU(5457): at com.google.android.gms.platformconfigurator.PhenotypeConfigurationUpdateListener.a(:com.google.android.gms@233316044@23.33.16 (190400-560149061):167) >11-08 00:01:17.064:
W/PhenotypeConfigurationU(5457): at com.google.android.gms.platformconfigurator.PhenotypeConfigurationUpdateListener.onHandleIntent(:com.google.android.gms@233316044@23.33.16 (190400-560149061):278) >11-08 00:01:17.064:
W/PhenotypeConfigurationU(5457): at com.google.android.chimera.IntentOperation.onHandleIntent(:com.google.android.gms@233316044@23.33.16 (190400-560149061):2) >11-08 00:01:17.064:
W/PhenotypeConfigurationU(5457): at adqc.onHandleIntent(:com.google.android.gms@233316044@23.33.16 (190400-560149061):10) >11-08 00:01:17.064:
W/PhenotypeConfigurationU(5457): at lep.run(:com.google.android.gms@233316044@23.33.16 (190400-560149061):70) >11-08 00:01:17.064:
W/PhenotypeConfigurationU(5457): at leo.run(:com.google.android.gms@233316044@23.33.16 (190400-560149061):152) >11-08 00:01:17.064:
W/PhenotypeConfigurationU(5457): at dpie.run(:com.google.android.gms@233316044@23.33.16 (190400-560149061):13) >11-08 00:01:17.064:
W/PhenotypeConfigurationU(5457): at java.util.concurrent.ThreadPoolExecutor.runWorker(ThreadPoolExecutor.java:1137) >11-08 00:01:17.064:
W/PhenotypeConfigurationU(5457): at java.util.concurrent.ThreadPoolExecutor$Worker.run(ThreadPoolExecutor.java:637) >11-08 00:01:17.064:
W/PhenotypeConfigurationU(5457): at java.lang.Thread.run(Thread.java:1012) >11-08 00:01:17.067:
V/BackupManagerService(577): [UserID:0] restoreAtInstall pkg=com.google.android.apps.mtaas.backdrop token=4 restoreSet=0 >11-08 00:01:17.067:
V/BackupManagerService(577): [UserID:0] Finishing install immediately >11-08 00:01:17.069:
D/PackageInstallerSession(577): Marking session 2001122499 as applied >11-08 00:01:17.069:
E/installd(492): Couldn't opendir /data/app/vmdl2001122499.tmp: No such file or directory >11-08 00:01:17.069:
E/installd(492): Failed to delete /data/app/vmdl2001122499.tmp: No such file or directory >11-08 00:01:17.069:
D/PrefCtrlListHelper(1237): Could not find Context-only controller for pref: com.android.settings.applications.specialaccess.interactacrossprofiles.InteractAcrossProfilesController >11-08 00:01:17.069:
W/PrefCtrlListHelper(1237): Controller requires key but it's not defined in xml: com.android.settings.applications.specialaccess.interactacrossprofiles.InteractAcrossProfilesController >11-08 00:01:17.069:
D/PrefCtrlListHelper(1237): Could not find Context-only controller for pref: com.android.settings.deviceinfo.DeviceNamePreferenceController >11-08 00:01:17.070:
D/CompatibilityChangeReporter(577): Compat change id reported: 168419799; UID 10174; state: DISABLED >11-08 00:01:17.078:
I/NamespaceManager(5457): Package com.android.refreshratecontrol name not found! Using module version. >11-08 00:01:17.079:
I/NamespaceManager(5457): Package com.google.oslo name not found! Using module version. >11-08 00:01:17.081:
I/MediaProvider(1641): Invalidating LocalCallingIdentity cache for package com.google.android.apps.mtaas.backdrop. Reason: package android.intent.action.PACKAGE_ADDED >11-08 00:01:17.081:
I/NamespaceManager(5457): Package com.android.media name not found! Using module version. >11-08 00:01:17.081:
I/NamespaceManager(5457): Package com.android.media.swcodec name not found! Using module version. >11-08 00:01:17.082:
D/CompatibilityChangeReporter(577): Compat change id reported: 218533173; UID 10174; state: DISABLED >11-08 00:01:17.083:
I/Telecom(577): DefaultDialerCache: Refreshing default dialer for user 0: now com.google.android.dialer: DDC.oR@AVQ >11-08 00:01:17.083:
I/PermissionControllerServiceImpl(878): Updating user sensitive for uid 10174 >11-08 00:01:17.084:
V/BackupManagerConstants(577): getFullBackupIntervalMilliseconds(...) returns 86400000 >11-08 00:01:17.084:
V/BackupManagerConstants(577): getFullBackupRequiredNetworkType(...) returns 2 >11-08 00:01:17.084:
V/BackupManagerConstants(577): getFullBackupRequireCharging(...) returns true >11-08 00:01:17.084:
I/NamespaceManager(5457): Package com.android.neuralnetworks name not found! Using module version. >11-08 00:01:17.084:
I/NamespaceManager(5457): Package com.android.media name not found! Using module version. >11-08 00:01:17.084:
I/NamespaceManager(5457): Package 1 name not found! Using module version. >11-08 00:01:17.084:
I/NamespaceManager(5457): Package rkpd name not found! Using module version. >11-08 00:01:17.085:
I/NamespaceManager(5457): Package com.google.android.devicelockcontroller name not found! Using module version. >11-08 00:01:17.085:
I/NamespaceManager(5457): Package com.google.android.healthfitness name not found! Using module version. >11-08 00:01:17.085:
I/NamespaceManager(5457): Package android.companion name not found! Using module version. >11-08 00:01:17.085:
W/A(5854): (REDACTED) Can't format flag %s to integer. >11-08 00:01:17.085:
I/NamespaceManager(5457): Package com.google.android.healthfitness name not found! Using module version. >11-08 00:01:17.085:
W/A(5854): (REDACTED) Can't format flag %s to integer. >11-08 00:01:17.085:
W/A(5854): (REDACTED) Can't format flag %s to integer. >11-08 00:01:17.085:
W/A(5854): (REDACTED) Can't format flag %s to integer. >11-08 00:01:17.085:
W/A(5854): (REDACTED) Can't format flag %s to integer. >11-08 00:01:17.085:
W/A(5854): (REDACTED) Can't format flag %s to integer. >11-08 00:01:17.085:
W/A(5854): (REDACTED) Can't format flag %s to integer. >11-08 00:01:17.085:
W/A(5854): (REDACTED) Can't format flag %s to integer. >11-08 00:01:17.085:
W/A(5854): (REDACTED) Can't format flag %s to integer. >11-08 00:01:17.085:
W/A(5854): (REDACTED) Can't format flag %s to integer. >11-08 00:01:17.085:
W/A(5854): (REDACTED) Can't format flag %s to integer. >11-08 00:01:17.085:
W/A(5854): (REDACTED) Can't format flag %s to integer. >11-08 00:01:17.085:
