D/CompatibilityChangeReporter(8010): Compat change id reported: 183155436; UID 10118; state: ENABLED >11-08 00:01:18.108:
I/RcsClientLib(5744): shouldUseCarrierServicesJibeService: true, CarrierServices rcs service found: true >11-08 00:01:18.108:
D/PrefCtrlListHelper(1237): Could not find Context-only controller for pref: com.android.settings.applications.DefaultAppsPreferenceController >11-08 00:01:18.108:
D/PrefCtrlListHelper(1237): Could not find Context-only controller for pref: com.android.settings.applications.HibernatedAppsPreferenceController >11-08 00:01:18.108:
D/PrefCtrlListHelper(1237): Could not find Context-only controller for pref: com.android.settings.applications.AppBatteryUsagePreferenceController >11-08 00:01:18.108:
D/PrefCtrlListHelper(1237): Could not find Context-only controller for pref: com.android.settings.applications.SpecialAppAccessPreferenceController >11-08 00:01:18.108:
W/SettingsPrefController(1237): Skipping updateNonIndexableKeys, key already in list. com.android.settings.applications.AppsPreferenceController@753d71 >11-08 00:01:18.109:
I/RcsClientLib(5744): com.google.android.rcs.client.locationsharing.LocationSharingService connected >11-08 00:01:18.109:
I/BugleRcs(5744): com.google.android.rcs.client.locationsharing.LocationSharingService RCS service connected >11-08 00:01:18.109:
D/PrefCtrlListHelper(1237): Could not find Context-only controller for pref: com.android.settings.gestures.TapScreenGesturePreferenceController >11-08 00:01:18.109:
I/RcsClientLib(5744): Connecting ImsConnectionTrackerService >11-08 00:01:18.110:
D/PrefCtrlListHelper(1237): Could not find Context-only controller for pref: com.android.settings.network.NetworkMobileProviderController >11-08 00:01:18.113:
I/RcsClientLib(5744): shouldUseCarrierServicesJibeService: true, CarrierServices rcs service found: true >11-08 00:01:18.114:
I/RcsClientLib(5744): com.google.android.rcs.client.ims.ImsConnectionTrackerService connected >11-08 00:01:18.114:
I/BugleRcs(5744): com.google.android.rcs.client.ims.ImsConnectionTrackerService RCS service connected >11-08 00:01:18.114:
I/BugleRcs(5744): subscribing to global rcs listener >11-08 00:01:18.114:
I/CarrierServices(2660): [63] EventHubProxy.subscribe: Adding event listener com.google.android.ims.rcsservice.events.IEventObserver$Stub$Proxy@b3421e9 for category 3 with key 187965929 for hub UI >11-08 00:01:18.114:
I/CarrierServices(2660): [63] EventHubProxy.subscribe: Adding event listener com.google.android.ims.rcsservice.events.IEventObserver$Stub$Proxy@abd9e6e for category 5 with key 180199022 for hub UI >11-08 00:01:18.114:
I/RcsClientLib(5744): Connecting RcsProfileService >11-08 00:01:18.114:
I/CarrierServices(2660): [63] EventHubProxy.subscribe: Adding event listener com.google.android.ims.rcsservice.events.IEventObserver$Stub$Proxy@16290f for category 2 with key 1452303 for hub UI >11-08 00:01:18.116:
I/RcsClientLib(5744): shouldUseCarrierServicesJibeService: true, CarrierServices rcs service found: true >11-08 00:01:18.116:
I/BugleRcsEngine(5744): [2] baha.g: No RCS Configuration was found in Bugle for simID: redacted-pii:sim_id[chars:20,last3:897] >11-08 00:01:18.117:
D/PrefCtrlListHelper(1237): Could not find Context-only controller for pref: com.android.settings.security.SecurityAdvancedSettingsController >11-08 00:01:18.118:
D/CompatibilityChangeReporter(577): Compat change id reported: 161145287; UID 10118; state: DISABLED >11-08 00:01:18.119:
D/PrefCtrlListHelper(1237): Could not find Context-only controller for pref: com.android.settings.accessibility.AccessibilityButtonPreferenceController >11-08 00:01:18.119:
D/PrefCtrlListHelper(1237): Could not find Context-only controller for pref: com.android.settings.accessibility.AccessibilityShortcutPreferenceController >11-08 00:01:18.119:
I/bnef(8010): SslGuard completed installation. >11-08 00:01:18.119:
D/PrefCtrlListHelper(1237): Could not find Context-only controller for pref: com.android.settings.privacy.WorkPolicyInfoPreferenceController >11-08 00:01:18.119:
D/PrefCtrlListHelper(1237): Could not find Context-only controller for pref: com.android.settings.applications.specialaccess.interactacrossprofiles.InteractAcrossProfilesController >11-08 00:01:18.119:
D/PrefCtrlListHelper(1237): Could not find Context-only controller for pref: com.android.settings.privacy.AccessibilityUsagePreferenceController >11-08 00:01:18.119:
D/PrefCtrlListHelper(1237): Could not find Context-only controller for pref: com.android.settings.privacy.PrivacyHubPreferenceController >11-08 00:01:18.119:
D/PrefCtrlListHelper(1237): Could not find Context-only controller for pref: com.android.settings.privacy.CameraToggleController >11-08 00:01:18.119:
D/PrefCtrlListHelper(1237): Could not find Context-only controller for pref: com.android.settings.privacy.MicToggleController >11-08 00:01:18.119:
D/PrefCtrlListHelper(1237): Could not find Context-only controller for pref: com.android.settings.sound.MediaControlsLockScreenPreferenceController >11-08 00:01:18.119:
D/PrefCtrlListHelper(1237): Could not find Context-only controller for pref: com.android.settings.privacy.EnableContentCapturePreferenceController >11-08 00:01:18.119:
D/PrefCtrlListHelper(1237): Could not find Context-only controller for pref: com.android.settings.privacy.EnableContentCaptureWithServiceSettingsPreferenceController >11-08 00:01:18.119:
W/PrefControllerMixin(1237): Skipping updateNonIndexableKeys due to empty key com.android.settings.notification.LockScreenNotificationPreferenceController@7483930 >11-08 00:01:18.119:
W/SettingsPrefController(1237): Skipping updateNonIndexableKeys, key already in list. com.android.settings.applications.specialaccess.interactacrossprofiles.InteractAcrossProfilesController@64d29a9 >11-08 00:01:18.121:
V/WifiManager(1237): registerSoftApCallback: callback=com.android.settings.wifi.tether.WifiTetherSecurityPreferenceController@dafb85c, executor=android.os.HandlerExecutor@72a4e25 >11-08 00:01:18.121:
V/WifiManager(1237): SoftApCallbackProxy on mode 1, send InfoChanged, newInfo: SoftApInfo{bandwidth= 0, frequency= 0, wifiStandard= 0, mApInstanceIdentifier= null, mIdleShutdownTimeoutMillis= 0} >11-08 00:01:18.121:
V/WifiManager(1237): SoftApCallbackProxy on mode 1, send InfoChanged, changedInfoList: [] >11-08 00:01:18.121:
V/WifiManager(1237): SoftApCallbackProxy on mode 1, send onConnectedClientsChanged(clients): [] >11-08 00:01:18.121:
I/wifi_tether_security(1237): WPA3 SAE is not supported on this device >11-08 00:01:18.121:
V/WifiManager(1237): unregisterSoftApCallback: callback=com.android.settings.wifi.tether.WifiTetherSecurityPreferenceController@dafb85c >11-08 00:01:18.122:
D/WifiTetherMaximizeCompatibilityPref(1237): getBand:1 >11-08 00:01:18.123:
I/RcsClientLib(5744): Connecting BusinessInfoService >11-08 00:01:18.123:
I/RcsClientLib(5744): com.google.android.rcs.client.profile.RcsProfileService connected >11-08 00:01:18.123:
I/BugleRcs(5744): com.google.android.rcs.client.profile.RcsProfileService RCS service connected >11-08 00:01:18.124:
D/PrefCtrlListHelper(1237): Could not find Context-only controller for pref: com.android.settings.gestures.AssistGestureSettingsPreferenceController >11-08 00:01:18.124:
D/AssistGesture(1237): mAssistOnly:false, isSupported:false, isSensorAvailable:false >11-08 00:01:18.124:
I/BugleRcsEngine(5744): [2] baha.g: No RCS Configuration was found in Bugle for simID: redacted-pii:sim_id[chars:20,last3:897] >11-08 00:01:18.125:
D/AssistGesture(1237): mAssistOnly:false, isSupported:false, isSensorAvailable:false >11-08 00:01:18.125:
D/PrefCtrlListHelper(1237): Could not find Context-only controller for pref: com.android.settings.location.RecentLocationAccessSeeAllPreferenceController >11-08 00:01:18.125:
W/NativeCrashHandlerImpl(8010): unable to load native_crash_handler_jni >11-08 00:01:18.125:
W/NativeCrashHandlerImpl(8010): java.lang.UnsatisfiedLinkError: dlopen failed: library "libnative_crash_handler_jni.so" not found >11-08 00:01:18.125:
W/NativeCrashHandlerImpl(8010): at java.lang.Runtime.loadLibrary0(Runtime.java:1077) >11-08 00:01:18.125:
W/NativeCrashHandlerImpl(8010): at java.lang.Runtime.loadLibrary0(Runtime.java:998) >11-08 00:01:18.125:
W/NativeCrashHandlerImpl(8010): at java.lang.System.loadLibrary(System.java:1661) >11-08 00:01:18.125:
W/NativeCrashHandlerImpl(8010): at com.google.android.libraries.performance.primes.metrics.crash.NativeCrashHandlerImpl.b(PG:3) >11-08 00:01:18.125:
W/NativeCrashHandlerImpl(8010): at bkzh.run(Unknown Source:4) >11-08 00:01:18.125:
W/NativeCrashHandlerImpl(8010): at java.lang.Thread.run(Thread.java:1012) >11-08 00:01:18.125:
D/PrefCtrlListHelper(1237): Could not find Context-only controller for pref: com.android.settings.location.LocationInjectedServicesForWorkPreferenceController >11-08 00:01:18.125:
D/PrefCtrlListHelper(1237): Could not find Context-only controller for pref: com.android.settings.datausage.UnrestrictedDataAccessPreferenceController >11-08 00:01:18.125:
W/SettingsPrefController(1237): Skipping updateNonIndexableKeys, key already in list. com.android.settings.datausage.UnrestrictedDataAccessPreferenceController@aedd0c7 >11-08 00:01:18.125:
D/PrefCtrlListHelper(1237): Could not find Context-only controller for pref: com.android.settings.accessibility.TextReadingFragmentForA11ySettingsController >11-08 00:01:18.125:
D/PrefCtrlListHelper(1237): Could not find Context-only controller for pref: com.android.settings.accessibility.ReduceBrightColorsPreferenceController >11-08 00:01:18.125:
D/PrefCtrlListHelper(1237): Could not find Context-only controller for pref: com.android.settings.accessibility.MagnificationPreferenceController >11-08 00:01:18.125:
D/PrefCtrlListHelper(1237): Could not find Context-only controller for pref: com.android.settings.accessibility.VibrationPreferenceController >11-08 00:01:18.125:
D/PrefCtrlListHelper(1237): Could not find Context-only controller for pref: com.android.settings.accessibility.LiveCaptionPreferenceController >11-08 00:01:18.125:
D/PrefCtrlListHelper(1237): Could not find Context-only controller for pref: com.android.settings.accessibility.CaptioningPreferenceController >11-08 00:01:18.125:
D/PrefCtrlListHelper(1237): Could not find Context-only controller for pref: com.android.settings.accessibility.RTTSettingPreferenceController >11-08 00:01:18.125:
D/RTTSettingsCtr(1237): init controller >11-08 00:01:18.125:
D/PrefCtrlListHelper(1237): Could not find Context-only controller for pref: com.android.settings.accessibility.AudioDescriptionPreferenceController >11-08 00:01:18.125:
D/PrefCtrlListHelper(1237): Could not find Context-only controller for pref: com.android.settings.accessibility.AccessibilityHearingAidPreferenceController >11-08 00:01:18.125:
D/PrefCtrlListHelper(1237): Could not find Context-only controller for pref: com.android.settings.language.TtsPreferenceController >11-08 00:01:18.126:
D/RTTSettingsCtr(1237): isRttSettingSupported [start] >11-08 00:01:18.127:
I/RcsClientLib(5744): shouldUseCarrierServicesJibeService: true, CarrierServices rcs service found: true >11-08 00:01:18.127:
D/TelecomUtil(1237): Failed to find SubscriptionInfo for phoneAccountHandle >11-08 00:01:18.127:
D/RTTSettingsCtr(1237): subscription id for the device: -1 >11-08 00:01:18.128:
W/BugleAction(5744): Null config in BugleSharedPrefs >11-08 00:01:18.128:
W/BugleAction(5744): Failed to get msisdn from Bugle >11-08 00:01:18.129:
W/BugleAction(5744): Null config in BugleSharedPrefs >11-08 00:01:18.129:
W/BugleAction(5744): Failed to get msisdn from Bugle >11-08 00:01:18.130:
I/Telecom(577): PhoneAccountRegistrar: getSimCallManager: SimCallManager for subId 1 queried, returning: null >11-08 00:01:18.130:
D/RTTSettingsCtr(1237): rtt calling supported by telecom:: false >11-08 00:01:18.130:
D/RTTSettingsCtr(1237): isRttSettingSupported [Not support] >11-08 00:01:18.131:
W/s.messaging:rcs(8010): Accessing hidden field Ljava/util/Collections$SynchronizedCollection;->mutex:Ljava/lang/Object; (max-target-o, reflection, denied) >11-08 00:01:18.131:
W/s.messaging:rcs(8010): Accessing hidden method Ljava/util/Collections$SynchronizedSet;-><init>(Ljava/util/Set;Ljava/lang/Object;)V (max-target-o, reflection, denied) >11-08 00:01:18.131:
W/s.messaging:rcs(8010): Accessing hidden method Ljava/util/Collections$SynchronizedCollection;-><init>(Ljava/util/Collection;Ljava/lang/Object;)V (max-target-o, reflection, denied) >11-08 00:01:18.132:
I/Bugle(8010): BugleApplicationBase: Bugle version: messages.android_20220809_01_rc02_alldpi.arm64-v8a.phone >11-08 00:01:18.135:
D/PrefCtrlListHelper(1237): Could not find Context-only controller for pref: com.android.settings.bluetooth.BluetoothDeviceRenamePreferenceController >11-08 00:01:18.135:
D/PrefCtrlListHelper(1237): Could not find Context-only controller for pref: com.android.settings.connecteddevice.AddDevicePreferenceController >11-08 00:01:18.135:
D/PrefCtrlListHelper(1237): Could not find Context-only controller for pref: com.android.settings.inputmethod.UserDictionaryListPreferenceController >11-08 00:01:18.136:
D/PhFileGroupPop(5744): Added file groups smart_actions_ml_models >11-08 00:01:18.137:
D/PhFileGroupPop(5744): Added file groups text_classifier >11-08 00:01:18.138:
V/OnDeviceRecognitionPreferenceController(1237): Recognition service with no settings activity: com.google.android.as/com.google.android.apps.miphone.aiai.app.AiAiSpeechRecognitionService. >11-08 00:01:18.138:
V/OnDeviceRecognitionPreferenceController(1237): Recognition service not in the same package as the default on-device recognizer: com.google.android.tts/com.google.android.apps.speech.tts.googletts.service.GoogleTTSRecognitionService. >11-08 00:01:18.138:
V/OnDeviceRecognitionPreferenceController(1237): No speech recognition services with proper `recognition-service` meta-data found in the same package as the default on-device recognizer. >11-08 00:01:18.138:
D/PrefCtrlListHelper(1237): Could not find Context-only controller for pref: com.android.settings.applications.appinfo.ManageAppLocalePreferenceController >11-08 00:01:18.138:
W/PrefCtrlListHelper(1237): Cannot instantiate controller from reflection: com.android.settings.applications.appinfo.ManageAppLocalePreferenceController >11-08 00:01:18.138:
D/PrefCtrlListHelper(1237): Could not find Context-only controller for pref: com.android.settings.language.OnDeviceRecognitionPreferenceController >11-08 00:01:18.138:
D/PrefCtrlListHelper(1237): Could not find Context-only controller for pref: com.android.settings.language.UserDictionaryPreferenceController >11-08 00:01:18.138:
D/PrefCtrlListHelper(1237): Could not find Context-only controller for pref: com.android.settings.inputmethod.GameControllerPreferenceController >11-08 00:01:18.138:
D/PrefCtrlListHelper(1237): Could not find Context-only controller for pref: com.android.settings.core.WorkPreferenceController >11-08 00:01:18.138:
D/PrefCtrlListHelper(1237): Could not find Context-only controller for pref: com.android.settings.inputmethod.SpellCheckerForWorkPreferenceController >11-08 00:01:18.139:
V/OnDeviceRecognitionPreferenceController(1237): Recognition service with no settings activity: com.google.android.as/com.google.android.apps.miphone.aiai.app.AiAiSpeechRecognitionService. >11-08 00:01:18.139:
V/OnDeviceRecognitionPreferenceController(1237): Recognition service not in the same package as the default on-device recognizer: com.google.android.tts/com.google.android.apps.speech.tts.googletts.service.GoogleTTSRecognitionService. >11-08 00:01:18.139:
V/OnDeviceRecognitionPreferenceController(1237): No speech recognition services with proper `recognition-service` meta-data found in the same package as the default on-device recognizer. >11-08 00:01:18.139:
D/PrefCtrlListHelper(1237): Could not find Context-only controller for pref: com.android.settings.applications.specialaccess.vrlistener.VrListenerScreenPreferenceController >11-08 00:01:18.139:
D/PrefCtrlListHelper(1237): Could not find Context-only controller for pref: com.android.settings.gestures.LongPressPowerIllustrationPreferenceController >11-08 00:01:18.139:
D/PrefCtrlListHelper(1237): Could not find Context-only controller for pref: com.android.settings.gestures.LongPressPowerForPowerMenuPreferenceController >11-08 00:01:18.139:
D/PrefCtrlListHelper(1237): Could not find Context-only controller for pref: com.android.settings.gestures.LongPressPowerForAssistantPreferenceController >11-08 00:01:18.139:
D/PrefCtrlListHelper(1237): Could not find Context-only controller for pref: com.android.settings.gestures.LongPressPowerSensitivityPreferenceController >11-08 00:01:18.139:
D/PrefCtrlListHelper(1237): Could not find Context-only controller for pref: com.android.settings.gestures.LongPressPowerFooterPreferenceController >11-08 00:01:18.139:
D/PrefCtrlListHelper(1237): Could not find Context-only controller for pref: com.android.settings.network.NetworkProviderSimsCategoryController >11-08 00:01:18.139:
W/PrefCtrlListHelper(1237): Cannot instantiate controller from reflection: com.android.settings.network.NetworkProviderSimsCategoryController >11-08 00:01:18.139:
D/PrefCtrlListHelper(1237): Could not find Context-only controller for pref: com.android.settings.network.NetworkProviderDownloadedSimsCategoryController >11-08 00:01:18.139:
W/PrefCtrlListHelper(1237): Cannot instantiate controller from reflection: com.android.settings.network.NetworkProviderDownloadedSimsCategoryController >11-08 00:01:18.139:
D/PrefCtrlListHelper(1237): Could not find Context-only controller for pref: com.android.settings.gestures.DoubleTapPowerPreferenceController >11-08 00:01:18.140:
D/PrefCtrlListHelper(1237): Could not find Context-only controller for pref: com.android.settings.deviceinfo.hardwareinfo.DeviceModelPreferenceController >11-08 00:01:18.140:
D/PrefCtrlListHelper(1237): Could not find Context-only controller for pref: com.android.settings.deviceinfo.hardwareinfo.SerialNumberPreferenceController >11-08 00:01:18.140:
D/PrefCtrlListHelper(1237): Could not find Context-only controller for pref: com.android.settings.deviceinfo.hardwareinfo.HardwareRevisionPreferenceController >11-08 00:01:18.140:
D/PrefCtrlListHelper(1237): Could not find Context-only controller for pref: com.android.settings.security.CredentialManagementAppHeaderController >11-08 00:01:18.140:
D/PrefCtrlListHelper(1237): Could not find Context-only controller for pref: com.android.settings.security.CredentialManagementAppButtonsController >11-08 00:01:18.140:
D/PrefCtrlListHelper(1237): Could not find Context-only controller for pref: com.android.settings.security.CredentialManagementAppPolicyController >11-08 00:01:18.140:
V/SettingsSearchProvider(1237): com.google.android.settings.security.SecurityHubDashboard$1@ee1ba7e tried to add an empty non-indexable key >11-08 00:01:18.140:
V/SettingsSearchProvider(1237): com.google.android.settings.aware.SkipGestureSettings$1@6416e7 tried to add an empty non-indexable key >11-08 00:01:18.141:
D/PrefCtrlListHelper(1237): Could not find Context-only controller for pref: com.android.settings.display.AutoBrightnessDetailPreferenceController >11-08 00:01:18.141:
V/SettingsSearchProvider(1237): com.android.settings.connecteddevice.NfcAndPaymentFragment$1@203b4c1 tried to add an empty non-indexable key >11-08 00:01:18.141:
D/PrefCtrlListHelper(1237): Could not find Context-only controller for pref: com.android.settings.language.LanguageAndInputPreferenceController >11-08 00:01:18.141:
D/PrefCtrlListHelper(1237): Could not find Context-only controller for pref: com.android.settings.datetime.DateTimePreferenceController >11-08 00:01:18.141:
D/PrefCtrlListHelper(1237): Could not find Context-only controller for pref: com.google.android.settings.aware.AwareSettingsPreferenceController >11-08 00:01:18.141:
D/PrefCtrlListHelper(1237): Could not find Context-only controller for pref: com.android.settings.system.ResetPreferenceController >11-08 00:01:18.141:
D/AssistGesture(1237): mAssistOnly:false, isSupported:false, isSensorAvailable:false >11-08 00:01:18.141:
D/AssistGesture(1237): mAssistOnly:false, isSupported:false, isSensorAvailable:false >11-08 00:01:18.142:
D/AssistGesture(1237): mAssistOnly:false, isSupported:false, isSensorAvailable:false >11-08 00:01:18.142:
W/SettingsPrefController(1237): Skipping updateNonIndexableKeys, key already in list. com.google.android.settings.aware.AwareSettingsPreferenceController@4782fa >11-08 00:01:18.142:
D/PrefCtrlListHelper(1237): Could not find Context-only controller for pref: com.android.settings.network.telephony.CallsDefaultSubscriptionController >11-08 00:01:18.142:
D/PrefCtrlListHelper(1237): Could not find Context-only controller for pref: com.android.settings.network.telephony.SmsDefaultSubscriptionController >11-08 00:01:18.142:
D/PrefCtrlListHelper(1237): Could not find Context-only controller for pref: com.android.settings.network.telephony.NetworkProviderWifiCallingPreferenceController >11-08 00:01:18.142:
D/PrefCtrlListHelper(1237): Could not find Context-only controller for pref: com.android.settings.network.telephony.NetworkProviderBackupCallingPreferenceController >11-08 00:01:18.142:
D/PrefCtrlListHelper(1237): Could not find Context-only controller for pref: com.google.android.settings.network.ConnectivityHelperCallQualityPreferenceController >11-08 00:01:18.142:
D/ch_callQuality(1237): isDeviceSupport: falsemIsChecked: true >11-08 00:01:18.142:
D/PrefCtrlListHelper(1237): Could not find Context-only controller for pref: com.google.android.settings.network.ConnectivityHelperDeviceToDevicePreferenceController >11-08 00:01:18.142:
D/ch_d2d(1237): isDeviceSupport: falsemIsChecked: false >11-08 00:01:18.144:
I/RcsClientLib(5744): com.google.android.rcs.client.businessinfo.BusinessInfoService connected >11-08 00:01:18.144:
I/BugleRcs(5744): com.google.android.rcs.client.businessinfo.BusinessInfoService RCS service connected >11-08 00:01:18.144:
I/RcsClientLib(5744): Connecting RcsMessagingService >11-08 00:01:18.146:
V/SettingsSearchProvider(1237): com.android.settings.datetime.timezone.TimeZoneSettings$1@f5008bc tried to add an empty non-indexable key >11-08 00:01:18.146:
V/SettingsSearchProvider(1237): com.android.settings.display.ColorModePreferenceFragment$3@5ae983b tried to add an empty non-indexable key >11-08 00:01:18.146:
D/PrefCtrlListHelper(1237): Could not find Context-only controller for pref: com.android.settings.network.AdaptiveConnectivityTogglePreferenceController >11-08 00:01:18.146:
V/SettingsSearchProvider(1237): com.android.settings.search.BaseSearchIndexProvider@1178af5 tried to add an empty non-indexable key >11-08 00:01:18.146:
I/RcsClientLib(5744): shouldUseCarrierServicesJibeService: true, CarrierServices rcs service found: true >11-08 00:01:18.146:
D/PrefCtrlListHelper(1237): Could not find Context-only controller for pref: com.android.settings.accessibility.PrimaryMonoPreferenceController >11-08 00:01:18.146:
D/PrefCtrlListHelper(1237): Could not find Context-only controller for pref: com.android.settings.accessibility.CaptionFooterPreferenceController >11-08 00:01:18.147:
V/SettingsSearchProvider(1237): com.android.settings.development.featureflags.FeatureFlagsDashboard$1@c0f08b9 tried to add an empty non-indexable key >11-08 00:01:18.148:
I/BugleRcsEngine(5744): [2] baha.g: No RCS Configuration was found in Bugle for simID: redacted-pii:sim_id[chars:20,last3:897] >11-08 00:01:18.148:
V/SettingsSearchProvider(1237): com.android.settings.notification.SoundWorkSettings$1@2d9350b tried to add an empty non-indexable key >11-08 00:01:18.149:
D/PrefCtrlListHelper(1237): Could not find Context-only controller for pref: com.android.settings.gestures.GestureNavigationSettingsAssistController >11-08 00:01:18.150:
D/PrefCtrlListHelper(1237): Could not find Context-only controller for pref: com.android.settings.applications.specialaccess.DataSaverController >11-08 00:01:18.150:
D/PrefCtrlListHelper(1237): Could not find Context-only controller for pref: com.android.settings.emergency.MoreSettingsPreferenceController >11-08 00:01:18.151:
D/PrefCtrlListHelper(1237): Could not find Context-only controller for pref: com.android.settings.emergency.EmergencyGestureEntrypointPreferenceController >11-08 00:01:18.151:
V/SettingsSearchProvider(1237): com.google.android.settings.aware.AwareSettings$1@f0b202d tried to add an empty non-indexable key >11-08 00:01:18.151:
V/SettingsSearchProvider(1237): com.google.android.settings.aware.WakeScreenGestureSettings$1@a9bf8ef tried to add an empty non-indexable key >11-08 00:01:18.151:
D/PrefCtrlListHelper(1237): Could not find Context-only controller for pref: com.android.settings.fuelgauge.BatteryHeaderPreferenceController >11-08 00:01:18.151:
D/PrefCtrlListHelper(1237): Could not find Context-only controller for pref: com.android.settings.fuelgauge.batterytip.BatteryTipPreferenceController >11-08 00:01:18.151:
D/PrefCtrlListHelper(1237): Could not find Context-only controller for pref: com.google.android.settings.fuelgauge.reversecharging.ReverseChargingPreferenceController >11-08 00:01:18.151:
D/PrefCtrlListHelper(1237): Could not find Context-only controller for pref: com.android.settings.display.BatteryPercentagePreferenceController >11-08 00:01:18.152:
D/PhFileGroupPop(5744): Added file groups smart_actions_emotive_models >11-08 00:01:18.154:
I/RcsClientLib(5744): com.google.android.rcs.client.messaging.RcsMessagingService connected >11-08 00:01:18.154:
I/BugleRcs(5744): com.google.android.rcs.client.messaging.RcsMessagingService RCS service connected >11-08 00:01:18.155:
D/PrefCtrlListHelper(1237): Could not find Context-only controller for pref: com.android.settings.applications.autofill.PasswordsPreferenceController >11-08 00:01:18.155:
I/RcsClientLib(5744): Connecting TransportControlService >11-08 00:01:18.157:
D/PrefCtrlListHelper(1237): Could not find Context-only controller for pref: com.android.settings.display.AutoBrightnessPreferenceController >11-08 00:01:18.157:
D/PrefCtrlListHelper(1237): Could not find Context-only controller for pref: com.android.settings.security.screenlock.LockScreenPreferenceController >11-08 00:01:18.157:
D/PrefCtrlListHelper(1237): Could not find Context-only controller for pref: com.android.settings.display.ScreenTimeoutPreferenceController >11-08 00:01:18.157:
D/PrefCtrlListHelper(1237): Could not find Context-only controller for pref: com.android.settings.display.DarkUIPreferenceController >11-08 00:01:18.157:
D/PrefCtrlListHelper(1237): Could not find Context-only controller for pref: com.android.settings.accessibility.TextReadingFragmentForDisplaySettingsController >11-08 00:01:18.157:
D/PrefCtrlListHelper(1237): Could not find Context-only controller for pref: com.android.settings.display.NightDisplayPreferenceController >11-08 00:01:18.157:
D/PrefCtrlListHelper(1237): Could not find Context-only controller for pref: com.android.settings.display.ColorModePreferenceController >11-08 00:01:18.157:
D/PrefCtrlListHelper(1237): Could not find Context-only controller for pref: com.android.settings.display.SmartAutoRotatePreferenceController >11-08 00:01:18.157:
D/PrefCtrlListHelper(1237): Could not find Context-only controller for pref: com.android.settings.display.DeviceStateAutoRotateOverviewController >11-08 00:01:18.157:
D/PrefCtrlListHelper(1237): Could not find Context-only controller for pref: com.android.settings.display.ScreenResolutionController >11-08 00:01:18.157:
D/PrefCtrlListHelper(1237): Could not find Context-only controller for pref: com.android.settings.display.DisplayWhiteBalancePreferenceController >11-08 00:01:18.157:
D/PrefCtrlListHelper(1237): Could not find Context-only controller for pref: com.android.settings.display.PeakRefreshRatePreferenceController >11-08 00:01:18.157:
D/RefreshRatePrefCtr(1237): DEFAULT_REFRESH_RATE : 60.0 mPeakRefreshRate : 60.0 >11-08 00:01:18.157:
D/PrefCtrlListHelper(1237): Could not find Context-only controller for pref: com.google.android.settings.touch.TouchSensitivityPreferenceController >11-08 00:01:18.158:
I/CarrierServices(8010): [2] SystemBindingService.onCreate: SystemBindingService onCreate >11-08 00:01:18.159:
D/PrefCtrlListHelper(1237): Could not find Context-only controller for pref: com.android.settings.fuelgauge.batterysaver.BatterySaverButtonPreferenceController >11-08 00:01:18.159:
D/PrefCtrlListHelper(1237): Could not find Context-only controller for pref: com.android.settings.fuelgauge.batterysaver.BatterySaverStickyPreferenceController >11-08 00:01:18.160:
D/PrefCtrlListHelper(1237): Could not find Context-only controller for pref: com.android.settings.slices.SlicePreferenceController >11-08 00:01:18.160:
D/PrefCtrlListHelper(1237): Could not find Context-only controller for pref: com.android.settings.connecteddevice.AddDevicePreferenceController >11-08 00:01:18.160:
D/PrefCtrlListHelper(1237): Could not find Context-only controller for pref: com.android.settings.connecteddevice.PreviouslyConnectedDevicePreferenceController >11-08 00:01:18.160:
D/PrefCtrlListHelper(1237): Could not find Context-only controller for pref: com.android.settings.connecteddevice.AdvancedConnectedDeviceController >11-08 00:01:18.160:
D/PrefCtrlListHelper(1237): Could not find Context-only controller for pref: com.android.settings.connecteddevice.DiscoverableFooterPreferenceController >11-08 00:01:18.160:
D/PrefCtrlListHelper(1237): Could not find Context-only controller for pref: com.android.settings.dream.DreamMainSwitchPreferenceController >11-08 00:01:18.160:
D/PrefCtrlListHelper(1237): Could not find Context-only controller for pref: com.android.settings.dream.DreamPickerController >11-08 00:01:18.160:
W/DreamManagerService(577): Falling back to default dream ComponentInfo{com.android.deskclock/com.android.deskclock.Screensaver} >11-08 00:01:18.162:
I/RcsClientLib(5744): shouldUseCarrierServicesJibeService: true, CarrierServices rcs service found: true >11-08 00:01:18.163:
I/BugleRcs(5744): connecting to 10 Rcs Services >11-08 00:01:18.164:
D/PrefCtrlListHelper(1237): Could not find Context-only controller for pref: com.android.settings.dream.DreamComplicationPreferenceController >11-08 00:01:18.164:
D/PrefCtrlListHelper(1237): Could not find Context-only controller for pref: com.android.settings.location.RecentLocationAccessPreferenceController >11-08 00:01:18.164:
D/PrefCtrlListHelper(1237): Could not find Context-only controller for pref: com.android.settings.location.RecentLocationAccessSeeAllButtonPreferenceController >11-08 00:01:18.164:
D/PrefCtrlListHelper(1237): Could not find Context-only controller for pref: com.android.settings.location.LocationForWorkPreferenceController >11-08 00:01:18.165:
D/PrefCtrlListHelper(1237): Could not find Context-only controller for pref: com.android.settings.location.AppLocationPermissionPreferenceController >11-08 00:01:18.165:
D/PrefCtrlListHelper(1237): Could not find Context-only controller for pref: com.android.settings.location.LocationServicesPreferenceController >11-08 00:01:18.165:
D/PrefCtrlListHelper(1237): Could not find Context-only controller for pref: com.android.settings.location.LocationSettingsFooterPreferenceController >11-08 00:01:18.166:
D/PrefCtrlListHelper(1237): Could not find Context-only controller for pref: com.android.settings.security.EncryptionStatusPreferenceController >11-08 00:01:18.166:
D/PrefCtrlListHelper(1237): Could not find Context-only controller for pref: com.android.settings.security.CredentialManagementAppPreferenceController >11-08 00:01:18.166:
W/PrefCtrlListHelper(1237): encryption_and_credentials_encryption_status already has a controller >11-08 00:01:18.166:
I/RcsProvisioning(5744): Failed to read config: no config found /data/user/0/com.google.android.apps.messaging/files/rcsconfig: open failed: ENOENT (No such file or directory) >11-08 00:01:18.166:
I/BugleRcsEngine(5744): [2] baha.g: No RCS Configuration was found in Bugle for simID: redacted-pii:sim_id[chars:20,last3:897] >11-08 00:01:18.167:
I/CarrierServices(2660): [63] dkk.f: No RCS Configuration was found in Bugle for simID: redacted-pii:sim_id[chars:20,last3:897] >11-08 00:01:18.167:
W/BugleRcsEngine(5744): [181] RcsProfileService.g: Result is null when getting value for id:4 >11-08 00:01:18.167:
W/Bugle(5744): SubscriptionMetadataUtils get: invalid subId = -2 >11-08 00:01:18.168:
V/SettingsSearchProvider(1237): com.android.settings.wifi.WifiSettings$4@a688f20 tried to add an empty non-indexable key >11-08 00:01:18.168:
W/Bugle(5744): SubscriptionMetadataUtils get: invalid subId = -2 >11-08 00:01:18.168:
W/Bugle(5744): SubscriptionMetadataUtils get: invalid subId = -2 >11-08 00:01:18.168:
W/Bugle(5744): SubscriptionMetadataUtils get: invalid subId = -2 >11-08 00:01:18.169:
W/Bugle(5744): SubscriptionUtilsAsOfLMR1: getSelfRawNumber: subInfo is null for subscription{id:-1} >11-08 00:01:18.169:
W/BugleAction(5744): No default number, returning empty msisdn >11-08 00:01:18.169:
I/BugleNetwork(5744): TachyonPhoneRegistration: Ensuring Tachyon phone registration >11-08 00:01:18.170:
W/BugleAction(5744): Null config in BugleSharedPrefs >11-08 00:01:18.171:
W/BugleAction(5744): Failed to get msisdn from Bugle >11-08 00:01:18.175:
D/PhFileGroupPop(5744): Added file groups smarts_expressive_content_scoped_v1 >11-08 00:01:18.175:
D/PhFileGroupPop(5744): Added file groups smart_actions_sensitive_classifier_models >11-08 00:01:18.175:
D/PhFileGroupPop(5744): Added file groups scripted_reply >11-08 00:01:18.175:
D/PhFileGroupPop(5744): Added file groups multitask_experiment >11-08 00:01:18.175:
D/PhFileGroupPop(5744): Added file groups spam_verdict_enforcement_policy_config >11-08 00:01:18.175:
D/PhFileGroupPop(5744): Added file groups smart_suggestion_reranker_models >11-08 00:01:18.175:
D/PhFileGroupPop(5744): Added file groups supersort_us_grammars >11-08 00:01:18.175:
D/PhFileGroupPop(5744): Added file groups nudge >11-08 00:01:18.178:
I/AppBindingService(577): Connected: com.google.android.apps.messaging/com.google.android.ims.binding.SystemBindingService u0 >11-08 00:01:18.179:
W/RemoteCallableBase(5054): Null cursor. Cannot add index data for Uri: content://com.android.emergency/settings/indexables_xml_res >11-08 00:01:18.179:
W/RemoteCallableBase(5054): Null cursor. Cannot add index data for Uri: content://com.android.emergency/settings/indexables_raw >11-08 00:01:18.179:
W/RemoteCallableBase(5054): Null cursor. Cannot add index data for Uri: content://com.android.emergency/settings/dynamic_indexables_raw >11-08 00:01:18.179:
W/RemoteCallableBase(5054): Null cursor. Cannot add index data for Uri: content://com.android.emergency/settings/non_indexables_key >11-08 00:01:18.180:
W/RemoteCallableBase(5054): Null cursor. Cannot add index data for Uri: content://com.android.traceur/settings/indexables_xml_res >11-08 00:01:18.181:
W/RemoteCallableBase(5054): Null cursor. Cannot add index data for Uri: content://com.android.traceur/settings/dynamic_indexables_raw >11-08 00:01:18.186:
I/RcsClientLib(5744): com.google.android.rcs.client.transportcontrol.TransportControlService connected >11-08 00:01:18.186:
I/BugleRcs(5744): com.google.android.rcs.client.transportcontrol.TransportControlService RCS service connected >11-08 00:01:18.186:
W/RemoteCallableBase(5054): Null cursor. Cannot add index data for Uri: content://com.google.android.settings.intelligence.routines.impl/settings/dynamic_indexables_raw >11-08 00:01:18.187:
W/RemoteCallableBase(5054): Null cursor. Cannot add index data for Uri: content://com.google.android.settings.intelligence.provider.search/settings/dynamic_indexables_raw >11-08 00:01:18.188:
W/RemoteCallableBase(5054): Null cursor. Cannot add index data for Uri: content://com.google.android.settings.intelligence.smartringer.impl/settings/dynamic_indexables_raw >11-08 00:01:18.188:
W/native(1539): W0000 00:00:1699430478.188660 1905 input-utils.cc:95] Failed to get value for update inducing feature |longitude| due to INVALID_ARGUMENT: No feature generators for feature "longitude" >11-08 00:01:18.188:
W/native(1539): === Source Location Trace: === >11-08 00:01:18.188:
W/native(1539): ./speech/service/context/features/feature-dictionary-provider.h:99 >11-08 00:01:18.188:
W/native(1539): Subgraphs depending on this feature will not have a new revision. >11-08 00:01:18.188:
W/native(1539): W0000 00:00:1699430478.188711 1905 input-utils.cc:95] Failed to get value for update inducing feature |latitude| due to INVALID_ARGUMENT: No feature generators for feature "latitude" >11-08 00:01:18.188:
W/native(1539): === Source Location Trace: === >11-08 00:01:18.188:
W/native(1539): ./speech/service/context/features/feature-dictionary-provider.h:99 >11-08 00:01:18.188:
W/native(1539): Subgraphs depending on this feature will not have a new revision. >11-08 00:01:18.188:
I/native(1539): I0000 00:00:1699430478.188732 1905 context-module-impl.cc:593] Update recognition context for speaker: "". (Proto:MessageLite at 0xb400007475c9ab10) >11-08 00:01:18.190:
W/CarrierServices(8010): [57] ayqe.x: Unable to send diagnostic log >11-08 00:01:18.193:
I/CarrierServices(8010): [56] bbdv.b: EngineBroadcaster: Broadcasting provisioning intent rcs.intent.action.rcsSystemBinding to Bugle with extras redacted-pii:[null] >11-08 00:01:18.195:
D/CompatibilityChangeReporter(577): Compat change id reported: 135634846; UID 10117; state: DISABLED >11-08 00:01:18.195:
D/CompatibilityChangeReporter(577): Compat change id reported: 177438394; UID 10117; state: DISABLED >11-08 00:01:18.195:
W/RemoteCallableBase(5054): Null cursor. Cannot add index data for Uri: content://com.google.android.apps.nexuslauncher/settings/dynamic_indexables_raw >11-08 00:01:18.195:
D/CompatibilityChangeReporter(577): Compat change id reported: 135772972; UID 10117; state: DISABLED >11-08 00:01:18.195:
D/CompatibilityChangeReporter(577): Compat change id reported: 135754954; UID 10117; state: ENABLED >11-08 00:01:18.196:
D/CompatibilityChangeReporter(577): Compat change id reported: 143937733; UID 10117; state: ENABLED >11-08 00:01:18.197:
W/RemoteCallableBase(5054): Null cursor. Cannot add index data for Uri: content://com.android.cellbroadcastreceiver/settings/dynamic_indexables_raw >11-08 00:01:18.198:
D/PhFileGroupPop(5744): Added file groups calendar_appointment_grammar >11-08 00:01:18.198:
D/PhFileGroupPop(5744): Added file groups birthday_suggestion >11-08 00:01:18.198:
D/PhFileGroupPop(5744): Added file groups birthday_grammars >11-08 00:01:18.199:
D/Zygote(373): Forked child process 8088 >11-08 00:01:18.199:
I/SettingsSearchIndexablesProvider(5950): SettingsSearchIndexablesProvider.queryXmlResources():79 queryXmlResources >11-08 00:01:18.199:
I/ActivityManager(577): Start proc 8088:com.google.android.gms.ui/u0a117 for content provider {com.google.android.gms/com.google.android.gms.accountsettings.content.SettingsSearchContentProvider} >11-08 00:01:18.200:
I/BugleRcsEngine(5744): [2] baha.g: No RCS Configuration was found in Bugle for simID: redacted-pii:sim_id[chars:20,last3:897] >11-08 00:01:18.203:
D/CompatibilityChangeReporter(8010): Compat change id reported: 160794467; UID 10118; state: ENABLED >11-08 00:01:18.204:
I/RoleService(577): Granting default roles... >11-08 00:01:18.205:
I/SettingsSearchIndexablesProvider(5950): SettingsSearchIndexablesProvider.queryRawData():86 queryRawData >11-08 00:01:18.206:
W/ListPreference(5950): Setting a summary with a String formatting marker is no longer supported. You should use a SummaryProvider instead. >11-08 00:01:18.206:
W/ListPreference(5950): Setting a summary with a String formatting marker is no longer supported. You should use a SummaryProvider instead. >11-08 00:01:18.212:
I/Zygote(8088): seccomp disabled by setenforce 0 >11-08 00:01:18.231:
W/RemoteCallableBase(5054): Null cursor. Cannot add index data for Uri: content://com.google.android.apps.wellbeing/settings/dynamic_indexables_raw >11-08 00:01:18.235:
I/SafetyCenterResContext(878): Found Safety Center resources APK at: com.google.android.safetycenter.resources >11-08 00:01:18.235:
W/RemoteCallableBase(5054): Null cursor. Cannot add index data for Uri: content://com.google.android.inputmethod.latin/settings/dynamic_indexables_raw >11-08 00:01:18.236:
W/RemoteCallableBase(5054): Null cursor. Cannot add index data for Uri: content://com.android.permissioncontroller.role/settings/dynamic_indexables_raw >11-08 00:01:18.236:
W/RemoteCallableBase(5054): Null cursor. Cannot add index data for Uri: content://com.google.android.apps.gsa.opa.AssistantSettingsProvider/settings/dynamic_indexables_raw >11-08 00:01:18.236:
I/A(5854): getLocaleToModelSpecsMap >11-08 00:01:18.236:
I/A(5854): Using proto config with mendel >11-08 00:01:18.236:
I/A(5854): getLocaleToModelSpecsMap >11-08 00:01:18.236:
I/A(5854): Using proto config with mendel >11-08 00:01:18.237:
W/Role(878): Default holder doesn't have required signing certificate: com.google.android.apps.work.clouddpc:23962F4B43B9857638EA66F4D419518EAE282491ACDA4B94707BD59003C45E58 >11-08 00:01:18.237:
I/A(5854): getLocaleToModelSpecsMap >11-08 00:01:18.237:
I/A(5854): Using proto config with mendel >11-08 00:01:18.237:
I/A(5854): (REDACTED) Adding from config to map. Locale: %s modelPrefix: %s Location:%s isSpeakerIdSupported: %b >11-08 00:01:18.237:
I/A(5854): (REDACTED) Adding from config to map. Locale: %s modelPrefix: %s Location:%s isSpeakerIdSupported: %b >11-08 00:01:18.237:
I/A(5854): (REDACTED) Adding from config to map. Locale: %s modelPrefix: %s Location:%s isSpeakerIdSupported: %b >11-08 00:01:18.237:
I/A(5854): (REDACTED) Skipping. Expected model: %s Found: %s >11-08 00:01:18.237:
I/A(5854): (REDACTED) Adding from config to map. Locale: %s modelPrefix: %s Location:%s isSpeakerIdSupported: %b >11-08 00:01:18.237:
I/A(5854): (REDACTED) hasHotwordEverywhere-%b >11-08 00:01:18.237:
I/A(5854): getLocaleToModelSpecsMap >11-08 00:01:18.237:
I/A(5854): Using proto config with mendel >11-08 00:01:18.237:
I/A(5854): getLocaleToModelSpecsMap >11-08 00:01:18.237:
I/A(5854): Using proto config with mendel >11-08 00:01:18.237:
I/A(5854): getLocaleToModelSpecsMap >11-08 00:01:18.237:
I/A(5854): Using proto config with mendel >11-08 00:01:18.237:
I/A(5854): (REDACTED) Adding from config to map. Locale: %s modelPrefix: %s Location:%s isSpeakerIdSupported: %b >11-08 00:01:18.237:
I/A(5854): (REDACTED) Adding from config to map. Locale: %s modelPrefix: %s Location:%s isSpeakerIdSupported: %b >11-08 00:01:18.237:
I/A(5854): (REDACTED) Adding from config to map. Locale: %s modelPrefix: %s Location:%s isSpeakerIdSupported: %b >11-08 00:01:18.237:
I/A(5854): (REDACTED) Skipping. Expected model: %s Found: %s >11-08 00:01:18.237:
I/A(5854): (REDACTED) Adding from config to map. Locale: %s modelPrefix: %s Location:%s isSpeakerIdSupported: %b >11-08 00:01:18.238:
W/RemoteCallableBase(5054): Null cursor. Cannot add index data for Uri: content://com.google.android.apps.messaging.settings.search/settings/dynamic_indexables_raw >11-08 00:01:18.242:
W/SafetyCenterService(577): Called getSafetyCenterData, but Safety Center is disabled >11-08 00:01:18.244:
W/SearchServiceCore(5854): Abort, client detached. >11-08 00:01:18.245:
I/BgTaskExecutorImpl(5854): (REDACTED) Starting %s background task %s. >11-08 00:01:18.246:
W/RemoteCallableBase(5054): Null cursor. Cannot add index data for Uri: content://com.android.permissioncontroller.safetycenter/settings/dynamic_indexables_raw >11-08 00:01:18.250:
W/RemoteCallableBase(5054): Null cursor. Cannot add index data for Uri: content://com.android.permissioncontroller/settings/dynamic_indexables_raw >11-08 00:01:18.253:
I/CarrierServices(2660): [63] dkk.f: No RCS Configuration was found in Bugle for simID: redacted-pii:sim_id[chars:20,last3:897] >11-08 00:01:18.253:
W/BugleRcsEngine(5744): [181] RcsProfileService.g: Result is null when getting value for id:4 >11-08 00:01:18.253:
W/Bugle(5744): SubscriptionMetadataUtils get: invalid subId = -2 >11-08 00:01:18.253:
W/Bugle(5744): SubscriptionMetadataUtils get: invalid subId = -2 >11-08 00:01:18.253:
W/Bugle(5744): SubscriptionMetadataUtils get: invalid subId = -2 >11-08 00:01:18.253:
W/Bugle(5744): SubscriptionMetadataUtils get: invalid subId = -2 >11-08 00:01:18.253:
W/Bugle(5744): SubscriptionUtilsAsOfLMR1: getSelfRawNumber: subInfo is null for subscription{id:-1} >11-08 00:01:18.255:
E/cr_BTSPrefs(6109): No data found for task id: 53 >11-08 00:01:18.255:
E/cr_BkgrdTaskScheduler(6109): Task cannot be canceled because no data was found instorage or data was invalid >11-08 00:01:18.257:
I/system_server(577): Background concurrent copying GC freed 626819(29MB) AllocSpace objects, 29(964KB) LOS objects, 49% free, 23MB/47MB, paused 42us,22us total 383.197ms >11-08 00:01:18.257:
W/JobScheduler(577): Job didn't exist in JobStore: 5d47142 #u0a119/-43 com.google.android.googlequicksearchbox/com.google.android.apps.gsa.tasks.BackgroundTasksJobService >11-08 00:01:18.259:
I/PhenotypeBackgroundRecv(3716): Skipping com.google.android.apps.podcasts_android.device#com.google.android.googlequicksearchbox which doesn't use ProcessStable flags. >11-08 00:01:18.263:
I/WM-WorkerWrapper(5744): Worker result SUCCESS for Work [ id=c86ad973-70c1-4a08-bb37-3f9ac867771a, tags={ com.google.android.libraries.mdi.download.workmanager.workers.PeriodicWorker, MDD.CELLULAR.CHARGING.PERIODIC.TASK } ] >11-08 00:01:18.268:
W/BugleAction(5744): No default number, returning empty msisdn >11-08 00:01:18.269:
I/adbd(6382): jdwp connection from 8088 >11-08 00:01:18.271:
I/CarrierServices(2660): [37] dkk.f: No RCS Configuration was found in Bugle for simID: redacted-pii:sim_id[chars:20,last3:897] >11-08 00:01:18.271:
W/BugleRcsEngine(5744): [186] RcsProfileService.g: Result is null when getting value for id:4 >11-08 00:01:18.271:
W/Bugle(5744): SubscriptionMetadataUtils get: invalid subId = -2 >11-08 00:01:18.271:
W/Bugle(5744): SubscriptionMetadataUtils get: invalid subId = -2 >11-08 00:01:18.271:
W/Bugle(5744): SubscriptionMetadataUtils get: invalid subId = -2 >11-08 00:01:18.272:
W/Bugle(5744): SubscriptionMetadataUtils get: invalid subId = -2 >11-08 00:01:18.272:
W/Bugle(5744): SubscriptionUtilsAsOfLMR1: getSelfRawNumber: subInfo is null for subscription{id:-1} >11-08 00:01:18.273:
W/BugleAction(5744): No default number, returning empty msisdn >11-08 00:01:18.273:
W/BugleEtouffee(5744): E2eeStartupTask: Skip prekey checking because MSISDN is empty. >11-08 00:01:18.277:
W/ogle.android.as(1529): Long monitor contention with owner aiai-vc-0 (1748) at java.lang.Object eao.b()(PG:2) waiters=0 in java.lang.Object eao.b() for 376ms >11-08 00:01:18.278:
E/BugleNetwork(5744): Failed to ensure Tachyon phone registration. >11-08 00:01:18.278:
E/BugleNetwork(5744): java.lang.IllegalArgumentException: normalizedPhoneNumber is empty >11-08 00:01:18.278:
E/BugleNetwork(5744): at ahwd.<init>(PG:2) >11-08 00:01:18.278:
E/BugleNetwork(5744): at ahwb.b(PG:1) >11-08 00:01:18.278:
E/BugleNetwork(5744): at agzd.apply(PG:8) >11-08 00:01:18.278:
E/BugleNetwork(5744): at brhs.apply(PG:2) >11-08 00:01:18.278:
E/BugleNetwork(5744): at bvwn.d(PG:2) >11-08 00:01:18.278:
E/BugleNetwork(5744): at bvwo.run(PG:9) >11-08 00:01:18.278:
E/BugleNetwork(5744): at bvyj.execute(PG:1) >11-08 00:01:18.278:
E/BugleNetwork(5744): at bvwi.o(PG:1) >11-08 00:01:18.278:
E/BugleNetwork(5744): at bvwi.j(PG:12) >11-08 00:01:18.278:
E/BugleNetwork(5744): at bvwi.set(PG:2) >11-08 00:01:18.278:
E/BugleNetwork(5744): at bwax.e(PG:1) >11-08 00:01:18.278:
E/BugleNetwork(5744): at bvzz.run(PG:8) >11-08 00:01:18.278:
E/BugleNetwork(5744): at bway.run(PG:1) >11-08 00:01:18.278:
E/BugleNetwork(5744): at java.util.concurrent.ThreadPoolExecutor.runWorker(ThreadPoolExecutor.java:1137) >11-08 00:01:18.278:
E/BugleNetwork(5744): at java.util.concurrent.ThreadPoolExecutor$Worker.run(ThreadPoolExecutor.java:637) >11-08 00:01:18.278:
E/BugleNetwork(5744): at bezh.run(PG:2) >11-08 00:01:18.278:
E/BugleNetwork(5744): at bezn.run(PG:4) >11-08 00:01:18.278:
E/BugleNetwork(5744): at java.lang.Thread.run(Thread.java:1012) >11-08 00:01:18.288:
I/NamespaceManager(5457): Package com.android.refreshratecontrol name not found! Using module version. >11-08 00:01:18.289:
I/NamespaceManager(5457): Package com.google.oslo name not found! Using module version. >11-08 00:01:18.290:
I/NamespaceManager(5457): Package com.android.media name not found! Using module version. >11-08 00:01:18.290:
I/NamespaceManager(5457): Package com.android.media.swcodec name not found! Using module version. >11-08 00:01:18.290:
I/NamespaceManager(5457): Package com.android.neuralnetworks name not found! Using module version. >11-08 00:01:18.290:
I/NamespaceManager(5457): Package com.android.media name not found! Using module version. >11-08 00:01:18.290:
I/NamespaceManager(5457): Package 1 name not found! Using module version. >11-08 00:01:18.290:
I/NamespaceManager(5457): Package rkpd name not found! Using module version. >11-08 00:01:18.290:
I/NamespaceManager(5457): Package com.google.android.devicelockcontroller name not found! Using module version. >11-08 00:01:18.290:
I/NamespaceManager(5457): Package com.google.android.healthfitness name not found! Using module version. >11-08 00:01:18.290:
I/NamespaceManager(5457): Package android.companion name not found! Using module version. >11-08 00:01:18.290:
I/NamespaceManager(5457): Package com.google.android.healthfitness name not found! Using module version. >11-08 00:01:18.291:
I/NamespaceManager(5457): Package com.google.android.aicore name not found! Using module version. >11-08 00:01:18.291:
W/PhenotypeConfigurationU(5457): Update for unknown DeviceConfig package com.google.android.gms.appstate [CONTEXT service_id=204 ] >11-08 00:01:18.291:
W/PhenotypeConfigurationU(5457): cesr: No package exists for config package: com.google.android.gms.appstate >11-08 00:01:18.291:
