W/PhenotypeConfigurationU(5457): at com.google.android.gms.platformconfigurator.PhenotypeConfigurationUpdateListener.onHandleIntent(:com.google.android.gms@233316044@23.33.16 (190400-560149061):278) >11-08 00:01:15.959:
W/PhenotypeConfigurationU(5457): at com.google.android.chimera.IntentOperation.onHandleIntent(:com.google.android.gms@233316044@23.33.16 (190400-560149061):2) >11-08 00:01:15.959:
W/PhenotypeConfigurationU(5457): at adqc.onHandleIntent(:com.google.android.gms@233316044@23.33.16 (190400-560149061):10) >11-08 00:01:15.959:
W/PhenotypeConfigurationU(5457): at lep.run(:com.google.android.gms@233316044@23.33.16 (190400-560149061):70) >11-08 00:01:15.959:
W/PhenotypeConfigurationU(5457): at leo.run(:com.google.android.gms@233316044@23.33.16 (190400-560149061):152) >11-08 00:01:15.959:
W/PhenotypeConfigurationU(5457): at dpie.run(:com.google.android.gms@233316044@23.33.16 (190400-560149061):13) >11-08 00:01:15.959:
W/PhenotypeConfigurationU(5457): at java.util.concurrent.ThreadPoolExecutor.runWorker(ThreadPoolExecutor.java:1137) >11-08 00:01:15.959:
W/PhenotypeConfigurationU(5457): at java.util.concurrent.ThreadPoolExecutor$Worker.run(ThreadPoolExecutor.java:637) >11-08 00:01:15.959:
W/PhenotypeConfigurationU(5457): at java.lang.Thread.run(Thread.java:1012) >11-08 00:01:15.963:
I/dex2oat64(7871): dex2oat took 212.362ms (164.584ms cpu) (threads: 4) arena alloc=0B (0B) java alloc=2045KB (2094656B) native alloc=1401KB (1434640B) free=1086KB (1113024B) >11-08 00:01:15.965:
V/installd(492): DexInv: --- END '/data/app/~~w2LM_A5jEc6tMox46imeuw==/com.google.android.apps.mtaas.loginutil-xNnCyh0ss5X_NM7-XS4rdA==/base.apk' (success) --- >11-08 00:01:15.966:
I/NamespaceManager(5457): Package com.android.refreshratecontrol name not found! Using module version. >11-08 00:01:15.967:
I/NamespaceManager(5457): Package com.google.oslo name not found! Using module version. >11-08 00:01:15.967:
I/NamespaceManager(5457): Package com.android.media name not found! Using module version. >11-08 00:01:15.967:
V/BackupManagerService(577): [UserID:0] restoreAtInstall pkg=com.google.android.apps.mtaas.loginutil token=3 restoreSet=0 >11-08 00:01:15.968:
I/NamespaceManager(5457): Package com.android.media.swcodec name not found! Using module version. >11-08 00:01:15.968:
V/BackupManagerService(577): [UserID:0] Finishing install immediately >11-08 00:01:15.968:
I/NamespaceManager(5457): Package com.android.neuralnetworks name not found! Using module version. >11-08 00:01:15.968:
I/NamespaceManager(5457): Package com.android.media name not found! Using module version. >11-08 00:01:15.968:
I/NamespaceManager(5457): Package 1 name not found! Using module version. >11-08 00:01:15.969:
I/NamespaceManager(5457): Package rkpd name not found! Using module version. >11-08 00:01:15.969:
D/PackageInstallerSession(577): Marking session 617885910 as applied >11-08 00:01:15.969:
E/installd(492): Couldn't opendir /data/app/vmdl617885910.tmp: No such file or directory >11-08 00:01:15.969:
E/installd(492): Failed to delete /data/app/vmdl617885910.tmp: No such file or directory >11-08 00:01:15.970:
I/NamespaceManager(5457): Package com.google.android.devicelockcontroller name not found! Using module version. >11-08 00:01:15.971:
I/NamespaceManager(5457): Package com.google.android.healthfitness name not found! Using module version. >11-08 00:01:15.971:
D/CompatibilityChangeReporter(577): Compat change id reported: 168419799; UID 10173; state: DISABLED >11-08 00:01:15.972:
I/NamespaceManager(5457): Package android.companion name not found! Using module version. >11-08 00:01:15.972:
D/CompatibilityChangeReporter(577): Compat change id reported: 218533173; UID 10173; state: DISABLED >11-08 00:01:15.973:
I/MediaProvider(1641): Invalidating LocalCallingIdentity cache for package com.google.android.apps.mtaas.loginutil. Reason: package android.intent.action.PACKAGE_ADDED >11-08 00:01:15.974:
I/PermissionControllerServiceImpl(878): Updating user sensitive for uid 10173 >11-08 00:01:15.974:
I/NamespaceManager(5457): Package com.google.android.healthfitness name not found! Using module version. >11-08 00:01:15.975:
I/InputReader(577): Reconfiguring input devices, changes=KEYBOARD_LAYOUTS | >11-08 00:01:15.975:
I/NamespaceManager(5457): Package com.google.android.aicore name not found! Using module version. >11-08 00:01:15.974:
I/GsaVoiceInteractionSrv(1539): (REDACTED) O received %s >11-08 00:01:15.975:
W/PhenotypeConfigurationU(5457): Update for unknown DeviceConfig package com.google.android.gms.auth.blockstore [CONTEXT service_id=204 ] >11-08 00:01:15.975:
W/PhenotypeConfigurationU(5457): cesr: No package exists for config package: com.google.android.gms.auth.blockstore >11-08 00:01:15.975:
W/PhenotypeConfigurationU(5457): at cess.a(:com.google.android.gms@233316044@23.33.16 (190400-560149061):70) >11-08 00:01:15.975:
W/PhenotypeConfigurationU(5457): at com.google.android.gms.platformconfigurator.PhenotypeConfigurationUpdateListener.b(:com.google.android.gms@233316044@23.33.16 (190400-560149061):6) >11-08 00:01:15.975:
W/PhenotypeConfigurationU(5457): at com.google.android.gms.platformconfigurator.PhenotypeConfigurationUpdateListener.a(:com.google.android.gms@233316044@23.33.16 (190400-560149061):167) >11-08 00:01:15.975:
W/PhenotypeConfigurationU(5457): at com.google.android.gms.platformconfigurator.PhenotypeConfigurationUpdateListener.onHandleIntent(:com.google.android.gms@233316044@23.33.16 (190400-560149061):278) >11-08 00:01:15.975:
W/PhenotypeConfigurationU(5457): at com.google.android.chimera.IntentOperation.onHandleIntent(:com.google.android.gms@233316044@23.33.16 (190400-560149061):2) >11-08 00:01:15.975:
W/PhenotypeConfigurationU(5457): at adqc.onHandleIntent(:com.google.android.gms@233316044@23.33.16 (190400-560149061):10) >11-08 00:01:15.975:
W/PhenotypeConfigurationU(5457): at lep.run(:com.google.android.gms@233316044@23.33.16 (190400-560149061):70) >11-08 00:01:15.975:
W/PhenotypeConfigurationU(5457): at leo.run(:com.google.android.gms@233316044@23.33.16 (190400-560149061):152) >11-08 00:01:15.975:
W/PhenotypeConfigurationU(5457): at dpie.run(:com.google.android.gms@233316044@23.33.16 (190400-560149061):13) >11-08 00:01:15.975:
W/PhenotypeConfigurationU(5457): at java.util.concurrent.ThreadPoolExecutor.runWorker(ThreadPoolExecutor.java:1137) >11-08 00:01:15.975:
W/PhenotypeConfigurationU(5457): at java.util.concurrent.ThreadPoolExecutor$Worker.run(ThreadPoolExecutor.java:637) >11-08 00:01:15.975:
W/PhenotypeConfigurationU(5457): at java.lang.Thread.run(Thread.java:1012) >11-08 00:01:15.977:
I/NamespaceManager(5457): Package com.android.refreshratecontrol name not found! Using module version. >11-08 00:01:15.977:
I/NamespaceManager(5457): Package com.google.oslo name not found! Using module version. >11-08 00:01:15.978:
I/NamespaceManager(5457): Package com.android.media name not found! Using module version. >11-08 00:01:15.978:
I/NamespaceManager(5457): Package com.android.media.swcodec name not found! Using module version. >11-08 00:01:15.978:
I/NamespaceManager(5457): Package com.android.neuralnetworks name not found! Using module version. >11-08 00:01:15.980:
I/NamespaceManager(5457): Package com.android.media name not found! Using module version. >11-08 00:01:15.981:
I/Telecom(577): DefaultDialerCache: Refreshing default dialer for user 0: now com.google.android.dialer: DDC.oR@AVA >11-08 00:01:15.981:
I/NamespaceManager(5457): Package 1 name not found! Using module version. >11-08 00:01:15.982:
W/A(1539): Failed to notify listeners >11-08 00:01:15.982:
W/A(1539): java.util.concurrent.CancellationException >11-08 00:01:15.982:
W/A(1539): at java.util.concurrent.FutureTask.report(FutureTask.java:121) >11-08 00:01:15.982:
W/A(1539): at java.util.concurrent.FutureTask.get(FutureTask.java:191) >11-08 00:01:15.982:
W/A(1539): at com.google.common.util.concurrent.bv.get(PG:1) >11-08 00:01:15.982:
W/A(1539): at com.google.common.util.concurrent.ed.a(PG:1) >11-08 00:01:15.982:
W/A(1539): at com.google.common.util.concurrent.cj.r(PG:2) >11-08 00:01:15.982:
W/A(1539): at com.google.common.util.concurrent.cc.run(PG:4) >11-08 00:01:15.982:
W/A(1539): at com.google.common.util.concurrent.bg.execute(PG:1) >11-08 00:01:15.982:
W/A(1539): at com.google.common.util.concurrent.bj.c(PG:1) >11-08 00:01:15.982:
W/A(1539): at com.google.common.util.concurrent.bj.b(PG:3) >11-08 00:01:15.982:
W/A(1539): at com.google.common.util.concurrent.cy.done(PG:1) >11-08 00:01:15.982:
W/A(1539): at java.util.concurrent.FutureTask.finishCompletion(FutureTask.java:381) >11-08 00:01:15.982:
W/A(1539): at java.util.concurrent.FutureTask.cancel(FutureTask.java:179) >11-08 00:01:15.982:
W/A(1539): at com.google.common.util.concurrent.bv.cancel(PG:1) >11-08 00:01:15.982:
W/A(1539): at com.google.android.apps.search.assistant.platform.ondevice.fulfillment.server.k.r.run(PG:1) >11-08 00:01:15.982:
W/A(1539): at com.google.apps.tiktok.tracing.eh.run(PG:2) >11-08 00:01:15.982:
W/A(1539): at java.util.concurrent.Executors$RunnableAdapter.call(Executors.java:463) >11-08 00:01:15.982:
W/A(1539): at com.google.common.util.concurrent.ea.a(PG:1) >11-08 00:01:15.982:
W/A(1539): at com.google.common.util.concurrent.cw.run(PG:4) >11-08 00:01:15.982:
W/A(1539): at com.google.common.util.concurrent.eb.run(PG:1) >11-08 00:01:15.982:
W/A(1539): at com.google.android.libraries.i.af.run(PG:1) >11-08 00:01:15.982:
W/A(1539): at com.google.android.libraries.i.an.run(PG:23) >11-08 00:01:15.982:
W/A(1539): at com.google.android.libraries.i.l.run(PG:2) >11-08 00:01:15.982:
W/A(1539): at com.google.android.libraries.i.q.run(PG:4) >11-08 00:01:15.982:
W/A(1539): at java.lang.Thread.run(Thread.java:1012) >11-08 00:01:15.982:
I/NamespaceManager(5457): Package rkpd name not found! Using module version. >11-08 00:01:15.984:
I/NamespaceManager(5457): Package com.google.android.devicelockcontroller name not found! Using module version. >11-08 00:01:15.984:
I/NamespaceManager(5457): Package com.google.android.healthfitness name not found! Using module version. >11-08 00:01:15.984:
I/NamespaceManager(5457): Package android.companion name not found! Using module version. >11-08 00:01:15.984:
V/BackupManagerConstants(577): getFullBackupIntervalMilliseconds(...) returns 86400000 >11-08 00:01:15.984:
V/BackupManagerConstants(577): getFullBackupRequiredNetworkType(...) returns 2 >11-08 00:01:15.984:
V/BackupManagerConstants(577): getFullBackupRequireCharging(...) returns true >11-08 00:01:15.985:
I/NamespaceManager(5457): Package com.google.android.healthfitness name not found! Using module version. >11-08 00:01:15.986:
I/NamespaceManager(5457): Package com.google.android.aicore name not found! Using module version. >11-08 00:01:15.987:
D/CarrierSvcBindHelper(1083): onPackageAdded: com.google.android.apps.mtaas.loginutil >11-08 00:01:15.987:
D/CarrierSvcBindHelper(1083): No carrier app for: 0 >11-08 00:01:15.989:
W/PhenotypeConfigurationU(5457): Update for unknown DeviceConfig package com.google.android.location [CONTEXT service_id=204 ] >11-08 00:01:15.989:
W/PhenotypeConfigurationU(5457): cesr: No package exists for config package: com.google.android.location >11-08 00:01:15.989:
W/PhenotypeConfigurationU(5457): at cess.a(:com.google.android.gms@233316044@23.33.16 (190400-560149061):70) >11-08 00:01:15.989:
W/PhenotypeConfigurationU(5457): at com.google.android.gms.platformconfigurator.PhenotypeConfigurationUpdateListener.b(:com.google.android.gms@233316044@23.33.16 (190400-560149061):6) >11-08 00:01:15.989:
W/PhenotypeConfigurationU(5457): at com.google.android.gms.platformconfigurator.PhenotypeConfigurationUpdateListener.a(:com.google.android.gms@233316044@23.33.16 (190400-560149061):167) >11-08 00:01:15.989:
W/PhenotypeConfigurationU(5457): at com.google.android.gms.platformconfigurator.PhenotypeConfigurationUpdateListener.onHandleIntent(:com.google.android.gms@233316044@23.33.16 (190400-560149061):278) >11-08 00:01:15.989:
W/PhenotypeConfigurationU(5457): at com.google.android.chimera.IntentOperation.onHandleIntent(:com.google.android.gms@233316044@23.33.16 (190400-560149061):2) >11-08 00:01:15.989:
W/PhenotypeConfigurationU(5457): at adqc.onHandleIntent(:com.google.android.gms@233316044@23.33.16 (190400-560149061):10) >11-08 00:01:15.989:
W/PhenotypeConfigurationU(5457): at lep.run(:com.google.android.gms@233316044@23.33.16 (190400-560149061):70) >11-08 00:01:15.989:
W/PhenotypeConfigurationU(5457): at leo.run(:com.google.android.gms@233316044@23.33.16 (190400-560149061):152) >11-08 00:01:15.989:
W/PhenotypeConfigurationU(5457): at dpie.run(:com.google.android.gms@233316044@23.33.16 (190400-560149061):13) >11-08 00:01:15.989:
W/PhenotypeConfigurationU(5457): at java.util.concurrent.ThreadPoolExecutor.runWorker(ThreadPoolExecutor.java:1137) >11-08 00:01:15.989:
W/PhenotypeConfigurationU(5457): at java.util.concurrent.ThreadPoolExecutor$Worker.run(ThreadPoolExecutor.java:637) >11-08 00:01:15.989:
W/PhenotypeConfigurationU(5457): at java.lang.Thread.run(Thread.java:1012) >11-08 00:01:15.989:
D/ImsResolver(1083): maybeAddedImsService, packageName: com.google.android.apps.mtaas.loginutil >11-08 00:01:15.990:
I/InputReader(577): Reconfiguring input devices, changes=KEYBOARD_LAYOUTS | >11-08 00:01:15.990:
W/A(1539): Failed to notify listeners >11-08 00:01:15.990:
W/A(1539): java.util.concurrent.CancellationException >11-08 00:01:15.990:
W/A(1539): at java.util.concurrent.FutureTask.report(FutureTask.java:121) >11-08 00:01:15.990:
W/A(1539): at java.util.concurrent.FutureTask.get(FutureTask.java:191) >11-08 00:01:15.990:
W/A(1539): at com.google.common.util.concurrent.bv.get(PG:1) >11-08 00:01:15.990:
W/A(1539): at com.google.common.util.concurrent.ed.a(PG:1) >11-08 00:01:15.990:
W/A(1539): at com.google.common.util.concurrent.cj.r(PG:2) >11-08 00:01:15.990:
W/A(1539): at com.google.common.util.concurrent.cc.run(PG:4) >11-08 00:01:15.990:
W/A(1539): at com.google.common.util.concurrent.bg.execute(PG:1) >11-08 00:01:15.990:
W/A(1539): at com.google.common.util.concurrent.bj.c(PG:1) >11-08 00:01:15.990:
W/A(1539): at com.google.common.util.concurrent.bj.b(PG:3) >11-08 00:01:15.990:
W/A(1539): at com.google.common.util.concurrent.cy.done(PG:1) >11-08 00:01:15.990:
W/A(1539): at java.util.concurrent.FutureTask.finishCompletion(FutureTask.java:381) >11-08 00:01:15.990:
W/A(1539): at java.util.concurrent.FutureTask.cancel(FutureTask.java:179) >11-08 00:01:15.990:
W/A(1539): at com.google.common.util.concurrent.bv.cancel(PG:1) >11-08 00:01:15.990:
W/A(1539): at com.google.android.apps.search.assistant.platform.ondevice.fulfillment.server.k.r.run(PG:1) >11-08 00:01:15.990:
W/A(1539): at com.google.apps.tiktok.tracing.eh.run(PG:2) >11-08 00:01:15.990:
W/A(1539): at java.util.concurrent.Executors$RunnableAdapter.call(Executors.java:463) >11-08 00:01:15.990:
W/A(1539): at com.google.common.util.concurrent.ea.a(PG:1) >11-08 00:01:15.990:
W/A(1539): at com.google.common.util.concurrent.cw.run(PG:4) >11-08 00:01:15.990:
W/A(1539): at com.google.common.util.concurrent.eb.run(PG:1) >11-08 00:01:15.990:
W/A(1539): at com.google.android.libraries.i.af.run(PG:1) >11-08 00:01:15.990:
W/A(1539): at com.google.android.libraries.i.an.run(PG:23) >11-08 00:01:15.990:
W/A(1539): at com.google.android.libraries.i.l.run(PG:2) >11-08 00:01:15.990:
W/A(1539): at com.google.android.libraries.i.q.run(PG:4) >11-08 00:01:15.990:
W/A(1539): at java.lang.Thread.run(Thread.java:1012) >11-08 00:01:15.991:
I/Telecom(577): DefaultDialerCache: Refreshing default dialer for user 0: now com.google.android.dialer: DDC.oR@AVM >11-08 00:01:15.991:
I/PermissionControllerServiceImpl(878): Updating user sensitive for uid 10173 >11-08 00:01:15.991:
W/BackupTransportManager(577): Package com.google.android.apps.mtaas.loginutil enabled setting: 0 >11-08 00:01:15.991:
I/ProvidersCache(3868): Provider returned no roots. Possibly naughty: com.google.android.apps.docs.storage >11-08 00:01:16.001:
D/CarrierSvcBindHelper(1083): onPackageModified: com.google.android.apps.mtaas.loginutil >11-08 00:01:16.002:
D/CarrierSvcBindHelper(1083): No carrier app for: 0 >11-08 00:01:16.006:
D/ImsResolver(1083): maybeAddedImsService, packageName: com.google.android.apps.mtaas.loginutil >11-08 00:01:16.010:
I/NamespaceManager(5457): Package com.android.refreshratecontrol name not found! Using module version. >11-08 00:01:16.013:
E/VerityUtils(577): Failed to measure fs-verity, errno 1: /data/app/~~w2LM_A5jEc6tMox46imeuw==/com.google.android.apps.mtaas.loginutil-xNnCyh0ss5X_NM7-XS4rdA==/base.apk >11-08 00:01:16.014:
I/NamespaceManager(5457): Package com.google.oslo name not found! Using module version. >11-08 00:01:16.015:
I/NamespaceManager(5457): Package com.android.media name not found! Using module version. >11-08 00:01:16.015:
I/NamespaceManager(5457): Package com.android.media.swcodec name not found! Using module version. >11-08 00:01:16.015:
I/NamespaceManager(5457): Package com.android.neuralnetworks name not found! Using module version. >11-08 00:01:16.015:
I/Auth(5449): [SupervisedAccountIntentOperation] onHandleIntent(): android.intent.action.PACKAGE_ADDED >11-08 00:01:16.015:
I/NamespaceManager(5457): Package com.android.media name not found! Using module version. >11-08 00:01:16.016:
I/NamespaceManager(5457): Package 1 name not found! Using module version. >11-08 00:01:16.017:
I/NamespaceManager(5457): Package rkpd name not found! Using module version. >11-08 00:01:16.017:
I/NamespaceManager(5457): Package com.google.android.devicelockcontroller name not found! Using module version. >11-08 00:01:16.018:
I/NamespaceManager(5457): Package com.google.android.healthfitness name not found! Using module version. >11-08 00:01:16.018:
I/NamespaceManager(5457): Package android.companion name not found! Using module version. >11-08 00:01:16.018:
I/NamespaceManager(5457): Package com.google.android.healthfitness name not found! Using module version. >11-08 00:01:16.018:
D/BoundBrokerSvc(5449): onBind: Intent { act=com.google.android.gms.common.BIND_SHARED_PREFS pkg=com.google.android.gms } >11-08 00:01:16.018:
D/BoundBrokerSvc(5449): Loading bound service for intent: Intent { act=com.google.android.gms.common.BIND_SHARED_PREFS pkg=com.google.android.gms } >11-08 00:01:16.019:
I/Blockstore(5449): [DataStoreImpl] Clearing Blockstore Data for package com.google.android.apps.mtaas.loginutil [CONTEXT service_id=258 ] >11-08 00:01:16.019:
I/NamespaceManager(5457): Package com.google.android.aicore name not found! Using module version. >11-08 00:01:16.019:
I/Blockstore(5449): [DataStoreImpl] Keyless data not found or its IsLastInstallationData = false. [CONTEXT service_id=258 ] >11-08 00:01:16.020:
W/PhenotypeConfigurationU(5457): Update for unknown DeviceConfig package com.google.android.gms.growth [CONTEXT service_id=204 ] >11-08 00:01:16.020:
W/PhenotypeConfigurationU(5457): cesr: No package exists for config package: com.google.android.gms.growth >11-08 00:01:16.020:
W/PhenotypeConfigurationU(5457): at cess.a(:com.google.android.gms@233316044@23.33.16 (190400-560149061):70) >11-08 00:01:16.020:
W/PhenotypeConfigurationU(5457): at com.google.android.gms.platformconfigurator.PhenotypeConfigurationUpdateListener.b(:com.google.android.gms@233316044@23.33.16 (190400-560149061):6) >11-08 00:01:16.020:
W/PhenotypeConfigurationU(5457): at com.google.android.gms.platformconfigurator.PhenotypeConfigurationUpdateListener.a(:com.google.android.gms@233316044@23.33.16 (190400-560149061):167) >11-08 00:01:16.020:
W/PhenotypeConfigurationU(5457): at com.google.android.gms.platformconfigurator.PhenotypeConfigurationUpdateListener.onHandleIntent(:com.google.android.gms@233316044@23.33.16 (190400-560149061):278) >11-08 00:01:16.020:
W/PhenotypeConfigurationU(5457): at com.google.android.chimera.IntentOperation.onHandleIntent(:com.google.android.gms@233316044@23.33.16 (190400-560149061):2) >11-08 00:01:16.020:
W/PhenotypeConfigurationU(5457): at adqc.onHandleIntent(:com.google.android.gms@233316044@23.33.16 (190400-560149061):10) >11-08 00:01:16.020:
W/PhenotypeConfigurationU(5457): at lep.run(:com.google.android.gms@233316044@23.33.16 (190400-560149061):70) >11-08 00:01:16.020:
W/PhenotypeConfigurationU(5457): at leo.run(:com.google.android.gms@233316044@23.33.16 (190400-560149061):152) >11-08 00:01:16.020:
W/PhenotypeConfigurationU(5457): at dpie.run(:com.google.android.gms@233316044@23.33.16 (190400-560149061):13) >11-08 00:01:16.020:
W/PhenotypeConfigurationU(5457): at java.util.concurrent.ThreadPoolExecutor.runWorker(ThreadPoolExecutor.java:1137) >11-08 00:01:16.020:
W/PhenotypeConfigurationU(5457): at java.util.concurrent.ThreadPoolExecutor$Worker.run(ThreadPoolExecutor.java:637) >11-08 00:01:16.020:
W/PhenotypeConfigurationU(5457): at java.lang.Thread.run(Thread.java:1012) >11-08 00:01:16.020:
I/KeywordsRequiringContentDownload(5950): KeywordsRequiringContentDownload.writeToDisk():103 Successfully wrote set of 817 keywords requiring update to disk >11-08 00:01:16.020:
I/ContentDownloadTask(5950): ContentDownloadTask.schedule():584 Scheduling content download task >11-08 00:01:16.022:
D/BoundBrokerSvc(5449): onUnbind: Intent { act=com.google.android.gms.common.BIND_SHARED_PREFS pkg=com.google.android.gms } >11-08 00:01:16.023:
I/ProximityAuth(5457): [RecentAppsMediator] Package added: (user=UserHandle{0}) com.google.android.apps.mtaas.loginutil >11-08 00:01:16.023:
W/GCM(5457): Unexpected forwarded intent: Intent { act=android.intent.action.PACKAGE_ADDED dat=package: flg=0x4000010 pkg=com.google.android.gms cmp=com.google.android.gms/.chimera.PersistentIntentOperationService (has extras) } >11-08 00:01:16.023:
I/Dck(5449): doesDeviceHaveSupportedWirelessCapabilities: wccSysProp:0, wccMendel:3, deviceWccOverride:false [CONTEXT service_id=289 ] >11-08 00:01:16.023:
I/Dck(5449): isDckModuleEligible: isAtLeastR:true, hasWccSupport:false, downloadAllowed:false [CONTEXT service_id=289 ] >11-08 00:01:16.023:
W/Dck(5449): Dck module not eligible for asynchronous downloading [CONTEXT service_id=289 ] >11-08 00:01:16.024:
I/FontLog(5457): Package com.google.android.apps.mtaas.loginutil has no metadata [CONTEXT service_id=132 ] >11-08 00:01:16.024:
W/GCM(5457): Unexpected forwarded intent: Intent { act=android.intent.action.PACKAGE_ADDED dat=package: flg=0x4000010 pkg=com.google.android.gms cmp=com.google.android.gms/.chimera.PersistentIntentOperationService (has extras) } >11-08 00:01:16.025:
I/JobSchedulerImpl(5950): JobSchedulerImpl.schedule():73 Schedule task: ContentDownload. Cancel the pre-existing task. >11-08 00:01:16.026:
I/JobSchedulerImpl(5950): JobSchedulerImpl.schedule():91 Schedule task: ContentDownload (id=-1440509951). Success. >11-08 00:01:16.040:
I/Fitness(5457): OnPackageChangedOperation got intent: Intent { act=android.intent.action.PACKAGE_CHANGED dat=package: flg=0x5000010 pkg=com.google.android.gms cmp=com.google.android.gms/.chimera.PersistentIntentOperationService (has extras) } [CONTEXT service_id=17 ] >11-08 00:01:16.051:
I/NamespaceManager(5457): Package com.android.refreshratecontrol name not found! Using module version. >11-08 00:01:16.051:
I/Icing(5449): Indexing com.google.android.gms-apps from com.google.android.gms >11-08 00:01:16.051:
I/Icing(5449): Indexing done com.google.android.gms-apps >11-08 00:01:16.052:
I/NamespaceManager(5457): Package com.google.oslo name not found! Using module version. >11-08 00:01:16.053:
I/NamespaceManager(5457): Package com.android.media name not found! Using module version. >11-08 00:01:16.053:
I/NamespaceManager(5457): Package com.android.media.swcodec name not found! Using module version. >11-08 00:01:16.053:
I/NamespaceManager(5457): Package com.android.neuralnetworks name not found! Using module version. >11-08 00:01:16.053:
I/NamespaceManager(5457): Package com.android.media name not found! Using module version. >11-08 00:01:16.054:
I/NamespaceManager(5457): Package 1 name not found! Using module version. >11-08 00:01:16.054:
I/NamespaceManager(5457): Package rkpd name not found! Using module version. >11-08 00:01:16.054:
I/NamespaceManager(5457): Package com.google.android.devicelockcontroller name not found! Using module version. >11-08 00:01:16.054:
I/NamespaceManager(5457): Package com.google.android.healthfitness name not found! Using module version. >11-08 00:01:16.054:
I/NamespaceManager(5457): Package android.companion name not found! Using module version. >11-08 00:01:16.054:
I/NamespaceManager(5457): Package com.google.android.healthfitness name not found! Using module version. >11-08 00:01:16.055:
I/NamespaceManager(5457): Package com.google.android.aicore name not found! Using module version. >11-08 00:01:16.055:
W/PhenotypeConfigurationU(5457): Update for unknown DeviceConfig package com.google.android.gms.notifications [CONTEXT service_id=204 ] >11-08 00:01:16.055:
W/PhenotypeConfigurationU(5457): cesr: No package exists for config package: com.google.android.gms.notifications >11-08 00:01:16.055:
W/PhenotypeConfigurationU(5457): at cess.a(:com.google.android.gms@233316044@23.33.16 (190400-560149061):70) >11-08 00:01:16.055:
W/PhenotypeConfigurationU(5457): at com.google.android.gms.platformconfigurator.PhenotypeConfigurationUpdateListener.b(:com.google.android.gms@233316044@23.33.16 (190400-560149061):6) >11-08 00:01:16.055:
W/PhenotypeConfigurationU(5457): at com.google.android.gms.platformconfigurator.PhenotypeConfigurationUpdateListener.a(:com.google.android.gms@233316044@23.33.16 (190400-560149061):167) >11-08 00:01:16.055:
W/PhenotypeConfigurationU(5457): at com.google.android.gms.platformconfigurator.PhenotypeConfigurationUpdateListener.onHandleIntent(:com.google.android.gms@233316044@23.33.16 (190400-560149061):278) >11-08 00:01:16.055:
W/PhenotypeConfigurationU(5457): at com.google.android.chimera.IntentOperation.onHandleIntent(:com.google.android.gms@233316044@23.33.16 (190400-560149061):2) >11-08 00:01:16.055:
W/PhenotypeConfigurationU(5457): at adqc.onHandleIntent(:com.google.android.gms@233316044@23.33.16 (190400-560149061):10) >11-08 00:01:16.055:
W/PhenotypeConfigurationU(5457): at lep.run(:com.google.android.gms@233316044@23.33.16 (190400-560149061):70) >11-08 00:01:16.055:
W/PhenotypeConfigurationU(5457): at leo.run(:com.google.android.gms@233316044@23.33.16 (190400-560149061):152) >11-08 00:01:16.055:
W/PhenotypeConfigurationU(5457): at dpie.run(:com.google.android.gms@233316044@23.33.16 (190400-560149061):13) >11-08 00:01:16.055:
W/PhenotypeConfigurationU(5457): at java.util.concurrent.ThreadPoolExecutor.runWorker(ThreadPoolExecutor.java:1137) >11-08 00:01:16.055:
W/PhenotypeConfigurationU(5457): at java.util.concurrent.ThreadPoolExecutor$Worker.run(ThreadPoolExecutor.java:637) >11-08 00:01:16.055:
W/PhenotypeConfigurationU(5457): at java.lang.Thread.run(Thread.java:1012) >11-08 00:01:16.056:
I/Icing(5449): Indexing com.google.android.gms-apps from com.google.android.gms >11-08 00:01:16.057:
I/Icing(5449): Indexing done com.google.android.gms-apps >11-08 00:01:16.058:
I/NamespaceManager(5457): Package com.android.refreshratecontrol name not found! Using module version. >11-08 00:01:16.060:
I/NamespaceManager(5457): Package com.google.oslo name not found! Using module version. >11-08 00:01:16.063:
I/NamespaceManager(5457): Package com.android.media name not found! Using module version. >11-08 00:01:16.063:
I/NamespaceManager(5457): Package com.android.media.swcodec name not found! Using module version. >11-08 00:01:16.064:
I/NamespaceManager(5457): Package com.android.neuralnetworks name not found! Using module version. >11-08 00:01:16.065:
I/NamespaceManager(5457): Package com.android.media name not found! Using module version. >11-08 00:01:16.065:
I/Fitness(5457): FitCleanupIntentOperation received Intent android.intent.action.PACKAGE_CHANGED [CONTEXT service_id=17 ] >11-08 00:01:16.069:
I/NamespaceManager(5457): Package 1 name not found! Using module version. >11-08 00:01:16.069:
I/NamespaceManager(5457): Package rkpd name not found! Using module version. >11-08 00:01:16.070:
I/NamespaceManager(5457): Package com.google.android.devicelockcontroller name not found! Using module version. >11-08 00:01:16.070:
I/NamespaceManager(5457): Package com.google.android.healthfitness name not found! Using module version. >11-08 00:01:16.070:
I/NamespaceManager(5457): Package android.companion name not found! Using module version. >11-08 00:01:16.070:
I/NamespaceManager(5457): Package com.google.android.healthfitness name not found! Using module version. >11-08 00:01:16.070:
I/NamespaceManager(5457): Package com.google.android.aicore name not found! Using module version. >11-08 00:01:16.071:
W/PhenotypeConfigurationU(5457): Update for unknown DeviceConfig package com.google.android.gms.credentialsync [CONTEXT service_id=204 ] >11-08 00:01:16.071:
W/PhenotypeConfigurationU(5457): cesr: No package exists for config package: com.google.android.gms.credentialsync >11-08 00:01:16.071:
W/PhenotypeConfigurationU(5457): at cess.a(:com.google.android.gms@233316044@23.33.16 (190400-560149061):70) >11-08 00:01:16.071:
W/PhenotypeConfigurationU(5457): at com.google.android.gms.platformconfigurator.PhenotypeConfigurationUpdateListener.b(:com.google.android.gms@233316044@23.33.16 (190400-560149061):6) >11-08 00:01:16.071:
W/PhenotypeConfigurationU(5457): at com.google.android.gms.platformconfigurator.PhenotypeConfigurationUpdateListener.a(:com.google.android.gms@233316044@23.33.16 (190400-560149061):167) >11-08 00:01:16.071:
W/PhenotypeConfigurationU(5457): at com.google.android.gms.platformconfigurator.PhenotypeConfigurationUpdateListener.onHandleIntent(:com.google.android.gms@233316044@23.33.16 (190400-560149061):278) >11-08 00:01:16.071:
W/PhenotypeConfigurationU(5457): at com.google.android.chimera.IntentOperation.onHandleIntent(:com.google.android.gms@233316044@23.33.16 (190400-560149061):2) >11-08 00:01:16.071:
W/PhenotypeConfigurationU(5457): at adqc.onHandleIntent(:com.google.android.gms@233316044@23.33.16 (190400-560149061):10) >11-08 00:01:16.071:
W/PhenotypeConfigurationU(5457): at lep.run(:com.google.android.gms@233316044@23.33.16 (190400-560149061):70) >11-08 00:01:16.071:
W/PhenotypeConfigurationU(5457): at leo.run(:com.google.android.gms@233316044@23.33.16 (190400-560149061):152) >11-08 00:01:16.071:
W/PhenotypeConfigurationU(5457): at dpie.run(:com.google.android.gms@233316044@23.33.16 (190400-560149061):13) >11-08 00:01:16.071:
W/PhenotypeConfigurationU(5457): at java.util.concurrent.ThreadPoolExecutor.runWorker(ThreadPoolExecutor.java:1137) >11-08 00:01:16.071:
W/PhenotypeConfigurationU(5457): at java.util.concurrent.ThreadPoolExecutor$Worker.run(ThreadPoolExecutor.java:637) >11-08 00:01:16.071:
W/PhenotypeConfigurationU(5457): at java.lang.Thread.run(Thread.java:1012) >11-08 00:01:16.075:
W/ChimeraUtils(5457): Module com.google.android.gms.nearby_en missing resource null(0) >11-08 00:01:16.079:
W/ChimeraUtils(5457): Module com.google.android.gms.nearby_en missing resource null(0) >11-08 00:01:16.080:
W/ChimeraUtils(5457): Module com.google.android.gms.nearby_en missing resource null(0) >11-08 00:01:16.081:
I/SP(5950): Sync for transformer_concept succeeded in 456 ms: {added: [2022042917_en], metadata: false >11-08 00:01:16.082:
W/native(1539): W0000 00:00:1699430476.081980 1862 input-utils.cc:95] Failed to get value for update inducing feature |longitude| due to INVALID_ARGUMENT: No feature generators for feature "longitude" >11-08 00:01:16.082:
W/native(1539): === Source Location Trace: === >11-08 00:01:16.082:
W/native(1539): ./speech/service/context/features/feature-dictionary-provider.h:99 >11-08 00:01:16.082:
W/native(1539): Subgraphs depending on this feature will not have a new revision. >11-08 00:01:16.082:
W/native(1539): W0000 00:00:1699430476.082083 1862 input-utils.cc:95] Failed to get value for update inducing feature |latitude| due to INVALID_ARGUMENT: No feature generators for feature "latitude" >11-08 00:01:16.082:
W/native(1539): === Source Location Trace: === >11-08 00:01:16.082:
W/native(1539): ./speech/service/context/features/feature-dictionary-provider.h:99 >11-08 00:01:16.082:
W/native(1539): Subgraphs depending on this feature will not have a new revision. >11-08 00:01:16.082:
I/native(1539): I0000 00:00:1699430476.082175 1862 context-module-impl.cc:593] Update recognition context for speaker: "". (Proto:MessageLite at 0xb400007475c9ab10) >11-08 00:01:16.096:
I/SP(5950): Sync for dynamic_art succeeded in 606 ms: {added: [305f81355a729e382ea9f374dd286d9f, b1f6f47a53f7820be91b9fe247728980], metadata: false >11-08 00:01:16.098:
I/AiAiEcho(1529): EchoSearch: AppFetcherImpl is initialized with [18] apps [time=7, reason=com.google.android.apps.mtaas.loginutil is added] >11-08 00:01:16.104:
W/PackageManager(577): Failed registering loading progress callback. Package is fully loaded. >11-08 00:01:16.110:
W/ChimeraUtils(5457): Module com.google.android.gms.nearby_en missing resource null(0) >11-08 00:01:16.116:
I/SP(5950): GC for 'transformer_concept' (10) with ttl of 0 ms took 0 ms (0/0/0) >11-08 00:01:16.116:
I/SP(5950): GC for 'dynamic_art' (10) with ttl of 0 ms took 0 ms (0/0/0) >11-08 00:01:16.116:
I/SP(5950): Sync for emoji succeeded in 454 ms: {added: [c86a9e8a7b3936086b2baba21d5615a7], metadata: false >11-08 00:01:16.116:
I/Environment(5950): Environment.isPackageInstalled():223 com.bitstrips.imoji is not installed >11-08 00:01:16.123:
I/NamespaceManager(5457): Package com.android.refreshratecontrol name not found! Using module version. >11-08 00:01:16.124:
I/AiAiEcho(1529): EchoSearch: WidgetFetcherImpl is initialized with [23] widgets [reason=package added for userId: 0] >11-08 00:01:16.124:
I/NamespaceManager(5457): Package com.google.oslo name not found! Using module version. >11-08 00:01:16.125:
I/NamespaceManager(5457): Package com.android.media name not found! Using module version. >11-08 00:01:16.125:
I/NamespaceManager(5457): Package com.android.media.swcodec name not found! Using module version. >11-08 00:01:16.126:
I/NamespaceManager(5457): Package com.android.neuralnetworks name not found! Using module version. >11-08 00:01:16.127:
I/NamespaceManager(5457): Package com.android.media name not found! Using module version. >11-08 00:01:16.127:
I/SP(5950): GC for 'emoji' (10) with ttl of 0 ms took 0 ms (0/0/0) >11-08 00:01:16.128:
I/EmojiSuperpacksManager(5950): EmojiSuperpacksManager.processPackSet():502 processPackSet() : isBundled = false >11-08 00:01:16.128:
I/EmojiShortcutsLoader(5950): EmojiShortcutsLoader.call():62 0 emoji shortcut maps loaded. >11-08 00:01:16.128:
I/EmojiShortcutsLoader(5950): EmojiShortcutsLoader.call():71 Finished loading emoji shortcuts >11-08 00:01:16.129:
I/NamespaceManager(5457): Package 1 name not found! Using module version. >11-08 00:01:16.129:
I/NamespaceManager(5457): Package rkpd name not found! Using module version. >11-08 00:01:16.129:
I/NamespaceManager(5457): Package com.google.android.devicelockcontroller name not found! Using module version. >11-08 00:01:16.129:
I/NamespaceManager(5457): Package com.google.android.healthfitness name not found! Using module version. >11-08 00:01:16.129:
I/NamespaceManager(5457): Package android.companion name not found! Using module version. >11-08 00:01:16.129:
I/NamespaceManager(5457): Package com.google.android.healthfitness name not found! Using module version. >11-08 00:01:16.130:
I/NamespaceManager(5457): Package com.google.android.aicore name not found! Using module version. >11-08 00:01:16.131:
W/PhenotypeConfigurationU(5457): Update for unknown DeviceConfig package com.google.android.gms.nearby [CONTEXT service_id=204 ] >11-08 00:01:16.131:
W/PhenotypeConfigurationU(5457): cesr: No package exists for config package: com.google.android.gms.nearby >11-08 00:01:16.131:
W/PhenotypeConfigurationU(5457): at cess.a(:com.google.android.gms@233316044@23.33.16 (190400-560149061):70) >11-08 00:01:16.131:
W/PhenotypeConfigurationU(5457): at com.google.android.gms.platformconfigurator.PhenotypeConfigurationUpdateListener.b(:com.google.android.gms@233316044@23.33.16 (190400-560149061):6) >11-08 00:01:16.131:
W/PhenotypeConfigurationU(5457): at com.google.android.gms.platformconfigurator.PhenotypeConfigurationUpdateListener.a(:com.google.android.gms@233316044@23.33.16 (190400-560149061):167) >11-08 00:01:16.131:
W/PhenotypeConfigurationU(5457): at com.google.android.gms.platformconfigurator.PhenotypeConfigurationUpdateListener.onHandleIntent(:com.google.android.gms@233316044@23.33.16 (190400-560149061):278) >11-08 00:01:16.131:
W/PhenotypeConfigurationU(5457): at com.google.android.chimera.IntentOperation.onHandleIntent(:com.google.android.gms@233316044@23.33.16 (190400-560149061):2) >11-08 00:01:16.131:
W/PhenotypeConfigurationU(5457): at adqc.onHandleIntent(:com.google.android.gms@233316044@23.33.16 (190400-560149061):10) >11-08 00:01:16.131:
W/PhenotypeConfigurationU(5457): at lep.run(:com.google.android.gms@233316044@23.33.16 (190400-560149061):70) >11-08 00:01:16.131:
W/PhenotypeConfigurationU(5457): at leo.run(:com.google.android.gms@233316044@23.33.16 (190400-560149061):152) >11-08 00:01:16.131:
W/PhenotypeConfigurationU(5457): at dpie.run(:com.google.android.gms@233316044@23.33.16 (190400-560149061):13) >11-08 00:01:16.131:
W/PhenotypeConfigurationU(5457): at java.util.concurrent.ThreadPoolExecutor.runWorker(ThreadPoolExecutor.java:1137) >11-08 00:01:16.131:
W/PhenotypeConfigurationU(5457): at java.util.concurrent.ThreadPoolExecutor$Worker.run(ThreadPoolExecutor.java:637) >11-08 00:01:16.131:
W/PhenotypeConfigurationU(5457): at java.lang.Thread.run(Thread.java:1012) >11-08 00:01:16.131:
I/NamespaceManager(5457): Package com.android.refreshratecontrol name not found! Using module version. >11-08 00:01:16.131:
I/NamespaceManager(5457): Package com.google.oslo name not found! Using module version. >11-08 00:01:16.131:
I/NamespaceManager(5457): Package com.android.media name not found! Using module version. >11-08 00:01:16.132:
I/NamespaceManager(5457): Package com.android.media.swcodec name not found! Using module version. >11-08 00:01:16.132:
I/NamespaceManager(5457): Package com.android.neuralnetworks name not found! Using module version. >11-08 00:01:16.132:
I/NamespaceManager(5457): Package com.android.media name not found! Using module version. >11-08 00:01:16.132:
I/NamespaceManager(5457): Package 1 name not found! Using module version. >11-08 00:01:16.133:
I/NamespaceManager(5457): Package rkpd name not found! Using module version. >11-08 00:01:16.133:
I/NamespaceManager(5457): Package com.google.android.devicelockcontroller name not found! Using module version. >11-08 00:01:16.133:
I/NamespaceManager(5457): Package com.google.android.healthfitness name not found! Using module version. >11-08 00:01:16.134:
I/NamespaceManager(5457): Package android.companion name not found! Using module version. >11-08 00:01:16.134:
I/NamespaceManager(5457): Package com.google.android.healthfitness name not found! Using module version. >11-08 00:01:16.134:
I/NamespaceManager(5457): Package com.google.android.aicore name not found! Using module version. >11-08 00:01:16.134:
W/PhenotypeConfigurationU(5457): Update for unknown DeviceConfig package com.google.android.gms.netrec [CONTEXT service_id=204 ] >11-08 00:01:16.134:
W/PhenotypeConfigurationU(5457): cesr: No package exists for config package: com.google.android.gms.netrec >11-08 00:01:16.134:
W/PhenotypeConfigurationU(5457): at cess.a(:com.google.android.gms@233316044@23.33.16 (190400-560149061):70) >11-08 00:01:16.134:
W/PhenotypeConfigurationU(5457): at com.google.android.gms.platformconfigurator.PhenotypeConfigurationUpdateListener.b(:com.google.android.gms@233316044@23.33.16 (190400-560149061):6) >11-08 00:01:16.134:
W/PhenotypeConfigurationU(5457): at com.google.android.gms.platformconfigurator.PhenotypeConfigurationUpdateListener.a(:com.google.android.gms@233316044@23.33.16 (190400-560149061):167) >11-08 00:01:16.134:
W/PhenotypeConfigurationU(5457): at com.google.android.gms.platformconfigurator.PhenotypeConfigurationUpdateListener.onHandleIntent(:com.google.android.gms@233316044@23.33.16 (190400-560149061):278) >11-08 00:01:16.134:
W/PhenotypeConfigurationU(5457): at com.google.android.chimera.IntentOperation.onHandleIntent(:com.google.android.gms@233316044@23.33.16 (190400-560149061):2) >11-08 00:01:16.134:
W/PhenotypeConfigurationU(5457): at adqc.onHandleIntent(:com.google.android.gms@233316044@23.33.16 (190400-560149061):10) >11-08 00:01:16.134:
W/PhenotypeConfigurationU(5457): at lep.run(:com.google.android.gms@233316044@23.33.16 (190400-560149061):70) >11-08 00:01:16.134:
W/PhenotypeConfigurationU(5457): at leo.run(:com.google.android.gms@233316044@23.33.16 (190400-560149061):152) >11-08 00:01:16.134:
W/PhenotypeConfigurationU(5457): at dpie.run(:com.google.android.gms@233316044@23.33.16 (190400-560149061):13) >11-08 00:01:16.134:
W/PhenotypeConfigurationU(5457): at java.util.concurrent.ThreadPoolExecutor.runWorker(ThreadPoolExecutor.java:1137) >11-08 00:01:16.134:
W/PhenotypeConfigurationU(5457): at java.util.concurrent.ThreadPoolExecutor$Worker.run(ThreadPoolExecutor.java:637) >11-08 00:01:16.134:
W/PhenotypeConfigurationU(5457): at java.lang.Thread.run(Thread.java:1012) >11-08 00:01:16.135:
W/ChimeraUtils(5457): Module com.google.android.gms.nearby_en missing resource null(0) >11-08 00:01:16.135:
W/ChimeraUtils(5457): Module com.google.android.gms.nearby_en missing resource null(0) >11-08 00:01:16.144:
I/NamespaceManager(5457): Package com.android.refreshratecontrol name not found! Using module version. >11-08 00:01:16.144:
I/NamespaceManager(5457): Package com.google.oslo name not found! Using module version. >11-08 00:01:16.144:
I/NamespaceManager(5457): Package com.android.media name not found! Using module version. >11-08 00:01:16.144:
I/NamespaceManager(5457): Package com.android.media.swcodec name not found! Using module version. >11-08 00:01:16.144:
I/NamespaceManager(5457): Package com.android.neuralnetworks name not found! Using module version. >11-08 00:01:16.144:
I/NamespaceManager(5457): Package com.android.media name not found! Using module version. >11-08 00:01:16.144:
I/NamespaceManager(5457): Package 1 name not found! Using module version. >11-08 00:01:16.144:
I/NamespaceManager(5457): Package rkpd name not found! Using module version. >11-08 00:01:16.144:
I/NamespaceManager(5457): Package com.google.android.devicelockcontroller name not found! Using module version. >11-08 00:01:16.144:
I/NamespaceManager(5457): Package com.google.android.healthfitness name not found! Using module version. >11-08 00:01:16.144:
I/NamespaceManager(5457): Package android.companion name not found! Using module version. >11-08 00:01:16.144:
I/NamespaceManager(5457): Package com.google.android.healthfitness name not found! Using module version. >11-08 00:01:16.144:
I/NamespaceManager(5457): Package com.google.android.aicore name not found! Using module version. >11-08 00:01:16.145:
W/PhenotypeConfigurationU(5457): Update for unknown DeviceConfig package com.google.android.gms.tapandpay [CONTEXT service_id=204 ] >11-08 00:01:16.145:
W/PhenotypeConfigurationU(5457): cesr: No package exists for config package: com.google.android.gms.tapandpay >11-08 00:01:16.145:
W/PhenotypeConfigurationU(5457): at cess.a(:com.google.android.gms@233316044@23.33.16 (190400-560149061):70) >11-08 00:01:16.145:
W/PhenotypeConfigurationU(5457): at com.google.android.gms.platformconfigurator.PhenotypeConfigurationUpdateListener.b(:com.google.android.gms@233316044@23.33.16 (190400-560149061):6) >11-08 00:01:16.145:
W/PhenotypeConfigurationU(5457): at com.google.android.gms.platformconfigurator.PhenotypeConfigurationUpdateListener.a(:com.google.android.gms@233316044@23.33.16 (190400-560149061):167) >11-08 00:01:16.145:
W/PhenotypeConfigurationU(5457): at com.google.android.gms.platformconfigurator.PhenotypeConfigurationUpdateListener.onHandleIntent(:com.google.android.gms@233316044@23.33.16 (190400-560149061):278) >11-08 00:01:16.145:
W/PhenotypeConfigurationU(5457): at com.google.android.chimera.IntentOperation.onHandleIntent(:com.google.android.gms@233316044@23.33.16 (190400-560149061):2) >11-08 00:01:16.145:
W/PhenotypeConfigurationU(5457): at adqc.onHandleIntent(:com.google.android.gms@233316044@23.33.16 (190400-560149061):10) >11-08 00:01:16.145:
W/PhenotypeConfigurationU(5457): at lep.run(:com.google.android.gms@233316044@23.33.16 (190400-560149061):70) >11-08 00:01:16.145:
W/PhenotypeConfigurationU(5457): at leo.run(:com.google.android.gms@233316044@23.33.16 (190400-560149061):152) >11-08 00:01:16.145:
W/PhenotypeConfigurationU(5457): at dpie.run(:com.google.android.gms@233316044@23.33.16 (190400-560149061):13) >11-08 00:01:16.145:
W/PhenotypeConfigurationU(5457): at java.util.concurrent.ThreadPoolExecutor.runWorker(ThreadPoolExecutor.java:1137) >11-08 00:01:16.145:
W/PhenotypeConfigurationU(5457): at java.util.concurrent.ThreadPoolExecutor$Worker.run(ThreadPoolExecutor.java:637) >11-08 00:01:16.145:
W/PhenotypeConfigurationU(5457): at java.lang.Thread.run(Thread.java:1012) >11-08 00:01:16.156:
I/NamespaceManager(5457): Package com.android.refreshratecontrol name not found! Using module version. >11-08 00:01:16.156:
I/NamespaceManager(5457): Package com.google.oslo name not found! Using module version. >11-08 00:01:16.156:
I/NamespaceManager(5457): Package com.android.media name not found! Using module version. >11-08 00:01:16.156:
I/NamespaceManager(5457): Package com.android.media.swcodec name not found! Using module version. >11-08 00:01:16.156:
I/NamespaceManager(5457): Package com.android.neuralnetworks name not found! Using module version. >11-08 00:01:16.156:
I/NamespaceManager(5457): Package com.android.media name not found! Using module version. >11-08 00:01:16.156:
I/NamespaceManager(5457): Package 1 name not found! Using module version. >11-08 00:01:16.156:
I/NamespaceManager(5457): Package rkpd name not found! Using module version. >11-08 00:01:16.156:
I/NamespaceManager(5457): Package com.google.android.devicelockcontroller name not found! Using module version. >11-08 00:01:16.156:
I/NamespaceManager(5457): Package com.google.android.healthfitness name not found! Using module version. >11-08 00:01:16.156:
I/NamespaceManager(5457): Package android.companion name not found! Using module version. >11-08 00:01:16.156:
I/NamespaceManager(5457): Package com.google.android.healthfitness name not found! Using module version. >11-08 00:01:16.156:
I/NamespaceManager(5457): Package com.google.android.aicore name not found! Using module version. >11-08 00:01:16.157:
W/PhenotypeConfigurationU(5457): Update for unknown DeviceConfig package com.google.android.gms.places [CONTEXT service_id=204 ] >11-08 00:01:16.157:
W/PhenotypeConfigurationU(5457): cesr: No package exists for config package: com.google.android.gms.places >11-08 00:01:16.157:
W/PhenotypeConfigurationU(5457): at cess.a(:com.google.android.gms@233316044@23.33.16 (190400-560149061):70) >11-08 00:01:16.157:
W/PhenotypeConfigurationU(5457): at com.google.android.gms.platformconfigurator.PhenotypeConfigurationUpdateListener.b(:com.google.android.gms@233316044@23.33.16 (190400-560149061):6) >11-08 00:01:16.157:
W/PhenotypeConfigurationU(5457): at com.google.android.gms.platformconfigurator.PhenotypeConfigurationUpdateListener.a(:com.google.android.gms@233316044@23.33.16 (190400-560149061):167) >11-08 00:01:16.157:
W/PhenotypeConfigurationU(5457): at com.google.android.gms.platformconfigurator.PhenotypeConfigurationUpdateListener.onHandleIntent(:com.google.android.gms@233316044@23.33.16 (190400-560149061):278) >11-08 00:01:16.157:
W/PhenotypeConfigurationU(5457): at com.google.android.chimera.IntentOperation.onHandleIntent(:com.google.android.gms@233316044@23.33.16 (190400-560149061):2) >11-08 00:01:16.157:
W/PhenotypeConfigurationU(5457): at adqc.onHandleIntent(:com.google.android.gms@233316044@23.33.16 (190400-560149061):10) >11-08 00:01:16.157:
W/PhenotypeConfigurationU(5457): at lep.run(:com.google.android.gms@233316044@23.33.16 (190400-560149061):70) >11-08 00:01:16.157:
W/PhenotypeConfigurationU(5457): at leo.run(:com.google.android.gms@233316044@23.33.16 (190400-560149061):152) >11-08 00:01:16.157:
W/PhenotypeConfigurationU(5457): at dpie.run(:com.google.android.gms@233316044@23.33.16 (190400-560149061):13) >11-08 00:01:16.157:
W/PhenotypeConfigurationU(5457): at java.util.concurrent.ThreadPoolExecutor.runWorker(ThreadPoolExecutor.java:1137) >11-08 00:01:16.157:
W/PhenotypeConfigurationU(5457): at java.util.concurrent.ThreadPoolExecutor$Worker.run(ThreadPoolExecutor.java:637) >11-08 00:01:16.157:
W/PhenotypeConfigurationU(5457): at java.lang.Thread.run(Thread.java:1012) >11-08 00:01:16.164:
I/NamespaceManager(5457): Package com.android.refreshratecontrol name not found! Using module version. >11-08 00:01:16.164:
I/NamespaceManager(5457): Package com.google.oslo name not found! Using module version. >11-08 00:01:16.164:
I/NamespaceManager(5457): Package com.android.media name not found! Using module version. >11-08 00:01:16.165:
I/NamespaceManager(5457): Package com.android.media.swcodec name not found! Using module version. >11-08 00:01:16.165:
I/NamespaceManager(5457): Package com.android.neuralnetworks name not found! Using module version. >11-08 00:01:16.165:
I/NamespaceManager(5457): Package com.android.media name not found! Using module version. >11-08 00:01:16.166:
I/NamespaceManager(5457): Package 1 name not found! Using module version. >11-08 00:01:16.166:
I/NamespaceManager(5457): Package rkpd name not found! Using module version. >11-08 00:01:16.166:
I/NamespaceManager(5457): Package com.google.android.devicelockcontroller name not found! Using module version. >11-08 00:01:16.167:
I/NamespaceManager(5457): Package com.google.android.healthfitness name not found! Using module version. >11-08 00:01:16.167:
I/NamespaceManager(5457): Package android.companion name not found! Using module version. >11-08 00:01:16.167:
