W/GmsActivityDetector(9002): at libcore.io.BlockGuardOs.open(BlockGuardOs.java:274) >11-08 00:01:29.063:
W/GmsActivityDetector(9002): at libcore.io.ForwardingOs.open(ForwardingOs.java:563) >11-08 00:01:29.063:
W/GmsActivityDetector(9002): at android.app.ActivityThread$AndroidOs.open(ActivityThread.java:7758) >11-08 00:01:29.063:
W/GmsActivityDetector(9002): at libcore.io.IoBridge.open(IoBridge.java:560) >11-08 00:01:29.063:
W/GmsActivityDetector(9002): ... 13 more >11-08 00:01:29.064:
I/AlarmManager(9002): setExactAndAllowWhileIdle [name: GCM_HB_ALARM type: 2 triggerAtMillis: 725191] >11-08 00:01:29.067:
I/AlarmManager(9002): setExactAndAllowWhileIdle [name: GCM_CONN_ALARM type: 2 triggerAtMillis: 197167] >11-08 00:01:29.068:
W/DiscoveryManager(9002): BroadcastReceiver not registered >11-08 00:01:29.068:
I/DiscoveryManager(9002): Filter criteria(null) scannerFlags(0) >11-08 00:01:29.068:
W/DatabaseProcessor(9002): processLocalDevices: failed to get the network info with non-null networkId. >11-08 00:01:29.070:
D/nativeloader(9130): Configuring classloader-namespace for other apk /system/framework/org.apache.http.legacy.jar. target_sdk_version=34, uses_libraries=ALL, library_path=/data/app/~~BqzihIaO2gOobnL2947CsQ==/com.google.android.gms-YJJ0FGi3EITqzVki5COiqA==/lib/arm64:/data/app/~~BqzihIaO2gOobnL2947CsQ==/com.google.android.gms-YJJ0FGi3EITqzVki5COiqA==/base.apk!/lib/arm64-v8a, permitted_path=/data:/mnt/expand:/data/user/0/com.google.android.gms >11-08 00:01:29.071:
D/BoundBrokerSvc(9002): onBind: Intent { act=com.google.android.gms.nearby.connection.service.START pkg=com.google.android.gms } >11-08 00:01:29.071:
D/BoundBrokerSvc(9002): Loading bound service for intent: Intent { act=com.google.android.gms.nearby.connection.service.START pkg=com.google.android.gms } >11-08 00:01:29.071:
D/nativeloader(9130): Configuring classloader-namespace for other apk /system/framework/com.android.media.remotedisplay.jar. target_sdk_version=34, uses_libraries=ALL, library_path=/data/app/~~BqzihIaO2gOobnL2947CsQ==/com.google.android.gms-YJJ0FGi3EITqzVki5COiqA==/lib/arm64:/data/app/~~BqzihIaO2gOobnL2947CsQ==/com.google.android.gms-YJJ0FGi3EITqzVki5COiqA==/base.apk!/lib/arm64-v8a, permitted_path=/data:/mnt/expand:/data/user/0/com.google.android.gms >11-08 00:01:29.072:
D/nativeloader(9130): Configuring classloader-namespace for other apk /system/framework/com.android.location.provider.jar. target_sdk_version=34, uses_libraries=ALL, library_path=/data/app/~~BqzihIaO2gOobnL2947CsQ==/com.google.android.gms-YJJ0FGi3EITqzVki5COiqA==/lib/arm64:/data/app/~~BqzihIaO2gOobnL2947CsQ==/com.google.android.gms-YJJ0FGi3EITqzVki5COiqA==/base.apk!/lib/arm64-v8a, permitted_path=/data:/mnt/expand:/data/user/0/com.google.android.gms >11-08 00:01:29.073:
D/nativeloader(9130): Configuring classloader-namespace for other apk /system_ext/framework/androidx.window.extensions.jar. target_sdk_version=34, uses_libraries=ALL, library_path=/data/app/~~BqzihIaO2gOobnL2947CsQ==/com.google.android.gms-YJJ0FGi3EITqzVki5COiqA==/lib/arm64:/data/app/~~BqzihIaO2gOobnL2947CsQ==/com.google.android.gms-YJJ0FGi3EITqzVki5COiqA==/base.apk!/lib/arm64-v8a, permitted_path=/data:/mnt/expand:/data/user/0/com.google.android.gms >11-08 00:01:29.073:
D/nativeloader(9130): Configuring classloader-namespace for other apk /system_ext/framework/androidx.window.sidecar.jar. target_sdk_version=34, uses_libraries=ALL, library_path=/data/app/~~BqzihIaO2gOobnL2947CsQ==/com.google.android.gms-YJJ0FGi3EITqzVki5COiqA==/lib/arm64:/data/app/~~BqzihIaO2gOobnL2947CsQ==/com.google.android.gms-YJJ0FGi3EITqzVki5COiqA==/base.apk!/lib/arm64-v8a, permitted_path=/data:/mnt/expand:/data/user/0/com.google.android.gms >11-08 00:01:29.075:
I/LocaleChangeIO(9002): Requesting GmsCore restart due to change in locale assets [CONTEXT service_id=231 ] >11-08 00:01:29.076:
I/LemonContext(9002): No action required after language change (cs) >11-08 00:01:29.078:
I/CastMediaRouteProvider(9002): Published 0 routes >11-08 00:01:29.079:
I/Nearby(9002): is blocked device type false, isAuto=false, isIot=false, isLatchsky=false, isChinaWearable=false, isTv=false, isWearable=false (supportWearOs=false), isChromeOsDevice=false (supportChromeOs=false) [CONTEXT service_id=49 ] >11-08 00:01:29.081:
W/Auth.IT(9002): Not adding key, to request. Empty value. >11-08 00:01:29.082:
D/TrafficStats(9002): tagSocket(159) with statsTag=0x401, statsUid=10117 >11-08 00:01:29.083:
I/NearbyDiscovery(9002): DiscoveryService created [CONTEXT service_id=265 ] >11-08 00:01:29.086:
D/nativeloader(9130): Configuring classloader-namespace for other apk /data/app/~~BqzihIaO2gOobnL2947CsQ==/com.google.android.gms-YJJ0FGi3EITqzVki5COiqA==/base.apk. target_sdk_version=34, uses_libraries=, library_path=/data/app/~~BqzihIaO2gOobnL2947CsQ==/com.google.android.gms-YJJ0FGi3EITqzVki5COiqA==/lib/arm64:/data/app/~~BqzihIaO2gOobnL2947CsQ==/com.google.android.gms-YJJ0FGi3EITqzVki5COiqA==/base.apk!/lib/arm64-v8a, permitted_path=/data:/mnt/expand:/data/user/0/com.google.android.gms >11-08 00:01:29.086:
W/ChimeraUtils(9002): Module com.google.android.gms.nearby missing resource null(0) >11-08 00:01:29.087:
W/ChimeraUtils(9002): Module com.google.android.gms.nearby missing resource null(0) >11-08 00:01:29.092:
I/AlarmManager(9002): setExactAndAllowWhileIdle [name: GCM_HB_ALARM type: 2 triggerAtMillis: 725220] >11-08 00:01:29.094:
D/TrafficStats(9002): tagSocket(165) with statsTag=0x401, statsUid=10131 >11-08 00:01:29.097:
D/BluetoothAdapter(9002): registerBluetoothConnectionCallback() >11-08 00:01:29.097:
I/NearbyShared(9002): BTConnStateMgr: BluetoothConnectionCallback registered. >11-08 00:01:29.098:
E/ceok(9002): Phenotype API error. Event # eoej@f15cd06e, EventCode: 5 [CONTEXT service_id=51 ] >11-08 00:01:29.098:
E/ceok(9002): cena: 29501: Stale snapshot for com.google.android.gms.fonts(change count changed - expected 3 but was 0) >11-08 00:01:29.098:
E/ceok(9002): at ceop.b(:com.google.android.gms@233316044@23.33.16 (190400-560149061):824) >11-08 00:01:29.098:
E/ceok(9002): at ceon.g(:com.google.android.gms@233316044@23.33.16 (190400-560149061):3) >11-08 00:01:29.098:
E/ceok(9002): at ceok.e(:com.google.android.gms@233316044@23.33.16 (190400-560149061):18) >11-08 00:01:29.098:
E/ceok(9002): at ceok.f(:com.google.android.gms@233316044@23.33.16 (190400-560149061):11) >11-08 00:01:29.098:
E/ceok(9002): at bbkv.eY(:com.google.android.gms@233316044@23.33.16 (190400-560149061):1) >11-08 00:01:29.098:
E/ceok(9002): at bblc.run(:com.google.android.gms@233316044@23.33.16 (190400-560149061):144) >11-08 00:01:29.098:
E/ceok(9002): at dpie.run(:com.google.android.gms@233316044@23.33.16 (190400-560149061):13) >11-08 00:01:29.098:
E/ceok(9002): at agny.c(:com.google.android.gms@233316044@23.33.16 (190400-560149061):50) >11-08 00:01:29.098:
E/ceok(9002): at agny.run(:com.google.android.gms@233316044@23.33.16 (190400-560149061):76) >11-08 00:01:29.098:
E/ceok(9002): at java.util.concurrent.ThreadPoolExecutor.runWorker(ThreadPoolExecutor.java:1137) >11-08 00:01:29.098:
E/ceok(9002): at java.util.concurrent.ThreadPoolExecutor$Worker.run(ThreadPoolExecutor.java:637) >11-08 00:01:29.098:
E/ceok(9002): at agtg.run(:com.google.android.gms@233316044@23.33.16 (190400-560149061):8) >11-08 00:01:29.098:
E/ceok(9002): at java.lang.Thread.run(Thread.java:1012) >11-08 00:01:29.098:
I/NearbyFastPair(9002): NearbyAppHelper: Check Mainline Tethering module version code. [CONTEXT service_id=265 ] >11-08 00:01:29.099:
I/NearbyFastPair(9002): NearbyAppHelper: Tethering package version code: 331012010 [CONTEXT service_id=265 ] >11-08 00:01:29.103:
W/AsyncOperation(9002): operation=CommitToConfigurationOperationCall, opStatusCode=29501 [CONTEXT service_id=51 ] >11-08 00:01:29.103:
W/AsyncOperation(9002): OperationException[Status{statusCode=Stale snapshot for com.google.android.gms.fonts(change count changed - expected 3 but was 0), resolution=null}] >11-08 00:01:29.103:
W/AsyncOperation(9002): at ceok.e(:com.google.android.gms@233316044@23.33.16 (190400-560149061):55) >11-08 00:01:29.103:
W/AsyncOperation(9002): at ceok.f(:com.google.android.gms@233316044@23.33.16 (190400-560149061):11) >11-08 00:01:29.103:
W/AsyncOperation(9002): at bbkv.eY(:com.google.android.gms@233316044@23.33.16 (190400-560149061):1) >11-08 00:01:29.103:
W/AsyncOperation(9002): at bblc.run(:com.google.android.gms@233316044@23.33.16 (190400-560149061):144) >11-08 00:01:29.103:
W/AsyncOperation(9002): at dpie.run(:com.google.android.gms@233316044@23.33.16 (190400-560149061):13) >11-08 00:01:29.103:
W/AsyncOperation(9002): at agny.c(:com.google.android.gms@233316044@23.33.16 (190400-560149061):50) >11-08 00:01:29.103:
W/AsyncOperation(9002): at agny.run(:com.google.android.gms@233316044@23.33.16 (190400-560149061):76) >11-08 00:01:29.103:
W/AsyncOperation(9002): at java.util.concurrent.ThreadPoolExecutor.runWorker(ThreadPoolExecutor.java:1137) >11-08 00:01:29.103:
W/AsyncOperation(9002): at java.util.concurrent.ThreadPoolExecutor$Worker.run(ThreadPoolExecutor.java:637) >11-08 00:01:29.103:
W/AsyncOperation(9002): at agtg.run(:com.google.android.gms@233316044@23.33.16 (190400-560149061):8) >11-08 00:01:29.103:
W/AsyncOperation(9002): at java.lang.Thread.run(Thread.java:1012) >11-08 00:01:29.103:
W/MobStoreFlagStore(9002): Failed to commit due to stale snapshot for com.google.android.gms.fonts, triggering flag update. Experiments may be delayed til next app start. >11-08 00:01:29.103:
E/ceok(9002): Phenotype API error. Event # eoej@1b9d2316, EventCode: 5 [CONTEXT service_id=51 ] >11-08 00:01:29.103:
E/ceok(9002): cena: 29501: Stale snapshot for com.google.android.gms.test_process_stable(change count changed - expected 3 but was 0) >11-08 00:01:29.103:
E/ceok(9002): at ceop.b(:com.google.android.gms@233316044@23.33.16 (190400-560149061):824) >11-08 00:01:29.103:
E/ceok(9002): at ceon.g(:com.google.android.gms@233316044@23.33.16 (190400-560149061):3) >11-08 00:01:29.103:
E/ceok(9002): at ceok.e(:com.google.android.gms@233316044@23.33.16 (190400-560149061):18) >11-08 00:01:29.103:
E/ceok(9002): at ceok.f(:com.google.android.gms@233316044@23.33.16 (190400-560149061):11) >11-08 00:01:29.103:
E/ceok(9002): at bbkv.eY(:com.google.android.gms@233316044@23.33.16 (190400-560149061):1) >11-08 00:01:29.103:
E/ceok(9002): at bblc.run(:com.google.android.gms@233316044@23.33.16 (190400-560149061):144) >11-08 00:01:29.103:
E/ceok(9002): at dpie.run(:com.google.android.gms@233316044@23.33.16 (190400-560149061):13) >11-08 00:01:29.103:
E/ceok(9002): at agny.c(:com.google.android.gms@233316044@23.33.16 (190400-560149061):50) >11-08 00:01:29.103:
E/ceok(9002): at agny.run(:com.google.android.gms@233316044@23.33.16 (190400-560149061):97) >11-08 00:01:29.103:
E/ceok(9002): at java.util.concurrent.ThreadPoolExecutor.runWorker(ThreadPoolExecutor.java:1137) >11-08 00:01:29.103:
E/ceok(9002): at java.util.concurrent.ThreadPoolExecutor$Worker.run(ThreadPoolExecutor.java:637) >11-08 00:01:29.103:
E/ceok(9002): at agtg.run(:com.google.android.gms@233316044@23.33.16 (190400-560149061):8) >11-08 00:01:29.103:
E/ceok(9002): at java.lang.Thread.run(Thread.java:1012) >11-08 00:01:29.105:
W/AsyncOperation(9002): operation=CommitToConfigurationOperationCall, opStatusCode=29501 [CONTEXT service_id=51 ] >11-08 00:01:29.105:
W/AsyncOperation(9002): OperationException[Status{statusCode=Stale snapshot for com.google.android.gms.test_process_stable(change count changed - expected 3 but was 0), resolution=null}] >11-08 00:01:29.105:
W/AsyncOperation(9002): at ceok.e(:com.google.android.gms@233316044@23.33.16 (190400-560149061):55) >11-08 00:01:29.105:
W/AsyncOperation(9002): at ceok.f(:com.google.android.gms@233316044@23.33.16 (190400-560149061):11) >11-08 00:01:29.105:
W/AsyncOperation(9002): at bbkv.eY(:com.google.android.gms@233316044@23.33.16 (190400-560149061):1) >11-08 00:01:29.105:
W/AsyncOperation(9002): at bblc.run(:com.google.android.gms@233316044@23.33.16 (190400-560149061):144) >11-08 00:01:29.105:
W/AsyncOperation(9002): at dpie.run(:com.google.android.gms@233316044@23.33.16 (190400-560149061):13) >11-08 00:01:29.105:
W/AsyncOperation(9002): at agny.c(:com.google.android.gms@233316044@23.33.16 (190400-560149061):50) >11-08 00:01:29.105:
W/AsyncOperation(9002): at agny.run(:com.google.android.gms@233316044@23.33.16 (190400-560149061):97) >11-08 00:01:29.105:
W/AsyncOperation(9002): at java.util.concurrent.ThreadPoolExecutor.runWorker(ThreadPoolExecutor.java:1137) >11-08 00:01:29.105:
W/AsyncOperation(9002): at java.util.concurrent.ThreadPoolExecutor$Worker.run(ThreadPoolExecutor.java:637) >11-08 00:01:29.105:
W/AsyncOperation(9002): at agtg.run(:com.google.android.gms@233316044@23.33.16 (190400-560149061):8) >11-08 00:01:29.105:
W/AsyncOperation(9002): at java.lang.Thread.run(Thread.java:1012) >11-08 00:01:29.106:
W/MobStoreFlagStore(9002): Failed to commit due to stale snapshot for com.google.android.gms.test_process_stable, triggering flag update. Experiments may be delayed til next app start. >11-08 00:01:29.111:
I/NearbyFastPair(9002): DynamicSupportModule: onSupportStateUpdate start [CONTEXT service_id=265 ] >11-08 00:01:29.113:
I/NearbySharing(9002): A new client has bound to the NearbySharingService ClientBridge for calling package com.google.android.gms [CONTEXT service_id=194 ] >11-08 00:01:29.113:
W/WearableService(9002): onGetService: Wear is not available on this device. >11-08 00:01:29.114:
E/ceok(9002): Phenotype API error. Event # eoej@6b3b4eb6, EventCode: 5 [CONTEXT service_id=51 ] >11-08 00:01:29.114:
E/ceok(9002): cena: 29501: Stale snapshot for com.google.android.gms.geotimezone(change count changed - expected 3 but was 0) >11-08 00:01:29.114:
E/ceok(9002): at ceop.b(:com.google.android.gms@233316044@23.33.16 (190400-560149061):824) >11-08 00:01:29.114:
E/ceok(9002): at ceon.g(:com.google.android.gms@233316044@23.33.16 (190400-560149061):3) >11-08 00:01:29.114:
E/ceok(9002): at ceok.e(:com.google.android.gms@233316044@23.33.16 (190400-560149061):18) >11-08 00:01:29.114:
E/ceok(9002): at ceok.f(:com.google.android.gms@233316044@23.33.16 (190400-560149061):11) >11-08 00:01:29.114:
E/ceok(9002): at bbkv.eY(:com.google.android.gms@233316044@23.33.16 (190400-560149061):1) >11-08 00:01:29.114:
E/ceok(9002): at bblc.run(:com.google.android.gms@233316044@23.33.16 (190400-560149061):144) >11-08 00:01:29.114:
E/ceok(9002): at dpie.run(:com.google.android.gms@233316044@23.33.16 (190400-560149061):13) >11-08 00:01:29.114:
E/ceok(9002): at agny.c(:com.google.android.gms@233316044@23.33.16 (190400-560149061):50) >11-08 00:01:29.114:
E/ceok(9002): at agny.run(:com.google.android.gms@233316044@23.33.16 (190400-560149061):97) >11-08 00:01:29.114:
E/ceok(9002): at java.util.concurrent.ThreadPoolExecutor.runWorker(ThreadPoolExecutor.java:1137) >11-08 00:01:29.114:
E/ceok(9002): at java.util.concurrent.ThreadPoolExecutor$Worker.run(ThreadPoolExecutor.java:637) >11-08 00:01:29.114:
E/ceok(9002): at agtg.run(:com.google.android.gms@233316044@23.33.16 (190400-560149061):8) >11-08 00:01:29.114:
E/ceok(9002): at java.lang.Thread.run(Thread.java:1012) >11-08 00:01:29.114:
I/GmsApplication(9002): Registering the BackgroundBroadcastReceiverSupport receiver. >11-08 00:01:29.115:
V/GraphicsEnvironment(9130): ANGLE Developer option for 'com.google.android.gms' set to: 'default' >11-08 00:01:29.115:
V/GraphicsEnvironment(9130): ANGLE GameManagerService for com.google.android.gms: false >11-08 00:01:29.115:
V/GraphicsEnvironment(9130): Neither updatable production driver nor prerelease driver is supported. >11-08 00:01:29.117:
D/NetworkSecurityConfig(9130): Using Network Security Config from resource network_security_config debugBuild: false >11-08 00:01:29.117:
D/NetworkSecurityConfig(9130): Using Network Security Config from resource network_security_config debugBuild: false >11-08 00:01:29.118:
I/GmsReceiverSupport(9002): Registered Receiver for 15+1 IntentFilters >11-08 00:01:29.120:
W/AsyncOperation(9002): operation=CommitToConfigurationOperationCall, opStatusCode=29501 [CONTEXT service_id=51 ] >11-08 00:01:29.120:
W/AsyncOperation(9002): OperationException[Status{statusCode=Stale snapshot for com.google.android.gms.geotimezone(change count changed - expected 3 but was 0), resolution=null}] >11-08 00:01:29.120:
W/AsyncOperation(9002): at ceok.e(:com.google.android.gms@233316044@23.33.16 (190400-560149061):55) >11-08 00:01:29.120:
W/AsyncOperation(9002): at ceok.f(:com.google.android.gms@233316044@23.33.16 (190400-560149061):11) >11-08 00:01:29.120:
W/AsyncOperation(9002): at bbkv.eY(:com.google.android.gms@233316044@23.33.16 (190400-560149061):1) >11-08 00:01:29.120:
W/AsyncOperation(9002): at bblc.run(:com.google.android.gms@233316044@23.33.16 (190400-560149061):144) >11-08 00:01:29.120:
W/AsyncOperation(9002): at dpie.run(:com.google.android.gms@233316044@23.33.16 (190400-560149061):13) >11-08 00:01:29.120:
W/AsyncOperation(9002): at agny.c(:com.google.android.gms@233316044@23.33.16 (190400-560149061):50) >11-08 00:01:29.120:
W/AsyncOperation(9002): at agny.run(:com.google.android.gms@233316044@23.33.16 (190400-560149061):97) >11-08 00:01:29.120:
W/AsyncOperation(9002): at java.util.concurrent.ThreadPoolExecutor.runWorker(ThreadPoolExecutor.java:1137) >11-08 00:01:29.120:
W/AsyncOperation(9002): at java.util.concurrent.ThreadPoolExecutor$Worker.run(ThreadPoolExecutor.java:637) >11-08 00:01:29.120:
W/AsyncOperation(9002): at agtg.run(:com.google.android.gms@233316044@23.33.16 (190400-560149061):8) >11-08 00:01:29.120:
W/AsyncOperation(9002): at java.lang.Thread.run(Thread.java:1012) >11-08 00:01:29.121:
W/MobStoreFlagStore(9002): Failed to commit due to stale snapshot for com.google.android.gms.geotimezone, triggering flag update. Experiments may be delayed til next app start. >11-08 00:01:29.122:
I/Watchcat(9002): Started >11-08 00:01:29.122:
I/AlarmManager(9002): setExactAndAllowWhileIdle [name: GCM_HB_ALARM type: 2 triggerAtMillis: 725250] >11-08 00:01:29.122:
I/GMS_MM_Logger(9002): Start time: 252740 >11-08 00:01:29.122:
I/GMS_MM_Logger(9002): Started. >11-08 00:01:29.123:
I/NearbyConnections(9002): Client 241166000 with package name 0p:com.google.android.gms.nearby.sharing and sdk version 233316000 has connected. >11-08 00:01:29.132:
D/BoundBrokerSvc(9002): onBind: Intent { act=com.google.android.gms.clearcut.bootcount.service.START dat=chimera-action:/... cmp=com.google.android.gms/.chimera.PersistentBoundBrokerService } >11-08 00:01:29.132:
D/BoundBrokerSvc(9002): Loading bound service for intent: Intent { act=com.google.android.gms.clearcut.bootcount.service.START dat=chimera-action:/... cmp=com.google.android.gms/.chimera.PersistentBoundBrokerService } >11-08 00:01:29.133:
I/Nearby(9002): is blocked device type false, isAuto=false, isIot=false, isLatchsky=false, isChinaWearable=false, isTv=false, isWearable=false (supportWearOs=false), isChromeOsDevice=false (supportChromeOs=false) [CONTEXT service_id=49 ] >11-08 00:01:29.137:
I/NearbyDiscovery(9002): FastPairScanner: isScreenOn=true, isLocationEnabled=true, disableLocationRequirement=true, isDiscoveryScanningEnabled=false, during24GhzWifiWarmingUpPeriod=false [CONTEXT service_id=265 ] >11-08 00:01:29.137:
D/BluetoothAdapter(9002): isLeEnabled(): OFF >11-08 00:01:29.137:
I/NearbyDiscovery(9002): FastPairScanner: eventType=SERVICE_INITIALIZE, intReq=false, scanning=false, scanAllowed=false, bleEnabled=false, bleScanAvailable=false, lockScanRate=false, startScanningByLowPowerMode=false [CONTEXT service_id=265 ] >11-08 00:01:29.137:
I/NearbyDiscovery(9002): FastPairScanner: register location ble observer [CONTEXT service_id=265 ] >11-08 00:01:29.139:
I/NearbyDiscovery(9002): FastPair: HeadsetPieceImage, grant permission files:0 [CONTEXT service_id=265 ] >11-08 00:01:29.139:
I/NearbyDiscovery(9002): FastPairController: Set event stream listener [CONTEXT service_id=265 ] >11-08 00:01:29.140:
I/NearbyDiscovery(9002): FastPairController: Initialize event stream [CONTEXT service_id=265 ] >11-08 00:01:29.147:
W/ActivityManager(577): Unable to start service Intent { act=com.google.android.gms.home.service.START pkg=com.google.android.gms } U=0: not found >11-08 00:01:29.147:
W/ActivityManager(577): Unbind failed: could not find connection for android.os.BinderProxy@9e8bbd6 >11-08 00:01:29.147:
W/GmsClient(9002): unable to connect to service: com.google.android.gms.home.service.START on com.google.android.gms >11-08 00:01:29.150:
D/TrafficStats(9002): tagSocket(183) with statsTag=0x401, statsUid=10131 >11-08 00:01:29.153:
I/NearbyFastPair(9002): DynamicSupportModule: onSupportStateUpdate end [CONTEXT service_id=265 ] >11-08 00:01:29.153:
I/NearbyFastPair(9002): DynamicSupportModule: onSupportStateUpdate start [CONTEXT service_id=265 ] >11-08 00:01:29.153:
I/NearbyFastPair(9002): DynamicSupportModule: onSupportStateUpdate end [CONTEXT service_id=265 ] >11-08 00:01:29.154:
I/NearbyConnections(9002): Client 241166000 requested setting downloads directory to Nearby Share. >11-08 00:01:29.158:
I/AlarmManager(9002): set [name: SystemMemoryCache type: 2 triggerAtMillis: 315360195286 windowMillis: -1 intervalMillis: 0] >11-08 00:01:29.159:
I/Nearby(9002): is blocked device type false, isAuto=false, isIot=false, isLatchsky=false, isChinaWearable=false, isTv=false, isWearable=false (supportWearOs=false), isChromeOsDevice=false (supportChromeOs=false) [CONTEXT service_id=49 ] >11-08 00:01:29.168:
W/ProviderHelper(9130): Unknown dynamite feature providerinstaller.dynamite >11-08 00:01:29.168:
I/DynamiteModule(9130): Considering local module com.google.android.gms.providerinstaller.dynamite:1 and remote module com.google.android.gms.providerinstaller.dynamite:0 >11-08 00:01:29.168:
I/DynamiteModule(9130): Selected local version of com.google.android.gms.providerinstaller.dynamite >11-08 00:01:29.169:
I/NearbyDiscovery(9002): DiscoveryController, showNotification, itemSize=0 [CONTEXT service_id=265 ] >11-08 00:01:29.170:
I/WearableLocationShim(9002): wearable APIs unsupported - location for paired wearables unsupported on this phone [CONTEXT service_id=6 ] >11-08 00:01:29.170:
I/WearableLocationShim(9002): afau: None of the queried APIs are available. Wearable.API: ConnectionResult{statusCode=API_UNAVAILABLE, resolution=null, message=null} >11-08 00:01:29.170:
I/WearableLocationShim(9002): at afcg.a(:com.google.android.gms@233316044@23.33.16 (190400-560149061):38) >11-08 00:01:29.170:
I/WearableLocationShim(9002): at afeq.o(:com.google.android.gms@233316044@23.33.16 (190400-560149061):37) >11-08 00:01:29.170:
I/WearableLocationShim(9002): at afeq.g(:com.google.android.gms@233316044@23.33.16 (190400-560149061):29) >11-08 00:01:29.170:
I/WearableLocationShim(9002): at afeq.onConnectionFailed(:com.google.android.gms@233316044@23.33.16 (190400-560149061):2) >11-08 00:01:29.170:
I/WearableLocationShim(9002): at afxu.hJ(:com.google.android.gms@233316044@23.33.16 (190400-560149061):3) >11-08 00:01:29.170:
I/WearableLocationShim(9002): at afwz.b(:com.google.android.gms@233316044@23.33.16 (190400-560149061):7) >11-08 00:01:29.170:
I/WearableLocationShim(9002): at afwq.a(:com.google.android.gms@233316044@23.33.16 (190400-560149061):85) >11-08 00:01:29.170:
I/WearableLocationShim(9002): at afwt.handleMessage(:com.google.android.gms@233316044@23.33.16 (190400-560149061):287) >11-08 00:01:29.170:
I/WearableLocationShim(9002): at android.os.Handler.dispatchMessage(Handler.java:106) >11-08 00:01:29.170:
I/WearableLocationShim(9002): at bbrt.lG(:com.google.android.gms@233316044@23.33.16 (190400-560149061):1) >11-08 00:01:29.170:
I/WearableLocationShim(9002): at bbrt.dispatchMessage(:com.google.android.gms@233316044@23.33.16 (190400-560149061):143) >11-08 00:01:29.170:
I/WearableLocationShim(9002): at android.os.Looper.loopOnce(Looper.java:201) >11-08 00:01:29.170:
I/WearableLocationShim(9002): at android.os.Looper.loop(Looper.java:288) >11-08 00:01:29.170:
I/WearableLocationShim(9002): at android.os.HandlerThread.run(HandlerThread.java:67) >11-08 00:01:29.170:
W/Nearby(9002): Bind call too late - someone already tried to get: interface eemx [CONTEXT service_id=49 ] >11-08 00:01:29.170:
V/NativeCrypto(9130): Registering com/google/android/gms/org/conscrypt/NativeCrypto's 295 native methods... >11-08 00:01:29.172:
I/NearbyDiscovery(9002): Show notifications: 0 total, no changes since last shown, no-op. [CONTEXT service_id=265 ] >11-08 00:01:29.175:
I/Nearby(9002): is blocked device type false, isAuto=false, isIot=false, isLatchsky=false, isChinaWearable=false, isTv=false, isWearable=false (supportWearOs=false), isChromeOsDevice=false (supportChromeOs=false) [CONTEXT service_id=49 ] >11-08 00:01:29.175:
I/ProviderInstaller(9130): Installed default security provider GmsCore_OpenSSL >11-08 00:01:29.177:
I/NearbyDiscovery(9002): DiscoveryController, showNotification, itemSize=0 [CONTEXT service_id=265 ] >11-08 00:01:29.179:
I/NearbyDiscovery(9002): Show notifications: 0 total, no changes since last shown, no-op. [CONTEXT service_id=265 ] >11-08 00:01:29.181:
D/PrefCtrlListHelper(1237): Could not find Context-only controller for pref: com.android.settings.accessibility.VibrationMainSwitchPreferenceController >11-08 00:01:29.181:
W/PrefCtrlListHelper(1237): Cannot instantiate controller from reflection: com.android.settings.accessibility.VibrationMainSwitchPreferenceController >11-08 00:01:29.181:
D/PrefCtrlListHelper(1237): Could not find Context-only controller for pref: com.android.settings.accessibility.RingVibrationTogglePreferenceController >11-08 00:01:29.181:
W/PrefCtrlListHelper(1237): Cannot instantiate controller from reflection: com.android.settings.accessibility.RingVibrationTogglePreferenceController >11-08 00:01:29.181:
D/PrefCtrlListHelper(1237): Could not find Context-only controller for pref: com.android.settings.accessibility.VibrationRampingRingerTogglePreferenceController >11-08 00:01:29.181:
W/PrefCtrlListHelper(1237): Cannot instantiate controller from reflection: com.android.settings.accessibility.VibrationRampingRingerTogglePreferenceController >11-08 00:01:29.181:
D/PrefCtrlListHelper(1237): Could not find Context-only controller for pref: com.android.settings.accessibility.NotificationVibrationTogglePreferenceController >11-08 00:01:29.181:
W/PrefCtrlListHelper(1237): Cannot instantiate controller from reflection: com.android.settings.accessibility.NotificationVibrationTogglePreferenceController >11-08 00:01:29.181:
D/PrefCtrlListHelper(1237): Could not find Context-only controller for pref: com.android.settings.accessibility.AlarmVibrationTogglePreferenceController >11-08 00:01:29.181:
W/PrefCtrlListHelper(1237): Cannot instantiate controller from reflection: com.android.settings.accessibility.AlarmVibrationTogglePreferenceController >11-08 00:01:29.181:
D/PrefCtrlListHelper(1237): Could not find Context-only controller for pref: com.android.settings.accessibility.HapticFeedbackTogglePreferenceController >11-08 00:01:29.181:
W/PrefCtrlListHelper(1237): Cannot instantiate controller from reflection: com.android.settings.accessibility.HapticFeedbackTogglePreferenceController >11-08 00:01:29.181:
D/PrefCtrlListHelper(1237): Could not find Context-only controller for pref: com.android.settings.accessibility.MediaVibrationTogglePreferenceController >11-08 00:01:29.181:
W/PrefCtrlListHelper(1237): Cannot instantiate controller from reflection: com.android.settings.accessibility.MediaVibrationTogglePreferenceController >11-08 00:01:29.181:
D/PrefCtrlListHelper(1237): Could not find Context-only controller for pref: com.android.settings.sound.MediaControlsPreferenceController >11-08 00:01:29.181:
D/PrefCtrlListHelper(1237): Could not find Context-only controller for pref: com.android.settings.sound.MediaControlsLockScreenPreferenceController >11-08 00:01:29.181:
D/PrefCtrlListHelper(1237): Could not find Context-only controller for pref: com.android.settings.sound.MediaControlsRecommendationController >11-08 00:01:29.182:
D/PrefCtrlListHelper(1237): Could not find Context-only controller for pref: com.android.settings.accessibility.AccessibilityButtonPreviewPreferenceController >11-08 00:01:29.182:
D/PrefCtrlListHelper(1237): Could not find Context-only controller for pref: com.android.settings.accessibility.AccessibilityButtonLocationPreferenceController >11-08 00:01:29.182:
D/PrefCtrlListHelper(1237): Could not find Context-only controller for pref: com.android.settings.accessibility.AccessibilityButtonGesturePreferenceController >11-08 00:01:29.182:
D/PrefCtrlListHelper(1237): Could not find Context-only controller for pref: com.android.settings.accessibility.FloatingMenuSizePreferenceController >11-08 00:01:29.182:
D/PrefCtrlListHelper(1237): Could not find Context-only controller for pref: com.android.settings.accessibility.FloatingMenuFadePreferenceController >11-08 00:01:29.182:
D/PrefCtrlListHelper(1237): Could not find Context-only controller for pref: com.android.settings.accessibility.FloatingMenuTransparencyPreferenceController >11-08 00:01:29.182:
D/PrefCtrlListHelper(1237): Could not find Context-only controller for pref: com.android.settings.accessibility.AccessibilityButtonFooterPreferenceController >11-08 00:01:29.183:
D/PrefCtrlListHelper(1237): Could not find Context-only controller for pref: com.android.settings.notification.BubbleNotificationPreferenceController >11-08 00:01:29.188:
I/NearbyDiscovery(9002): FastPairHandler: Received action android.net.wifi.STATE_CHANGE [CONTEXT service_id=265 ] >11-08 00:01:29.188:
I/NearbyDiscovery(9002): FastPairHandler: Received action android.net.conn.CONNECTIVITY_CHANGE [CONTEXT service_id=265 ] >11-08 00:01:29.191:
W/BaseSearchIndex(1237): Error initial controller >11-08 00:01:29.191:
D/PrefCtrlListHelper(1237): Could not find Context-only controller for pref: com.android.settings.network.AirplaneModePreferenceController >11-08 00:01:29.192:
D/PrefCtrlListHelper(1237): Could not find Context-only controller for pref: com.android.settings.network.AllInOneTetherPreferenceController >11-08 00:01:29.192:
D/CompatibilityChangeReporter(9130): Compat change id reported: 183155436; UID 10117; state: ENABLED >11-08 00:01:29.193:
I/GmsApplication(9130): [gms_startup_benchmark] Static start time (ms): 195247, Startup latency (ms): 73, Is system user: true >11-08 00:01:29.193:
D/PrefCtrlListHelper(1237): Could not find Context-only controller for pref: com.android.settings.network.AdaptiveConnectivityPreferenceController >11-08 00:01:29.195:
D/AssistGesture(1237): mAssistOnly:false, isSupported:false, isSensorAvailable:false >11-08 00:01:29.195:
D/AssistGesture(1237): mAssistOnly:false, isSupported:false, isSensorAvailable:false >11-08 00:01:29.195:
V/SettingsSearchProvider(1237): com.android.settings.gestures.AssistGestureSettings$1@5561057 tried to add an empty non-indexable key >11-08 00:01:29.196:
V/SettingsSearchProvider(1237): com.google.android.settings.aware.TapGestureSettings$1@674b9e6 tried to add an empty non-indexable key >11-08 00:01:29.196:
D/PrefCtrlListHelper(1237): Could not find Context-only controller for pref: com.android.settings.accessibility.MagnificationModePreferenceController >11-08 00:01:29.197:
D/PrefCtrlListHelper(1237): Could not find Context-only controller for pref: com.android.settings.deviceinfo.storage.StorageSelectionPreferenceController >11-08 00:01:29.197:
D/PrefCtrlListHelper(1237): Could not find Context-only controller for pref: com.android.settings.deviceinfo.storage.StorageUsageProgressBarPreferenceController >11-08 00:01:29.197:
D/PrefCtrlListHelper(1237): Could not find Context-only controller for pref: com.android.settings.deviceinfo.storage.AutomaticStorageManagementSwitchPreferenceController >11-08 00:01:29.197:
D/PrefCtrlListHelper(1237): Could not find Context-only controller for pref: com.android.settings.deviceinfo.storage.ManageStoragePreferenceController >11-08 00:01:29.197:
W/SettingsPrefController(1237): Skipping updateNonIndexableKeys, key already in list. com.android.settings.deviceinfo.storage.StorageSelectionPreferenceController@7caf66e >11-08 00:01:29.197:
W/SettingsPrefController(1237): Skipping updateNonIndexableKeys, key already in list. com.android.settings.deviceinfo.storage.StorageUsageProgressBarPreferenceController@f94a10f >11-08 00:01:29.197:
D/PrefCtrlListHelper(1237): Could not find Context-only controller for pref: com.android.settings.gestures.ButtonNavigationSettingsAssistController >11-08 00:01:29.198:
V/SettingsSearchProvider(1237): com.android.settings.nfc.PaymentSettings$1@8464dbd tried to add an empty non-indexable key >11-08 00:01:29.198:
D/PrefCtrlListHelper(1237): Could not find Context-only controller for pref: com.android.settings.security.trustagent.TrustAgentsPreferenceController >11-08 00:01:29.198:
D/PrefCtrlListHelper(1237): Could not find Context-only controller for pref: com.android.settings.network.EraseEuiccDataController >11-08 00:01:29.199:
D/PrefCtrlListHelper(1237): Could not find Context-only controller for pref: com.android.settings.gestures.PickupGesturePreferenceController >11-08 00:01:29.199:
D/PrefCtrlListHelper(1237): Could not find Context-only controller for pref: com.android.settings.applications.specialaccess.premiumsms.PremiumSmsScreenPreferenceController >11-08 00:01:29.199:
V/SettingsSearchProvider(1237): com.android.settings.development.transcode.TranscodeSettingsFragment$1@5d17e53 tried to add an empty non-indexable key >11-08 00:01:29.199:
V/SettingsSearchProvider(1237): com.android.settings.emergency.EmergencyGestureSettings$1@e742bf2 tried to add an empty non-indexable key >11-08 00:01:29.199:
V/SettingsSearchProvider(1237): com.android.settings.display.NightDisplaySettings$1@b7d684 tried to add an empty non-indexable key >11-08 00:01:29.200:
D/PrefCtrlListHelper(1237): Could not find Context-only controller for pref: com.android.settings.deviceinfo.legal.CopyrightPreferenceController >11-08 00:01:29.200:
D/PrefCtrlListHelper(1237): Could not find Context-only controller for pref: com.android.settings.deviceinfo.legal.LicensePreferenceController >11-08 00:01:29.200:
D/PrefCtrlListHelper(1237): Could not find Context-only controller for pref: com.android.settings.deviceinfo.legal.TermsPreferenceController >11-08 00:01:29.200:
D/PrefCtrlListHelper(1237): Could not find Context-only controller for pref: com.android.settings.deviceinfo.legal.ModuleLicensesListPreferenceController >11-08 00:01:29.200:
D/PrefCtrlListHelper(1237): Could not find Context-only controller for pref: com.android.settings.deviceinfo.legal.WebViewLicensePreferenceController >11-08 00:01:29.200:
D/PrefCtrlListHelper(1237): Could not find Context-only controller for pref: com.android.settings.deviceinfo.legal.WallpaperAttributionsPreferenceController >11-08 00:01:29.200:
W/deca(9130): Primes not initialized, returning default (no-op) Primes instance which will ignore all calls. Please call Primes.initialize(...) before using any Primes API. >11-08 00:01:29.200:
W/deca(9130): dryf: FULL >11-08 00:01:29.200:
W/deca(9130): at a.L(:com.google.android.gms@233316044@23.33.16 (190400-560149061):9) >11-08 00:01:29.200:
W/deca(9130): at deca.a(:com.google.android.gms@233316044@23.33.16 (190400-560149061):32) >11-08 00:01:29.200:
W/deca(9130): at com.google.android.gms.common.app.GmsApplication.onCreate(:com.google.android.gms@233316044@23.33.16 (190400-560149061):493) >11-08 00:01:29.200:
W/deca(9130): at android.app.Instrumentation.callApplicationOnCreate(Instrumentation.java:1277) >11-08 00:01:29.200:
W/deca(9130): at android.app.ActivityThread.handleBindApplication(ActivityThread.java:6759) >11-08 00:01:29.200:
W/deca(9130): at android.app.ActivityThread.-$$Nest$mhandleBindApplication(Unknown Source:0) >11-08 00:01:29.200:
W/deca(9130): at android.app.ActivityThread$H.handleMessage(ActivityThread.java:2133) >11-08 00:01:29.200:
W/deca(9130): at android.os.Handler.dispatchMessage(Handler.java:106) >11-08 00:01:29.200:
W/deca(9130): at android.os.Looper.loopOnce(Looper.java:201) >11-08 00:01:29.200:
W/deca(9130): at android.os.Looper.loop(Looper.java:288) >11-08 00:01:29.200:
W/deca(9130): at android.app.ActivityThread.main(ActivityThread.java:7872) >11-08 00:01:29.200:
W/deca(9130): at java.lang.reflect.Method.invoke(Native Method) >11-08 00:01:29.200:
W/deca(9130): at com.android.internal.os.RuntimeInit$MethodAndArgsCaller.run(RuntimeInit.java:548) >11-08 00:01:29.200:
W/deca(9130): at com.android.internal.os.ZygoteInit.main(ZygoteInit.java:936) >11-08 00:01:29.205:
D/BoundBrokerSvc(9130): onBind: Intent { act=com.google.android.gms.checkin.START pkg=com.google.android.gms } >11-08 00:01:29.205:
D/BoundBrokerSvc(9130): Loading bound service for intent: Intent { act=com.google.android.gms.checkin.START pkg=com.google.android.gms } >11-08 00:01:29.205:
W/GmsStrictMode(9130): DISK_READ [CONTEXT service_id=256 ] >11-08 00:01:29.205:
W/GmsStrictMode(9130): android.os.strictmode.DiskReadViolation >11-08 00:01:29.205:
W/GmsStrictMode(9130): at android.os.StrictMode$AndroidBlockGuardPolicy.onReadFromDisk(StrictMode.java:1658) >11-08 00:01:29.205:
W/GmsStrictMode(9130): at libcore.io.BlockGuardOs.access(BlockGuardOs.java:74) >11-08 00:01:29.205:
W/GmsStrictMode(9130): at libcore.io.ForwardingOs.access(ForwardingOs.java:128) >11-08 00:01:29.205:
W/GmsStrictMode(9130): at android.app.ActivityThread$AndroidOs.access(ActivityThread.java:7749) >11-08 00:01:29.205:
W/GmsStrictMode(9130): at java.io.UnixFileSystem.checkAccess(UnixFileSystem.java:281) >11-08 00:01:29.205:
W/GmsStrictMode(9130): at java.io.File.exists(File.java:813) >11-08 00:01:29.205:
W/GmsStrictMode(9130): at android.app.ContextImpl.getDataDir(ContextImpl.java:2962) >11-08 00:01:29.205:
W/GmsStrictMode(9130): at android.app.ContextImpl.getFilesDir(ContextImpl.java:793) >11-08 00:01:29.205:
W/GmsStrictMode(9130): at android.content.ContextWrapper.getFilesDir(ContextWrapper.java:282) >11-08 00:01:29.205:
W/GmsStrictMode(9130): at android.content.ContextWrapper.getFilesDir(ContextWrapper.java:282) >11-08 00:01:29.205:
W/GmsStrictMode(9130): at aght.c(:com.google.android.gms@233316044@23.33.16 (190400-560149061):101) >11-08 00:01:29.205:
W/GmsStrictMode(9130): at aght.getResources(:com.google.android.gms@233316044@23.33.16 (190400-560149061):8) >11-08 00:01:29.205:
W/GmsStrictMode(9130): at com.google.android.gms.common.app.GmsApplication.getResources(:com.google.android.gms@233316044@23.33.16 (190400-560149061):5) >11-08 00:01:29.205:
W/GmsStrictMode(9130): at android.app.ActivityThread.handleCreateService(ActivityThread.java:4480) >11-08 00:01:29.205:
W/GmsStrictMode(9130): at android.app.ActivityThread.-$$Nest$mhandleCreateService(Unknown Source:0) >11-08 00:01:29.205:
W/GmsStrictMode(9130): at android.app.ActivityThread$H.handleMessage(ActivityThread.java:2161) >11-08 00:01:29.205:
W/GmsStrictMode(9130): at android.os.Handler.dispatchMessage(Handler.java:106) >11-08 00:01:29.205:
W/GmsStrictMode(9130): at android.os.Looper.loopOnce(Looper.java:201) >11-08 00:01:29.205:
W/GmsStrictMode(9130): at android.os.Looper.loop(Looper.java:288) >11-08 00:01:29.205:
W/GmsStrictMode(9130): at android.app.ActivityThread.main(ActivityThread.java:7872) >11-08 00:01:29.205:
W/GmsStrictMode(9130): at java.lang.reflect.Method.invoke(Native Method) >11-08 00:01:29.205:
W/GmsStrictMode(9130): at com.android.internal.os.RuntimeInit$MethodAndArgsCaller.run(RuntimeInit.java:548) >11-08 00:01:29.205:
W/GmsStrictMode(9130): at com.android.internal.os.ZygoteInit.main(ZygoteInit.java:936) >11-08 00:01:29.205:
W/GmsStrictMode(9130): DISK_READ [CONTEXT service_id=256 ] >11-08 00:01:29.205:
W/GmsStrictMode(9130): android.os.strictmode.DiskReadViolation >11-08 00:01:29.205:
W/GmsStrictMode(9130): at android.os.StrictMode$AndroidBlockGuardPolicy.onReadFromDisk(StrictMode.java:1658) >11-08 00:01:29.205:
W/GmsStrictMode(9130): at libcore.io.BlockGuardOs.access(BlockGuardOs.java:74) >11-08 00:01:29.205:
W/GmsStrictMode(9130): at libcore.io.ForwardingOs.access(ForwardingOs.java:128) >11-08 00:01:29.205:
W/GmsStrictMode(9130): at android.app.ActivityThread$AndroidOs.access(ActivityThread.java:7749) >11-08 00:01:29.205:
W/GmsStrictMode(9130): at java.io.UnixFileSystem.checkAccess(UnixFileSystem.java:281) >11-08 00:01:29.205:
W/GmsStrictMode(9130): at java.io.File.exists(File.java:813) >11-08 00:01:29.205:
W/GmsStrictMode(9130): at android.app.ContextImpl.ensurePrivateDirExists(ContextImpl.java:759) >11-08 00:01:29.205:
W/GmsStrictMode(9130): at android.app.ContextImpl.ensurePrivateDirExists(ContextImpl.java:750) >11-08 00:01:29.205:
W/GmsStrictMode(9130): at android.app.ContextImpl.getFilesDir(ContextImpl.java:795) >11-08 00:01:29.205:
W/GmsStrictMode(9130): at android.content.ContextWrapper.getFilesDir(ContextWrapper.java:282) >11-08 00:01:29.205:
W/GmsStrictMode(9130): at android.content.ContextWrapper.getFilesDir(ContextWrapper.java:282) >11-08 00:01:29.205:
W/GmsStrictMode(9130): at aght.c(:com.google.android.gms@233316044@23.33.16 (190400-560149061):101) >11-08 00:01:29.205:
W/GmsStrictMode(9130): at aght.getResources(:com.google.android.gms@233316044@23.33.16 (190400-560149061):8) >11-08 00:01:29.205:
W/GmsStrictMode(9130): at com.google.android.gms.common.app.GmsApplication.getResources(:com.google.android.gms@233316044@23.33.16 (190400-560149061):5) >11-08 00:01:29.205:
W/GmsStrictMode(9130): at android.app.ActivityThread.handleCreateService(ActivityThread.java:4480) >11-08 00:01:29.205:
W/GmsStrictMode(9130): at android.app.ActivityThread.-$$Nest$mhandleCreateService(Unknown Source:0) >11-08 00:01:29.205:
W/GmsStrictMode(9130): at android.app.ActivityThread$H.handleMessage(ActivityThread.java:2161) >11-08 00:01:29.205:
W/GmsStrictMode(9130): at android.os.Handler.dispatchMessage(Handler.java:106) >11-08 00:01:29.205:
W/GmsStrictMode(9130): at android.os.Looper.loopOnce(Looper.java:201) >11-08 00:01:29.205:
W/GmsStrictMode(9130): at android.os.Looper.loop(Looper.java:288) >11-08 00:01:29.205:
W/GmsStrictMode(9130): at android.app.ActivityThread.main(ActivityThread.java:7872) >11-08 00:01:29.205:
W/GmsStrictMode(9130): at java.lang.reflect.Method.invoke(Native Method) >11-08 00:01:29.205:
W/GmsStrictMode(9130): at com.android.internal.os.RuntimeInit$MethodAndArgsCaller.run(RuntimeInit.java:548) >11-08 00:01:29.205:
W/GmsStrictMode(9130): at com.android.internal.os.ZygoteInit.main(ZygoteInit.java:936) >11-08 00:01:29.205:
W/GmsStrictMode(9130): DISK_READ [CONTEXT service_id=256 ] >11-08 00:01:29.205:
W/GmsStrictMode(9130): android.os.strictmode.DiskReadViolation >11-08 00:01:29.205:
W/GmsStrictMode(9130): at android.os.StrictMode$AndroidBlockGuardPolicy.onReadFromDisk(StrictMode.java:1658) >11-08 00:01:29.205:
W/GmsStrictMode(9130): at libcore.io.BlockGuardOs.access(BlockGuardOs.java:74) >11-08 00:01:29.205:
W/GmsStrictMode(9130): at libcore.io.ForwardingOs.access(ForwardingOs.java:128) >11-08 00:01:29.205:
W/GmsStrictMode(9130): at android.app.ActivityThread$AndroidOs.access(ActivityThread.java:7749) >11-08 00:01:29.205:
W/GmsStrictMode(9130): at java.io.UnixFileSystem.checkAccess(UnixFileSystem.java:281) >11-08 00:01:29.205:
W/GmsStrictMode(9130): at java.io.File.exists(File.java:813) >11-08 00:01:29.205:
W/GmsStrictMode(9130): at aght.c(:com.google.android.gms@233316044@23.33.16 (190400-560149061):130) >11-08 00:01:29.205:
W/GmsStrictMode(9130): at aght.getResources(:com.google.android.gms@233316044@23.33.16 (190400-560149061):8) >11-08 00:01:29.205:
W/GmsStrictMode(9130): at com.google.android.gms.common.app.GmsApplication.getResources(:com.google.android.gms@233316044@23.33.16 (190400-560149061):5) >11-08 00:01:29.205:
W/GmsStrictMode(9130): at android.app.ActivityThread.handleCreateService(ActivityThread.java:4480) >11-08 00:01:29.205:
W/GmsStrictMode(9130): at android.app.ActivityThread.-$$Nest$mhandleCreateService(Unknown Source:0) >11-08 00:01:29.205:
W/GmsStrictMode(9130): at android.app.ActivityThread$H.handleMessage(ActivityThread.java:2161) >11-08 00:01:29.205:
W/GmsStrictMode(9130): at android.os.Handler.dispatchMessage(Handler.java:106) >11-08 00:01:29.205:
W/GmsStrictMode(9130): at android.os.Looper.loopOnce(Looper.java:201) >11-08 00:01:29.205:
W/GmsStrictMode(9130): at android.os.Looper.loop(Looper.java:288) >11-08 00:01:29.205:
W/GmsStrictMode(9130): at android.app.ActivityThread.main(ActivityThread.java:7872) >11-08 00:01:29.205:
W/GmsStrictMode(9130): at java.lang.reflect.Method.invoke(Native Method) >11-08 00:01:29.205:
W/GmsStrictMode(9130): at com.android.internal.os.RuntimeInit$MethodAndArgsCaller.run(RuntimeInit.java:548) >11-08 00:01:29.205:
W/GmsStrictMode(9130): at com.android.internal.os.ZygoteInit.main(ZygoteInit.java:936) >11-08 00:01:29.205:
W/GmsStrictMode(9130): DISK_READ [CONTEXT service_id=256 ] >11-08 00:01:29.205:
W/GmsStrictMode(9130): android.os.strictmode.DiskReadViolation >11-08 00:01:29.205:
W/GmsStrictMode(9130): at android.os.StrictMode$AndroidBlockGuardPolicy.onReadFromDisk(StrictMode.java:1658) >11-08 00:01:29.205:
W/GmsStrictMode(9130): at java.io.UnixFileSystem.getLastModifiedTime(UnixFileSystem.java:289) >11-08 00:01:29.205:
W/GmsStrictMode(9130): at java.io.File.lastModified(File.java:937) >11-08 00:01:29.205:
W/GmsStrictMode(9130): at aght.c(:com.google.android.gms@233316044@23.33.16 (190400-560149061):136) >11-08 00:01:29.205:
W/GmsStrictMode(9130): at aght.getResources(:com.google.android.gms@233316044@23.33.16 (190400-560149061):8) >11-08 00:01:29.205:
W/GmsStrictMode(9130): at com.google.android.gms.common.app.GmsApplication.getResources(:com.google.android.gms@233316044@23.33.16 (190400-560149061):5) >11-08 00:01:29.205:
W/GmsStrictMode(9130): at android.app.ActivityThread.handleCreateService(ActivityThread.java:4480) >11-08 00:01:29.205:
W/GmsStrictMode(9130): at android.app.ActivityThread.-$$Nest$mhandleCreateService(Unknown Source:0) >11-08 00:01:29.205:
W/GmsStrictMode(9130): at android.app.ActivityThread$H.handleMessage(ActivityThread.java:2161) >11-08 00:01:29.205:
W/GmsStrictMode(9130): at android.os.Handler.dispatchMessage(Handler.java:106) >11-08 00:01:29.205:
W/GmsStrictMode(9130): at android.os.Looper.loopOnce(Looper.java:201) >11-08 00:01:29.205:
W/GmsStrictMode(9130): at android.os.Looper.loop(Looper.java:288) >11-08 00:01:29.205:
W/GmsStrictMode(9130): at android.app.ActivityThread.main(ActivityThread.java:7872) >11-08 00:01:29.205:
W/GmsStrictMode(9130): at java.lang.reflect.Method.invoke(Native Method) >11-08 00:01:29.205:
W/GmsStrictMode(9130): at com.android.internal.os.RuntimeInit$MethodAndArgsCaller.run(RuntimeInit.java:548) >11-08 00:01:29.205:
W/GmsStrictMode(9130): at com.android.internal.os.ZygoteInit.main(ZygoteInit.java:936) >11-08 00:01:29.206:
W/GmsStrictMode(9130): DISK_READ [CONTEXT service_id=256 ] >11-08 00:01:29.206:
W/GmsStrictMode(9130): android.os.strictmode.DiskReadViolation >11-08 00:01:29.206:
W/GmsStrictMode(9130): at android.os.StrictMode$AndroidBlockGuardPolicy.onReadFromDisk(StrictMode.java:1658) >11-08 00:01:29.206:
W/GmsStrictMode(9130): at java.io.UnixFileSystem.getLastModifiedTime(UnixFileSystem.java:289) >11-08 00:01:29.206:
W/GmsStrictMode(9130): at java.io.File.lastModified(File.java:937) >11-08 00:01:29.206:
W/GmsStrictMode(9130): at aght.c(:com.google.android.gms@233316044@23.33.16 (190400-560149061):149) >11-08 00:01:29.206:
W/GmsStrictMode(9130): at aght.getResources(:com.google.android.gms@233316044@23.33.16 (190400-560149061):8) >11-08 00:01:29.206:
W/GmsStrictMode(9130): at com.google.android.gms.common.app.GmsApplication.getResources(:com.google.android.gms@233316044@23.33.16 (190400-560149061):5) >11-08 00:01:29.206:
W/GmsStrictMode(9130): at android.app.ActivityThread.handleCreateService(ActivityThread.java:4480) >11-08 00:01:29.206:
W/GmsStrictMode(9130): at android.app.ActivityThread.-$$Nest$mhandleCreateService(Unknown Source:0) >11-08 00:01:29.206:
W/GmsStrictMode(9130): at android.app.ActivityThread$H.handleMessage(ActivityThread.java:2161) >11-08 00:01:29.206:
W/GmsStrictMode(9130): at android.os.Handler.dispatchMessage(Handler.java:106) >11-08 00:01:29.206:
W/GmsStrictMode(9130): at android.os.Looper.loopOnce(Looper.java:201) >11-08 00:01:29.206:
W/GmsStrictMode(9130): at android.os.Looper.loop(Looper.java:288) >11-08 00:01:29.206:
W/GmsStrictMode(9130): at android.app.ActivityThread.main(ActivityThread.java:7872) >11-08 00:01:29.206:
W/GmsStrictMode(9130): at java.lang.reflect.Method.invoke(Native Method) >11-08 00:01:29.206:
W/GmsStrictMode(9130): at com.android.internal.os.RuntimeInit$MethodAndArgsCaller.run(RuntimeInit.java:548) >11-08 00:01:29.206:
W/GmsStrictMode(9130): at com.android.internal.os.ZygoteInit.main(ZygoteInit.java:936) >11-08 00:01:29.206:
W/GmsStrictMode(9130): DISK_READ [CONTEXT service_id=256 ] >11-08 00:01:29.206:
W/GmsStrictMode(9130): android.os.strictmode.DiskReadViolation >11-08 00:01:29.206:
W/GmsStrictMode(9130): at android.os.StrictMode$AndroidBlockGuardPolicy.onReadFromDisk(StrictMode.java:1658) >11-08 00:01:29.206:
W/GmsStrictMode(9130): at libcore.io.BlockGuardOs.access(BlockGuardOs.java:74) >11-08 00:01:29.206:
W/GmsStrictMode(9130): at libcore.io.ForwardingOs.access(ForwardingOs.java:128) >11-08 00:01:29.206:
W/GmsStrictMode(9130): at android.app.ActivityThread$AndroidOs.access(ActivityThread.java:7749) >11-08 00:01:29.206:
W/GmsStrictMode(9130): at java.io.UnixFileSystem.checkAccess(UnixFileSystem.java:281) >11-08 00:01:29.206:
W/GmsStrictMode(9130): at java.io.File.exists(File.java:813) >11-08 00:01:29.206:
W/GmsStrictMode(9130): at android.app.ContextImpl.ensurePrivateDirExists(ContextImpl.java:759) >11-08 00:01:29.206:
W/GmsStrictMode(9130): at android.app.ContextImpl.ensurePrivateDirExists(ContextImpl.java:750) >11-08 00:01:29.206:
W/GmsStrictMode(9130): at android.app.ContextImpl.getFilesDir(ContextImpl.java:795) >11-08 00:01:29.206:
W/GmsStrictMode(9130): at android.content.ContextWrapper.getFilesDir(ContextWrapper.java:282) >11-08 00:01:29.206:
