D/PrefCtrlListHelper(1237): Could not find Context-only controller for pref: com.android.settings.deviceinfo.imei.ImeiInfoPreferenceController >11-08 00:01:28.007:
D/PrefCtrlListHelper(1237): Could not find Context-only controller for pref: com.android.settings.deviceinfo.firmwareversion.FirmwareVersionPreferenceController >11-08 00:01:28.007:
D/PrefCtrlListHelper(1237): Could not find Context-only controller for pref: com.android.settings.deviceinfo.BuildNumberPreferenceController >11-08 00:01:28.010:
I/MediaProvider(1641): End Intent { act=android.intent.action.LOCALE_CHANGED flg=0x1200810 cmp=com.google.android.providers.media.module/com.android.providers.media.MediaService } >11-08 00:01:28.013:
I/BistoHotwordHelper(1539): (REDACTED) setSodaUsed: prev: %b, new: %b >11-08 00:01:28.014:
I/Auth(5457): [AddAccountOperation] Add account completed successfully [CONTEXT service_id=153 ] >11-08 00:01:28.016:
W/ChimeraUtils(5457): Module com.google.android.gms.nearby_en missing resource null(0) >11-08 00:01:28.018:
V/SettingsSearchProvider(1237): com.android.settings.accessibility.ToggleReduceBrightColorsPreferenceFragment$1@715b0c0 tried to add an empty non-indexable key >11-08 00:01:28.018:
D/PrefCtrlListHelper(1237): Could not find Context-only controller for pref: com.android.settings.applications.specialaccess.deviceadmin.DeviceAdminListPreferenceController >11-08 00:01:28.018:
V/SettingsSearchProvider(1237): com.android.settings.biometrics.combination.CombinedBiometricSearchIndexProvider@b8b356b tried to add an empty non-indexable key >11-08 00:01:28.018:
D/PrefCtrlListHelper(1237): Could not find Context-only controller for pref: com.android.settings.deviceinfo.legal.CopyrightPreferenceController >11-08 00:01:28.018:
D/PrefCtrlListHelper(1237): Could not find Context-only controller for pref: com.android.settings.deviceinfo.legal.LicensePreferenceController >11-08 00:01:28.018:
D/PrefCtrlListHelper(1237): Could not find Context-only controller for pref: com.android.settings.deviceinfo.legal.TermsPreferenceController >11-08 00:01:28.018:
D/PrefCtrlListHelper(1237): Could not find Context-only controller for pref: com.android.settings.deviceinfo.legal.ModuleLicensesListPreferenceController >11-08 00:01:28.018:
D/PrefCtrlListHelper(1237): Could not find Context-only controller for pref: com.android.settings.deviceinfo.legal.WebViewLicensePreferenceController >11-08 00:01:28.018:
D/PrefCtrlListHelper(1237): Could not find Context-only controller for pref: com.android.settings.deviceinfo.legal.WallpaperAttributionsPreferenceController >11-08 00:01:28.024:
D/PrefCtrlListHelper(1237): Could not find Context-only controller for pref: com.android.settings.applications.DefaultAppsPreferenceController >11-08 00:01:28.024:
D/PrefCtrlListHelper(1237): Could not find Context-only controller for pref: com.android.settings.applications.HibernatedAppsPreferenceController >11-08 00:01:28.024:
D/PrefCtrlListHelper(1237): Could not find Context-only controller for pref: com.android.settings.applications.AppBatteryUsagePreferenceController >11-08 00:01:28.024:
D/PrefCtrlListHelper(1237): Could not find Context-only controller for pref: com.android.settings.applications.SpecialAppAccessPreferenceController >11-08 00:01:28.025:
I/AddAccountOperation(8860): Succeeded. >11-08 00:01:28.026:
D/CompatibilityChangeReporter(577): Compat change id reported: 201794303; UID 10175; state: DISABLED >11-08 00:01:28.030:
D/CompatibilityChangeReporter(7166): Compat change id reported: 150939131; UID 10126; state: ENABLED >11-08 00:01:28.031:
D/CompatibilityChangeReporter(7049): Compat change id reported: 150939131; UID 10136; state: ENABLED >11-08 00:01:28.036:
D/PrefCtrlListHelper(1237): Could not find Context-only controller for pref: com.android.settings.accessibility.SelectLongPressTimeoutPreferenceController >11-08 00:01:28.036:
D/PrefCtrlListHelper(1237): Could not find Context-only controller for pref: com.android.settings.accessibility.AccessibilityTimeoutPreferenceController >11-08 00:01:28.036:
D/PrefCtrlListHelper(1237): Could not find Context-only controller for pref: com.android.settings.accessibility.AutoclickPreferenceController >11-08 00:01:28.037:
D/PrefCtrlListHelper(1237): Could not find Context-only controller for pref: com.android.settings.biometrics.face.FaceSettingsLockscreenBypassPreferenceController >11-08 00:01:28.037:
D/PrefCtrlListHelper(1237): Could not find Context-only controller for pref: com.android.settings.users.AddUserWhenLockedPreferenceController >11-08 00:01:28.037:
D/PrefCtrlListHelper(1237): Could not find Context-only controller for pref: com.android.settings.gestures.TapScreenGesturePreferenceController >11-08 00:01:28.037:
D/PrefCtrlListHelper(1237): Could not find Context-only controller for pref: com.android.settings.network.NetworkMobileProviderController >11-08 00:01:28.037:
D/PrefCtrlListHelper(1237): Could not find Context-only controller for pref: com.android.settings.display.WalletPrivacyPreferenceController >11-08 00:01:28.037:
D/PrefCtrlListHelper(1237): Could not find Context-only controller for pref: com.android.settings.display.ControlsPrivacyPreferenceController >11-08 00:01:28.037:
D/PrefCtrlListHelper(1237): Could not find Context-only controller for pref: com.android.settings.display.ControlsTrivialPrivacyPreferenceController >11-08 00:01:28.037:
D/PrefCtrlListHelper(1237): Could not find Context-only controller for pref: com.android.settings.display.LockscreenClockPreferenceController >11-08 00:01:28.037:
D/PrefCtrlListHelper(1237): Could not find Context-only controller for pref: com.android.settings.display.AmbientDisplayWhenToShowPreferenceController >11-08 00:01:28.038:
D/PrefCtrlListHelper(1237): Could not find Context-only controller for pref: com.android.settings.display.AmbientDisplayAlwaysOnPreferenceController >11-08 00:01:28.038:
D/PrefCtrlListHelper(1237): Could not find Context-only controller for pref: com.android.settings.gestures.TapScreenGesturePreferenceController >11-08 00:01:28.038:
D/PrefCtrlListHelper(1237): Could not find Context-only controller for pref: com.android.settings.gestures.DoubleTapScreenPreferenceController >11-08 00:01:28.038:
D/PrefCtrlListHelper(1237): Could not find Context-only controller for pref: com.android.settings.gestures.PickupGesturePreferenceController >11-08 00:01:28.038:
D/PrefCtrlListHelper(1237): Could not find Context-only controller for pref: com.android.settings.display.AmbientDisplayNotificationsPreferenceController >11-08 00:01:28.038:
W/PrefControllerMixin(1237): Skipping updateNonIndexableKeys due to empty key com.android.settings.notification.LockScreenNotificationPreferenceController@9bb4df5 >11-08 00:01:28.039:
W/SettingsPrefController(1237): Skipping updateNonIndexableKeys, key already in list. com.android.settings.biometrics.face.FaceSettingsLockscreenBypassPreferenceController@6ff078a >11-08 00:01:28.040:
W/SettingsPrefController(1237): Skipping updateNonIndexableKeys, key already in list. com.android.settings.gestures.TapScreenGesturePreferenceController@d9e71fb >11-08 00:01:28.040:
W/SettingsPrefController(1237): Skipping updateNonIndexableKeys, key already in list. com.android.settings.gestures.DoubleTapScreenPreferenceController@6533218 >11-08 00:01:28.040:
W/SettingsPrefController(1237): Skipping updateNonIndexableKeys, key already in list. com.android.settings.gestures.PickupGesturePreferenceController@13fd471 >11-08 00:01:28.044:
E/SystemServiceRegistry(1237): No service published for: ethernet >11-08 00:01:28.044:
E/SystemServiceRegistry(1237): android.os.ServiceManager$ServiceNotFoundException: No service published for: ethernet >11-08 00:01:28.044:
E/SystemServiceRegistry(1237): at android.os.ServiceManager.getServiceOrThrow(ServiceManager.java:166) >11-08 00:01:28.044:
E/SystemServiceRegistry(1237): at android.app.SystemServiceRegistry$137.createService(SystemServiceRegistry.java:1825) >11-08 00:01:28.044:
E/SystemServiceRegistry(1237): at android.app.SystemServiceRegistry$CachedServiceFetcher.getService(SystemServiceRegistry.java:1924) >11-08 00:01:28.044:
E/SystemServiceRegistry(1237): at android.app.SystemServiceRegistry.getSystemService(SystemServiceRegistry.java:1601) >11-08 00:01:28.044:
E/SystemServiceRegistry(1237): at android.app.ContextImpl.getSystemService(ContextImpl.java:2120) >11-08 00:01:28.044:
E/SystemServiceRegistry(1237): at android.content.ContextWrapper.getSystemService(ContextWrapper.java:900) >11-08 00:01:28.044:
E/SystemServiceRegistry(1237): at android.content.Context.getSystemService(Context.java:4158) >11-08 00:01:28.044:
E/SystemServiceRegistry(1237): at com.android.settings.TetherSettings$2.getNonIndexableKeys(TetherSettings.java:608) >11-08 00:01:28.044:
E/SystemServiceRegistry(1237): at com.android.settings.search.SettingsSearchIndexablesProvider.getNonIndexableKeysFromProvider(SettingsSearchIndexablesProvider.java:284) >11-08 00:01:28.044:
E/SystemServiceRegistry(1237): at com.android.settings.search.SettingsSearchIndexablesProvider.queryNonIndexableKeys(SettingsSearchIndexablesProvider.java:157) >11-08 00:01:28.044:
E/SystemServiceRegistry(1237): at android.provider.SearchIndexablesProvider.query(SearchIndexablesProvider.java:127) >11-08 00:01:28.044:
E/SystemServiceRegistry(1237): at android.content.ContentProvider.query(ContentProvider.java:1455) >11-08 00:01:28.044:
E/SystemServiceRegistry(1237): at android.content.ContentProvider.query(ContentProvider.java:1551) >11-08 00:01:28.044:
E/SystemServiceRegistry(1237): at android.content.ContentProvider$Transport.query(ContentProvider.java:285) >11-08 00:01:28.044:
E/SystemServiceRegistry(1237): at android.content.ContentProviderNative.onTransact(ContentProviderNative.java:107) >11-08 00:01:28.044:
E/SystemServiceRegistry(1237): at android.os.Binder.execTransactInternal(Binder.java:1280) >11-08 00:01:28.044:
E/SystemServiceRegistry(1237): at android.os.Binder.execTransact(Binder.java:1244) >11-08 00:01:28.045:
D/PrefCtrlListHelper(1237): Could not find Context-only controller for pref: com.android.settings.accessibility.ToggleAutoclickCustomSeekbarController >11-08 00:01:28.045:
D/PrefCtrlListHelper(1237): Could not find Context-only controller for pref: com.android.settings.accessibility.ToggleAutoclickFooterPreferenceController >11-08 00:01:28.045:
I/DropBoxManagerService(577): add tag=system_app_wtf isTagEnabled=true flags=0x2 >11-08 00:01:28.048:
D/nativeloader(8915): Configuring classloader-namespace for other apk /system_ext/framework/androidx.window.extensions.jar. target_sdk_version=33, uses_libraries=ALL, library_path=/product/app/GoogleTTS/lib/arm64:/product/app/GoogleTTS/GoogleTTS.apk!/lib/arm64-v8a, permitted_path=/data:/mnt/expand:/data/user/0/com.google.android.tts >11-08 00:01:28.049:
D/nativeloader(8915): Configuring classloader-namespace for other apk /system_ext/framework/androidx.window.sidecar.jar. target_sdk_version=33, uses_libraries=ALL, library_path=/product/app/GoogleTTS/lib/arm64:/product/app/GoogleTTS/GoogleTTS.apk!/lib/arm64-v8a, permitted_path=/data:/mnt/expand:/data/user/0/com.google.android.tts >11-08 00:01:28.050:
D/PrefCtrlListHelper(1237): Could not find Context-only controller for pref: com.android.settings.security.SecurityAdvancedSettingsController >11-08 00:01:28.050:
V/SettingsSearchProvider(1237): com.google.android.settings.aware.SilenceGestureSettings$1@d64fd32 tried to add an empty non-indexable key >11-08 00:01:28.050:
D/PrefCtrlListHelper(1237): Could not find Context-only controller for pref: com.android.settings.gestures.SystemNavigationPreferenceController >11-08 00:01:28.050:
D/PrefCtrlListHelper(1237): Could not find Context-only controller for pref: com.android.settings.gestures.OneHandedEnablePreferenceController >11-08 00:01:28.051:
D/PrefCtrlListHelper(1237): Could not find Context-only controller for pref: com.android.settings.accessibility.PowerButtonEndsCallPreferenceController >11-08 00:01:28.051:
D/PrefCtrlListHelper(1237): Could not find Context-only controller for pref: com.android.settings.accessibility.LockScreenRotationPreferenceController >11-08 00:01:28.051:
D/PrefCtrlListHelper(1237): Could not find Context-only controller for pref: com.android.settings.display.DeviceStateAutoRotateOverviewController >11-08 00:01:28.051:
W/SettingsPrefController(1237): Skipping updateNonIndexableKeys, key already in list. com.android.settings.gestures.OneHandedEnablePreferenceController@265162e >11-08 00:01:28.051:
D/PrefCtrlListHelper(1237): Could not find Context-only controller for pref: com.android.settings.display.darkmode.DarkModeActivationPreferenceController >11-08 00:01:28.052:
D/PrefCtrlListHelper(1237): Could not find Context-only controller for pref: com.android.settings.display.TwilightLocationPreferenceController >11-08 00:01:28.052:
D/PrefCtrlListHelper(1237): Could not find Context-only controller for pref: com.android.settings.display.darkmode.DarkModeScheduleSelectorController >11-08 00:01:28.052:
D/PrefCtrlListHelper(1237): Could not find Context-only controller for pref: com.android.settings.display.darkmode.DarkModeCustomBedtimePreferenceController >11-08 00:01:28.052:
W/SettingsPrefController(1237): Skipping updateNonIndexableKeys, key already in list. com.android.settings.display.darkmode.DarkModeCustomBedtimePreferenceController@93c9e65 >11-08 00:01:28.053:
D/PrefCtrlListHelper(1237): Could not find Context-only controller for pref: com.google.android.settings.fuelgauge.AdaptiveChargingPreferenceController >11-08 00:01:28.053:
D/PrefCtrlListHelper(1237): Could not find Context-only controller for pref: com.android.settings.accessibility.AccessibilityButtonPreferenceController >11-08 00:01:28.053:
D/PrefCtrlListHelper(1237): Could not find Context-only controller for pref: com.android.settings.accessibility.AccessibilityShortcutPreferenceController >11-08 00:01:28.054:
D/PrefCtrlListHelper(1237): Could not find Context-only controller for pref: com.android.settings.wifi.CellularFallbackPreferenceController >11-08 00:01:28.054:
D/PrefCtrlListHelper(1237): Could not find Context-only controller for pref: com.android.settings.privacy.WorkPolicyInfoPreferenceController >11-08 00:01:28.054:
D/PrefCtrlListHelper(1237): Could not find Context-only controller for pref: com.android.settings.applications.specialaccess.interactacrossprofiles.InteractAcrossProfilesController >11-08 00:01:28.054:
D/PrefCtrlListHelper(1237): Could not find Context-only controller for pref: com.android.settings.privacy.AccessibilityUsagePreferenceController >11-08 00:01:28.055:
D/PrefCtrlListHelper(1237): Could not find Context-only controller for pref: com.android.settings.notification.RemoteVolumeGroupController >11-08 00:01:28.055:
D/PrefCtrlListHelper(1237): Could not find Context-only controller for pref: com.android.settings.privacy.PrivacyHubPreferenceController >11-08 00:01:28.055:
D/nativeloader(8915): Configuring vendor-classloader-namespace for unbundled product apk /product/app/GoogleTTS/GoogleTTS.apk. target_sdk_version=33, uses_libraries=, library_path=/product/app/GoogleTTS/lib/arm64:/product/app/GoogleTTS/GoogleTTS.apk!/lib/arm64-v8a:/product/lib64:/system/product/lib64, permitted_path=/data:/mnt/expand:/data/user/0/com.google.android.tts:/product/lib64:/system/product/lib64 >11-08 00:01:28.055:
D/PrefCtrlListHelper(1237): Could not find Context-only controller for pref: com.android.settings.privacy.CameraToggleController >11-08 00:01:28.055:
D/PrefCtrlListHelper(1237): Could not find Context-only controller for pref: com.android.settings.privacy.MicToggleController >11-08 00:01:28.055:
D/PrefCtrlListHelper(1237): Could not find Context-only controller for pref: com.android.settings.sound.MediaControlsLockScreenPreferenceController >11-08 00:01:28.055:
D/PrefCtrlListHelper(1237): Could not find Context-only controller for pref: com.android.settings.privacy.EnableContentCapturePreferenceController >11-08 00:01:28.055:
D/PrefCtrlListHelper(1237): Could not find Context-only controller for pref: com.android.settings.privacy.EnableContentCaptureWithServiceSettingsPreferenceController >11-08 00:01:28.056:
I/Fitness(5457): OnPackageChangedOperation got intent: Intent { act=android.intent.action.PACKAGE_CHANGED dat=package: flg=0x45000010 pkg=com.google.android.gms cmp=com.google.android.gms/.chimera.PersistentIntentOperationService (has extras) } [CONTEXT service_id=17 ] >11-08 00:01:28.061:
W/LocalMediaManager(1237): BluetoothAdapter is null or muting expected device not exist >11-08 00:01:28.061:
D/PrefCtrlListHelper(1237): Could not find Context-only controller for pref: com.android.settings.sound.MediaOutputPreferenceController >11-08 00:01:28.061:
V/WifiManager(1237): registerSoftApCallback: callback=com.android.settings.wifi.tether.WifiTetherSecurityPreferenceController@419351d, executor=android.os.HandlerExecutor@72a4e25 >11-08 00:01:28.061:
V/GraphicsEnvironment(8915): ANGLE Developer option for 'com.google.android.tts' set to: 'default' >11-08 00:01:28.061:
V/GraphicsEnvironment(8915): ANGLE GameManagerService for com.google.android.tts: false >11-08 00:01:28.061:
V/GraphicsEnvironment(8915): Neither updatable production driver nor prerelease driver is supported. >11-08 00:01:28.062:
W/A(5854): (REDACTED) [%s] response code: %d >11-08 00:01:28.063:
D/NetworkSecurityConfig(8915): No Network Security Config specified, using platform default >11-08 00:01:28.063:
D/NetworkSecurityConfig(8915): No Network Security Config specified, using platform default >11-08 00:01:28.064:
D/PrefCtrlListHelper(1237): Could not find Context-only controller for pref: com.android.settings.notification.CallVolumePreferenceController >11-08 00:01:28.064:
D/PrefCtrlListHelper(1237): Could not find Context-only controller for pref: com.android.settings.sound.HandsFreeProfileOutputPreferenceController >11-08 00:01:28.064:
I/A(5854): getLocaleToModelSpecsMap >11-08 00:01:28.064:
I/A(5854): Using proto config with mendel >11-08 00:01:28.065:
I/A(5854): getLocaleToModelSpecsMap >11-08 00:01:28.065:
I/A(5854): Using proto config with mendel >11-08 00:01:28.065:
I/A(5854): (REDACTED) Skipping. Expected model: %s Found: %s >11-08 00:01:28.065:
I/A(5854): (REDACTED) Skipping. Expected model: %s Found: %s >11-08 00:01:28.065:
I/A(5854): (REDACTED) Skipping. Expected model: %s Found: %s >11-08 00:01:28.065:
I/A(5854): (REDACTED) Adding from config to map. Locale: %s modelPrefix: %s Location:%s isSpeakerIdSupported: %b >11-08 00:01:28.065:
I/A(5854): (REDACTED) Skipping. Expected model: %s Found: %s >11-08 00:01:28.065:
I/A(5854): getLocaleToModelSpecsMap >11-08 00:01:28.065:
I/A(5854): Using proto config with mendel >11-08 00:01:28.065:
I/A(5854): getLocaleToModelSpecsMap >11-08 00:01:28.065:
I/A(5854): Using proto config with mendel >11-08 00:01:28.065:
I/A(5854): (REDACTED) Skipping. Expected model: %s Found: %s >11-08 00:01:28.065:
I/A(5854): (REDACTED) Skipping. Expected model: %s Found: %s >11-08 00:01:28.065:
I/A(5854): (REDACTED) Skipping. Expected model: %s Found: %s >11-08 00:01:28.065:
I/A(5854): (REDACTED) Adding from config to map. Locale: %s modelPrefix: %s Location:%s isSpeakerIdSupported: %b >11-08 00:01:28.065:
I/A(5854): (REDACTED) Skipping. Expected model: %s Found: %s >11-08 00:01:28.065:
I/A(5854): (REDACTED) hasHotwordEverywhere-%b >11-08 00:01:28.065:
I/A(5854): getLocaleToModelSpecsMap >11-08 00:01:28.065:
I/A(5854): Using proto config with mendel >11-08 00:01:28.065:
I/A(5854): getLocaleToModelSpecsMap >11-08 00:01:28.065:
I/A(5854): Using proto config with mendel >11-08 00:01:28.065:
I/A(5854): (REDACTED) Skipping. Expected model: %s Found: %s >11-08 00:01:28.065:
I/A(5854): (REDACTED) Skipping. Expected model: %s Found: %s >11-08 00:01:28.065:
I/A(5854): (REDACTED) Skipping. Expected model: %s Found: %s >11-08 00:01:28.065:
I/A(5854): (REDACTED) Adding from config to map. Locale: %s modelPrefix: %s Location:%s isSpeakerIdSupported: %b >11-08 00:01:28.065:
I/A(5854): (REDACTED) Skipping. Expected model: %s Found: %s >11-08 00:01:28.065:
I/A(5854): getLocaleToModelSpecsMap >11-08 00:01:28.065:
I/A(5854): Using proto config with mendel >11-08 00:01:28.066:
E/MicroModelsUtil(5854): (REDACTED) Hotword file group is null with group name: %s, locale: %s >11-08 00:01:28.066:
I/A(5854): getLocaleToModelSpecsMap >11-08 00:01:28.066:
I/A(5854): Using proto config with mendel >11-08 00:01:28.066:
I/HotwordService(5854): (REDACTED) Model ID: %s >11-08 00:01:28.066:
D/WifiTetherMaximizeCompatibilityPref(1237): getBand:1 >11-08 00:01:28.066:
I/HotwordService(5854): (REDACTED) hotwordModelLocation is null %b, locale is %s, re-mapped Chinese locale %s >11-08 00:01:28.066:
I/A(5854): getLocaleToModelSpecsMap >11-08 00:01:28.066:
I/A(5854): Using proto config with mendel >11-08 00:01:28.066:
I/A(5854): getLocaleToModelSpecsMap >11-08 00:01:28.066:
I/A(5854): Using proto config with mendel >11-08 00:01:28.066:
I/A(5854): (REDACTED) Skipping. Expected model: %s Found: %s >11-08 00:01:28.066:
I/A(5854): (REDACTED) Skipping. Expected model: %s Found: %s >11-08 00:01:28.066:
I/A(5854): (REDACTED) Skipping. Expected model: %s Found: %s >11-08 00:01:28.066:
I/A(5854): (REDACTED) Adding from config to map. Locale: %s modelPrefix: %s Location:%s isSpeakerIdSupported: %b >11-08 00:01:28.066:
I/A(5854): (REDACTED) Skipping. Expected model: %s Found: %s >11-08 00:01:28.066:
I/A(5854): getLocaleToModelSpecsMap >11-08 00:01:28.066:
I/A(5854): Using proto config with mendel >11-08 00:01:28.067:
I/A(5854): getLocaleToModelSpecsMap >11-08 00:01:28.067:
I/A(5854): Using proto config with mendel >11-08 00:01:28.067:
I/A(5854): (REDACTED) Skipping. Expected model: %s Found: %s >11-08 00:01:28.067:
I/A(5854): (REDACTED) Skipping. Expected model: %s Found: %s >11-08 00:01:28.067:
I/A(5854): (REDACTED) Skipping. Expected model: %s Found: %s >11-08 00:01:28.067:
I/A(5854): (REDACTED) Adding from config to map. Locale: %s modelPrefix: %s Location:%s isSpeakerIdSupported: %b >11-08 00:01:28.067:
I/A(5854): (REDACTED) Skipping. Expected model: %s Found: %s >11-08 00:01:28.067:
V/WifiManager(1237): SoftApCallbackProxy on mode 1, send InfoChanged, newInfo: SoftApInfo{bandwidth= 0, frequency= 0, wifiStandard= 0, mApInstanceIdentifier= null, mIdleShutdownTimeoutMillis= 0} >11-08 00:01:28.067:
V/WifiManager(1237): SoftApCallbackProxy on mode 1, send InfoChanged, changedInfoList: [] >11-08 00:01:28.067:
V/WifiManager(1237): SoftApCallbackProxy on mode 1, send onConnectedClientsChanged(clients): [] >11-08 00:01:28.067:
I/wifi_tether_security(1237): WPA3 SAE is not supported on this device >11-08 00:01:28.067:
V/WifiManager(1237): unregisterSoftApCallback: callback=com.android.settings.wifi.tether.WifiTetherSecurityPreferenceController@419351d >11-08 00:01:28.067:
D/PrefCtrlListHelper(1237): Could not find Context-only controller for pref: com.android.settings.gestures.AssistGestureSettingsPreferenceController >11-08 00:01:28.067:
D/AssistGesture(1237): mAssistOnly:false, isSupported:false, isSensorAvailable:false >11-08 00:01:28.067:
D/PrefCtrlListHelper(1237): Could not find Context-only controller for pref: com.android.settings.location.RecentLocationAccessSeeAllPreferenceController >11-08 00:01:28.068:
E/GsaVoiceInteractionSrv(1539): (REDACTED) modelLocation is null: %b isAlwaysOnEnabled is false: %b isFromAnyScreenEnabled is false: %b >11-08 00:01:28.068:
I/BistoHotwordHelper(1539): (REDACTED) getHotwordActive::active query: %s, watch: %s, devices connected: %s >11-08 00:01:28.068:
I/GsaVoiceInteractionSrv(1539): #checkDspStatus >11-08 00:01:28.068:
I/BistoHotwordHelper(1539): (REDACTED) setting speaker id present: %b >11-08 00:01:28.068:
I/BistoHotwordHelper(1539): (REDACTED) setting hotword model of size: %d bytes >11-08 00:01:28.068:
I/BistoHotwordHelper(1539): (REDACTED) setting modeltype: %s >11-08 00:01:28.068:
I/BistoHotwordHelper(1539): (REDACTED) setHotwordVoiceLocale: prev: %s, new: %s >11-08 00:01:28.068:
I/BistoHotwordHelper(1539): (REDACTED) setSodaUsed: prev: %b, new: %b >11-08 00:01:28.068:
D/PrefCtrlListHelper(1237): Could not find Context-only controller for pref: com.android.settings.notification.zen.ZenModePreferenceController >11-08 00:01:28.068:
D/PrefCtrlListHelper(1237): Could not find Context-only controller for pref: com.android.settings.notification.SpatialAudioParentPreferenceController >11-08 00:01:28.068:
D/PrefCtrlListHelper(1237): Could not find Context-only controller for pref: com.android.settings.sound.MediaControlsParentPreferenceController >11-08 00:01:28.068:
D/PrefCtrlListHelper(1237): Could not find Context-only controller for pref: com.android.settings.accessibility.VibrationPreferenceController >11-08 00:01:28.068:
D/PrefCtrlListHelper(1237): Could not find Context-only controller for pref: com.android.settings.gestures.PreventRingingParentPreferenceController >11-08 00:01:28.068:
D/PrefCtrlListHelper(1237): Could not find Context-only controller for pref: com.google.android.settings.notification.ClearCallingPreferenceController >11-08 00:01:28.068:
D/PrefCtrlListHelper(1237): Could not find Context-only controller for pref: com.android.settings.notification.WorkSoundsPreferenceController >11-08 00:01:28.070:
D/PrefCtrlListHelper(1237): Could not find Context-only controller for pref: com.android.settings.location.LocationInjectedServicesForWorkPreferenceController >11-08 00:01:28.070:
D/PrefCtrlListHelper(1237): Could not find Context-only controller for pref: com.android.settings.datausage.UnrestrictedDataAccessPreferenceController >11-08 00:01:28.070:
D/PrefCtrlListHelper(1237): Could not find Context-only controller for pref: com.android.settings.accessibility.TextReadingFragmentForA11ySettingsController >11-08 00:01:28.070:
D/PrefCtrlListHelper(1237): Could not find Context-only controller for pref: com.android.settings.accessibility.ReduceBrightColorsPreferenceController >11-08 00:01:28.070:
D/PrefCtrlListHelper(1237): Could not find Context-only controller for pref: com.android.settings.accessibility.MagnificationPreferenceController >11-08 00:01:28.070:
D/PrefCtrlListHelper(1237): Could not find Context-only controller for pref: com.android.settings.accessibility.VibrationPreferenceController >11-08 00:01:28.070:
D/PrefCtrlListHelper(1237): Could not find Context-only controller for pref: com.android.settings.accessibility.LiveCaptionPreferenceController >11-08 00:01:28.070:
D/PrefCtrlListHelper(1237): Could not find Context-only controller for pref: com.android.settings.accessibility.CaptioningPreferenceController >11-08 00:01:28.070:
D/PrefCtrlListHelper(1237): Could not find Context-only controller for pref: com.android.settings.accessibility.RTTSettingPreferenceController >11-08 00:01:28.070:
D/RTTSettingsCtr(1237): init controller >11-08 00:01:28.070:
D/PrefCtrlListHelper(1237): Could not find Context-only controller for pref: com.android.settings.accessibility.AudioDescriptionPreferenceController >11-08 00:01:28.070:
D/PrefCtrlListHelper(1237): Could not find Context-only controller for pref: com.android.settings.accessibility.AccessibilityHearingAidPreferenceController >11-08 00:01:28.070:
D/PrefCtrlListHelper(1237): Could not find Context-only controller for pref: com.android.settings.language.TtsPreferenceController >11-08 00:01:28.070:
D/PrefCtrlListHelper(1237): Could not find Context-only controller for pref: com.android.settings.bluetooth.BluetoothDeviceRenamePreferenceController >11-08 00:01:28.070:
D/PrefCtrlListHelper(1237): Could not find Context-only controller for pref: com.android.settings.connecteddevice.AddDevicePreferenceController >11-08 00:01:28.070:
D/PrefCtrlListHelper(1237): Could not find Context-only controller for pref: com.android.settings.inputmethod.UserDictionaryListPreferenceController >11-08 00:01:28.071:
V/SettingsSearchProvider(1237): com.android.settings.security.ScreenPinningSettings$2@f7c046c tried to add an empty non-indexable key >11-08 00:01:28.071:
D/PrefCtrlListHelper(1237): Could not find Context-only controller for pref: com.android.settings.gestures.AssistGestureSettingsPreferenceController >11-08 00:01:28.071:
D/AssistGesture(1237): mAssistOnly:false, isSupported:false, isSensorAvailable:false >11-08 00:01:28.071:
D/PrefCtrlListHelper(1237): Could not find Context-only controller for pref: com.android.settings.gestures.SwipeToNotificationPreferenceController >11-08 00:01:28.071:
D/PrefCtrlListHelper(1237): Could not find Context-only controller for pref: com.android.settings.gestures.DoubleTapPowerPreferenceController >11-08 00:01:28.071:
D/PrefCtrlListHelper(1237): Could not find Context-only controller for pref: com.android.settings.gestures.DoubleTwistPreferenceController >11-08 00:01:28.071:
D/PrefCtrlListHelper(1237): Could not find Context-only controller for pref: com.android.settings.gestures.SystemNavigationPreferenceController >11-08 00:01:28.071:
D/PrefCtrlListHelper(1237): Could not find Context-only controller for pref: com.android.settings.gestures.OneHandedEnablePreferenceController >11-08 00:01:28.071:
D/PrefCtrlListHelper(1237): Could not find Context-only controller for pref: com.android.settings.gestures.TapScreenGesturePreferenceController >11-08 00:01:28.071:
D/PrefCtrlListHelper(1237): Could not find Context-only controller for pref: com.android.settings.gestures.DoubleTapScreenPreferenceController >11-08 00:01:28.071:
D/PrefCtrlListHelper(1237): Could not find Context-only controller for pref: com.android.settings.gestures.PickupGesturePreferenceController >11-08 00:01:28.071:
D/PrefCtrlListHelper(1237): Could not find Context-only controller for pref: com.android.settings.gestures.PowerMenuPreferenceController >11-08 00:01:28.071:
D/PrefCtrlListHelper(1237): Could not find Context-only controller for pref: com.android.settings.gestures.PreventRingingParentPreferenceController >11-08 00:01:28.071:
D/AssistGesture(1237): mAssistOnly:false, isSupported:false, isSensorAvailable:false >11-08 00:01:28.072:
W/SettingsPrefController(1237): Skipping updateNonIndexableKeys, key already in list. com.android.settings.gestures.SwipeToNotificationPreferenceController@d6573b6 >11-08 00:01:28.072:
W/SettingsPrefController(1237): Skipping updateNonIndexableKeys, key already in list. com.android.settings.gestures.DoubleTwistPreferenceController@237e8b7 >11-08 00:01:28.073:
W/SettingsPrefController(1237): Skipping updateNonIndexableKeys, key already in list. com.android.settings.gestures.TapScreenGesturePreferenceController@f400824 >11-08 00:01:28.073:
W/SettingsPrefController(1237): Skipping updateNonIndexableKeys, key already in list. com.android.settings.gestures.DoubleTapScreenPreferenceController@969f8d >11-08 00:01:28.073:
W/SettingsPrefController(1237): Skipping updateNonIndexableKeys, key already in list. com.android.settings.gestures.PickupGesturePreferenceController@8cd1542 >11-08 00:01:28.073:
D/PrefCtrlListHelper(1237): Could not find Context-only controller for pref: com.android.settings.accessibility.CaptionFooterPreferenceController >11-08 00:01:28.073:
D/PrefCtrlListHelper(1237): Could not find Context-only controller for pref: com.android.settings.accessibility.AccessibilityControlTimeoutFooterPreferenceController >11-08 00:01:28.073:
D/FaceSettings(1237): FaceManager is null >11-08 00:01:28.073:
D/FaceSettings(1237): FaceManager is null >11-08 00:01:28.073:
D/FaceSettings(1237): Get non indexable keys. isFaceHardwareDetected: false, size:12 >11-08 00:01:28.073:
V/SettingsSearchProvider(1237): com.android.settings.biometrics.face.FaceSettings$1@5a71fbe tried to add an empty non-indexable key >11-08 00:01:28.073:
D/PrefCtrlListHelper(1237): Could not find Context-only controller for pref: com.android.settings.connecteddevice.NfcAndPaymentFragmentController >11-08 00:01:28.074:
D/PrefCtrlListHelper(1237): Could not find Context-only controller for pref: com.android.settings.wfd.WifiDisplayPreferenceController >11-08 00:01:28.074:
D/PrefCtrlListHelper(1237): Could not find Context-only controller for pref: com.android.settings.nfc.AndroidBeamPreferenceController >11-08 00:01:28.074:
D/PrefCtrlListHelper(1237): Could not find Context-only controller for pref: com.android.settings.uwb.UwbPreferenceController >11-08 00:01:28.074:
W/SettingsPrefController(1237): Skipping updateNonIndexableKeys, key already in list. com.android.settings.connecteddevice.NfcAndPaymentFragmentController@53d3345 >11-08 00:01:28.074:
D/PrefCtrlListHelper(1237): Could not find Context-only controller for pref: com.android.settings.location.LocationInjectedServicesPreferenceController >11-08 00:01:28.074:
D/PrefCtrlListHelper(1237): Could not find Context-only controller for pref: com.android.settings.location.LocationServicesWifiScanningPreferenceController >11-08 00:01:28.074:
D/PrefCtrlListHelper(1237): Could not find Context-only controller for pref: com.android.settings.location.LocationServicesBluetoothScanningPreferenceController >11-08 00:01:28.075:
V/SettingsSearchProvider(1237): com.android.settings.development.WirelessDebuggingFragment$2@4e71f9f tried to add an empty non-indexable key >11-08 00:01:28.075:
D/PrefCtrlListHelper(1237): Could not find Context-only controller for pref: com.android.settings.notification.ConversationListSummaryPreferenceController >11-08 00:01:28.075:
D/PrefCtrlListHelper(1237): Could not find Context-only controller for pref: com.android.settings.notification.BubbleSummaryNotificationPreferenceController >11-08 00:01:28.075:
D/PrefCtrlListHelper(1237): Could not find Context-only controller for pref: com.android.settings.applications.specialaccess.notificationaccess.NotificationAccessController >11-08 00:01:28.075:
D/PrefCtrlListHelper(1237): Could not find Context-only controller for pref: com.android.settings.notification.RedactNotificationPreferenceController >11-08 00:01:28.075:
D/PrefCtrlListHelper(1237): Could not find Context-only controller for pref: com.android.settings.notification.RedactNotificationPreferenceController >11-08 00:01:28.075:
D/PrefCtrlListHelper(1237): Could not find Context-only controller for pref: com.android.settings.biometrics.face.FaceSettingsLockscreenBypassPreferenceController >11-08 00:01:28.075:
D/PrefCtrlListHelper(1237): Could not find Context-only controller for pref: com.android.settings.notification.zen.ZenModePreferenceController >11-08 00:01:28.075:
W/SessionLifecycleManager(5854): (REDACTED) Client : %s has no associated SessionController >11-08 00:01:28.075:
D/PrefCtrlListHelper(1237): Could not find Context-only controller for pref: com.android.settings.notification.SnoozeNotificationPreferenceController >11-08 00:01:28.075:
D/PrefCtrlListHelper(1237): Could not find Context-only controller for pref: com.android.settings.notification.BadgingNotificationPreferenceController >11-08 00:01:28.075:
D/PrefCtrlListHelper(1237): Could not find Context-only controller for pref: com.android.settings.notification.PulseNotificationPreferenceController >11-08 00:01:28.075:
W/SearchServiceCore(5854): Abort, client detached. >11-08 00:01:28.075:
W/SearchServiceCore(5854): Abort, client detached. >11-08 00:01:28.075:
W/SearchServiceCore(5854): Abort, client detached. >11-08 00:01:28.075:
W/SearchServiceCore(5854): Abort, client detached. >11-08 00:01:28.076:
W/SearchServiceCore(5854): Abort, client detached. >11-08 00:01:28.076:
W/SearchServiceCore(5854): Abort, client detached. >11-08 00:01:28.076:
W/SearchServiceCore(5854): Abort, client detached. >11-08 00:01:28.076:
W/SettingsPrefController(1237): Skipping updateNonIndexableKeys, key already in list. com.android.settings.biometrics.face.FaceSettingsLockscreenBypassPreferenceController@582bec1 >11-08 00:01:28.077:
D/PrefCtrlListHelper(1237): Could not find Context-only controller for pref: com.google.android.settings.fuelgauge.reversecharging.ReverseChargingSwitchPreferenceController >11-08 00:01:28.077:
D/PrefCtrlListHelper(1237): Could not find Context-only controller for pref: com.google.android.settings.fuelgauge.reversecharging.ReverseChargingTopIntroController >11-08 00:01:28.077:
D/PrefCtrlListHelper(1237): Could not find Context-only controller for pref: com.google.android.settings.fuelgauge.reversecharging.ReverseChargingSeekBarController >11-08 00:01:28.077:
D/PrefCtrlListHelper(1237): Could not find Context-only controller for pref: com.google.android.settings.fuelgauge.reversecharging.ReverseChargingAutoTurnOnSwitchPreferenceController >11-08 00:01:28.077:
D/PrefCtrlListHelper(1237): Could not find Context-only controller for pref: com.android.settings.widget.VideoPreferenceController >11-08 00:01:28.077:
D/PrefCtrlListHelper(1237): Could not find Context-only controller for pref: com.android.settings.gestures.DoubleTapScreenPreferenceController >11-08 00:01:28.077:
D/PrefCtrlListHelper(1237): Could not find Context-only controller for pref: com.android.settings.deviceinfo.firmwareversion.FirmwareVersionDetailPreferenceController >11-08 00:01:28.077:
D/PrefCtrlListHelper(1237): Could not find Context-only controller for pref: com.android.settings.deviceinfo.firmwareversion.SecurityPatchLevelPreferenceController >11-08 00:01:28.078:
D/PrefCtrlListHelper(1237): Could not find Context-only controller for pref: com.android.settings.deviceinfo.firmwareversion.MainlineModuleVersionPreferenceController >11-08 00:01:28.078:
D/PrefCtrlListHelper(1237): Could not find Context-only controller for pref: com.android.settings.deviceinfo.firmwareversion.BasebandVersionPreferenceController >11-08 00:01:28.078:
D/PrefCtrlListHelper(1237): Could not find Context-only controller for pref: com.android.settings.deviceinfo.firmwareversion.KernelVersionPreferenceController >11-08 00:01:28.078:
D/PrefCtrlListHelper(1237): Could not find Context-only controller for pref: com.android.settings.deviceinfo.firmwareversion.SimpleBuildNumberPreferenceController >11-08 00:01:28.078:
V/SettingsSearchProvider(1237): com.google.android.settings.gestures.columbus.ColumbusSettings$1@b678f85 tried to add an empty non-indexable key >11-08 00:01:28.078:
D/PrefCtrlListHelper(1237): Could not find Context-only controller for pref: com.android.settings.applications.specialaccess.notificationaccess.NotificationAccessScreenPreferenceController >11-08 00:01:28.078:
D/PrefCtrlListHelper(1237): Could not find Context-only controller for pref: com.android.settings.accessibility.CaptionAppearancePreferenceController >11-08 00:01:28.079:
D/PrefCtrlListHelper(1237): Could not find Context-only controller for pref: com.android.settings.accessibility.CaptionFooterPreferenceController >11-08 00:01:28.079:
D/PrefCtrlListHelper(1237): Could not find Context-only controller for pref: com.android.settings.applications.specialaccess.interactacrossprofiles.InteractAcrossProfilesController >11-08 00:01:28.079:
D/PrefCtrlListHelper(1237): Could not find Context-only controller for pref: com.android.settings.enterprise.ManageDeviceAdminPreferenceController >11-08 00:01:28.079:
D/PrefCtrlListHelper(1237): Could not find Context-only controller for pref: com.android.settings.applications.specialaccess.SystemAlertWindowPreferenceController >11-08 00:01:28.079:
D/PrefCtrlListHelper(1237): Could not find Context-only controller for pref: com.android.settings.applications.specialaccess.zenaccess.ZenAccessController >11-08 00:01:28.079:
D/PrefCtrlListHelper(1237): Could not find Context-only controller for pref: com.android.settings.applications.specialaccess.notificationaccess.NotificationAccessController >11-08 00:01:28.079:
D/PrefCtrlListHelper(1237): Could not find Context-only controller for pref: com.android.settings.applications.specialaccess.pictureinpicture.PictureInPictureController >11-08 00:01:28.079:
D/PrefCtrlListHelper(1237): Could not find Context-only controller for pref: com.android.settings.applications.specialaccess.premiumsms.PremiumSmsController >11-08 00:01:28.079:
D/PrefCtrlListHelper(1237): Could not find Context-only controller for pref: com.android.settings.applications.specialaccess.DataSaverController >11-08 00:01:28.080:
D/PrefCtrlListHelper(1237): Could not find Context-only controller for pref: com.android.settings.applications.specialaccess.vrlistener.EnabledVrListenersController >11-08 00:01:28.080:
D/PrefCtrlListHelper(1237): Could not find Context-only controller for pref: com.android.settings.applications.specialaccess.MoreSpecialAccessPreferenceController >11-08 00:01:28.080:
V/SettingsSearchProvider(1237): com.android.settings.accessibility.MagnificationPreferenceFragment$1@3a93af9 tried to add an empty non-indexable key >11-08 00:01:28.081:
D/PrefCtrlListHelper(1237): Could not find Context-only controller for pref: com.android.settings.network.telephony.MobileNetworkSwitchController >11-08 00:01:28.081:
D/PrefCtrlListHelper(1237): Could not find Context-only controller for pref: com.android.settings.network.telephony.DisabledSubscriptionController >11-08 00:01:28.081:
D/PrefCtrlListHelper(1237): Could not find Context-only controller for pref: com.android.settings.network.telephony.CallsDefaultSubscriptionController >11-08 00:01:28.081:
D/PrefCtrlListHelper(1237): Could not find Context-only controller for pref: com.android.settings.network.telephony.SmsDefaultSubscriptionController >11-08 00:01:28.081:
D/PrefCtrlListHelper(1237): Could not find Context-only controller for pref: com.android.settings.network.telephony.DataServiceSetupPreferenceController >11-08 00:01:28.081:
D/PrefCtrlListHelper(1237): Could not find Context-only controller for pref: com.android.settings.network.telephony.MobileDataPreferenceController >11-08 00:01:28.081:
D/PrefCtrlListHelper(1237): Could not find Context-only controller for pref: com.android.settings.network.telephony.RoamingPreferenceController >11-08 00:01:28.081:
D/PrefCtrlListHelper(1237): Could not find Context-only controller for pref: com.android.settings.network.telephony.DataUsagePreferenceController >11-08 00:01:28.081:
D/PrefCtrlListHelper(1237): Could not find Context-only controller for pref: com.android.settings.datausage.BillingCyclePreferenceController >11-08 00:01:28.081:
D/PrefCtrlListHelper(1237): Could not find Context-only controller for pref: com.android.settings.network.CarrierWifiTogglePreferenceController >11-08 00:01:28.081:
D/PrefCtrlListHelper(1237): Could not find Context-only controller for pref: com.android.settings.network.telephony.MmsMessagePreferenceController >11-08 00:01:28.081:
D/PrefCtrlListHelper(1237): Could not find Context-only controller for pref: com.android.settings.network.telephony.DataDuringCallsPreferenceController >11-08 00:01:28.081:
D/PrefCtrlListHelper(1237): Could not find Context-only controller for pref: com.android.settings.network.telephony.Enhanced4gLtePreferenceController >11-08 00:01:28.081:
D/PrefCtrlListHelper(1237): Could not find Context-only controller for pref: com.android.settings.network.telephony.Enhanced4gCallingPreferenceController >11-08 00:01:28.081:
D/PrefCtrlListHelper(1237): Could not find Context-only controller for pref: com.android.settings.network.telephony.Enhanced4gAdvancedCallingPreferenceController >11-08 00:01:28.081:
D/PrefCtrlListHelper(1237): Could not find Context-only controller for pref: com.android.settings.network.telephony.ContactDiscoveryPreferenceController >11-08 00:01:28.081:
D/PrefCtrlListHelper(1237): Could not find Context-only controller for pref: com.android.settings.network.telephony.PreferredNetworkModePreferenceController >11-08 00:01:28.081:
D/PrefCtrlListHelper(1237): Could not find Context-only controller for pref: com.android.settings.network.telephony.EnabledNetworkModePreferenceController >11-08 00:01:28.081:
D/PrefCtrlListHelper(1237): Could not find Context-only controller for pref: com.android.settings.network.telephony.CarrierSettingsVersionPreferenceController >11-08 00:01:28.081:
D/PrefCtrlListHelper(1237): Could not find Context-only controller for pref: com.android.settings.network.telephony.CallingPreferenceCategoryController >11-08 00:01:28.081:
D/PrefCtrlListHelper(1237): Could not find Context-only controller for pref: com.android.settings.network.telephony.WifiCallingPreferenceController >11-08 00:01:28.081:
D/PrefCtrlListHelper(1237): Could not find Context-only controller for pref: com.android.settings.network.telephony.VideoCallingPreferenceController >11-08 00:01:28.082:
D/PrefCtrlListHelper(1237): Could not find Context-only controller for pref: com.android.settings.network.telephony.BackupCallingPreferenceController >11-08 00:01:28.082:
D/PrefCtrlListHelper(1237): Could not find Context-only controller for pref: com.android.settings.network.telephony.cdma.CdmaSystemSelectPreferenceController >11-08 00:01:28.082:
D/PrefCtrlListHelper(1237): Could not find Context-only controller for pref: com.android.settings.network.telephony.cdma.CdmaSubscriptionPreferenceController >11-08 00:01:28.082:
D/PrefCtrlListHelper(1237): Could not find Context-only controller for pref: com.android.settings.network.telephony.NetworkPreferenceCategoryController >11-08 00:01:28.082:
D/PrefCtrlListHelper(1237): Could not find Context-only controller for pref: com.android.settings.network.telephony.gsm.AutoSelectPreferenceController >11-08 00:01:28.082:
D/PrefCtrlListHelper(1237): Could not find Context-only controller for pref: com.android.settings.network.telephony.gsm.OpenNetworkSelectPagePreferenceController >11-08 00:01:28.082:
D/PrefCtrlListHelper(1237): Could not find Context-only controller for pref: com.android.settings.network.telephony.ApnPreferenceController >11-08 00:01:28.082:
D/PrefCtrlListHelper(1237): Could not find Context-only controller for pref: com.android.settings.network.telephony.CarrierPreferenceController >11-08 00:01:28.082:
D/PrefCtrlListHelper(1237): Could not find Context-only controller for pref: com.android.settings.network.telephony.Enable2gPreferenceController >11-08 00:01:28.082:
D/PrefCtrlListHelper(1237): Could not find Context-only controller for pref: com.android.settings.network.telephony.NrAdvancedCallingPreferenceController >11-08 00:01:28.082:
D/PrefCtrlListHelper(1237): Could not find Context-only controller for pref: com.android.settings.network.telephony.DeleteSimProfilePreferenceController >11-08 00:01:28.082:
D/PrefCtrlListHelper(1237): Could not find Context-only controller for pref: com.android.settings.network.telephony.DisableSimFooterPreferenceController >11-08 00:01:28.082:
D/PrefCtrlListHelper(1237): Could not find Context-only controller for pref: com.android.settings.network.telephony.NrDisabledInDsdsFooterPreferenceController >11-08 00:01:28.084:
D/WifiNl80211Manager(577): Scan result ready event >11-08 00:01:28.084:
D/WifiNative(577): Scan result ready event >11-08 00:01:28.086:
I/MultiDex(8915): VM with version 2.1.0 has multidex support >11-08 00:01:28.086:
I/MultiDex(8915): Installing application >11-08 00:01:28.086:
I/MultiDex(8915): VM has multidex support, MultiDex support library is disabled. >11-08 00:01:28.086:
I/MultiDex(8915): Installing application >11-08 00:01:28.086:
I/MultiDex(8915): VM has multidex support, MultiDex support library is disabled. >11-08 00:01:28.086:
I/Fitness(5457): FitCleanupIntentOperation received Intent android.intent.action.PACKAGE_CHANGED [CONTEXT service_id=17 ] >11-08 00:01:28.087:
V/OnDeviceRecognitionPreferenceController(1237): Recognition service with no settings activity: com.google.android.as/com.google.android.apps.miphone.aiai.app.AiAiSpeechRecognitionService. >11-08 00:01:28.087:
V/OnDeviceRecognitionPreferenceController(1237): Recognition service not in the same package as the default on-device recognizer: com.google.android.tts/com.google.android.apps.speech.tts.googletts.service.GoogleTTSRecognitionService. >11-08 00:01:28.087:
V/OnDeviceRecognitionPreferenceController(1237): No speech recognition services with proper `recognition-service` meta-data found in the same package as the default on-device recognizer. >11-08 00:01:28.089:
D/PrefCtrlListHelper(1237): Could not find Context-only controller for pref: com.android.settings.applications.appinfo.ManageAppLocalePreferenceController >11-08 00:01:28.089:
W/PrefCtrlListHelper(1237): Cannot instantiate controller from reflection: com.android.settings.applications.appinfo.ManageAppLocalePreferenceController >11-08 00:01:28.089:
D/PrefCtrlListHelper(1237): Could not find Context-only controller for pref: com.android.settings.language.OnDeviceRecognitionPreferenceController >11-08 00:01:28.089:
D/PrefCtrlListHelper(1237): Could not find Context-only controller for pref: com.android.settings.language.UserDictionaryPreferenceController >11-08 00:01:28.089:
D/PrefCtrlListHelper(1237): Could not find Context-only controller for pref: com.android.settings.inputmethod.GameControllerPreferenceController >11-08 00:01:28.089:
D/PrefCtrlListHelper(1237): Could not find Context-only controller for pref: com.android.settings.core.WorkPreferenceController >11-08 00:01:28.090:
D/PrefCtrlListHelper(1237): Could not find Context-only controller for pref: com.android.settings.inputmethod.SpellCheckerForWorkPreferenceController >11-08 00:01:28.053:
W/Icing(5449): Package com.google.android.googlequicksearchbox targets Android P and isn't allowed to use AppDataSearch indexing API >11-08 00:01:28.091:
D/PrefCtrlListHelper(1237): Could not find Context-only controller for pref: com.android.settings.applications.specialaccess.vrlistener.VrListenerScreenPreferenceController >11-08 00:01:28.092:
D/PrefCtrlListHelper(1237): Could not find Context-only controller for pref: com.android.settings.gestures.LongPressPowerIllustrationPreferenceController >11-08 00:01:28.092:
D/PrefCtrlListHelper(1237): Could not find Context-only controller for pref: com.android.settings.gestures.LongPressPowerForPowerMenuPreferenceController >11-08 00:01:28.092:
