W/PhenotypeConfigurationU(5457): at com.google.android.gms.platformconfigurator.PhenotypeConfigurationUpdateListener.a(:com.google.android.gms@233316044@23.33.16 (190400-560149061):167) >11-08 00:01:16.790:
W/PhenotypeConfigurationU(5457): at com.google.android.gms.platformconfigurator.PhenotypeConfigurationUpdateListener.onHandleIntent(:com.google.android.gms@233316044@23.33.16 (190400-560149061):278) >11-08 00:01:16.790:
W/PhenotypeConfigurationU(5457): at com.google.android.chimera.IntentOperation.onHandleIntent(:com.google.android.gms@233316044@23.33.16 (190400-560149061):2) >11-08 00:01:16.790:
W/PhenotypeConfigurationU(5457): at adqc.onHandleIntent(:com.google.android.gms@233316044@23.33.16 (190400-560149061):10) >11-08 00:01:16.790:
W/PhenotypeConfigurationU(5457): at lep.run(:com.google.android.gms@233316044@23.33.16 (190400-560149061):70) >11-08 00:01:16.790:
W/PhenotypeConfigurationU(5457): at leo.run(:com.google.android.gms@233316044@23.33.16 (190400-560149061):152) >11-08 00:01:16.790:
W/PhenotypeConfigurationU(5457): at dpie.run(:com.google.android.gms@233316044@23.33.16 (190400-560149061):13) >11-08 00:01:16.790:
W/PhenotypeConfigurationU(5457): at java.util.concurrent.ThreadPoolExecutor.runWorker(ThreadPoolExecutor.java:1137) >11-08 00:01:16.790:
W/PhenotypeConfigurationU(5457): at java.util.concurrent.ThreadPoolExecutor$Worker.run(ThreadPoolExecutor.java:637) >11-08 00:01:16.790:
W/PhenotypeConfigurationU(5457): at java.lang.Thread.run(Thread.java:1012) >11-08 00:01:16.792:
I/PhenotypeBackgroundRecv(5744): Successfully updated snapshot for com.google.android.libraries.onegoogle#com.google.android.apps.messaging >11-08 00:01:16.792:
W/BugleRcsEngine(5744): [48] ayqe.x: Unable to send diagnostic log >11-08 00:01:16.794:
I/Bugle(5744): BroadcastReceiverAsyncWorkTracker: Acknowledging broadcast of com.google.android.apps.messaging.shared.experiments.receiver.BuglePhenotypeBroadcastReceiver@efbf5d9 >11-08 00:01:16.797:
I/NamespaceManager(5457): Package com.android.refreshratecontrol name not found! Using module version. >11-08 00:01:16.798:
I/NamespaceManager(5457): Package com.google.oslo name not found! Using module version. >11-08 00:01:16.798:
I/NamespaceManager(5457): Package com.android.media name not found! Using module version. >11-08 00:01:16.798:
I/NamespaceManager(5457): Package com.android.media.swcodec name not found! Using module version. >11-08 00:01:16.798:
I/NamespaceManager(5457): Package com.android.neuralnetworks name not found! Using module version. >11-08 00:01:16.799:
I/NamespaceManager(5457): Package com.android.media name not found! Using module version. >11-08 00:01:16.799:
I/NamespaceManager(5457): Package 1 name not found! Using module version. >11-08 00:01:16.799:
I/NamespaceManager(5457): Package rkpd name not found! Using module version. >11-08 00:01:16.799:
I/NamespaceManager(5457): Package com.google.android.devicelockcontroller name not found! Using module version. >11-08 00:01:16.799:
I/NamespaceManager(5457): Package com.google.android.healthfitness name not found! Using module version. >11-08 00:01:16.800:
I/NamespaceManager(5457): Package android.companion name not found! Using module version. >11-08 00:01:16.800:
I/NamespaceManager(5457): Package com.google.android.healthfitness name not found! Using module version. >11-08 00:01:16.801:
I/NamespaceManager(5457): Package com.google.android.aicore name not found! Using module version. >11-08 00:01:16.801:
W/PhenotypeConfigurationU(5457): Update for unknown DeviceConfig package com.google.android.gms.ocr [CONTEXT service_id=204 ] >11-08 00:01:16.801:
W/PhenotypeConfigurationU(5457): cesr: No package exists for config package: com.google.android.gms.ocr >11-08 00:01:16.801:
W/PhenotypeConfigurationU(5457): at cess.a(:com.google.android.gms@233316044@23.33.16 (190400-560149061):70) >11-08 00:01:16.801:
W/PhenotypeConfigurationU(5457): at com.google.android.gms.platformconfigurator.PhenotypeConfigurationUpdateListener.b(:com.google.android.gms@233316044@23.33.16 (190400-560149061):6) >11-08 00:01:16.801:
W/PhenotypeConfigurationU(5457): at com.google.android.gms.platformconfigurator.PhenotypeConfigurationUpdateListener.a(:com.google.android.gms@233316044@23.33.16 (190400-560149061):167) >11-08 00:01:16.801:
W/PhenotypeConfigurationU(5457): at com.google.android.gms.platformconfigurator.PhenotypeConfigurationUpdateListener.onHandleIntent(:com.google.android.gms@233316044@23.33.16 (190400-560149061):278) >11-08 00:01:16.801:
W/PhenotypeConfigurationU(5457): at com.google.android.chimera.IntentOperation.onHandleIntent(:com.google.android.gms@233316044@23.33.16 (190400-560149061):2) >11-08 00:01:16.801:
W/PhenotypeConfigurationU(5457): at adqc.onHandleIntent(:com.google.android.gms@233316044@23.33.16 (190400-560149061):10) >11-08 00:01:16.801:
W/PhenotypeConfigurationU(5457): at lep.run(:com.google.android.gms@233316044@23.33.16 (190400-560149061):70) >11-08 00:01:16.801:
W/PhenotypeConfigurationU(5457): at leo.run(:com.google.android.gms@233316044@23.33.16 (190400-560149061):152) >11-08 00:01:16.801:
W/PhenotypeConfigurationU(5457): at dpie.run(:com.google.android.gms@233316044@23.33.16 (190400-560149061):13) >11-08 00:01:16.801:
W/PhenotypeConfigurationU(5457): at java.util.concurrent.ThreadPoolExecutor.runWorker(ThreadPoolExecutor.java:1137) >11-08 00:01:16.801:
W/PhenotypeConfigurationU(5457): at java.util.concurrent.ThreadPoolExecutor$Worker.run(ThreadPoolExecutor.java:637) >11-08 00:01:16.801:
W/PhenotypeConfigurationU(5457): at java.lang.Thread.run(Thread.java:1012) >11-08 00:01:16.805:
I/PhenotypeBackgroundRecv(5744): Successfully updated snapshot for com.google.android.libraries.mobileconfiguration#com.google.android.apps.messaging >11-08 00:01:16.808:
W/BugleRcsEngine(5744): [48] ayqe.x: Unable to send diagnostic log >11-08 00:01:16.809:
W/BugleRcsEngine(5744): [48] ayqe.x: Unable to send diagnostic log >11-08 00:01:16.810:
D/CompatibilityChangeReporter(577): Compat change id reported: 135634846; UID 10120; state: DISABLED >11-08 00:01:16.810:
D/CompatibilityChangeReporter(577): Compat change id reported: 177438394; UID 10120; state: DISABLED >11-08 00:01:16.810:
D/CompatibilityChangeReporter(577): Compat change id reported: 135772972; UID 10120; state: DISABLED >11-08 00:01:16.810:
D/CompatibilityChangeReporter(577): Compat change id reported: 135754954; UID 10120; state: ENABLED >11-08 00:01:16.810:
D/CompatibilityChangeReporter(577): Compat change id reported: 143937733; UID 10120; state: ENABLED >11-08 00:01:16.812:
I/NamespaceManager(5457): Package com.android.refreshratecontrol name not found! Using module version. >11-08 00:01:16.812:
I/NamespaceManager(5457): Package com.google.oslo name not found! Using module version. >11-08 00:01:16.812:
I/NamespaceManager(5457): Package com.android.media name not found! Using module version. >11-08 00:01:16.812:
I/NamespaceManager(5457): Package com.android.media.swcodec name not found! Using module version. >11-08 00:01:16.812:
I/NamespaceManager(5457): Package com.android.neuralnetworks name not found! Using module version. >11-08 00:01:16.812:
I/NamespaceManager(5457): Package com.android.media name not found! Using module version. >11-08 00:01:16.812:
I/NamespaceManager(5457): Package 1 name not found! Using module version. >11-08 00:01:16.813:
I/NamespaceManager(5457): Package rkpd name not found! Using module version. >11-08 00:01:16.813:
I/NamespaceManager(5457): Package com.google.android.devicelockcontroller name not found! Using module version. >11-08 00:01:16.813:
I/NamespaceManager(5457): Package com.google.android.healthfitness name not found! Using module version. >11-08 00:01:16.813:
I/NamespaceManager(5457): Package android.companion name not found! Using module version. >11-08 00:01:16.813:
D/Zygote(373): Forked child process 7925 >11-08 00:01:16.813:
I/NamespaceManager(5457): Package com.google.android.healthfitness name not found! Using module version. >11-08 00:01:16.813:
I/NamespaceManager(5457): Package com.google.android.aicore name not found! Using module version. >11-08 00:01:16.815:
I/ActivityManager(577): Start proc 7925:com.google.android.webview/u0a120 for broadcast {com.google.android.webview/com.google.android.libraries.phenotype.client.stable.PhenotypeUpdateBackgroundBroadcastReceiver} >11-08 00:01:16.815:
W/PhenotypeConfigurationU(5457): Update for unknown DeviceConfig package com.google.android.gms.pay [CONTEXT service_id=204 ] >11-08 00:01:16.815:
W/PhenotypeConfigurationU(5457): cesr: No package exists for config package: com.google.android.gms.pay >11-08 00:01:16.815:
W/PhenotypeConfigurationU(5457): at cess.a(:com.google.android.gms@233316044@23.33.16 (190400-560149061):70) >11-08 00:01:16.815:
W/PhenotypeConfigurationU(5457): at com.google.android.gms.platformconfigurator.PhenotypeConfigurationUpdateListener.b(:com.google.android.gms@233316044@23.33.16 (190400-560149061):6) >11-08 00:01:16.815:
W/PhenotypeConfigurationU(5457): at com.google.android.gms.platformconfigurator.PhenotypeConfigurationUpdateListener.a(:com.google.android.gms@233316044@23.33.16 (190400-560149061):167) >11-08 00:01:16.815:
W/PhenotypeConfigurationU(5457): at com.google.android.gms.platformconfigurator.PhenotypeConfigurationUpdateListener.onHandleIntent(:com.google.android.gms@233316044@23.33.16 (190400-560149061):278) >11-08 00:01:16.815:
W/PhenotypeConfigurationU(5457): at com.google.android.chimera.IntentOperation.onHandleIntent(:com.google.android.gms@233316044@23.33.16 (190400-560149061):2) >11-08 00:01:16.815:
W/PhenotypeConfigurationU(5457): at adqc.onHandleIntent(:com.google.android.gms@233316044@23.33.16 (190400-560149061):10) >11-08 00:01:16.815:
W/PhenotypeConfigurationU(5457): at lep.run(:com.google.android.gms@233316044@23.33.16 (190400-560149061):70) >11-08 00:01:16.815:
W/PhenotypeConfigurationU(5457): at leo.run(:com.google.android.gms@233316044@23.33.16 (190400-560149061):152) >11-08 00:01:16.815:
W/PhenotypeConfigurationU(5457): at dpie.run(:com.google.android.gms@233316044@23.33.16 (190400-560149061):13) >11-08 00:01:16.815:
W/PhenotypeConfigurationU(5457): at java.util.concurrent.ThreadPoolExecutor.runWorker(ThreadPoolExecutor.java:1137) >11-08 00:01:16.815:
W/PhenotypeConfigurationU(5457): at java.util.concurrent.ThreadPoolExecutor$Worker.run(ThreadPoolExecutor.java:637) >11-08 00:01:16.815:
W/PhenotypeConfigurationU(5457): at java.lang.Thread.run(Thread.java:1012) >11-08 00:01:16.818:
I/Zygote(7925): seccomp disabled by setenforce 0 >11-08 00:01:16.823:
I/NamespaceManager(5457): Package com.android.refreshratecontrol name not found! Using module version. >11-08 00:01:16.824:
I/NamespaceManager(5457): Package com.google.oslo name not found! Using module version. >11-08 00:01:16.824:
I/NamespaceManager(5457): Package com.android.media name not found! Using module version. >11-08 00:01:16.824:
I/NamespaceManager(5457): Package com.android.media.swcodec name not found! Using module version. >11-08 00:01:16.824:
I/NamespaceManager(5457): Package com.android.neuralnetworks name not found! Using module version. >11-08 00:01:16.824:
I/NamespaceManager(5457): Package com.android.media name not found! Using module version. >11-08 00:01:16.824:
I/NamespaceManager(5457): Package 1 name not found! Using module version. >11-08 00:01:16.824:
I/NamespaceManager(5457): Package rkpd name not found! Using module version. >11-08 00:01:16.825:
I/NamespaceManager(5457): Package com.google.android.devicelockcontroller name not found! Using module version. >11-08 00:01:16.825:
I/NamespaceManager(5457): Package com.google.android.healthfitness name not found! Using module version. >11-08 00:01:16.825:
I/NamespaceManager(5457): Package android.companion name not found! Using module version. >11-08 00:01:16.825:
I/NamespaceManager(5457): Package com.google.android.healthfitness name not found! Using module version. >11-08 00:01:16.825:
I/NamespaceManager(5457): Package com.google.android.aicore name not found! Using module version. >11-08 00:01:16.825:
W/PhenotypeConfigurationU(5457): Update for unknown DeviceConfig package com.google.android.gms.udc [CONTEXT service_id=204 ] >11-08 00:01:16.825:
W/PhenotypeConfigurationU(5457): cesr: No package exists for config package: com.google.android.gms.udc >11-08 00:01:16.825:
W/PhenotypeConfigurationU(5457): at cess.a(:com.google.android.gms@233316044@23.33.16 (190400-560149061):70) >11-08 00:01:16.825:
W/PhenotypeConfigurationU(5457): at com.google.android.gms.platformconfigurator.PhenotypeConfigurationUpdateListener.b(:com.google.android.gms@233316044@23.33.16 (190400-560149061):6) >11-08 00:01:16.825:
W/PhenotypeConfigurationU(5457): at com.google.android.gms.platformconfigurator.PhenotypeConfigurationUpdateListener.a(:com.google.android.gms@233316044@23.33.16 (190400-560149061):167) >11-08 00:01:16.825:
W/PhenotypeConfigurationU(5457): at com.google.android.gms.platformconfigurator.PhenotypeConfigurationUpdateListener.onHandleIntent(:com.google.android.gms@233316044@23.33.16 (190400-560149061):278) >11-08 00:01:16.825:
W/PhenotypeConfigurationU(5457): at com.google.android.chimera.IntentOperation.onHandleIntent(:com.google.android.gms@233316044@23.33.16 (190400-560149061):2) >11-08 00:01:16.825:
W/PhenotypeConfigurationU(5457): at adqc.onHandleIntent(:com.google.android.gms@233316044@23.33.16 (190400-560149061):10) >11-08 00:01:16.825:
W/PhenotypeConfigurationU(5457): at lep.run(:com.google.android.gms@233316044@23.33.16 (190400-560149061):70) >11-08 00:01:16.825:
W/PhenotypeConfigurationU(5457): at leo.run(:com.google.android.gms@233316044@23.33.16 (190400-560149061):152) >11-08 00:01:16.825:
W/PhenotypeConfigurationU(5457): at dpie.run(:com.google.android.gms@233316044@23.33.16 (190400-560149061):13) >11-08 00:01:16.825:
W/PhenotypeConfigurationU(5457): at java.util.concurrent.ThreadPoolExecutor.runWorker(ThreadPoolExecutor.java:1137) >11-08 00:01:16.825:
W/PhenotypeConfigurationU(5457): at java.util.concurrent.ThreadPoolExecutor$Worker.run(ThreadPoolExecutor.java:637) >11-08 00:01:16.825:
W/PhenotypeConfigurationU(5457): at java.lang.Thread.run(Thread.java:1012) >11-08 00:01:16.837:
I/adbd(6382): jdwp connection from 7925 >11-08 00:01:16.840:
I/NamespaceManager(5457): Package com.android.refreshratecontrol name not found! Using module version. >11-08 00:01:16.840:
I/NamespaceManager(5457): Package com.google.oslo name not found! Using module version. >11-08 00:01:16.840:
I/NamespaceManager(5457): Package com.android.media name not found! Using module version. >11-08 00:01:16.841:
I/NamespaceManager(5457): Package com.android.media.swcodec name not found! Using module version. >11-08 00:01:16.841:
I/NamespaceManager(5457): Package com.android.neuralnetworks name not found! Using module version. >11-08 00:01:16.842:
I/NamespaceManager(5457): Package com.android.media name not found! Using module version. >11-08 00:01:16.842:
I/NamespaceManager(5457): Package 1 name not found! Using module version. >11-08 00:01:16.843:
I/NamespaceManager(5457): Package rkpd name not found! Using module version. >11-08 00:01:16.843:
I/NamespaceManager(5457): Package com.google.android.devicelockcontroller name not found! Using module version. >11-08 00:01:16.843:
I/NamespaceManager(5457): Package com.google.android.healthfitness name not found! Using module version. >11-08 00:01:16.844:
I/NamespaceManager(5457): Package android.companion name not found! Using module version. >11-08 00:01:16.844:
I/NamespaceManager(5457): Package com.google.android.healthfitness name not found! Using module version. >11-08 00:01:16.844:
I/NamespaceManager(5457): Package com.google.android.aicore name not found! Using module version. >11-08 00:01:16.845:
W/PhenotypeConfigurationU(5457): Update for unknown DeviceConfig package com.google.android.gms.ulr [CONTEXT service_id=204 ] >11-08 00:01:16.845:
W/PhenotypeConfigurationU(5457): cesr: No package exists for config package: com.google.android.gms.ulr >11-08 00:01:16.845:
W/PhenotypeConfigurationU(5457): at cess.a(:com.google.android.gms@233316044@23.33.16 (190400-560149061):70) >11-08 00:01:16.845:
W/PhenotypeConfigurationU(5457): at com.google.android.gms.platformconfigurator.PhenotypeConfigurationUpdateListener.b(:com.google.android.gms@233316044@23.33.16 (190400-560149061):6) >11-08 00:01:16.845:
W/PhenotypeConfigurationU(5457): at com.google.android.gms.platformconfigurator.PhenotypeConfigurationUpdateListener.a(:com.google.android.gms@233316044@23.33.16 (190400-560149061):167) >11-08 00:01:16.845:
W/PhenotypeConfigurationU(5457): at com.google.android.gms.platformconfigurator.PhenotypeConfigurationUpdateListener.onHandleIntent(:com.google.android.gms@233316044@23.33.16 (190400-560149061):278) >11-08 00:01:16.845:
W/PhenotypeConfigurationU(5457): at com.google.android.chimera.IntentOperation.onHandleIntent(:com.google.android.gms@233316044@23.33.16 (190400-560149061):2) >11-08 00:01:16.845:
W/PhenotypeConfigurationU(5457): at adqc.onHandleIntent(:com.google.android.gms@233316044@23.33.16 (190400-560149061):10) >11-08 00:01:16.845:
W/PhenotypeConfigurationU(5457): at lep.run(:com.google.android.gms@233316044@23.33.16 (190400-560149061):70) >11-08 00:01:16.845:
W/PhenotypeConfigurationU(5457): at leo.run(:com.google.android.gms@233316044@23.33.16 (190400-560149061):152) >11-08 00:01:16.845:
W/PhenotypeConfigurationU(5457): at dpie.run(:com.google.android.gms@233316044@23.33.16 (190400-560149061):13) >11-08 00:01:16.845:
W/PhenotypeConfigurationU(5457): at java.util.concurrent.ThreadPoolExecutor.runWorker(ThreadPoolExecutor.java:1137) >11-08 00:01:16.845:
W/PhenotypeConfigurationU(5457): at java.util.concurrent.ThreadPoolExecutor$Worker.run(ThreadPoolExecutor.java:637) >11-08 00:01:16.845:
W/PhenotypeConfigurationU(5457): at java.lang.Thread.run(Thread.java:1012) >11-08 00:01:16.848:
I/NamespaceManager(5457): Package com.android.refreshratecontrol name not found! Using module version. >11-08 00:01:16.849:
I/NamespaceManager(5457): Package com.google.oslo name not found! Using module version. >11-08 00:01:16.849:
I/NamespaceManager(5457): Package com.android.media name not found! Using module version. >11-08 00:01:16.849:
I/NamespaceManager(5457): Package com.android.media.swcodec name not found! Using module version. >11-08 00:01:16.849:
I/NamespaceManager(5457): Package com.android.neuralnetworks name not found! Using module version. >11-08 00:01:16.849:
I/NamespaceManager(5457): Package com.android.media name not found! Using module version. >11-08 00:01:16.849:
I/NamespaceManager(5457): Package 1 name not found! Using module version. >11-08 00:01:16.849:
I/NamespaceManager(5457): Package rkpd name not found! Using module version. >11-08 00:01:16.849:
I/NamespaceManager(5457): Package com.google.android.devicelockcontroller name not found! Using module version. >11-08 00:01:16.849:
I/NamespaceManager(5457): Package com.google.android.healthfitness name not found! Using module version. >11-08 00:01:16.849:
I/NamespaceManager(5457): Package android.companion name not found! Using module version. >11-08 00:01:16.849:
I/NamespaceManager(5457): Package com.google.android.healthfitness name not found! Using module version. >11-08 00:01:16.849:
I/NamespaceManager(5457): Package com.google.android.aicore name not found! Using module version. >11-08 00:01:16.850:
W/PhenotypeConfigurationU(5457): Update for unknown DeviceConfig package com.google.android.gms.appinvite [CONTEXT service_id=204 ] >11-08 00:01:16.850:
W/PhenotypeConfigurationU(5457): cesr: No package exists for config package: com.google.android.gms.appinvite >11-08 00:01:16.850:
W/PhenotypeConfigurationU(5457): at cess.a(:com.google.android.gms@233316044@23.33.16 (190400-560149061):70) >11-08 00:01:16.850:
W/PhenotypeConfigurationU(5457): at com.google.android.gms.platformconfigurator.PhenotypeConfigurationUpdateListener.b(:com.google.android.gms@233316044@23.33.16 (190400-560149061):6) >11-08 00:01:16.850:
W/PhenotypeConfigurationU(5457): at com.google.android.gms.platformconfigurator.PhenotypeConfigurationUpdateListener.a(:com.google.android.gms@233316044@23.33.16 (190400-560149061):167) >11-08 00:01:16.850:
W/PhenotypeConfigurationU(5457): at com.google.android.gms.platformconfigurator.PhenotypeConfigurationUpdateListener.onHandleIntent(:com.google.android.gms@233316044@23.33.16 (190400-560149061):278) >11-08 00:01:16.850:
W/PhenotypeConfigurationU(5457): at com.google.android.chimera.IntentOperation.onHandleIntent(:com.google.android.gms@233316044@23.33.16 (190400-560149061):2) >11-08 00:01:16.850:
W/PhenotypeConfigurationU(5457): at adqc.onHandleIntent(:com.google.android.gms@233316044@23.33.16 (190400-560149061):10) >11-08 00:01:16.850:
W/PhenotypeConfigurationU(5457): at lep.run(:com.google.android.gms@233316044@23.33.16 (190400-560149061):70) >11-08 00:01:16.850:
W/PhenotypeConfigurationU(5457): at leo.run(:com.google.android.gms@233316044@23.33.16 (190400-560149061):152) >11-08 00:01:16.850:
W/PhenotypeConfigurationU(5457): at dpie.run(:com.google.android.gms@233316044@23.33.16 (190400-560149061):13) >11-08 00:01:16.850:
W/PhenotypeConfigurationU(5457): at java.util.concurrent.ThreadPoolExecutor.runWorker(ThreadPoolExecutor.java:1137) >11-08 00:01:16.850:
W/PhenotypeConfigurationU(5457): at java.util.concurrent.ThreadPoolExecutor$Worker.run(ThreadPoolExecutor.java:637) >11-08 00:01:16.850:
W/PhenotypeConfigurationU(5457): at java.lang.Thread.run(Thread.java:1012) >11-08 00:01:16.855:
D/CompatibilityChangeReporter(7925): Compat change id reported: 171979766; UID 10120; state: ENABLED >11-08 00:01:16.855:
I/NamespaceManager(5457): Package com.android.refreshratecontrol name not found! Using module version. >11-08 00:01:16.855:
I/NamespaceManager(5457): Package com.google.oslo name not found! Using module version. >11-08 00:01:16.855:
I/NamespaceManager(5457): Package com.android.media name not found! Using module version. >11-08 00:01:16.856:
I/NamespaceManager(5457): Package com.android.media.swcodec name not found! Using module version. >11-08 00:01:16.856:
I/NamespaceManager(5457): Package com.android.neuralnetworks name not found! Using module version. >11-08 00:01:16.856:
I/NamespaceManager(5457): Package com.android.media name not found! Using module version. >11-08 00:01:16.856:
I/NamespaceManager(5457): Package 1 name not found! Using module version. >11-08 00:01:16.856:
I/NamespaceManager(5457): Package rkpd name not found! Using module version. >11-08 00:01:16.857:
I/NamespaceManager(5457): Package com.google.android.devicelockcontroller name not found! Using module version. >11-08 00:01:16.857:
I/NamespaceManager(5457): Package com.google.android.healthfitness name not found! Using module version. >11-08 00:01:16.857:
I/NamespaceManager(5457): Package android.companion name not found! Using module version. >11-08 00:01:16.857:
I/NamespaceManager(5457): Package com.google.android.healthfitness name not found! Using module version. >11-08 00:01:16.857:
I/NamespaceManager(5457): Package com.google.android.aicore name not found! Using module version. >11-08 00:01:16.857:
W/PhenotypeConfigurationU(5457): Update for unknown DeviceConfig package com.google.android.gms.setupservices [CONTEXT service_id=204 ] >11-08 00:01:16.857:
W/PhenotypeConfigurationU(5457): cesr: No package exists for config package: com.google.android.gms.setupservices >11-08 00:01:16.857:
W/PhenotypeConfigurationU(5457): at cess.a(:com.google.android.gms@233316044@23.33.16 (190400-560149061):70) >11-08 00:01:16.857:
W/PhenotypeConfigurationU(5457): at com.google.android.gms.platformconfigurator.PhenotypeConfigurationUpdateListener.b(:com.google.android.gms@233316044@23.33.16 (190400-560149061):6) >11-08 00:01:16.857:
W/PhenotypeConfigurationU(5457): at com.google.android.gms.platformconfigurator.PhenotypeConfigurationUpdateListener.a(:com.google.android.gms@233316044@23.33.16 (190400-560149061):167) >11-08 00:01:16.857:
W/PhenotypeConfigurationU(5457): at com.google.android.gms.platformconfigurator.PhenotypeConfigurationUpdateListener.onHandleIntent(:com.google.android.gms@233316044@23.33.16 (190400-560149061):278) >11-08 00:01:16.857:
W/PhenotypeConfigurationU(5457): at com.google.android.chimera.IntentOperation.onHandleIntent(:com.google.android.gms@233316044@23.33.16 (190400-560149061):2) >11-08 00:01:16.857:
W/PhenotypeConfigurationU(5457): at adqc.onHandleIntent(:com.google.android.gms@233316044@23.33.16 (190400-560149061):10) >11-08 00:01:16.857:
W/PhenotypeConfigurationU(5457): at lep.run(:com.google.android.gms@233316044@23.33.16 (190400-560149061):70) >11-08 00:01:16.857:
W/PhenotypeConfigurationU(5457): at leo.run(:com.google.android.gms@233316044@23.33.16 (190400-560149061):152) >11-08 00:01:16.857:
W/PhenotypeConfigurationU(5457): at dpie.run(:com.google.android.gms@233316044@23.33.16 (190400-560149061):13) >11-08 00:01:16.857:
W/PhenotypeConfigurationU(5457): at java.util.concurrent.ThreadPoolExecutor.runWorker(ThreadPoolExecutor.java:1137) >11-08 00:01:16.857:
W/PhenotypeConfigurationU(5457): at java.util.concurrent.ThreadPoolExecutor$Worker.run(ThreadPoolExecutor.java:637) >11-08 00:01:16.857:
W/PhenotypeConfigurationU(5457): at java.lang.Thread.run(Thread.java:1012) >11-08 00:01:16.858:
I/NamespaceManager(5457): Package com.android.refreshratecontrol name not found! Using module version. >11-08 00:01:16.858:
I/NamespaceManager(5457): Package com.google.oslo name not found! Using module version. >11-08 00:01:16.858:
I/NamespaceManager(5457): Package com.android.media name not found! Using module version. >11-08 00:01:16.858:
I/NamespaceManager(5457): Package com.android.media.swcodec name not found! Using module version. >11-08 00:01:16.858:
I/NamespaceManager(5457): Package com.android.neuralnetworks name not found! Using module version. >11-08 00:01:16.858:
I/NamespaceManager(5457): Package com.android.media name not found! Using module version. >11-08 00:01:16.858:
I/NamespaceManager(5457): Package 1 name not found! Using module version. >11-08 00:01:16.859:
I/NamespaceManager(5457): Package rkpd name not found! Using module version. >11-08 00:01:16.859:
I/NamespaceManager(5457): Package com.google.android.devicelockcontroller name not found! Using module version. >11-08 00:01:16.859:
I/NamespaceManager(5457): Package com.google.android.healthfitness name not found! Using module version. >11-08 00:01:16.859:
I/NamespaceManager(5457): Package android.companion name not found! Using module version. >11-08 00:01:16.859:
I/NamespaceManager(5457): Package com.google.android.healthfitness name not found! Using module version. >11-08 00:01:16.859:
I/NamespaceManager(5457): Package com.google.android.aicore name not found! Using module version. >11-08 00:01:16.859:
W/PhenotypeConfigurationU(5457): Update for unknown DeviceConfig package com.google.android.gms.trustagent.activeunlock.primary#com.google.android.gms [CONTEXT service_id=204 ] >11-08 00:01:16.859:
W/PhenotypeConfigurationU(5457): cesr: No package exists for config package: com.google.android.gms.trustagent.activeunlock.primary#com.google.android.gms >11-08 00:01:16.859:
W/PhenotypeConfigurationU(5457): at cess.a(:com.google.android.gms@233316044@23.33.16 (190400-560149061):70) >11-08 00:01:16.859:
W/PhenotypeConfigurationU(5457): at com.google.android.gms.platformconfigurator.PhenotypeConfigurationUpdateListener.b(:com.google.android.gms@233316044@23.33.16 (190400-560149061):6) >11-08 00:01:16.859:
W/PhenotypeConfigurationU(5457): at com.google.android.gms.platformconfigurator.PhenotypeConfigurationUpdateListener.a(:com.google.android.gms@233316044@23.33.16 (190400-560149061):167) >11-08 00:01:16.859:
W/PhenotypeConfigurationU(5457): at com.google.android.gms.platformconfigurator.PhenotypeConfigurationUpdateListener.onHandleIntent(:com.google.android.gms@233316044@23.33.16 (190400-560149061):278) >11-08 00:01:16.859:
W/PhenotypeConfigurationU(5457): at com.google.android.chimera.IntentOperation.onHandleIntent(:com.google.android.gms@233316044@23.33.16 (190400-560149061):2) >11-08 00:01:16.859:
W/PhenotypeConfigurationU(5457): at adqc.onHandleIntent(:com.google.android.gms@233316044@23.33.16 (190400-560149061):10) >11-08 00:01:16.859:
W/PhenotypeConfigurationU(5457): at lep.run(:com.google.android.gms@233316044@23.33.16 (190400-560149061):70) >11-08 00:01:16.859:
W/PhenotypeConfigurationU(5457): at leo.run(:com.google.android.gms@233316044@23.33.16 (190400-560149061):152) >11-08 00:01:16.859:
W/PhenotypeConfigurationU(5457): at dpie.run(:com.google.android.gms@233316044@23.33.16 (190400-560149061):13) >11-08 00:01:16.859:
W/PhenotypeConfigurationU(5457): at java.util.concurrent.ThreadPoolExecutor.runWorker(ThreadPoolExecutor.java:1137) >11-08 00:01:16.859:
W/PhenotypeConfigurationU(5457): at java.util.concurrent.ThreadPoolExecutor$Worker.run(ThreadPoolExecutor.java:637) >11-08 00:01:16.859:
W/PhenotypeConfigurationU(5457): at java.lang.Thread.run(Thread.java:1012) >11-08 00:01:16.871:
D/nativeloader(7925): Configuring classloader-namespace for other apk /data/app/~~oOULOi79PgVqi1FJUMCMjg==/com.google.android.trichromelibrary_506007134-rxOCkFbxAjBrGqGPfy5iZA==/TrichromeLibrary.apk. target_sdk_version=33, uses_libraries=ALL, library_path=/data/app/~~rILpQRvkIURPdaNUubrqVg==/com.google.android.webview-RsrcHJEvOPq_uhCGipro6g==/lib/arm64:/data/app/~~rILpQRvkIURPdaNUubrqVg==/com.google.android.webview-RsrcHJEvOPq_uhCGipro6g==/WebViewGoogle.apk!/lib/arm64-v8a:/data/app/~~oOULOi79PgVqi1FJUMCMjg==/com.google.android.trichromelibrary_506007134-rxOCkFbxAjBrGqGPfy5iZA==/TrichromeLibrary.apk!/lib/arm64-v8a, permitted_path=/data:/mnt/expand:/data/user/0/com.google.android.webview >11-08 00:01:16.873:
D/nativeloader(7925): Configuring classloader-namespace for other apk /data/app/~~rILpQRvkIURPdaNUubrqVg==/com.google.android.webview-RsrcHJEvOPq_uhCGipro6g==/WebViewGoogle.apk. target_sdk_version=33, uses_libraries=, library_path=/data/app/~~rILpQRvkIURPdaNUubrqVg==/com.google.android.webview-RsrcHJEvOPq_uhCGipro6g==/lib/arm64:/data/app/~~rILpQRvkIURPdaNUubrqVg==/com.google.android.webview-RsrcHJEvOPq_uhCGipro6g==/WebViewGoogle.apk!/lib/arm64-v8a:/data/app/~~oOULOi79PgVqi1FJUMCMjg==/com.google.android.trichromelibrary_506007134-rxOCkFbxAjBrGqGPfy5iZA==/TrichromeLibrary.apk!/lib/arm64-v8a, permitted_path=/data:/mnt/expand:/data/user/0/com.google.android.webview >11-08 00:01:16.877:
I/NamespaceManager(5457): Package com.android.refreshratecontrol name not found! Using module version. >11-08 00:01:16.878:
I/NamespaceManager(5457): Package com.google.oslo name not found! Using module version. >11-08 00:01:16.878:
V/GraphicsEnvironment(7925): ANGLE Developer option for 'com.google.android.webview' set to: 'default' >11-08 00:01:16.878:
I/NamespaceManager(5457): Package com.android.media name not found! Using module version. >11-08 00:01:16.878:
V/GraphicsEnvironment(7925): ANGLE GameManagerService for com.google.android.webview: false >11-08 00:01:16.878:
I/NamespaceManager(5457): Package com.android.media.swcodec name not found! Using module version. >11-08 00:01:16.878:
I/NamespaceManager(5457): Package com.android.neuralnetworks name not found! Using module version. >11-08 00:01:16.878:
I/NamespaceManager(5457): Package com.android.media name not found! Using module version. >11-08 00:01:16.878:
I/NamespaceManager(5457): Package 1 name not found! Using module version. >11-08 00:01:16.878:
V/GraphicsEnvironment(7925): Neither updatable production driver nor prerelease driver is supported. >11-08 00:01:16.878:
I/NamespaceManager(5457): Package rkpd name not found! Using module version. >11-08 00:01:16.878:
I/NamespaceManager(5457): Package com.google.android.devicelockcontroller name not found! Using module version. >11-08 00:01:16.878:
I/NamespaceManager(5457): Package com.google.android.healthfitness name not found! Using module version. >11-08 00:01:16.878:
I/NamespaceManager(5457): Package android.companion name not found! Using module version. >11-08 00:01:16.878:
I/NamespaceManager(5457): Package com.google.android.healthfitness name not found! Using module version. >11-08 00:01:16.878:
I/NamespaceManager(5457): Package com.google.android.aicore name not found! Using module version. >11-08 00:01:16.878:
W/PhenotypeConfigurationU(5457): Update for unknown DeviceConfig package com.google.android.gms.usagereporting [CONTEXT service_id=204 ] >11-08 00:01:16.878:
W/PhenotypeConfigurationU(5457): cesr: No package exists for config package: com.google.android.gms.usagereporting >11-08 00:01:16.878:
W/PhenotypeConfigurationU(5457): at cess.a(:com.google.android.gms@233316044@23.33.16 (190400-560149061):70) >11-08 00:01:16.878:
W/PhenotypeConfigurationU(5457): at com.google.android.gms.platformconfigurator.PhenotypeConfigurationUpdateListener.b(:com.google.android.gms@233316044@23.33.16 (190400-560149061):6) >11-08 00:01:16.878:
W/PhenotypeConfigurationU(5457): at com.google.android.gms.platformconfigurator.PhenotypeConfigurationUpdateListener.a(:com.google.android.gms@233316044@23.33.16 (190400-560149061):167) >11-08 00:01:16.878:
W/PhenotypeConfigurationU(5457): at com.google.android.gms.platformconfigurator.PhenotypeConfigurationUpdateListener.onHandleIntent(:com.google.android.gms@233316044@23.33.16 (190400-560149061):278) >11-08 00:01:16.878:
W/PhenotypeConfigurationU(5457): at com.google.android.chimera.IntentOperation.onHandleIntent(:com.google.android.gms@233316044@23.33.16 (190400-560149061):2) >11-08 00:01:16.878:
W/PhenotypeConfigurationU(5457): at adqc.onHandleIntent(:com.google.android.gms@233316044@23.33.16 (190400-560149061):10) >11-08 00:01:16.878:
W/PhenotypeConfigurationU(5457): at lep.run(:com.google.android.gms@233316044@23.33.16 (190400-560149061):70) >11-08 00:01:16.878:
W/PhenotypeConfigurationU(5457): at leo.run(:com.google.android.gms@233316044@23.33.16 (190400-560149061):152) >11-08 00:01:16.878:
W/PhenotypeConfigurationU(5457): at dpie.run(:com.google.android.gms@233316044@23.33.16 (190400-560149061):13) >11-08 00:01:16.878:
W/PhenotypeConfigurationU(5457): at java.util.concurrent.ThreadPoolExecutor.runWorker(ThreadPoolExecutor.java:1137) >11-08 00:01:16.878:
W/PhenotypeConfigurationU(5457): at java.util.concurrent.ThreadPoolExecutor$Worker.run(ThreadPoolExecutor.java:637) >11-08 00:01:16.878:
W/PhenotypeConfigurationU(5457): at java.lang.Thread.run(Thread.java:1012) >11-08 00:01:16.881:
D/NetworkSecurityConfig(7925): No Network Security Config specified, using platform default >11-08 00:01:16.881:
D/NetworkSecurityConfig(7925): No Network Security Config specified, using platform default >11-08 00:01:16.882:
I/cr_WebViewApkApp(7925): Launched version=103.0.5060.71 minSdkVersion=29 isBundle=false processName=com.google.android.webview >11-08 00:01:16.898:
I/NamespaceManager(5457): Package com.android.refreshratecontrol name not found! Using module version. >11-08 00:01:16.898:
I/NamespaceManager(5457): Package com.google.oslo name not found! Using module version. >11-08 00:01:16.898:
I/NamespaceManager(5457): Package com.android.media name not found! Using module version. >11-08 00:01:16.898:
I/NamespaceManager(5457): Package com.android.media.swcodec name not found! Using module version. >11-08 00:01:16.898:
I/NamespaceManager(5457): Package com.android.neuralnetworks name not found! Using module version. >11-08 00:01:16.898:
I/NamespaceManager(5457): Package com.android.media name not found! Using module version. >11-08 00:01:16.898:
I/NamespaceManager(5457): Package 1 name not found! Using module version. >11-08 00:01:16.898:
I/NamespaceManager(5457): Package rkpd name not found! Using module version. >11-08 00:01:16.898:
I/NamespaceManager(5457): Package com.google.android.devicelockcontroller name not found! Using module version. >11-08 00:01:16.898:
I/NamespaceManager(5457): Package com.google.android.healthfitness name not found! Using module version. >11-08 00:01:16.898:
I/NamespaceManager(5457): Package android.companion name not found! Using module version. >11-08 00:01:16.898:
I/NamespaceManager(5457): Package com.google.android.healthfitness name not found! Using module version. >11-08 00:01:16.898:
I/NamespaceManager(5457): Package com.google.android.aicore name not found! Using module version. >11-08 00:01:16.898:
W/PhenotypeConfigurationU(5457): Update for unknown DeviceConfig package com.google.android.gms.constellation [CONTEXT service_id=204 ] >11-08 00:01:16.898:
W/PhenotypeConfigurationU(5457): cesr: No package exists for config package: com.google.android.gms.constellation >11-08 00:01:16.898:
W/PhenotypeConfigurationU(5457): at cess.a(:com.google.android.gms@233316044@23.33.16 (190400-560149061):70) >11-08 00:01:16.898:
W/PhenotypeConfigurationU(5457): at com.google.android.gms.platformconfigurator.PhenotypeConfigurationUpdateListener.b(:com.google.android.gms@233316044@23.33.16 (190400-560149061):6) >11-08 00:01:16.898:
W/PhenotypeConfigurationU(5457): at com.google.android.gms.platformconfigurator.PhenotypeConfigurationUpdateListener.a(:com.google.android.gms@233316044@23.33.16 (190400-560149061):167) >11-08 00:01:16.898:
W/PhenotypeConfigurationU(5457): at com.google.android.gms.platformconfigurator.PhenotypeConfigurationUpdateListener.onHandleIntent(:com.google.android.gms@233316044@23.33.16 (190400-560149061):278) >11-08 00:01:16.898:
W/PhenotypeConfigurationU(5457): at com.google.android.chimera.IntentOperation.onHandleIntent(:com.google.android.gms@233316044@23.33.16 (190400-560149061):2) >11-08 00:01:16.898:
W/PhenotypeConfigurationU(5457): at adqc.onHandleIntent(:com.google.android.gms@233316044@23.33.16 (190400-560149061):10) >11-08 00:01:16.898:
W/PhenotypeConfigurationU(5457): at lep.run(:com.google.android.gms@233316044@23.33.16 (190400-560149061):70) >11-08 00:01:16.898:
W/PhenotypeConfigurationU(5457): at leo.run(:com.google.android.gms@233316044@23.33.16 (190400-560149061):152) >11-08 00:01:16.898:
W/PhenotypeConfigurationU(5457): at dpie.run(:com.google.android.gms@233316044@23.33.16 (190400-560149061):13) >11-08 00:01:16.898:
W/PhenotypeConfigurationU(5457): at java.util.concurrent.ThreadPoolExecutor.runWorker(ThreadPoolExecutor.java:1137) >11-08 00:01:16.898:
W/PhenotypeConfigurationU(5457): at java.util.concurrent.ThreadPoolExecutor$Worker.run(ThreadPoolExecutor.java:637) >11-08 00:01:16.898:
W/PhenotypeConfigurationU(5457): at java.lang.Thread.run(Thread.java:1012) >11-08 00:01:16.909:
I/NamespaceManager(5457): Package com.android.refreshratecontrol name not found! Using module version. >11-08 00:01:16.909:
I/NamespaceManager(5457): Package com.google.oslo name not found! Using module version. >11-08 00:01:16.909:
I/NamespaceManager(5457): Package com.android.media name not found! Using module version. >11-08 00:01:16.909:
I/NamespaceManager(5457): Package com.android.media.swcodec name not found! Using module version. >11-08 00:01:16.909:
I/NamespaceManager(5457): Package com.android.neuralnetworks name not found! Using module version. >11-08 00:01:16.909:
I/NamespaceManager(5457): Package com.android.media name not found! Using module version. >11-08 00:01:16.909:
I/NamespaceManager(5457): Package 1 name not found! Using module version. >11-08 00:01:16.909:
I/NamespaceManager(5457): Package rkpd name not found! Using module version. >11-08 00:01:16.909:
I/NamespaceManager(5457): Package com.google.android.devicelockcontroller name not found! Using module version. >11-08 00:01:16.909:
I/NamespaceManager(5457): Package com.google.android.healthfitness name not found! Using module version. >11-08 00:01:16.909:
I/NamespaceManager(5457): Package android.companion name not found! Using module version. >11-08 00:01:16.909:
I/NamespaceManager(5457): Package com.google.android.healthfitness name not found! Using module version. >11-08 00:01:16.909:
I/NamespaceManager(5457): Package com.google.android.aicore name not found! Using module version. >11-08 00:01:16.910:
W/PhenotypeConfigurationU(5457): Update for unknown DeviceConfig package com.google.android.gms.enpromo [CONTEXT service_id=204 ] >11-08 00:01:16.910:
W/PhenotypeConfigurationU(5457): cesr: No package exists for config package: com.google.android.gms.enpromo >11-08 00:01:16.910:
W/PhenotypeConfigurationU(5457): at cess.a(:com.google.android.gms@233316044@23.33.16 (190400-560149061):70) >11-08 00:01:16.910:
W/PhenotypeConfigurationU(5457): at com.google.android.gms.platformconfigurator.PhenotypeConfigurationUpdateListener.b(:com.google.android.gms@233316044@23.33.16 (190400-560149061):6) >11-08 00:01:16.910:
W/PhenotypeConfigurationU(5457): at com.google.android.gms.platformconfigurator.PhenotypeConfigurationUpdateListener.a(:com.google.android.gms@233316044@23.33.16 (190400-560149061):167) >11-08 00:01:16.910:
W/PhenotypeConfigurationU(5457): at com.google.android.gms.platformconfigurator.PhenotypeConfigurationUpdateListener.onHandleIntent(:com.google.android.gms@233316044@23.33.16 (190400-560149061):278) >11-08 00:01:16.910:
W/PhenotypeConfigurationU(5457): at com.google.android.chimera.IntentOperation.onHandleIntent(:com.google.android.gms@233316044@23.33.16 (190400-560149061):2) >11-08 00:01:16.910:
W/PhenotypeConfigurationU(5457): at adqc.onHandleIntent(:com.google.android.gms@233316044@23.33.16 (190400-560149061):10) >11-08 00:01:16.910:
W/PhenotypeConfigurationU(5457): at lep.run(:com.google.android.gms@233316044@23.33.16 (190400-560149061):70) >11-08 00:01:16.910:
W/PhenotypeConfigurationU(5457): at leo.run(:com.google.android.gms@233316044@23.33.16 (190400-560149061):152) >11-08 00:01:16.910:
W/PhenotypeConfigurationU(5457): at dpie.run(:com.google.android.gms@233316044@23.33.16 (190400-560149061):13) >11-08 00:01:16.910:
W/PhenotypeConfigurationU(5457): at java.util.concurrent.ThreadPoolExecutor.runWorker(ThreadPoolExecutor.java:1137) >11-08 00:01:16.910:
W/PhenotypeConfigurationU(5457): at java.util.concurrent.ThreadPoolExecutor$Worker.run(ThreadPoolExecutor.java:637) >11-08 00:01:16.910:
W/PhenotypeConfigurationU(5457): at java.lang.Thread.run(Thread.java:1012) >11-08 00:01:16.922:
I/NamespaceManager(5457): Package com.android.refreshratecontrol name not found! Using module version. >11-08 00:01:16.922:
I/NamespaceManager(5457): Package com.google.oslo name not found! Using module version. >11-08 00:01:16.922:
I/NamespaceManager(5457): Package com.android.media name not found! Using module version. >11-08 00:01:16.923:
I/NamespaceManager(5457): Package com.android.media.swcodec name not found! Using module version. >11-08 00:01:16.923:
I/NamespaceManager(5457): Package com.android.neuralnetworks name not found! Using module version. >11-08 00:01:16.923:
I/NamespaceManager(5457): Package com.android.media name not found! Using module version. >11-08 00:01:16.923:
I/NamespaceManager(5457): Package 1 name not found! Using module version. >11-08 00:01:16.923:
I/NamespaceManager(5457): Package rkpd name not found! Using module version. >11-08 00:01:16.923:
I/NamespaceManager(5457): Package com.google.android.devicelockcontroller name not found! Using module version. >11-08 00:01:16.923:
I/NamespaceManager(5457): Package com.google.android.healthfitness name not found! Using module version. >11-08 00:01:16.923:
I/NamespaceManager(5457): Package android.companion name not found! Using module version. >11-08 00:01:16.923:
I/NamespaceManager(5457): Package com.google.android.healthfitness name not found! Using module version. >11-08 00:01:16.923:
I/NamespaceManager(5457): Package com.google.android.aicore name not found! Using module version. >11-08 00:01:16.923:
W/PhenotypeConfigurationU(5457): Update for unknown DeviceConfig package com.google.android.gms.feedback [CONTEXT service_id=204 ] >11-08 00:01:16.923:
W/PhenotypeConfigurationU(5457): cesr: No package exists for config package: com.google.android.gms.feedback >11-08 00:01:16.923:
W/PhenotypeConfigurationU(5457): at cess.a(:com.google.android.gms@233316044@23.33.16 (190400-560149061):70) >11-08 00:01:16.923:
W/PhenotypeConfigurationU(5457): at com.google.android.gms.platformconfigurator.PhenotypeConfigurationUpdateListener.b(:com.google.android.gms@233316044@23.33.16 (190400-560149061):6) >11-08 00:01:16.923:
W/PhenotypeConfigurationU(5457): at com.google.android.gms.platformconfigurator.PhenotypeConfigurationUpdateListener.a(:com.google.android.gms@233316044@23.33.16 (190400-560149061):167) >11-08 00:01:16.923:
W/PhenotypeConfigurationU(5457): at com.google.android.gms.platformconfigurator.PhenotypeConfigurationUpdateListener.onHandleIntent(:com.google.android.gms@233316044@23.33.16 (190400-560149061):278) >11-08 00:01:16.923:
W/PhenotypeConfigurationU(5457): at com.google.android.chimera.IntentOperation.onHandleIntent(:com.google.android.gms@233316044@23.33.16 (190400-560149061):2) >11-08 00:01:16.923:
W/PhenotypeConfigurationU(5457): at adqc.onHandleIntent(:com.google.android.gms@233316044@23.33.16 (190400-560149061):10) >11-08 00:01:16.923:
W/PhenotypeConfigurationU(5457): at lep.run(:com.google.android.gms@233316044@23.33.16 (190400-560149061):70) >11-08 00:01:16.923:
W/PhenotypeConfigurationU(5457): at leo.run(:com.google.android.gms@233316044@23.33.16 (190400-560149061):152) >11-08 00:01:16.923:
W/PhenotypeConfigurationU(5457): at dpie.run(:com.google.android.gms@233316044@23.33.16 (190400-560149061):13) >11-08 00:01:16.923:
W/PhenotypeConfigurationU(5457): at java.util.concurrent.ThreadPoolExecutor.runWorker(ThreadPoolExecutor.java:1137) >11-08 00:01:16.923:
W/PhenotypeConfigurationU(5457): at java.util.concurrent.ThreadPoolExecutor$Worker.run(ThreadPoolExecutor.java:637) >11-08 00:01:16.923:
W/PhenotypeConfigurationU(5457): at java.lang.Thread.run(Thread.java:1012) >11-08 00:01:16.924:
I/NamespaceManager(5457): Package com.android.refreshratecontrol name not found! Using module version. >11-08 00:01:16.924:
I/NamespaceManager(5457): Package com.google.oslo name not found! Using module version. >11-08 00:01:16.924:
I/NamespaceManager(5457): Package com.android.media name not found! Using module version. >11-08 00:01:16.924:
I/NamespaceManager(5457): Package com.android.media.swcodec name not found! Using module version. >11-08 00:01:16.924:
I/NamespaceManager(5457): Package com.android.neuralnetworks name not found! Using module version. >11-08 00:01:16.924:
I/NamespaceManager(5457): Package com.android.media name not found! Using module version. >11-08 00:01:16.924:
I/NamespaceManager(5457): Package 1 name not found! Using module version. >11-08 00:01:16.925:
I/NamespaceManager(5457): Package rkpd name not found! Using module version. >11-08 00:01:16.925:
I/NamespaceManager(5457): Package com.google.android.devicelockcontroller name not found! Using module version. >11-08 00:01:16.925:
I/NamespaceManager(5457): Package com.google.android.healthfitness name not found! Using module version. >11-08 00:01:16.925:
I/NamespaceManager(5457): Package android.companion name not found! Using module version. >11-08 00:01:16.925:
I/NamespaceManager(5457): Package com.google.android.healthfitness name not found! Using module version. >11-08 00:01:16.925:
I/NamespaceManager(5457): Package com.google.android.aicore name not found! Using module version. >11-08 00:01:16.925:
W/PhenotypeConfigurationU(5457): Update for unknown DeviceConfig package com.google.android.gms.westworldfeatures#com.google.android.gms [CONTEXT service_id=204 ] >11-08 00:01:16.925:
W/PhenotypeConfigurationU(5457): cesr: No package exists for config package: com.google.android.gms.westworldfeatures#com.google.android.gms >11-08 00:01:16.925:
W/PhenotypeConfigurationU(5457): at cess.a(:com.google.android.gms@233316044@23.33.16 (190400-560149061):70) >11-08 00:01:16.925:
W/PhenotypeConfigurationU(5457): at com.google.android.gms.platformconfigurator.PhenotypeConfigurationUpdateListener.b(:com.google.android.gms@233316044@23.33.16 (190400-560149061):6) >11-08 00:01:16.925:
W/PhenotypeConfigurationU(5457): at com.google.android.gms.platformconfigurator.PhenotypeConfigurationUpdateListener.a(:com.google.android.gms@233316044@23.33.16 (190400-560149061):167) >11-08 00:01:16.925:
W/PhenotypeConfigurationU(5457): at com.google.android.gms.platformconfigurator.PhenotypeConfigurationUpdateListener.onHandleIntent(:com.google.android.gms@233316044@23.33.16 (190400-560149061):278) >11-08 00:01:16.925:
W/PhenotypeConfigurationU(5457): at com.google.android.chimera.IntentOperation.onHandleIntent(:com.google.android.gms@233316044@23.33.16 (190400-560149061):2) >11-08 00:01:16.925:
W/PhenotypeConfigurationU(5457): at adqc.onHandleIntent(:com.google.android.gms@233316044@23.33.16 (190400-560149061):10) >11-08 00:01:16.925:
W/PhenotypeConfigurationU(5457): at lep.run(:com.google.android.gms@233316044@23.33.16 (190400-560149061):70) >11-08 00:01:16.925:
W/PhenotypeConfigurationU(5457): at leo.run(:com.google.android.gms@233316044@23.33.16 (190400-560149061):152) >11-08 00:01:16.925:
W/PhenotypeConfigurationU(5457): at dpie.run(:com.google.android.gms@233316044@23.33.16 (190400-560149061):13) >11-08 00:01:16.925:
W/PhenotypeConfigurationU(5457): at java.util.concurrent.ThreadPoolExecutor.runWorker(ThreadPoolExecutor.java:1137) >11-08 00:01:16.925:
W/PhenotypeConfigurationU(5457): at java.util.concurrent.ThreadPoolExecutor$Worker.run(ThreadPoolExecutor.java:637) >11-08 00:01:16.925:
W/PhenotypeConfigurationU(5457): at java.lang.Thread.run(Thread.java:1012) >11-08 00:01:16.933:
I/NamespaceManager(5457): Package com.android.refreshratecontrol name not found! Using module version. >11-08 00:01:16.933:
I/NamespaceManager(5457): Package com.google.oslo name not found! Using module version. >11-08 00:01:16.933:
I/NamespaceManager(5457): Package com.android.media name not found! Using module version. >11-08 00:01:16.933:
I/NamespaceManager(5457): Package com.android.media.swcodec name not found! Using module version. >11-08 00:01:16.933:
I/NamespaceManager(5457): Package com.android.neuralnetworks name not found! Using module version. >11-08 00:01:16.933:
